[INFO] fetching crate onomancy_protocol 0.3.0...
[INFO] testing onomancy_protocol-0.3.0 against 1.99.0-beta.8+cargoflags=--release for beta-release-1.100-2
[INFO] extracting crate onomancy_protocol 0.3.0 into /workspace/builds/worker-6-tc1/source
[INFO] started tweaking crates.io crate onomancy_protocol 0.3.0
[INFO] removed 0 missing tests
[INFO] finished tweaking crates.io crate onomancy_protocol 0.3.0
[INFO] tweaked toml for crates.io crate onomancy_protocol 0.3.0 written to /workspace/builds/worker-6-tc1/source/Cargo.toml
[INFO] validating manifest of crates.io crate onomancy_protocol 0.3.0 on toolchain 1.99.0-beta.8
[INFO] running `Command { std: CARGO_HOME="/workspace/cargo-home" RUSTUP_HOME="/workspace/rustup-home" "/workspace/cargo-home/bin/cargo" "+1.99.0-beta.8" "metadata" "--manifest-path" "Cargo.toml" "--no-deps", kill_on_drop: false }`
[INFO] crate crates.io crate onomancy_protocol 0.3.0 already has a lockfile, it will not be regenerated
[INFO] running `Command { std: CARGO_HOME="/workspace/cargo-home" RUSTUP_HOME="/workspace/rustup-home" "/workspace/cargo-home/bin/cargo" "+1.99.0-beta.8" "fetch" "--manifest-path" "Cargo.toml", kill_on_drop: false }`
[INFO] [stderr]     Updating crates.io index
[INFO] [stderr]  Downloading crates ...
[INFO] [stderr]   Downloaded testresult v0.4.1
[INFO] [stderr]   Downloaded bolero v0.13.4
[INFO] [stderr]   Downloaded onomancy_core v0.3.0
[INFO] [stderr]   Downloaded bolero-generator-derive v0.13.4
[INFO] [stderr]   Downloaded onomancy_dnssec v0.3.0
[INFO] [stderr]   Downloaded bolero-engine v0.13.4
[INFO] [stderr]   Downloaded bolero-kani v0.13.0
[INFO] [stderr]   Downloaded bolero-generator v0.13.5
[INFO] [stderr]   Downloaded bolero-libfuzzer v0.13.0
[INFO] [stderr]   Downloaded bolero-afl v0.13.0
[INFO] [stderr]   Downloaded bolero-honggfuzz v0.13.0
[INFO] [stderr]   Downloaded bijoux v0.3.2
[INFO] running `Command { std: "docker" "create" "-v" "/var/lib/crater-agent-workspace/builds/worker-6-tc1/source:/opt/rustwide/workdir:ro,Z" "-v" "/var/lib/crater-agent-workspace/builds/worker-6-tc1/target:/opt/rustwide/target:rw,Z" "-v" "/var/lib/crater-agent-workspace/cargo-home:/opt/rustwide/cargo-home:ro,Z" "-v" "/var/lib/crater-agent-workspace/rustup-home:/opt/rustwide/rustup-home:ro,Z" "-m" "1610612736" "--network" "none" "ghcr.io/rust-lang/crates-build-env/linux@sha256:77db811e55d90add9212f6832c23229e3de5f1c1f9905e8cb07319ea15df73ac" "sleep" "infinity", kill_on_drop: false }`
[INFO] [stdout] 2f1effe9c447aa819d5cf79cc2eb5c730aa57316b4ac1d0ec40eb72783e02bff
[INFO] running `Command { std: "docker" "start" "2f1effe9c447aa819d5cf79cc2eb5c730aa57316b4ac1d0ec40eb72783e02bff", kill_on_drop: false }`
[INFO] running `Command { std: "docker" "inspect" "2f1effe9c447aa819d5cf79cc2eb5c730aa57316b4ac1d0ec40eb72783e02bff", kill_on_drop: false }`
[INFO] running `Command { std: "docker" "exec" "-e" "SOURCE_DIR=/opt/rustwide/workdir" "-e" "CARGO_HOME=/opt/rustwide/cargo-home" "-e" "RUSTUP_HOME=/opt/rustwide/rustup-home" "-e" "CARGO_TARGET_DIR=/opt/rustwide/target" "-w" "/opt/rustwide/workdir" "--user" "0:0" "2f1effe9c447aa819d5cf79cc2eb5c730aa57316b4ac1d0ec40eb72783e02bff" "/opt/rustwide/cargo-home/bin/cargo" "+1.99.0-beta.8" "metadata" "--no-deps" "--format-version=1", kill_on_drop: false }`
[INFO] running `Command { std: "docker" "inspect" "2f1effe9c447aa819d5cf79cc2eb5c730aa57316b4ac1d0ec40eb72783e02bff", kill_on_drop: false }`
[INFO] running `Command { std: "docker" "exec" "-e" "SOURCE_DIR=/opt/rustwide/workdir" "-e" "CARGO_HOME=/opt/rustwide/cargo-home" "-e" "RUSTUP_HOME=/opt/rustwide/rustup-home" "-e" "CARGO_TARGET_DIR=/opt/rustwide/target" "-e" "CARGO_INCREMENTAL=0" "-e" "RUST_BACKTRACE=full" "-e" "RUSTFLAGS=--cap-lints=warn" "-e" "RUSTDOCFLAGS=--cap-lints=warn" "-w" "/opt/rustwide/workdir" "--user" "0:0" "2f1effe9c447aa819d5cf79cc2eb5c730aa57316b4ac1d0ec40eb72783e02bff" "/opt/rustwide/cargo-home/bin/cargo" "+1.99.0-beta.8" "build" "--frozen" "--message-format=json" "--release", kill_on_drop: false }`
[INFO] [stderr]    Compiling generic-array v0.14.7
[INFO] [stderr]    Compiling der v0.7.10
[INFO] [stderr]    Compiling num-traits v0.2.19
[INFO] [stderr]    Compiling ff v0.13.1
[INFO] [stderr]    Compiling ppv-lite86 v0.2.21
[INFO] [stderr]    Compiling curve25519-dalek v4.1.3
[INFO] [stderr]    Compiling blake3 v1.8.7
[INFO] [stderr]    Compiling curve25519-dalek-derive v0.1.1
[INFO] [stderr]    Compiling group v0.13.0
[INFO] [stderr]    Compiling num-bigint-dig v0.8.6
[INFO] [stderr]    Compiling spin v0.9.9
[INFO] [stderr]    Compiling lazy_static v1.5.0
[INFO] [stderr]    Compiling thiserror v2.0.20
[INFO] [stderr]    Compiling smallvec v1.16.0
[INFO] [stderr]    Compiling arrayvec v0.7.8
[INFO] [stderr]    Compiling tracing-core v0.1.36
[INFO] [stderr]    Compiling constant_time_eq v0.4.2
[INFO] [stderr]    Compiling rand_chacha v0.3.1
[INFO] [stderr]    Compiling bijoux v0.3.2
[INFO] [stderr]    Compiling rand v0.8.8
[INFO] [stderr]    Compiling tracing v0.1.44
[INFO] [stderr]    Compiling crypto-common v0.1.7
[INFO] [stderr]    Compiling block-buffer v0.10.4
[INFO] [stderr]    Compiling crypto-bigint v0.5.5
[INFO] [stderr]    Compiling num-integer v0.1.47
[INFO] [stderr]    Compiling digest v0.10.7
[INFO] [stderr]    Compiling signature v2.2.0
[INFO] [stderr]    Compiling sha2 v0.10.9
[INFO] [stderr]    Compiling hmac v0.12.1
[INFO] [stderr]    Compiling num-iter v0.1.46
[INFO] [stderr]    Compiling ed25519 v2.2.3
[INFO] [stderr]    Compiling rfc6979 v0.4.0
[INFO] [stderr]    Compiling sec1 v0.7.3
[INFO] [stderr]    Compiling spki v0.7.3
[INFO] [stderr]    Compiling pkcs8 v0.10.2
[INFO] [stderr]    Compiling bs58 v0.5.1
[INFO] [stderr]    Compiling ed25519-dalek v2.2.0
[INFO] [stderr]    Compiling pkcs1 v0.7.5
[INFO] [stderr]    Compiling elliptic-curve v0.13.8
[INFO] [stderr]    Compiling onomancy_core v0.3.0
[INFO] [stderr]    Compiling primeorder v0.13.6
[INFO] [stderr]    Compiling ecdsa v0.16.9
[INFO] [stderr]    Compiling rsa v0.9.10
[INFO] [stderr]    Compiling p256 v0.13.2
[INFO] [stderr]    Compiling onomancy_dnssec v0.3.0
[INFO] [stderr]    Compiling onomancy_protocol v0.3.0 (/opt/rustwide/workdir)
[INFO] [stderr]     Finished `release` profile [optimized] target(s) in 32.95s
[INFO] running `Command { std: "docker" "inspect" "2f1effe9c447aa819d5cf79cc2eb5c730aa57316b4ac1d0ec40eb72783e02bff", kill_on_drop: false }`
[INFO] running `Command { std: "docker" "exec" "-e" "SOURCE_DIR=/opt/rustwide/workdir" "-e" "CARGO_HOME=/opt/rustwide/cargo-home" "-e" "RUSTUP_HOME=/opt/rustwide/rustup-home" "-e" "CARGO_TARGET_DIR=/opt/rustwide/target" "-e" "CARGO_INCREMENTAL=0" "-e" "RUST_BACKTRACE=full" "-e" "RUSTFLAGS=--cap-lints=warn" "-e" "RUSTDOCFLAGS=--cap-lints=warn" "-w" "/opt/rustwide/workdir" "--user" "0:0" "2f1effe9c447aa819d5cf79cc2eb5c730aa57316b4ac1d0ec40eb72783e02bff" "/opt/rustwide/cargo-home/bin/cargo" "+1.99.0-beta.8" "test" "--frozen" "--no-run" "--message-format=json" "--release", kill_on_drop: false }`
[INFO] [stderr]    Compiling getrandom v0.3.4
[INFO] [stderr]    Compiling indexmap v2.14.1
[INFO] [stderr]    Compiling rand_chacha v0.3.1
[INFO] [stderr]    Compiling arbitrary v1.4.2
[INFO] [stderr]    Compiling testresult v0.4.1
[INFO] [stderr]    Compiling rand v0.8.8
[INFO] [stderr]    Compiling rand_core v0.9.5
[INFO] [stderr]    Compiling rand_xoshiro v0.7.0
[INFO] [stderr]    Compiling rand_chacha v0.9.0
[INFO] [stderr]    Compiling rand v0.9.5
[INFO] [stderr]    Compiling toml_edit v0.20.2
[INFO] [stderr]    Compiling num-bigint-dig v0.8.6
[INFO] [stderr]    Compiling rsa v0.9.10
[INFO] [stderr]    Compiling proc-macro-crate v2.0.2
[INFO] [stderr]    Compiling onomancy_dnssec v0.3.0
[INFO] [stderr]    Compiling bolero-generator-derive v0.13.4
[INFO] [stderr]    Compiling bolero-generator v0.13.5
[INFO] [stderr]    Compiling onomancy_protocol v0.3.0 (/opt/rustwide/workdir)
[INFO] [stderr]    Compiling bolero-engine v0.13.4
[INFO] [stderr]    Compiling bolero v0.13.4
[INFO] [stdout] error[E0432]: unresolved import `crate::test_utils`
[INFO] [stdout]    --> src/verifier/state/prune.rs:168:9
[INFO] [stdout]     |
[INFO] [stdout] 168 |         test_utils::{Binding, binding, doc, host, rotation},
[INFO] [stdout]     |         ^^^^^^^^^^ could not find `test_utils` in the crate root
[INFO] [stdout]     |
[INFO] [stdout] note: found an item that was configured out
[INFO] [stdout]    --> src/lib.rs:33:9
[INFO] [stdout]     |
[INFO] [stdout]  32 | #[cfg(feature = "test_utils")]
[INFO] [stdout]     |       ---------------------- the item is gated behind the `test_utils` feature
[INFO] [stdout]  33 | pub mod test_utils;
[INFO] [stdout]     |         ^^^^^^^^^^
[INFO] [stdout] 
[INFO] [stdout] 
[INFO] [stdout] error[E0432]: unresolved import `crate::test_utils`
[INFO] [stdout]    --> src/verifier/state/prune.rs:473:13
[INFO] [stdout]     |
[INFO] [stdout] 473 |             test_utils::window,
[INFO] [stdout]     |             ^^^^^^^^^^ could not find `test_utils` in the crate root
[INFO] [stdout]     |
[INFO] [stdout] note: found an item that was configured out
[INFO] [stdout]    --> src/lib.rs:33:9
[INFO] [stdout]     |
[INFO] [stdout]  32 | #[cfg(feature = "test_utils")]
[INFO] [stdout]     |       ---------------------- the item is gated behind the `test_utils` feature
[INFO] [stdout]  33 | pub mod test_utils;
[INFO] [stdout]     |         ^^^^^^^^^^
[INFO] [stdout] 
[INFO] [stdout] 
[INFO] [stdout] error[E0432]: unresolved import `crate::test_utils`
[INFO] [stdout]    --> src/verifier/verdict.rs:238:9
[INFO] [stdout]     |
[INFO] [stdout] 238 |         test_utils::{binding, binding_carrying, doc, generation, host},
[INFO] [stdout]     |         ^^^^^^^^^^ could not find `test_utils` in the crate root
[INFO] [stdout]     |
[INFO] [stdout] note: found an item that was configured out
[INFO] [stdout]    --> src/lib.rs:33:9
[INFO] [stdout]     |
[INFO] [stdout]  32 | #[cfg(feature = "test_utils")]
[INFO] [stdout]     |       ---------------------- the item is gated behind the `test_utils` feature
[INFO] [stdout]  33 | pub mod test_utils;
[INFO] [stdout]     |         ^^^^^^^^^^
[INFO] [stdout] 
[INFO] [stdout] 
[INFO] [stdout] error[E0432]: unresolved import `crate::test_utils`
[INFO] [stdout]    --> src/verifier/state/prune.rs:425:20
[INFO] [stdout]     |
[INFO] [stdout] 425 |         use crate::test_utils::binding_carrying;
[INFO] [stdout]     |                    ^^^^^^^^^^ could not find `test_utils` in the crate root
[INFO] [stdout]     |
[INFO] [stdout] note: found an item that was configured out
[INFO] [stdout]    --> src/lib.rs:33:9
[INFO] [stdout]     |
[INFO] [stdout]  32 | #[cfg(feature = "test_utils")]
[INFO] [stdout]     |       ---------------------- the item is gated behind the `test_utils` feature
[INFO] [stdout]  33 | pub mod test_utils;
[INFO] [stdout]     |         ^^^^^^^^^^
[INFO] [stdout] 
[INFO] [stdout] 
[INFO] [stdout] error[E0432]: unresolved import `onomancy_protocol::test_utils`
[INFO] [stdout]   --> tests/verifier_state_conformance.rs:17:5
[INFO] [stdout]    |
[INFO] [stdout] 17 |     test_utils::{
[INFO] [stdout]    |     ^^^^^^^^^^ could not find `test_utils` in `onomancy_protocol`
[INFO] [stdout]    |
[INFO] [stdout] note: found an item that was configured out
[INFO] [stdout]   --> src/lib.rs:33:9
[INFO] [stdout]    |
[INFO] [stdout] 32 | #[cfg(feature = "test_utils")]
[INFO] [stdout]    |       ---------------------- the item is gated behind the `test_utils` feature
[INFO] [stdout] 33 | pub mod test_utils;
[INFO] [stdout]    |         ^^^^^^^^^^
[INFO] [stdout] 
[INFO] [stdout] 
[INFO] [stdout] error[E0433]: cannot find `test_utils` in the crate root
[INFO] [stdout]    --> src/verifier/state/prune.rs:490:34
[INFO] [stdout]     |
[INFO] [stdout] 490 |                 document: crate::test_utils::doc(doc_seed % 2),
[INFO] [stdout]     |                                  ^^^^^^^^^^ could not find `test_utils` in the crate root
[INFO] [stdout]     |
[INFO] [stdout] note: found an item that was configured out
[INFO] [stdout]    --> src/lib.rs:33:9
[INFO] [stdout]     |
[INFO] [stdout]  32 | #[cfg(feature = "test_utils")]
[INFO] [stdout]     |       ---------------------- the item is gated behind the `test_utils` feature
[INFO] [stdout]  33 | pub mod test_utils;
[INFO] [stdout]     |         ^^^^^^^^^^
[INFO] [stdout] 
[INFO] [stdout] 
[INFO] [stdout] error[E0433]: cannot find `test_utils` in the crate root
[INFO] [stdout]    --> src/verifier/state/prune.rs:491:36
[INFO] [stdout]     |
[INFO] [stdout] 491 |                 generation: crate::test_utils::generation((doc_seed % 2) + 10),
[INFO] [stdout]     |                                    ^^^^^^^^^^ could not find `test_utils` in the crate root
[INFO] [stdout]     |
[INFO] [stdout] note: found an item that was configured out
[INFO] [stdout]    --> src/lib.rs:33:9
[INFO] [stdout]     |
[INFO] [stdout]  32 | #[cfg(feature = "test_utils")]
[INFO] [stdout]     |       ---------------------- the item is gated behind the `test_utils` feature
[INFO] [stdout]  33 | pub mod test_utils;
[INFO] [stdout]     |         ^^^^^^^^^^
[INFO] [stdout] 
[INFO] [stdout] 
[INFO] [stdout] error[E0433]: cannot find `test_utils` in the crate root
[INFO] [stdout]    --> src/verifier/verdict.rs:267:20
[INFO] [stdout]     |
[INFO] [stdout] 267 |             crate::test_utils::window(NOW - 1_000, NOW + 1_000),
[INFO] [stdout]     |                    ^^^^^^^^^^ could not find `test_utils` in the crate root
[INFO] [stdout]     |
[INFO] [stdout] note: found an item that was configured out
[INFO] [stdout]    --> src/lib.rs:33:9
[INFO] [stdout]     |
[INFO] [stdout]  32 | #[cfg(feature = "test_utils")]
[INFO] [stdout]     |       ---------------------- the item is gated behind the `test_utils` feature
[INFO] [stdout]  33 | pub mod test_utils;
[INFO] [stdout]     |         ^^^^^^^^^^
[INFO] [stdout] 
[INFO] [stdout] 
[INFO] [stdout] error[E0433]: cannot find `test_utils` in `onomancy_protocol`
[INFO] [stdout]    --> tests/verifier_state_conformance.rs:322:33
[INFO] [stdout]     |
[INFO] [stdout] 322 |         Some(onomancy_protocol::test_utils::window(NOW - 5000, NOW + 500)),
[INFO] [stdout]     |                                 ^^^^^^^^^^ could not find `test_utils` in `onomancy_protocol`
[INFO] [stdout]     |
[INFO] [stdout] note: found an item that was configured out
[INFO] [stdout]    --> src/lib.rs:33:9
[INFO] [stdout]     |
[INFO] [stdout]  32 | #[cfg(feature = "test_utils")]
[INFO] [stdout]     |       ---------------------- the item is gated behind the `test_utils` feature
[INFO] [stdout]  33 | pub mod test_utils;
[INFO] [stdout]     |         ^^^^^^^^^^
[INFO] [stdout] 
[INFO] [stdout] 
[INFO] [stdout] error[E0433]: cannot find `test_utils` in `onomancy_protocol`
[INFO] [stdout]     --> tests/verifier_state_conformance.rs:1312:40
[INFO] [stdout]      |
[INFO] [stdout] 1312 |                     onomancy_protocol::test_utils::generation(2),
[INFO] [stdout]      |                                        ^^^^^^^^^^ could not find `test_utils` in `onomancy_protocol`
[INFO] [stdout]      |
[INFO] [stdout] note: found an item that was configured out
[INFO] [stdout]     --> src/lib.rs:33:9
[INFO] [stdout]      |
[INFO] [stdout]   32 | #[cfg(feature = "test_utils")]
[INFO] [stdout]      |       ---------------------- the item is gated behind the `test_utils` feature
[INFO] [stdout]   33 | pub mod test_utils;
[INFO] [stdout]      |         ^^^^^^^^^^
[INFO] [stdout] 
[INFO] [stdout] 
[INFO] [stdout] error[E0433]: cannot find `test_utils` in `onomancy_protocol`
[INFO] [stdout]     --> tests/verifier_state_conformance.rs:1317:40
[INFO] [stdout]      |
[INFO] [stdout] 1317 |                     onomancy_protocol::test_utils::generation(2),
[INFO] [stdout]      |                                        ^^^^^^^^^^ could not find `test_utils` in `onomancy_protocol`
[INFO] [stdout]      |
[INFO] [stdout] note: found an item that was configured out
[INFO] [stdout]     --> src/lib.rs:33:9
[INFO] [stdout]      |
[INFO] [stdout]   32 | #[cfg(feature = "test_utils")]
[INFO] [stdout]      |       ---------------------- the item is gated behind the `test_utils` feature
[INFO] [stdout]   33 | pub mod test_utils;
[INFO] [stdout]      |         ^^^^^^^^^^
[INFO] [stdout] 
[INFO] [stdout] 
[INFO] [stdout] error[E0433]: cannot find `test_utils` in `onomancy_protocol`
[INFO] [stdout]     --> tests/verifier_state_conformance.rs:1381:40
[INFO] [stdout]      |
[INFO] [stdout] 1381 |                     onomancy_protocol::test_utils::generation(2),
[INFO] [stdout]      |                                        ^^^^^^^^^^ could not find `test_utils` in `onomancy_protocol`
[INFO] [stdout]      |
[INFO] [stdout] note: found an item that was configured out
[INFO] [stdout]     --> src/lib.rs:33:9
[INFO] [stdout]      |
[INFO] [stdout]   32 | #[cfg(feature = "test_utils")]
[INFO] [stdout]      |       ---------------------- the item is gated behind the `test_utils` feature
[INFO] [stdout]   33 | pub mod test_utils;
[INFO] [stdout]      |         ^^^^^^^^^^
[INFO] [stdout] 
[INFO] [stdout] 
[INFO] [stdout] error[E0433]: cannot find `test_utils` in `onomancy_protocol`
[INFO] [stdout]     --> tests/verifier_state_conformance.rs:1386:40
[INFO] [stdout]      |
[INFO] [stdout] 1386 |                     onomancy_protocol::test_utils::generation(3),
[INFO] [stdout]      |                                        ^^^^^^^^^^ could not find `test_utils` in `onomancy_protocol`
[INFO] [stdout]      |
[INFO] [stdout] note: found an item that was configured out
[INFO] [stdout]     --> src/lib.rs:33:9
[INFO] [stdout]      |
[INFO] [stdout]   32 | #[cfg(feature = "test_utils")]
[INFO] [stdout]      |       ---------------------- the item is gated behind the `test_utils` feature
[INFO] [stdout]   33 | pub mod test_utils;
[INFO] [stdout]      |         ^^^^^^^^^^
[INFO] [stdout] 
[INFO] [stdout] 
[INFO] [stdout] Some errors have detailed explanations: E0432, E0433.
[INFO] [stdout] 
[INFO] [stdout] For more information about an error, try `rustc --explain E0432`.
[INFO] [stdout] 
[INFO] [stderr] error: could not compile `onomancy_protocol` (test "verifier_state_conformance") due to 6 previous errors
[INFO] [stderr] warning: build failed, waiting for other jobs to finish...
[INFO] [stdout] Some errors have detailed explanations: E0432, E0433.
[INFO] [stdout] 
[INFO] [stdout] For more information about an error, try `rustc --explain E0432`.
[INFO] [stdout] 
[INFO] [stderr] error: could not compile `onomancy_protocol` (lib test) due to 7 previous errors
[INFO] running `Command { std: "docker" "inspect" "2f1effe9c447aa819d5cf79cc2eb5c730aa57316b4ac1d0ec40eb72783e02bff", kill_on_drop: false }`
[INFO] running `Command { std: "docker" "rm" "-f" "2f1effe9c447aa819d5cf79cc2eb5c730aa57316b4ac1d0ec40eb72783e02bff", kill_on_drop: false }`
[INFO] [stdout] 2f1effe9c447aa819d5cf79cc2eb5c730aa57316b4ac1d0ec40eb72783e02bff
