[INFO] fetching crate onomancy_dnssec 0.3.0...
[INFO] testing onomancy_dnssec-0.3.0 against 1.99.0-beta.8+cargoflags=--release for beta-release-1.100-2
[INFO] extracting crate onomancy_dnssec 0.3.0 into /workspace/builds/worker-4-tc1/source
[INFO] started tweaking crates.io crate onomancy_dnssec 0.3.0
[INFO] removed 0 missing examples
[INFO] removed 0 missing tests
[INFO] finished tweaking crates.io crate onomancy_dnssec 0.3.0
[INFO] tweaked toml for crates.io crate onomancy_dnssec 0.3.0 written to /workspace/builds/worker-4-tc1/source/Cargo.toml
[INFO] validating manifest of crates.io crate onomancy_dnssec 0.3.0 on toolchain 1.99.0-beta.8
[INFO] running `Command { std: CARGO_HOME="/workspace/cargo-home" RUSTUP_HOME="/workspace/rustup-home" "/workspace/cargo-home/bin/cargo" "+1.99.0-beta.8" "metadata" "--manifest-path" "Cargo.toml" "--no-deps", kill_on_drop: false }`
[INFO] crate crates.io crate onomancy_dnssec 0.3.0 already has a lockfile, it will not be regenerated
[INFO] running `Command { std: CARGO_HOME="/workspace/cargo-home" RUSTUP_HOME="/workspace/rustup-home" "/workspace/cargo-home/bin/cargo" "+1.99.0-beta.8" "fetch" "--manifest-path" "Cargo.toml", kill_on_drop: false }`
[INFO] [stderr]     Updating crates.io index
[INFO] [stderr]  Downloading crates ...
[INFO] [stderr]   Downloaded bolero v0.13.4
[INFO] [stderr]   Downloaded bolero-engine v0.13.4
[INFO] [stderr]   Downloaded bolero-libfuzzer v0.13.0
[INFO] [stderr]   Downloaded pretty-hex v0.4.2
[INFO] [stderr]   Downloaded bolero-generator-derive v0.13.4
[INFO] [stderr]   Downloaded bolero-kani v0.13.0
[INFO] [stderr]   Downloaded onomancy_core v0.3.0
[INFO] [stderr]   Downloaded bolero-generator v0.13.5
[INFO] [stderr]   Downloaded bolero-afl v0.13.0
[INFO] [stderr]   Downloaded bolero-honggfuzz v0.13.0
[INFO] [stderr]   Downloaded bijoux v0.3.2
[INFO] running `Command { std: "docker" "create" "-v" "/var/lib/crater-agent-workspace/builds/worker-4-tc1/source:/opt/rustwide/workdir:ro,Z" "-v" "/var/lib/crater-agent-workspace/builds/worker-4-tc1/target:/opt/rustwide/target:rw,Z" "-v" "/var/lib/crater-agent-workspace/cargo-home:/opt/rustwide/cargo-home:ro,Z" "-v" "/var/lib/crater-agent-workspace/rustup-home:/opt/rustwide/rustup-home:ro,Z" "-m" "1610612736" "--network" "none" "ghcr.io/rust-lang/crates-build-env/linux@sha256:77db811e55d90add9212f6832c23229e3de5f1c1f9905e8cb07319ea15df73ac" "sleep" "infinity", kill_on_drop: false }`
[INFO] [stdout] d493d89479ced8b76773834372265b99b02b4954a7ab42dfccacd1bd61759288
[INFO] running `Command { std: "docker" "start" "d493d89479ced8b76773834372265b99b02b4954a7ab42dfccacd1bd61759288", kill_on_drop: false }`
[INFO] running `Command { std: "docker" "inspect" "d493d89479ced8b76773834372265b99b02b4954a7ab42dfccacd1bd61759288", kill_on_drop: false }`
[INFO] running `Command { std: "docker" "exec" "-e" "SOURCE_DIR=/opt/rustwide/workdir" "-e" "CARGO_HOME=/opt/rustwide/cargo-home" "-e" "RUSTUP_HOME=/opt/rustwide/rustup-home" "-e" "CARGO_TARGET_DIR=/opt/rustwide/target" "-w" "/opt/rustwide/workdir" "--user" "0:0" "d493d89479ced8b76773834372265b99b02b4954a7ab42dfccacd1bd61759288" "/opt/rustwide/cargo-home/bin/cargo" "+1.99.0-beta.8" "metadata" "--no-deps" "--format-version=1", kill_on_drop: false }`
[INFO] running `Command { std: "docker" "inspect" "d493d89479ced8b76773834372265b99b02b4954a7ab42dfccacd1bd61759288", kill_on_drop: false }`
[INFO] running `Command { std: "docker" "exec" "-e" "SOURCE_DIR=/opt/rustwide/workdir" "-e" "CARGO_HOME=/opt/rustwide/cargo-home" "-e" "RUSTUP_HOME=/opt/rustwide/rustup-home" "-e" "CARGO_TARGET_DIR=/opt/rustwide/target" "-e" "CARGO_INCREMENTAL=0" "-e" "RUST_BACKTRACE=full" "-e" "RUSTFLAGS=--cap-lints=warn" "-e" "RUSTDOCFLAGS=--cap-lints=warn" "-w" "/opt/rustwide/workdir" "--user" "0:0" "d493d89479ced8b76773834372265b99b02b4954a7ab42dfccacd1bd61759288" "/opt/rustwide/cargo-home/bin/cargo" "+1.99.0-beta.8" "build" "--frozen" "--message-format=json" "--release", kill_on_drop: false }`
[INFO] [stderr]    Compiling base16ct v0.2.0
[INFO] [stderr]    Compiling der v0.7.10
[INFO] [stderr]    Compiling num-traits v0.2.19
[INFO] [stderr]    Compiling ff v0.13.1
[INFO] [stderr]    Compiling thiserror v2.0.20
[INFO] [stderr]    Compiling num-bigint-dig v0.8.6
[INFO] [stderr]    Compiling spin v0.9.9
[INFO] [stderr]    Compiling smallvec v1.16.0
[INFO] [stderr]    Compiling cc v1.4.4
[INFO] [stderr]    Compiling generic-array v0.14.7
[INFO] [stderr]    Compiling ppv-lite86 v0.2.21
[INFO] [stderr]    Compiling constant_time_eq v0.4.2
[INFO] [stderr]    Compiling base64 v0.22.1
[INFO] [stderr]    Compiling syn v3.0.4
[INFO] [stderr]    Compiling tracing v0.1.44
[INFO] [stderr]    Compiling lazy_static v1.5.0
[INFO] [stderr]    Compiling group v0.13.0
[INFO] [stderr]    Compiling rand_chacha v0.3.1
[INFO] [stderr]    Compiling rand v0.8.8
[INFO] [stderr]    Compiling num-integer v0.1.47
[INFO] [stderr]    Compiling block-buffer v0.10.4
[INFO] [stderr]    Compiling crypto-common v0.1.7
[INFO] [stderr]    Compiling crypto-bigint v0.5.5
[INFO] [stderr]    Compiling num-iter v0.1.46
[INFO] [stderr]    Compiling digest v0.10.7
[INFO] [stderr]    Compiling signature v2.2.0
[INFO] [stderr]    Compiling sha2 v0.10.9
[INFO] [stderr]    Compiling hmac v0.12.1
[INFO] [stderr]    Compiling curve25519-dalek v4.1.3
[INFO] [stderr]    Compiling ed25519 v2.2.3
[INFO] [stderr]    Compiling rfc6979 v0.4.0
[INFO] [stderr]    Compiling bs58 v0.5.1
[INFO] [stderr]    Compiling thiserror-impl v2.0.20
[INFO] [stderr]    Compiling ed25519-dalek v2.2.0
[INFO] [stderr]    Compiling blake3 v1.8.7
[INFO] [stderr]    Compiling sec1 v0.7.3
[INFO] [stderr]    Compiling spki v0.7.3
[INFO] [stderr]    Compiling pkcs8 v0.10.2
[INFO] [stderr]    Compiling pkcs1 v0.7.5
[INFO] [stderr]    Compiling bijoux v0.3.2
[INFO] [stderr]    Compiling onomancy_core v0.3.0
[INFO] [stderr]    Compiling elliptic-curve v0.13.8
[INFO] [stderr]    Compiling primeorder v0.13.6
[INFO] [stderr]    Compiling ecdsa v0.16.9
[INFO] [stderr]    Compiling rsa v0.9.10
[INFO] [stderr]    Compiling p256 v0.13.2
[INFO] [stderr]    Compiling onomancy_dnssec v0.3.0 (/opt/rustwide/workdir)
[INFO] [stderr]     Finished `release` profile [optimized] target(s) in 23.07s
[INFO] running `Command { std: "docker" "inspect" "d493d89479ced8b76773834372265b99b02b4954a7ab42dfccacd1bd61759288", kill_on_drop: false }`
[INFO] running `Command { std: "docker" "exec" "-e" "SOURCE_DIR=/opt/rustwide/workdir" "-e" "CARGO_HOME=/opt/rustwide/cargo-home" "-e" "RUSTUP_HOME=/opt/rustwide/rustup-home" "-e" "CARGO_TARGET_DIR=/opt/rustwide/target" "-e" "CARGO_INCREMENTAL=0" "-e" "RUST_BACKTRACE=full" "-e" "RUSTFLAGS=--cap-lints=warn" "-e" "RUSTDOCFLAGS=--cap-lints=warn" "-w" "/opt/rustwide/workdir" "--user" "0:0" "d493d89479ced8b76773834372265b99b02b4954a7ab42dfccacd1bd61759288" "/opt/rustwide/cargo-home/bin/cargo" "+1.99.0-beta.8" "test" "--frozen" "--no-run" "--message-format=json" "--release", kill_on_drop: false }`
[INFO] [stderr]    Compiling toml_datetime v0.6.3
[INFO] [stderr]    Compiling indexmap v2.14.1
[INFO] [stderr]    Compiling getrandom v0.3.4
[INFO] [stderr]    Compiling rand_chacha v0.3.1
[INFO] [stderr]    Compiling arbitrary v1.4.2
[INFO] [stderr]    Compiling either v1.18.0
[INFO] [stderr]    Compiling pretty-hex v0.4.2
[INFO] [stderr]    Compiling testresult v0.4.1
[INFO] [stderr]    Compiling rand_core v0.9.5
[INFO] [stderr]    Compiling rand v0.8.8
[INFO] [stderr]    Compiling rand_chacha v0.9.0
[INFO] [stderr]    Compiling rand_xoshiro v0.7.0
[INFO] [stderr]    Compiling rand v0.9.5
[INFO] [stderr]    Compiling toml_edit v0.20.2
[INFO] [stderr]    Compiling num-bigint-dig v0.8.6
[INFO] [stderr]    Compiling rsa v0.9.10
[INFO] [stderr]    Compiling proc-macro-crate v2.0.2
[INFO] [stderr]    Compiling onomancy_dnssec v0.3.0 (/opt/rustwide/workdir)
[INFO] [stderr]    Compiling bolero-generator-derive v0.13.4
[INFO] [stderr]    Compiling bolero-generator v0.13.5
[INFO] [stderr]    Compiling bolero-engine v0.13.4
[INFO] [stderr]    Compiling bolero v0.13.4
[INFO] [stdout] error[E0433]: cannot find module or crate `onomancy_protocol` in this scope
[INFO] [stdout]   --> tests/real_world.rs:31:5
[INFO] [stdout]    |
[INFO] [stdout] 31 | use onomancy_protocol::verifier::{state::memory::authority::MemoryAuthority, verdict};
[INFO] [stdout]    |     ^^^^^^^^^^^^^^^^^ use of unresolved module or unlinked crate `onomancy_protocol`
[INFO] [stdout]    |
[INFO] [stdout]    = help: if you wanted to use a crate named `onomancy_protocol`, use `cargo add onomancy_protocol` to add it to your `Cargo.toml`
[INFO] [stdout] 
[INFO] [stdout] 
[INFO] [stdout] error[E0433]: cannot find `test_utils` in `onomancy_dnssec`
[INFO] [stdout]   --> tests/fixtures.rs:14:5
[INFO] [stdout]    |
[INFO] [stdout] 14 |     test_utils::fixtures::{
[INFO] [stdout]    |     ^^^^^^^^^^ could not find `test_utils` in `onomancy_dnssec`
[INFO] [stdout]    |
[INFO] [stdout] note: found an item that was configured out
[INFO] [stdout]   --> src/lib.rs:54:9
[INFO] [stdout]    |
[INFO] [stdout] 53 | #[cfg(feature = "test_utils")]
[INFO] [stdout]    |       ---------------------- the item is gated behind the `test_utils` feature
[INFO] [stdout] 54 | pub mod test_utils;
[INFO] [stdout]    |         ^^^^^^^^^^
[INFO] [stdout] 
[INFO] [stdout] 
[INFO] [stdout] For more information about this error, try `rustc --explain E0433`.
[INFO] [stdout] 
[INFO] [stdout] error[E0432]: unresolved import `onomancy_dnssec::test_utils`
[INFO] [stdout]   --> tests/replay.rs:35:5
[INFO] [stdout]    |
[INFO] [stdout] 35 |     test_utils::{ChainWindows, binding_chain, fixtures, txt_record},
[INFO] [stdout]    |     ^^^^^^^^^^ could not find `test_utils` in `onomancy_dnssec`
[INFO] [stdout]    |
[INFO] [stdout] note: found an item that was configured out
[INFO] [stdout]   --> src/lib.rs:54:9
[INFO] [stdout]    |
[INFO] [stdout] 53 | #[cfg(feature = "test_utils")]
[INFO] [stdout]    |       ---------------------- the item is gated behind the `test_utils` feature
[INFO] [stdout] 54 | pub mod test_utils;
[INFO] [stdout]    |         ^^^^^^^^^^
[INFO] [stdout] 
[INFO] [stdout] 
[INFO] [stdout] error[E0433]: cannot find module or crate `onomancy_protocol` in this scope
[INFO] [stdout]   --> tests/replay.rs:23:5
[INFO] [stdout]    |
[INFO] [stdout] 23 | use onomancy_protocol::{
[INFO] [stdout]    |     ^^^^^^^^^^^^^^^^^ use of unresolved module or unlinked crate `onomancy_protocol`
[INFO] [stdout]    |
[INFO] [stdout]    = help: if you wanted to use a crate named `onomancy_protocol`, use `cargo add onomancy_protocol` to add it to your `Cargo.toml`
[INFO] [stdout] 
[INFO] [stdout] 
[INFO] [stdout] error[E0432]: unresolved import `onomancy_protocol`
[INFO] [stdout]   --> tests/replay.rs:23:5
[INFO] [stdout]    |
[INFO] [stdout] 23 | use onomancy_protocol::{
[INFO] [stdout]    |     ^^^^^^^^^^^^^^^^^ use of unresolved module or unlinked crate `onomancy_protocol`
[INFO] [stdout]    |
[INFO] [stdout]    = help: if you wanted to use a crate named `onomancy_protocol`, use `cargo add onomancy_protocol` to add it to your `Cargo.toml`
[INFO] [stdout] 
[INFO] [stdout] 
[INFO] [stderr] error: could not compile `onomancy_dnssec` (test "real_world") due to 1 previous error
[INFO] [stderr] warning: build failed, waiting for other jobs to finish...
[INFO] [stdout] error[E0432]: unresolved import `onomancy_dnssec::test_utils`
[INFO] [stdout]   --> tests/walk.rs:18:5
[INFO] [stdout]    |
[INFO] [stdout] 18 |     test_utils::{ChainWindows, Zone, binding_chain, fixtures, link, txt_record, zone},
[INFO] [stdout]    |     ^^^^^^^^^^ could not find `test_utils` in `onomancy_dnssec`
[INFO] [stdout]    |
[INFO] [stdout] note: found an item that was configured out
[INFO] [stdout]   --> src/lib.rs:54:9
[INFO] [stdout]    |
[INFO] [stdout] 53 | #[cfg(feature = "test_utils")]
[INFO] [stdout]    |       ---------------------- the item is gated behind the `test_utils` feature
[INFO] [stdout] 54 | pub mod test_utils;
[INFO] [stdout]    |         ^^^^^^^^^^
[INFO] [stdout] 
[INFO] [stdout] 
[INFO] [stdout] For more information about this error, try `rustc --explain E0433`.
[INFO] [stdout] 
[INFO] [stderr] error: could not compile `onomancy_dnssec` (test "fixtures") due to 1 previous error
[INFO] [stdout] Some errors have detailed explanations: E0432, E0433.
[INFO] [stdout] 
[INFO] [stdout] For more information about an error, try `rustc --explain E0432`.
[INFO] [stdout] 
[INFO] [stderr] error: could not compile `onomancy_dnssec` (test "replay") due to 3 previous errors
[INFO] [stdout] error: cannot find macro `vec` in this scope
[INFO] [stdout]    --> src/crypto.rs:470:24
[INFO] [stdout]     |
[INFO] [stdout] 470 |         let mut blob = vec![0u8, 1, 2];
[INFO] [stdout]     |                        ^^^
[INFO] [stdout]     |
[INFO] [stdout]     = note: macro `crate::wire::txt::tests::props::vec` exists but is inaccessible
[INFO] [stdout] help: consider importing this macro
[INFO] [stdout]     |
[INFO] [stdout] 228 +     use alloc::vec;
[INFO] [stdout]     |
[INFO] [stdout] 
[INFO] [stdout] 
[INFO] [stdout] For more information about this error, try `rustc --explain E0432`.
[INFO] [stdout] 
[INFO] [stderr] error: could not compile `onomancy_dnssec` (test "walk") due to 1 previous error
[INFO] [stdout] error[E0425]: cannot find type `Vec` in this scope
[INFO] [stdout]    --> src/dns_name.rs:527:30
[INFO] [stdout]     |
[INFO] [stdout] 527 |                 .with_type::<Vec<Vec<u8>>>()
[INFO] [stdout]     |                              ^^^ not found in this scope
[INFO] [stdout]     |
[INFO] [stdout]     = note: struct `crate::wire::txt::tests::Vec` exists but is inaccessible
[INFO] [stdout] help: consider importing this struct
[INFO] [stdout]     |
[INFO] [stdout] 504 +         use alloc::vec::Vec;
[INFO] [stdout]     |
[INFO] [stdout] 
[INFO] [stdout] 
[INFO] [stdout] error[E0425]: cannot find type `Vec` in this scope
[INFO] [stdout]    --> src/dns_name.rs:527:34
[INFO] [stdout]     |
[INFO] [stdout] 527 |                 .with_type::<Vec<Vec<u8>>>()
[INFO] [stdout]     |                                  ^^^ not found in this scope
[INFO] [stdout]     |
[INFO] [stdout]     = note: struct `crate::wire::txt::tests::Vec` exists but is inaccessible
[INFO] [stdout] help: consider importing this struct
[INFO] [stdout]     |
[INFO] [stdout] 504 +         use alloc::vec::Vec;
[INFO] [stdout]     |
[INFO] [stdout] 
[INFO] [stdout] 
[INFO] [stdout] error[E0425]: cannot find type `Vec` in this scope
[INFO] [stdout]    --> src/dns_name.rs:529:33
[INFO] [stdout]     |
[INFO] [stdout] 529 |                     let labels: Vec<String> = label_seeds
[INFO] [stdout]     |                                 ^^^ not found in this scope
[INFO] [stdout]     |
[INFO] [stdout]     = note: struct `crate::wire::txt::tests::Vec` exists but is inaccessible
[INFO] [stdout] help: consider importing this struct
[INFO] [stdout]     |
[INFO] [stdout] 504 +         use alloc::vec::Vec;
[INFO] [stdout]     |
[INFO] [stdout] 
[INFO] [stdout] 
[INFO] [stdout] error[E0425]: cannot find type `String` in this scope
[INFO] [stdout]    --> src/wire/name.rs:474:37
[INFO] [stdout]     |
[INFO] [stdout] 474 |                     let labels: Vec<String> = label_seeds
[INFO] [stdout]     |                                     ^^^^^^ not found in this scope
[INFO] [stdout]     |
[INFO] [stdout]     = note: struct `crate::txt::record::tests::String` exists but is inaccessible
[INFO] [stdout] help: consider importing this struct
[INFO] [stdout]     |
[INFO] [stdout] 447 +         use alloc::string::String;
[INFO] [stdout]     |
[INFO] [stdout] 
[INFO] [stdout] 
[INFO] [stdout] error[E0425]: cannot find type `String` in this scope
[INFO] [stdout]    --> src/wire/name.rs:481:44
[INFO] [stdout]     |
[INFO] [stdout] 481 | ...                   .collect::<String>()
[INFO] [stdout]     |                                  ^^^^^^ not found in this scope
[INFO] [stdout]     |
[INFO] [stdout]     = note: struct `crate::txt::record::tests::String` exists but is inaccessible
[INFO] [stdout] help: consider importing this struct
[INFO] [stdout]     |
[INFO] [stdout] 447 +         use alloc::string::String;
[INFO] [stdout]     |
[INFO] [stdout] 
[INFO] [stdout] 
[INFO] [stdout] error[E0599]: no method named `to_string` found for struct `generation_key::GenerationKey` in the current scope
[INFO] [stdout]    --> src/txt/generation_key.rs:109:46
[INFO] [stdout]     |
[INFO] [stdout]  17 | pub struct GenerationKey(VerifyingKey);
[INFO] [stdout]     | ------------------------ method `to_string` not found for this struct
[INFO] [stdout] ...
[INFO] [stdout] 109 |             GenerationKey::parse(&generation.to_string()).expect("own spelling parses"),
[INFO] [stdout]     |                                              ^^^^^^^^^ method not found in `generation_key::GenerationKey`
[INFO] [stdout]     |
[INFO] [stdout]    --> /rustc/dfb0accb7f508ae8be965d8629557221c889dd98/library/alloc/src/string.rs:2917:7
[INFO] [stdout]     |
[INFO] [stdout]     = note: the method is available for `generation_key::GenerationKey` here
[INFO] [stdout]     |
[INFO] [stdout]     = help: items from traits can only be used if the trait is in scope
[INFO] [stdout] help: trait `ToString` which provides `to_string` is implemented but not in scope; perhaps you want to import it
[INFO] [stdout]     |
[INFO] [stdout]  99 +     use crate::alloc::string::ToString;
[INFO] [stdout]     |
[INFO] [stdout] 
[INFO] [stdout] 
[INFO] [stdout] error[E0599]: no method named `to_string` found for struct `generation_key::GenerationKey` in the current scope
[INFO] [stdout]    --> src/txt/generation_key.rs:118:35
[INFO] [stdout]     |
[INFO] [stdout]  17 | pub struct GenerationKey(VerifyingKey);
[INFO] [stdout]     | ------------------------ method `to_string` not found for this struct
[INFO] [stdout] ...
[INFO] [stdout] 118 |         let unpadded = generation.to_string().replace('=', "");
[INFO] [stdout]     |                                   ^^^^^^^^^ method not found in `generation_key::GenerationKey`
[INFO] [stdout]     |
[INFO] [stdout]    --> /rustc/dfb0accb7f508ae8be965d8629557221c889dd98/library/alloc/src/string.rs:2917:7
[INFO] [stdout]     |
[INFO] [stdout]     = note: the method is available for `generation_key::GenerationKey` here
[INFO] [stdout]     |
[INFO] [stdout]     = help: items from traits can only be used if the trait is in scope
[INFO] [stdout] help: trait `ToString` which provides `to_string` is implemented but not in scope; perhaps you want to import it
[INFO] [stdout]     |
[INFO] [stdout]  99 +     use crate::alloc::string::ToString;
[INFO] [stdout]     |
[INFO] [stdout] 
[INFO] [stdout] 
[INFO] [stdout] Some errors have detailed explanations: E0425, E0599.
[INFO] [stdout] 
[INFO] [stdout] For more information about an error, try `rustc --explain E0425`.
[INFO] [stdout] 
[INFO] [stderr] error: could not compile `onomancy_dnssec` (lib test) due to 8 previous errors
[INFO] running `Command { std: "docker" "inspect" "d493d89479ced8b76773834372265b99b02b4954a7ab42dfccacd1bd61759288", kill_on_drop: false }`
[INFO] running `Command { std: "docker" "rm" "-f" "d493d89479ced8b76773834372265b99b02b4954a7ab42dfccacd1bd61759288", kill_on_drop: false }`
[INFO] [stdout] d493d89479ced8b76773834372265b99b02b4954a7ab42dfccacd1bd61759288
