[INFO] fetching crate onetaskgraph-linear 0.7.0...
[INFO] testing onetaskgraph-linear-0.7.0 against 1.99.0-beta.8+cargoflags=--release for beta-release-1.100-2
[INFO] extracting crate onetaskgraph-linear 0.7.0 into /workspace/builds/worker-4-tc1/source
[INFO] started tweaking crates.io crate onetaskgraph-linear 0.7.0
[INFO] removed 0 missing tests
[INFO] finished tweaking crates.io crate onetaskgraph-linear 0.7.0
[INFO] tweaked toml for crates.io crate onetaskgraph-linear 0.7.0 written to /workspace/builds/worker-4-tc1/source/Cargo.toml
[INFO] validating manifest of crates.io crate onetaskgraph-linear 0.7.0 on toolchain 1.99.0-beta.8
[INFO] running `Command { std: CARGO_HOME="/workspace/cargo-home" RUSTUP_HOME="/workspace/rustup-home" "/workspace/cargo-home/bin/cargo" "+1.99.0-beta.8" "metadata" "--manifest-path" "Cargo.toml" "--no-deps", kill_on_drop: false }`
[INFO] crate crates.io crate onetaskgraph-linear 0.7.0 already has a lockfile, it will not be regenerated
[INFO] running `Command { std: CARGO_HOME="/workspace/cargo-home" RUSTUP_HOME="/workspace/rustup-home" "/workspace/cargo-home/bin/cargo" "+1.99.0-beta.8" "fetch" "--manifest-path" "Cargo.toml", kill_on_drop: false }`
[INFO] running `Command { std: "docker" "create" "-v" "/var/lib/crater-agent-workspace/builds/worker-4-tc1/source:/opt/rustwide/workdir:ro,Z" "-v" "/var/lib/crater-agent-workspace/builds/worker-4-tc1/target:/opt/rustwide/target:rw,Z" "-v" "/var/lib/crater-agent-workspace/cargo-home:/opt/rustwide/cargo-home:ro,Z" "-v" "/var/lib/crater-agent-workspace/rustup-home:/opt/rustwide/rustup-home:ro,Z" "-m" "1610612736" "--network" "none" "ghcr.io/rust-lang/crates-build-env/linux@sha256:77db811e55d90add9212f6832c23229e3de5f1c1f9905e8cb07319ea15df73ac" "sleep" "infinity", kill_on_drop: false }`
[INFO] [stdout] 5de6242727217aaf5048c199f1085163f9a5b7356a5f6fcbbae88169151af2a1
[INFO] running `Command { std: "docker" "start" "5de6242727217aaf5048c199f1085163f9a5b7356a5f6fcbbae88169151af2a1", kill_on_drop: false }`
[INFO] running `Command { std: "docker" "inspect" "5de6242727217aaf5048c199f1085163f9a5b7356a5f6fcbbae88169151af2a1", kill_on_drop: false }`
[INFO] running `Command { std: "docker" "exec" "-e" "SOURCE_DIR=/opt/rustwide/workdir" "-e" "CARGO_HOME=/opt/rustwide/cargo-home" "-e" "RUSTUP_HOME=/opt/rustwide/rustup-home" "-e" "CARGO_TARGET_DIR=/opt/rustwide/target" "-w" "/opt/rustwide/workdir" "--user" "0:0" "5de6242727217aaf5048c199f1085163f9a5b7356a5f6fcbbae88169151af2a1" "/opt/rustwide/cargo-home/bin/cargo" "+1.99.0-beta.8" "metadata" "--no-deps" "--format-version=1", kill_on_drop: false }`
[INFO] running `Command { std: "docker" "inspect" "5de6242727217aaf5048c199f1085163f9a5b7356a5f6fcbbae88169151af2a1", kill_on_drop: false }`
[INFO] running `Command { std: "docker" "exec" "-e" "SOURCE_DIR=/opt/rustwide/workdir" "-e" "CARGO_HOME=/opt/rustwide/cargo-home" "-e" "RUSTUP_HOME=/opt/rustwide/rustup-home" "-e" "CARGO_TARGET_DIR=/opt/rustwide/target" "-e" "CARGO_INCREMENTAL=0" "-e" "RUST_BACKTRACE=full" "-e" "RUSTFLAGS=--cap-lints=warn" "-e" "RUSTDOCFLAGS=--cap-lints=warn" "-w" "/opt/rustwide/workdir" "--user" "0:0" "5de6242727217aaf5048c199f1085163f9a5b7356a5f6fcbbae88169151af2a1" "/opt/rustwide/cargo-home/bin/cargo" "+1.99.0-beta.8" "build" "--frozen" "--message-format=json" "--release", kill_on_drop: false }`
[INFO] [stderr]    Compiling cc v1.4.4
[INFO] [stderr]    Compiling openssl v0.10.81
[INFO] [stderr]    Compiling syn v3.0.4
[INFO] [stderr]    Compiling synstructure v0.13.2
[INFO] [stderr]    Compiling openssl-macros v0.1.1
[INFO] [stderr]    Compiling native-tls v0.2.18
[INFO] [stderr]    Compiling secrecy v0.10.3
[INFO] [stderr]    Compiling pulldown-cmark v0.13.4
[INFO] [stderr]    Compiling sha2 v0.10.9
[INFO] [stderr]    Compiling zerofrom-derive v0.1.7
[INFO] [stderr]    Compiling yoke-derive v0.8.2
[INFO] [stderr]    Compiling openssl-src v300.6.1+3.6.3
[INFO] [stderr]    Compiling zerofrom v0.1.8
[INFO] [stderr]    Compiling openssl-sys v0.9.117
[INFO] [stderr]    Compiling yoke v0.8.3
[INFO] [stderr]    Compiling serde_derive_internals v0.30.0
[INFO] [stderr]    Compiling zerovec-derive v0.11.6
[INFO] [stderr]    Compiling displaydoc v0.2.7
[INFO] [stderr]    Compiling tokio-macros v2.7.2
[INFO] [stderr]    Compiling serde_derive v1.0.229
[INFO] [stderr]    Compiling ref-cast-impl v1.0.27
[INFO] [stderr]    Compiling thiserror-impl v2.0.20
[INFO] [stderr]    Compiling async-trait v0.1.92
[INFO] [stderr]    Compiling schemars_derive v1.2.2
[INFO] [stderr]    Compiling ref-cast v1.0.27
[INFO] [stderr]    Compiling tokio v1.53.1
[INFO] [stderr]    Compiling zerotrie v0.2.5
[INFO] [stderr]    Compiling zerovec v0.11.8
[INFO] [stderr]    Compiling thiserror v2.0.20
[INFO] [stderr]    Compiling tinystr v0.8.4
[INFO] [stderr]    Compiling potential_utf v0.1.6
[INFO] [stderr]    Compiling icu_collections v2.3.0
[INFO] [stderr]    Compiling icu_locale_core v2.3.0
[INFO] [stderr]    Compiling serde v1.0.229
[INFO] [stderr]    Compiling icu_provider v2.3.1
[INFO] [stderr]    Compiling chrono v0.4.45
[INFO] [stderr]    Compiling serde_urlencoded v0.7.1
[INFO] [stderr]    Compiling icu_normalizer v2.3.0
[INFO] [stderr]    Compiling icu_properties v2.3.0
[INFO] [stderr]    Compiling schemars v1.2.2
[INFO] [stderr]    Compiling idna_adapter v1.2.2
[INFO] [stderr]    Compiling idna v1.1.0
[INFO] [stderr]    Compiling url v2.5.8
[INFO] [stderr]    Compiling hyper v1.11.0
[INFO] [stderr]    Compiling tower v0.5.3
[INFO] [stderr]    Compiling tower-http v0.6.11
[INFO] [stderr]    Compiling onetaskgraph-plugin-api v0.7.0
[INFO] [stderr]    Compiling hyper-util v0.1.20
[INFO] [stderr]    Compiling tokio-native-tls v0.3.1
[INFO] [stderr]    Compiling hyper-tls v0.6.0
[INFO] [stderr]    Compiling reqwest v0.12.28
[INFO] [stderr]    Compiling onetaskgraph-linear v0.7.0 (/opt/rustwide/workdir)
[INFO] [stderr]     Finished `release` profile [optimized] target(s) in 1m 18s
[INFO] running `Command { std: "docker" "inspect" "5de6242727217aaf5048c199f1085163f9a5b7356a5f6fcbbae88169151af2a1", kill_on_drop: false }`
[INFO] running `Command { std: "docker" "exec" "-e" "SOURCE_DIR=/opt/rustwide/workdir" "-e" "CARGO_HOME=/opt/rustwide/cargo-home" "-e" "RUSTUP_HOME=/opt/rustwide/rustup-home" "-e" "CARGO_TARGET_DIR=/opt/rustwide/target" "-e" "CARGO_INCREMENTAL=0" "-e" "RUST_BACKTRACE=full" "-e" "RUSTFLAGS=--cap-lints=warn" "-e" "RUSTDOCFLAGS=--cap-lints=warn" "-w" "/opt/rustwide/workdir" "--user" "0:0" "5de6242727217aaf5048c199f1085163f9a5b7356a5f6fcbbae88169151af2a1" "/opt/rustwide/cargo-home/bin/cargo" "+1.99.0-beta.8" "test" "--frozen" "--no-run" "--message-format=json" "--release", kill_on_drop: false }`
[INFO] [stderr]    Compiling thiserror-impl v1.0.69
[INFO] [stderr]    Compiling combine v4.6.7
[INFO] [stderr]    Compiling thiserror v1.0.69
[INFO] [stderr]    Compiling graphql-parser v0.4.1
[INFO] [stderr]    Compiling onetaskgraph-linear v0.7.0 (/opt/rustwide/workdir)
[INFO] [stdout] error[E0433]: cannot find module or crate `onetaskgraph_live` in this scope
[INFO] [stdout]   --> tests/sweep_gate.rs:33:5
[INFO] [stdout]    |
[INFO] [stdout] 33 | use onetaskgraph_live::artifact::{Registration, Registry, Run, Sweep};
[INFO] [stdout]    |     ^^^^^^^^^^^^^^^^^ use of unresolved module or unlinked crate `onetaskgraph_live`
[INFO] [stdout]    |
[INFO] [stdout] help: there is a crate or module with a similar name
[INFO] [stdout]    |
[INFO] [stdout] 33 - use onetaskgraph_live::artifact::{Registration, Registry, Run, Sweep};
[INFO] [stdout] 33 + use onetaskgraph_linear::artifact::{Registration, Registry, Run, Sweep};
[INFO] [stdout]    |
[INFO] [stdout] 
[INFO] [stdout] 
[INFO] [stdout] error[E0433]: cannot find module or crate `onetaskgraph_live` in this scope
[INFO] [stdout]   --> tests/cleanup/mod.rs:15:5
[INFO] [stdout]    |
[INFO] [stdout] 15 | use onetaskgraph_live::artifact::{Run, Stamp, Sweep};
[INFO] [stdout]    |     ^^^^^^^^^^^^^^^^^ use of unresolved module or unlinked crate `onetaskgraph_live`
[INFO] [stdout]    |
[INFO] [stdout] help: there is a crate or module with a similar name
[INFO] [stdout]    |
[INFO] [stdout] 15 - use onetaskgraph_live::artifact::{Run, Stamp, Sweep};
[INFO] [stdout] 15 + use onetaskgraph_linear::artifact::{Run, Stamp, Sweep};
[INFO] [stdout]    |
[INFO] [stdout] 
[INFO] [stdout] 
[INFO] [stdout] error[E0433]: cannot find module or crate `onetaskgraph_live` in this scope
[INFO] [stdout]   --> tests/live.rs:25:5
[INFO] [stdout]    |
[INFO] [stdout] 25 | use onetaskgraph_live::artifact::{Run, Sweep, now_micros};
[INFO] [stdout]    |     ^^^^^^^^^^^^^^^^^ use of unresolved module or unlinked crate `onetaskgraph_live`
[INFO] [stdout]    |
[INFO] [stdout] help: there is a crate or module with a similar name
[INFO] [stdout]    |
[INFO] [stdout] 25 - use onetaskgraph_live::artifact::{Run, Sweep, now_micros};
[INFO] [stdout] 25 + use onetaskgraph_linear::artifact::{Run, Sweep, now_micros};
[INFO] [stdout]    |
[INFO] [stdout] 
[INFO] [stdout] 
[INFO] [stdout] error[E0433]: cannot find module or crate `onetaskgraph_live` in this scope
[INFO] [stdout]   --> tests/cleanup/mod.rs:15:5
[INFO] [stdout]    |
[INFO] [stdout] 15 | use onetaskgraph_live::artifact::{Run, Stamp, Sweep};
[INFO] [stdout]    |     ^^^^^^^^^^^^^^^^^ use of unresolved module or unlinked crate `onetaskgraph_live`
[INFO] [stdout]    |
[INFO] [stdout] help: there is a crate or module with a similar name
[INFO] [stdout]    |
[INFO] [stdout] 15 - use onetaskgraph_live::artifact::{Run, Stamp, Sweep};
[INFO] [stdout] 15 + use onetaskgraph_linear::artifact::{Run, Stamp, Sweep};
[INFO] [stdout]    |
[INFO] [stdout] 
[INFO] [stdout] 
[INFO] [stdout] error[E0432]: unresolved import `onetaskgraph_live`
[INFO] [stdout]   --> tests/live.rs:26:5
[INFO] [stdout]    |
[INFO] [stdout] 26 | use onetaskgraph_live::{Credential, Exclusivity, Session, missing, required};
[INFO] [stdout]    |     ^^^^^^^^^^^^^^^^^ use of unresolved module or unlinked crate `onetaskgraph_live`
[INFO] [stdout]    |
[INFO] [stdout] help: there is a crate or module with a similar name
[INFO] [stdout]    |
[INFO] [stdout] 26 - use onetaskgraph_live::{Credential, Exclusivity, Session, missing, required};
[INFO] [stdout] 26 + use onetaskgraph_linear::{Credential, Exclusivity, Session, missing, required};
[INFO] [stdout]    |
[INFO] [stdout] 
[INFO] [stdout] 
[INFO] [stdout] error[E0433]: cannot find module or crate `onetaskgraph_live` in this scope
[INFO] [stdout]    --> tests/sweep_gate.rs:184:13
[INFO] [stdout]     |
[INFO] [stdout] 184 |             onetaskgraph_live::artifact::REGISTRY_DIRECTORY_VARIABLE,
[INFO] [stdout]     |             ^^^^^^^^^^^^^^^^^ use of unresolved module or unlinked crate `onetaskgraph_live`
[INFO] [stdout]     |
[INFO] [stdout] help: there is a crate or module with a similar name
[INFO] [stdout]     |
[INFO] [stdout] 184 -             onetaskgraph_live::artifact::REGISTRY_DIRECTORY_VARIABLE,
[INFO] [stdout] 184 +             onetaskgraph_linear::artifact::REGISTRY_DIRECTORY_VARIABLE,
[INFO] [stdout]     |
[INFO] [stdout] 
[INFO] [stdout] 
[INFO] [stdout] For more information about this error, try `rustc --explain E0433`.
[INFO] [stdout] 
[INFO] [stderr] error: could not compile `onetaskgraph-linear` (test "sweep_gate") due to 3 previous errors
[INFO] [stderr] warning: build failed, waiting for other jobs to finish...
[INFO] [stdout] error[E0433]: cannot find module or crate `onetaskgraph_live` in this scope
[INFO] [stdout]     --> tests/live.rs:1411:18
[INFO] [stdout]      |
[INFO] [stdout] 1411 |         env::var(onetaskgraph_live::REQUIRED_VARIABLE)
[INFO] [stdout]      |                  ^^^^^^^^^^^^^^^^^ use of unresolved module or unlinked crate `onetaskgraph_live`
[INFO] [stdout]      |
[INFO] [stdout] help: there is a crate or module with a similar name
[INFO] [stdout]      |
[INFO] [stdout] 1411 -         env::var(onetaskgraph_live::REQUIRED_VARIABLE)
[INFO] [stdout] 1411 +         env::var(onetaskgraph_linear::REQUIRED_VARIABLE)
[INFO] [stdout]      |
[INFO] [stdout] 
[INFO] [stdout] 
[INFO] [stdout] Some errors have detailed explanations: E0432, E0433.
[INFO] [stdout] 
[INFO] [stdout] For more information about an error, try `rustc --explain E0432`.
[INFO] [stdout] 
[INFO] [stderr] error: could not compile `onetaskgraph-linear` (test "live") due to 4 previous errors
[INFO] running `Command { std: "docker" "inspect" "5de6242727217aaf5048c199f1085163f9a5b7356a5f6fcbbae88169151af2a1", kill_on_drop: false }`
[INFO] running `Command { std: "docker" "rm" "-f" "5de6242727217aaf5048c199f1085163f9a5b7356a5f6fcbbae88169151af2a1", kill_on_drop: false }`
[INFO] [stdout] 5de6242727217aaf5048c199f1085163f9a5b7356a5f6fcbbae88169151af2a1
