[INFO] fetching crate oneocr-rs 0.3.2...
[INFO] testing oneocr-rs-0.3.2 against 1.99.0-beta.8+cargoflags=--release for beta-release-1.100-2
[INFO] extracting crate oneocr-rs 0.3.2 into /workspace/builds/worker-5-tc1/source
[INFO] started tweaking crates.io crate oneocr-rs 0.3.2
[INFO] removed 0 missing examples
[INFO] finished tweaking crates.io crate oneocr-rs 0.3.2
[INFO] tweaked toml for crates.io crate oneocr-rs 0.3.2 written to /workspace/builds/worker-5-tc1/source/Cargo.toml
[INFO] validating manifest of crates.io crate oneocr-rs 0.3.2 on toolchain 1.99.0-beta.8
[INFO] running `Command { std: CARGO_HOME="/workspace/cargo-home" RUSTUP_HOME="/workspace/rustup-home" "/workspace/cargo-home/bin/cargo" "+1.99.0-beta.8" "metadata" "--manifest-path" "Cargo.toml" "--no-deps", kill_on_drop: false }`
[INFO] crate crates.io crate oneocr-rs 0.3.2 already has a lockfile, it will not be regenerated
[INFO] running `Command { std: CARGO_HOME="/workspace/cargo-home" RUSTUP_HOME="/workspace/rustup-home" "/workspace/cargo-home/bin/cargo" "+1.99.0-beta.8" "fetch" "--manifest-path" "Cargo.toml", kill_on_drop: false }`
[INFO] [stderr]     Updating crates.io index
[INFO] [stderr]  Downloading crates ...
[INFO] [stderr]   Downloaded windows-link v0.2.0
[INFO] [stderr]   Downloaded wasm-bindgen v0.2.101
[INFO] [stderr]   Downloaded thiserror v2.0.16
[INFO] [stderr]   Downloaded cfg-if v1.0.3
[INFO] [stderr]   Downloaded thiserror-impl v2.0.16
[INFO] [stderr]   Downloaded imageproc v0.25.0
[INFO] [stderr]   Downloaded wasm-bindgen-shared v0.2.101
[INFO] [stderr]   Downloaded winapi-util v0.1.10
[INFO] [stderr]   Downloaded version-compare v0.2.0
[INFO] [stderr]   Downloaded lebe v0.5.2
[INFO] [stderr]   Downloaded rgb v0.8.52
[INFO] [stderr]   Downloaded windows-targets v0.53.3
[INFO] [stderr]   Downloaded wasm-bindgen-macro v0.2.101
[INFO] [stderr]   Downloaded find-msvc-tools v0.1.1
[INFO] [stderr]   Downloaded built v0.7.7
[INFO] [stderr]   Downloaded avif-serialize v0.8.6
[INFO] [stderr]   Downloaded ravif v0.11.20
[INFO] [stderr]   Downloaded target-lexicon v0.12.16
[INFO] [stderr]   Downloaded criterion-plot v0.6.0
[INFO] [stderr]   Downloaded wasm-bindgen-backend v0.2.101
[INFO] [stderr]   Downloaded system-deps v6.2.2
[INFO] [stderr]   Downloaded wasm-bindgen-macro-support v0.2.101
[INFO] [stderr]   Downloaded weezl v0.1.10
[INFO] [stderr]   Downloaded cfg-expr v0.15.8
[INFO] [stderr]   Downloaded bitstream-io v2.6.0
[INFO] [stderr]   Downloaded gif v0.13.3
[INFO] [stderr]   Downloaded av1-grain v0.2.4
[INFO] [stderr]   Downloaded wit-bindgen v0.45.0
[INFO] [stderr]   Downloaded ab_glyph v0.2.31
[INFO] [stderr]   Downloaded bytemuck v1.23.2
[INFO] [stderr]   Downloaded clap v4.5.47
[INFO] [stderr]   Downloaded js-sys v0.3.78
[INFO] [stderr]   Downloaded cc v1.2.36
[INFO] [stderr]   Downloaded imgref v1.11.0
[INFO] [stderr]   Downloaded zerocopy-derive v0.8.26
[INFO] [stderr]   Downloaded indexmap v2.11.0
[INFO] [stderr]   Downloaded libfuzzer-sys v0.4.10
[INFO] [stderr]   Downloaded wasi v0.14.3+wasi-0.2.4
[INFO] [stderr]   Downloaded criterion v0.7.0
[INFO] [stderr]   Downloaded moxcms v0.7.5
[INFO] [stderr]   Downloaded serde_json v1.0.143
[INFO] [stderr]   Downloaded regex v1.11.2
[INFO] [stderr]   Downloaded clap_builder v4.5.47
[INFO] [stderr]   Downloaded zerocopy v0.8.26
[INFO] [stderr]   Downloaded image v0.25.8
[INFO] [stderr]   Downloaded exr v1.73.0
[INFO] [stderr]   Downloaded regex-syntax v0.8.6
[INFO] [stderr]   Downloaded regex-automata v0.4.10
[INFO] [stderr]   Downloaded web-sys v0.3.78
[INFO] [stderr]   Downloaded pxfm v0.1.22
[INFO] [stderr]   Downloaded rav1e v0.7.1
[INFO] running `Command { std: "docker" "create" "-v" "/var/lib/crater-agent-workspace/builds/worker-5-tc1/source:/opt/rustwide/workdir:ro,Z" "-v" "/var/lib/crater-agent-workspace/builds/worker-5-tc1/target:/opt/rustwide/target:rw,Z" "-v" "/var/lib/crater-agent-workspace/cargo-home:/opt/rustwide/cargo-home:ro,Z" "-v" "/var/lib/crater-agent-workspace/rustup-home:/opt/rustwide/rustup-home:ro,Z" "-m" "1610612736" "--network" "none" "ghcr.io/rust-lang/crates-build-env/linux@sha256:77db811e55d90add9212f6832c23229e3de5f1c1f9905e8cb07319ea15df73ac" "sleep" "infinity", kill_on_drop: false }`
[INFO] [stdout] 4d2a254257e36591e17698984e6f7937e930800024d617998265180727101d7b
[INFO] running `Command { std: "docker" "start" "4d2a254257e36591e17698984e6f7937e930800024d617998265180727101d7b", kill_on_drop: false }`
[INFO] running `Command { std: "docker" "inspect" "4d2a254257e36591e17698984e6f7937e930800024d617998265180727101d7b", kill_on_drop: false }`
[INFO] running `Command { std: "docker" "exec" "-e" "SOURCE_DIR=/opt/rustwide/workdir" "-e" "CARGO_HOME=/opt/rustwide/cargo-home" "-e" "RUSTUP_HOME=/opt/rustwide/rustup-home" "-e" "CARGO_TARGET_DIR=/opt/rustwide/target" "-w" "/opt/rustwide/workdir" "--user" "0:0" "4d2a254257e36591e17698984e6f7937e930800024d617998265180727101d7b" "/opt/rustwide/cargo-home/bin/cargo" "+1.99.0-beta.8" "metadata" "--no-deps" "--format-version=1", kill_on_drop: false }`
[INFO] running `Command { std: "docker" "inspect" "4d2a254257e36591e17698984e6f7937e930800024d617998265180727101d7b", kill_on_drop: false }`
[INFO] running `Command { std: "docker" "exec" "-e" "SOURCE_DIR=/opt/rustwide/workdir" "-e" "CARGO_HOME=/opt/rustwide/cargo-home" "-e" "RUSTUP_HOME=/opt/rustwide/rustup-home" "-e" "CARGO_TARGET_DIR=/opt/rustwide/target" "-e" "CARGO_INCREMENTAL=0" "-e" "RUST_BACKTRACE=full" "-e" "RUSTFLAGS=--cap-lints=warn" "-e" "RUSTDOCFLAGS=--cap-lints=warn" "-w" "/opt/rustwide/workdir" "--user" "0:0" "4d2a254257e36591e17698984e6f7937e930800024d617998265180727101d7b" "/opt/rustwide/cargo-home/bin/cargo" "+1.99.0-beta.8" "build" "--frozen" "--message-format=json" "--release", kill_on_drop: false }`
[INFO] [stderr]    Compiling proc-macro2 v1.0.101
[INFO] [stderr]    Compiling unicode-ident v1.0.18
[INFO] [stderr]    Compiling cfg-if v1.0.3
[INFO] [stderr]    Compiling simd-adler32 v0.3.7
[INFO] [stderr]    Compiling anyhow v1.0.99
[INFO] [stderr]    Compiling either v1.15.0
[INFO] [stderr]    Compiling libc v0.2.175
[INFO] [stderr]    Compiling minimal-lexical v0.2.1
[INFO] [stderr]    Compiling paste v1.0.15
[INFO] [stderr]    Compiling built v0.7.7
[INFO] [stderr]    Compiling memchr v2.7.5
[INFO] [stderr]    Compiling thiserror v1.0.69
[INFO] [stderr]    Compiling arrayvec v0.7.6
[INFO] [stderr]    Compiling quick-error v2.0.1
[INFO] [stderr]    Compiling crossbeam-epoch v0.9.18
[INFO] [stderr]    Compiling num-integer v0.1.46
[INFO] [stderr]    Compiling crc32fast v1.5.0
[INFO] [stderr]    Compiling miniz_oxide v0.8.9
[INFO] [stderr]    Compiling log v0.4.28
[INFO] [stderr]    Compiling itertools v0.12.1
[INFO] [stderr]    Compiling rav1e v0.7.1
[INFO] [stderr]    Compiling half v2.6.0
[INFO] [stderr]    Compiling weezl v0.1.10
[INFO] [stderr]    Compiling imgref v1.11.0
[INFO] [stderr]    Compiling bitstream-io v2.6.0
[INFO] [stderr]    Compiling crossbeam-deque v0.8.6
[INFO] [stderr]    Compiling noop_proc_macro v0.3.0
[INFO] [stderr]    Compiling new_debug_unreachable v1.0.6
[INFO] [stderr]    Compiling zune-core v0.4.12
[INFO] [stderr]    Compiling avif-serialize v0.8.6
[INFO] [stderr]    Compiling rayon-core v1.13.0
[INFO] [stderr]    Compiling num-bigint v0.4.6
[INFO] [stderr]    Compiling zune-jpeg v0.4.21
[INFO] [stderr]    Compiling loop9 v0.1.5
[INFO] [stderr]    Compiling zune-inflate v0.2.54
[INFO] [stderr]    Compiling fdeflate v0.3.7
[INFO] [stderr]    Compiling pxfm v0.1.22
[INFO] [stderr]    Compiling serde v1.0.219
[INFO] [stderr]    Compiling quote v1.0.40
[INFO] [stderr]    Compiling nom v7.1.3
[INFO] [stderr]    Compiling syn v2.0.106
[INFO] [stderr]    Compiling simd_helpers v0.1.0
[INFO] [stderr]    Compiling flate2 v1.1.2
[INFO] [stderr]    Compiling bitflags v2.9.4
[INFO] [stderr]    Compiling thiserror v2.0.16
[INFO] [stderr]    Compiling smallvec v1.15.1
[INFO] [stderr]    Compiling lebe v0.5.2
[INFO] [stderr]    Compiling bit_field v0.10.3
[INFO] [stderr]    Compiling color_quant v1.1.0
[INFO] [stderr]    Compiling rayon v1.11.0
[INFO] [stderr]    Compiling byteorder-lite v0.1.0
[INFO] [stderr]    Compiling bytemuck v1.23.2
[INFO] [stderr]    Compiling rgb v0.8.52
[INFO] [stderr]    Compiling qoi v0.4.1
[INFO] [stderr]    Compiling image-webp v0.2.4
[INFO] [stderr]    Compiling gif v0.13.3
[INFO] [stderr]    Compiling png v0.18.0
[INFO] [stderr]    Compiling exr v1.73.0
[INFO] [stderr]    Compiling windows-link v0.2.0
[INFO] [stderr]    Compiling num-rational v0.4.2
[INFO] [stderr]    Compiling moxcms v0.7.5
[INFO] [stderr]    Compiling maybe-rayon v0.1.1
[INFO] [stderr]    Compiling equator-macro v0.4.2
[INFO] [stderr]    Compiling thiserror-impl v1.0.69
[INFO] [stderr]    Compiling profiling-procmacros v1.0.17
[INFO] [stderr]    Compiling fax_derive v0.2.0
[INFO] [stderr]    Compiling num-derive v0.4.2
[INFO] [stderr]    Compiling arg_enum_proc_macro v0.3.4
[INFO] [stderr]    Compiling thiserror-impl v2.0.16
[INFO] [stderr]    Compiling serde_derive v1.0.219
[INFO] [stderr]    Compiling profiling v1.0.17
[INFO] [stderr]    Compiling fax v0.2.6
[INFO] [stderr]    Compiling equator v0.4.2
[INFO] [stderr]    Compiling tiff v0.10.3
[INFO] [stderr]    Compiling aligned-vec v0.6.4
[INFO] [stderr]    Compiling v_frame v0.3.9
[INFO] [stderr]    Compiling av1-grain v0.2.4
[INFO] [stderr]    Compiling ravif v0.11.20
[INFO] [stderr]    Compiling image v0.25.8
[INFO] [stderr]    Compiling oneocr-rs v0.3.2 (/opt/rustwide/workdir)
[INFO] [stderr]     Finished `release` profile [optimized] target(s) in 42.70s
[INFO] running `Command { std: "docker" "inspect" "4d2a254257e36591e17698984e6f7937e930800024d617998265180727101d7b", kill_on_drop: false }`
[INFO] running `Command { std: "docker" "exec" "-e" "SOURCE_DIR=/opt/rustwide/workdir" "-e" "CARGO_HOME=/opt/rustwide/cargo-home" "-e" "RUSTUP_HOME=/opt/rustwide/rustup-home" "-e" "CARGO_TARGET_DIR=/opt/rustwide/target" "-e" "CARGO_INCREMENTAL=0" "-e" "RUST_BACKTRACE=full" "-e" "RUSTFLAGS=--cap-lints=warn" "-e" "RUSTDOCFLAGS=--cap-lints=warn" "-w" "/opt/rustwide/workdir" "--user" "0:0" "4d2a254257e36591e17698984e6f7937e930800024d617998265180727101d7b" "/opt/rustwide/cargo-home/bin/cargo" "+1.99.0-beta.8" "test" "--frozen" "--no-run" "--message-format=json" "--release", kill_on_drop: false }`
[INFO] [stderr]    Compiling libm v0.2.15
[INFO] [stderr]    Compiling zerocopy v0.8.26
[INFO] [stderr]    Compiling serde v1.0.219
[INFO] [stderr]    Compiling getrandom v0.2.16
[INFO] [stderr]    Compiling safe_arch v0.7.4
[INFO] [stderr]    Compiling matrixmultiply v0.3.10
[INFO] [stderr]    Compiling serde_json v1.0.143
[INFO] [stderr]    Compiling typenum v1.18.0
[INFO] [stderr]    Compiling ryu v1.0.20
[INFO] [stderr]    Compiling ciborium-io v0.2.2
[INFO] [stderr]    Compiling regex-syntax v0.8.6
[INFO] [stderr]    Compiling ttf-parser v0.25.1
[INFO] [stderr]    Compiling clap_lex v0.7.5
[INFO] [stderr]    Compiling anstyle v1.0.11
[INFO] [stderr]    Compiling plotters-backend v0.3.7
[INFO] [stderr]    Compiling itoa v1.0.15
[INFO] [stderr]    Compiling ciborium-ll v0.2.2
[INFO] [stderr]    Compiling rand_core v0.6.4
[INFO] [stderr]    Compiling itertools v0.13.0
[INFO] [stderr]    Compiling plotters-svg v0.3.7
[INFO] [stderr]    Compiling clap_builder v4.5.47
[INFO] [stderr]    Compiling ab_glyph_rasterizer v0.1.10
[INFO] [stderr]    Compiling same-file v1.0.6
[INFO] [stderr]    Compiling cast v0.3.0
[INFO] [stderr]    Compiling oorandom v11.1.5
[INFO] [stderr]    Compiling walkdir v2.5.0
[INFO] [stderr]    Compiling wide v0.7.33
[INFO] [stderr]    Compiling anes v0.1.6
[INFO] [stderr]    Compiling num-traits v0.2.19
[INFO] [stderr]    Compiling regex-automata v0.4.10
[INFO] [stderr]    Compiling criterion-plot v0.6.0
[INFO] [stderr]    Compiling num-integer v0.1.46
[INFO] [stderr]    Compiling v_frame v0.3.9
[INFO] [stderr]    Compiling pxfm v0.1.22
[INFO] [stderr]    Compiling num-complex v0.4.6
[INFO] [stderr]    Compiling approx v0.5.1
[INFO] [stderr]    Compiling ppv-lite86 v0.2.21
[INFO] [stderr]    Compiling plotters v0.3.7
[INFO] [stderr]    Compiling clap v4.5.47
[INFO] [stderr]    Compiling num-bigint v0.4.6
[INFO] [stderr]    Compiling num-iter v0.1.45
[INFO] [stderr]    Compiling simba v0.8.1
[INFO] [stderr]    Compiling owned_ttf_parser v0.25.1
[INFO] [stderr]    Compiling rand_chacha v0.3.1
[INFO] [stderr]    Compiling ab_glyph v0.2.31
[INFO] [stderr]    Compiling rand v0.8.5
[INFO] [stderr]    Compiling regex v1.11.2
[INFO] [stderr]    Compiling rand_distr v0.4.3
[INFO] [stderr]    Compiling num-rational v0.4.2
[INFO] [stderr]    Compiling ciborium v0.2.2
[INFO] [stderr]    Compiling av1-grain v0.2.4
[INFO] [stderr]    Compiling moxcms v0.7.5
[INFO] [stderr]    Compiling tinytemplate v1.2.1
[INFO] [stderr]    Compiling num v0.4.3
[INFO] [stderr]    Compiling rav1e v0.7.1
[INFO] [stderr]    Compiling criterion v0.7.0
[INFO] [stderr]    Compiling nalgebra v0.32.6
[INFO] [stderr]    Compiling ravif v0.11.20
[INFO] [stderr]    Compiling image v0.25.8
[INFO] [stderr]    Compiling imageproc v0.25.0
[INFO] [stderr]    Compiling oneocr-rs v0.3.2 (/opt/rustwide/workdir)
[INFO] [stdout] error: linking with `cc` failed: exit status: 1
[INFO] [stdout]   |
[INFO] [stdout]   = note:  "cc" "-m64" "/opt/rustwide/target/release/examples/rustc6cSmVE/symbols.o" "<2 object files omitted>" "-Wl,--as-needed" "-Wl,-Bstatic" "/opt/rustwide/target/release/deps/{liboneocr_rs-36c040094e4035cf,libthiserror-b2109435f1cca726,libimage-86190cb9f2e588b6,libimage_webp-cbcd5e22dab2fc74,libqoi-64aa47c9c48c326e,libmoxcms-a77d3f586b95f747,libpxfm-adeb400e76f6df0c,libtiff-e44cf42f60537d71,libfax-4c2e656e2e92c676,libpng-2a06642f43a1b5ab,libbitflags-2194eaddd09e1338,libflate2-a4faeaa87772b6c1,libfdeflate-042583344f432862,libcrc32fast-86d064ece648b0a6,libexr-90557b9e05cda69d,libminiz_oxide-c0fedee8d66f5825,libzune_inflate-0451b7f8aa31ddec,libsimd_adler32-79f5736e69df175b,libbit_field-32b251732d850666,liblebe-b9f57aacd3a6341c,libhalf-d2a8102098668b39,libsmallvec-841086f162eea166,libzune_jpeg-51467dac3473cb0c,libzune_core-0055199d425867d2,libgif-549d2d291613d8e7,libcolor_quant-9e2536de46fec9df,libweezl-6fbe8236fc702a13,libbyteorder_lite-a767fe81cb63f861,libravif-02c37a3fbcd7b11f,libloop9-692c126650404bde,libavif_serialize-c866461b29349512,libquick_error-f92d7f48e6295801,librgb-ecb7895286b3efda,librav1e-53685920f158b7b8,libprofiling-6eba8ed952605b46,libav1_grain-29063a76abe08e55,libnom-3ba01ccb90263836,libmemchr-1ebeea3296dd8af8,libnum_rational-c9a5c3ea7b30866d,libnum_bigint-16893cc4bb20cac6,libnum_integer-6eb54cba6fc24a0c,libanyhow-45e4e49eb1360075,libdebug_unreachable-3dece03de6f35855,libmaybe_rayon-c1f3152d11f778e0,librayon-b080482c0c112c69,librayon_core-200cbe5ba623cbda,libcrossbeam_deque-2a0d55b5d488e9da,libcrossbeam_epoch-5071d9e21cd7edca,libcrossbeam_utils-c35c21890820cf1a,libcfg_if-5732471c02c4c133,libv_frame-c9fae419207d577f,libaligned_vec-2f7fdcd3d1f51a87,libequator-7b35cf5d25532780,libarrayvec-50f94247b118ab4d,libthiserror-ab5b3baebdc35f8b,libbitstream_io-bc951859d0c4b7cf,libitertools-f8df74ea58b26b5c,libeither-9494ab0a0482591e,liblog-83692528adb440c9,libimgref-57a91085d84bcd18,libbytemuck-3350ad822b9787e0,libnum_traits-da3d32028c6286ad,libwindows_link-59c40c0c9887616f,libserde-738c1abe186595eb}.rlib" "<sysroot>/lib/rustlib/x86_64-unknown-linux-gnu/lib/{libstd-*,libpanic_unwind-*,libobject-*,libmemchr-*,libaddr2line-*,libgimli-*,libcfg_if-*,librustc_demangle-*,libstd_detect-*,libhashbrown-*,librustc_std_workspace_alloc-*,libminiz_oxide-*,libadler2-*,libunwind-*,liblibc-*,librustc_std_workspace_core-*,liballoc-*,libcore-*,libcompiler_builtins-*}.rlib" "-Wl,-Bdynamic" "-lgcc_s" "-lutil" "-lrt" "-lpthread" "-lm" "-ldl" "-lc" "-L" "/opt/rustwide/target/release/examples/rustc6cSmVE/raw-dylibs" "-B<sysroot>/lib/rustlib/x86_64-unknown-linux-gnu/bin/gcc-ld" "-fuse-ld=lld" "-Wl,--eh-frame-hdr" "-Wl,-z,noexecstack" "-L" "<sysroot>/lib/rustlib/x86_64-unknown-linux-gnu/lib" "-o" "/opt/rustwide/target/release/examples/ocr_simple-012824ffe8fd71a5" "-Wl,--gc-sections" "-pie" "-Wl,-z,relro,-z,now" "-Wl,-O1" "-Wl,--strip-debug" "-nodefaultlibs"
[INFO] [stdout]   = note: some arguments are omitted. use `--verbose` to show all linker arguments
[INFO] [stdout]   = note: rust-lld: error: undefined symbol: CreateOcrInitOptions
[INFO] [stdout]           >>> referenced by oneocr_rs.d53a451dc9a835b7-cgu.05
[INFO] [stdout]           >>>               oneocr_rs-36c040094e4035cf.oneocr_rs.d53a451dc9a835b7-cgu.05.rcgu.o:(<oneocr_rs::ocr_engine::OcrEngine>::new_with_options) in archive /opt/rustwide/target/release/deps/liboneocr_rs-36c040094e4035cf.rlib
[INFO] [stdout]           
[INFO] [stdout]           rust-lld: error: undefined symbol: OcrInitOptionsSetUseModelDelayLoad
[INFO] [stdout]           >>> referenced by oneocr_rs.d53a451dc9a835b7-cgu.05
[INFO] [stdout]           >>>               oneocr_rs-36c040094e4035cf.oneocr_rs.d53a451dc9a835b7-cgu.05.rcgu.o:(<oneocr_rs::ocr_engine::OcrEngine>::new_with_options) in archive /opt/rustwide/target/release/deps/liboneocr_rs-36c040094e4035cf.rlib
[INFO] [stdout]           
[INFO] [stdout]           rust-lld: error: undefined symbol: CreateOcrPipeline
[INFO] [stdout]           >>> referenced by oneocr_rs.d53a451dc9a835b7-cgu.05
[INFO] [stdout]           >>>               oneocr_rs-36c040094e4035cf.oneocr_rs.d53a451dc9a835b7-cgu.05.rcgu.o:(<oneocr_rs::ocr_engine::OcrEngine>::new_with_options) in archive /opt/rustwide/target/release/deps/liboneocr_rs-36c040094e4035cf.rlib
[INFO] [stdout]           
[INFO] [stdout]           rust-lld: error: undefined symbol: CreateOcrProcessOptions
[INFO] [stdout]           >>> referenced by oneocr_rs.d53a451dc9a835b7-cgu.05
[INFO] [stdout]           >>>               oneocr_rs-36c040094e4035cf.oneocr_rs.d53a451dc9a835b7-cgu.05.rcgu.o:(<oneocr_rs::ocr_engine::OcrEngine>::new_with_options) in archive /opt/rustwide/target/release/deps/liboneocr_rs-36c040094e4035cf.rlib
[INFO] [stdout]           
[INFO] [stdout]           rust-lld: error: undefined symbol: OcrProcessOptionsSetMaxRecognitionLineCount
[INFO] [stdout]           >>> referenced by oneocr_rs.d53a451dc9a835b7-cgu.05
[INFO] [stdout]           >>>               oneocr_rs-36c040094e4035cf.oneocr_rs.d53a451dc9a835b7-cgu.05.rcgu.o:(<oneocr_rs::ocr_engine::OcrEngine>::new_with_options) in archive /opt/rustwide/target/release/deps/liboneocr_rs-36c040094e4035cf.rlib
[INFO] [stdout]           
[INFO] [stdout]           rust-lld: error: undefined symbol: OcrProcessOptionsSetResizeResolution
[INFO] [stdout]           >>> referenced by oneocr_rs.d53a451dc9a835b7-cgu.05
[INFO] [stdout]           >>>               oneocr_rs-36c040094e4035cf.oneocr_rs.d53a451dc9a835b7-cgu.05.rcgu.o:(<oneocr_rs::ocr_engine::OcrEngine>::new_with_options) in archive /opt/rustwide/target/release/deps/liboneocr_rs-36c040094e4035cf.rlib
[INFO] [stdout]           
[INFO] [stdout]           rust-lld: error: undefined symbol: RunOcrPipeline
[INFO] [stdout]           >>> referenced by oneocr_rs.d53a451dc9a835b7-cgu.05
[INFO] [stdout]           >>>               oneocr_rs-36c040094e4035cf.oneocr_rs.d53a451dc9a835b7-cgu.05.rcgu.o:(<oneocr_rs::ocr_engine::OcrEngine>::run) in archive /opt/rustwide/target/release/deps/liboneocr_rs-36c040094e4035cf.rlib
[INFO] [stdout]           
[INFO] [stdout]           rust-lld: error: undefined symbol: GetOcrLineContent
[INFO] [stdout]           >>> referenced by oneocr_rs.d53a451dc9a835b7-cgu.05
[INFO] [stdout]           >>>               oneocr_rs-36c040094e4035cf.oneocr_rs.d53a451dc9a835b7-cgu.05.rcgu.o:(<oneocr_rs::ocr_line::OcrLine>::new) in archive /opt/rustwide/target/release/deps/liboneocr_rs-36c040094e4035cf.rlib
[INFO] [stdout]           
[INFO] [stdout]           rust-lld: error: undefined symbol: GetOcrLineBoundingBox
[INFO] [stdout]           >>> referenced by oneocr_rs.d53a451dc9a835b7-cgu.05
[INFO] [stdout]           >>>               oneocr_rs-36c040094e4035cf.oneocr_rs.d53a451dc9a835b7-cgu.05.rcgu.o:(<oneocr_rs::ocr_line::OcrLine>::new) in archive /opt/rustwide/target/release/deps/liboneocr_rs-36c040094e4035cf.rlib
[INFO] [stdout]           
[INFO] [stdout]           rust-lld: error: undefined symbol: GetOcrLineWordCount
[INFO] [stdout]           >>> referenced by oneocr_rs.d53a451dc9a835b7-cgu.05
[INFO] [stdout]           >>>               oneocr_rs-36c040094e4035cf.oneocr_rs.d53a451dc9a835b7-cgu.05.rcgu.o:(<oneocr_rs::ocr_line::OcrLine>::new) in archive /opt/rustwide/target/release/deps/liboneocr_rs-36c040094e4035cf.rlib
[INFO] [stdout]           
[INFO] [stdout]           rust-lld: error: undefined symbol: GetOcrWord
[INFO] [stdout]           >>> referenced by oneocr_rs.d53a451dc9a835b7-cgu.05
[INFO] [stdout]           >>>               oneocr_rs-36c040094e4035cf.oneocr_rs.d53a451dc9a835b7-cgu.05.rcgu.o:(<oneocr_rs::ocr_line::OcrLine>::new) in archive /opt/rustwide/target/release/deps/liboneocr_rs-36c040094e4035cf.rlib
[INFO] [stdout]           
[INFO] [stdout]           rust-lld: error: undefined symbol: ReleaseOcrPipeline
[INFO] [stdout]           >>> referenced by oneocr_rs.d53a451dc9a835b7-cgu.05
[INFO] [stdout]           >>>               oneocr_rs-36c040094e4035cf.oneocr_rs.d53a451dc9a835b7-cgu.05.rcgu.o:(<oneocr_rs::ocr_engine::OcrEngine as core::ops::drop::Drop>::drop) in archive /opt/rustwide/target/release/deps/liboneocr_rs-36c040094e4035cf.rlib
[INFO] [stdout]           
[INFO] [stdout]           rust-lld: error: undefined symbol: ReleaseOcrInitOptions
[INFO] [stdout]           >>> referenced by oneocr_rs.d53a451dc9a835b7-cgu.05
[INFO] [stdout]           >>>               oneocr_rs-36c040094e4035cf.oneocr_rs.d53a451dc9a835b7-cgu.05.rcgu.o:(<oneocr_rs::ocr_engine::OcrEngine as core::ops::drop::Drop>::drop) in archive /opt/rustwide/target/release/deps/liboneocr_rs-36c040094e4035cf.rlib
[INFO] [stdout]           
[INFO] [stdout]           rust-lld: error: undefined symbol: ReleaseOcrProcessOptions
[INFO] [stdout]           >>> referenced by oneocr_rs.d53a451dc9a835b7-cgu.05
[INFO] [stdout]           >>>               oneocr_rs-36c040094e4035cf.oneocr_rs.d53a451dc9a835b7-cgu.05.rcgu.o:(<oneocr_rs::ocr_engine::OcrEngine as core::ops::drop::Drop>::drop) in archive /opt/rustwide/target/release/deps/liboneocr_rs-36c040094e4035cf.rlib
[INFO] [stdout]           
[INFO] [stdout]           rust-lld: error: undefined symbol: GetOcrLineCount
[INFO] [stdout]           >>> referenced by oneocr_rs.d53a451dc9a835b7-cgu.14
[INFO] [stdout]           >>>               oneocr_rs-36c040094e4035cf.oneocr_rs.d53a451dc9a835b7-cgu.14.rcgu.o:(<oneocr_rs::ocr_result::OcrResult>::new) in archive /opt/rustwide/target/release/deps/liboneocr_rs-36c040094e4035cf.rlib
[INFO] [stdout]           
[INFO] [stdout]           rust-lld: error: undefined symbol: GetOcrLine
[INFO] [stdout]           >>> referenced by oneocr_rs.d53a451dc9a835b7-cgu.14
[INFO] [stdout]           >>>               oneocr_rs-36c040094e4035cf.oneocr_rs.d53a451dc9a835b7-cgu.14.rcgu.o:(<oneocr_rs::ocr_result::OcrResult>::new) in archive /opt/rustwide/target/release/deps/liboneocr_rs-36c040094e4035cf.rlib
[INFO] [stdout]           
[INFO] [stdout]           rust-lld: error: undefined symbol: GetImageAngle
[INFO] [stdout]           >>> referenced by oneocr_rs.d53a451dc9a835b7-cgu.14
[INFO] [stdout]           >>>               oneocr_rs-36c040094e4035cf.oneocr_rs.d53a451dc9a835b7-cgu.14.rcgu.o:(<oneocr_rs::ocr_result::OcrResult>::new) in archive /opt/rustwide/target/release/deps/liboneocr_rs-36c040094e4035cf.rlib
[INFO] [stdout]           
[INFO] [stdout]           rust-lld: error: undefined symbol: ReleaseOcrResult
[INFO] [stdout]           >>> referenced by oneocr_rs.d53a451dc9a835b7-cgu.14
[INFO] [stdout]           >>>               oneocr_rs-36c040094e4035cf.oneocr_rs.d53a451dc9a835b7-cgu.14.rcgu.o:(<oneocr_rs::ocr_result::OcrResult as core::ops::drop::Drop>::drop) in archive /opt/rustwide/target/release/deps/liboneocr_rs-36c040094e4035cf.rlib
[INFO] [stdout]           
[INFO] [stdout]           rust-lld: error: undefined symbol: GetOcrWordContent
[INFO] [stdout]           >>> referenced by oneocr_rs.d53a451dc9a835b7-cgu.11
[INFO] [stdout]           >>>               oneocr_rs-36c040094e4035cf.oneocr_rs.d53a451dc9a835b7-cgu.11.rcgu.o:(<oneocr_rs::ocr_word::OcrWord>::new) in archive /opt/rustwide/target/release/deps/liboneocr_rs-36c040094e4035cf.rlib
[INFO] [stdout]           
[INFO] [stdout]           rust-lld: error: undefined symbol: GetOcrWordBoundingBox
[INFO] [stdout]           >>> referenced by oneocr_rs.d53a451dc9a835b7-cgu.11
[INFO] [stdout]           >>>               oneocr_rs-36c040094e4035cf.oneocr_rs.d53a451dc9a835b7-cgu.11.rcgu.o:(<oneocr_rs::ocr_word::OcrWord>::new) in archive /opt/rustwide/target/release/deps/liboneocr_rs-36c040094e4035cf.rlib
[INFO] [stdout]           
[INFO] [stdout]           rust-lld: error: too many errors emitted, stopping now (use --error-limit=0 to see all errors)
[INFO] [stdout]           collect2: error: ld returned 1 exit status
[INFO] [stdout]           
[INFO] [stdout] 
[INFO] [stdout] 
[INFO] [stderr] error: could not compile `oneocr-rs` (example "ocr_simple") due to 1 previous error
[INFO] [stderr] warning: build failed, waiting for other jobs to finish...
[INFO] [stdout] error: linking with `cc` failed: exit status: 1
[INFO] [stdout]   |
[INFO] [stdout]   = note:  "cc" "-m64" "/opt/rustwide/target/release/examples/rustcFrIW1q/symbols.o" "<2 object files omitted>" "-Wl,--as-needed" "-Wl,-Bstatic" "/opt/rustwide/target/release/deps/{liboneocr_rs-36c040094e4035cf,libthiserror-b2109435f1cca726,libimage-86190cb9f2e588b6,libimage_webp-cbcd5e22dab2fc74,libqoi-64aa47c9c48c326e,libmoxcms-a77d3f586b95f747,libpxfm-adeb400e76f6df0c,libtiff-e44cf42f60537d71,libfax-4c2e656e2e92c676,libpng-2a06642f43a1b5ab,libbitflags-2194eaddd09e1338,libflate2-a4faeaa87772b6c1,libfdeflate-042583344f432862,libcrc32fast-86d064ece648b0a6,libexr-90557b9e05cda69d,libminiz_oxide-c0fedee8d66f5825,libzune_inflate-0451b7f8aa31ddec,libsimd_adler32-79f5736e69df175b,libbit_field-32b251732d850666,liblebe-b9f57aacd3a6341c,libhalf-d2a8102098668b39,libsmallvec-841086f162eea166,libzune_jpeg-51467dac3473cb0c,libzune_core-0055199d425867d2,libgif-549d2d291613d8e7,libcolor_quant-9e2536de46fec9df,libweezl-6fbe8236fc702a13,libbyteorder_lite-a767fe81cb63f861,libravif-02c37a3fbcd7b11f,libloop9-692c126650404bde,libavif_serialize-c866461b29349512,libquick_error-f92d7f48e6295801,librgb-ecb7895286b3efda,librav1e-53685920f158b7b8,libprofiling-6eba8ed952605b46,libav1_grain-29063a76abe08e55,libnom-3ba01ccb90263836,libmemchr-1ebeea3296dd8af8,libnum_rational-c9a5c3ea7b30866d,libnum_bigint-16893cc4bb20cac6,libnum_integer-6eb54cba6fc24a0c,libanyhow-45e4e49eb1360075,libdebug_unreachable-3dece03de6f35855,libmaybe_rayon-c1f3152d11f778e0,librayon-b080482c0c112c69,librayon_core-200cbe5ba623cbda,libcrossbeam_deque-2a0d55b5d488e9da,libcrossbeam_epoch-5071d9e21cd7edca,libcrossbeam_utils-c35c21890820cf1a,libcfg_if-5732471c02c4c133,libv_frame-c9fae419207d577f,libaligned_vec-2f7fdcd3d1f51a87,libequator-7b35cf5d25532780,libarrayvec-50f94247b118ab4d,libthiserror-ab5b3baebdc35f8b,libbitstream_io-bc951859d0c4b7cf,libitertools-f8df74ea58b26b5c,libeither-9494ab0a0482591e,liblog-83692528adb440c9,libimgref-57a91085d84bcd18,libbytemuck-3350ad822b9787e0,libnum_traits-da3d32028c6286ad,libwindows_link-59c40c0c9887616f,libserde-738c1abe186595eb}.rlib" "<sysroot>/lib/rustlib/x86_64-unknown-linux-gnu/lib/{libstd-*,libpanic_unwind-*,libobject-*,libmemchr-*,libaddr2line-*,libgimli-*,libcfg_if-*,librustc_demangle-*,libstd_detect-*,libhashbrown-*,librustc_std_workspace_alloc-*,libminiz_oxide-*,libadler2-*,libunwind-*,liblibc-*,librustc_std_workspace_core-*,liballoc-*,libcore-*,libcompiler_builtins-*}.rlib" "-Wl,-Bdynamic" "-lgcc_s" "-lutil" "-lrt" "-lpthread" "-lm" "-ldl" "-lc" "-L" "/opt/rustwide/target/release/examples/rustcFrIW1q/raw-dylibs" "-B<sysroot>/lib/rustlib/x86_64-unknown-linux-gnu/bin/gcc-ld" "-fuse-ld=lld" "-Wl,--eh-frame-hdr" "-Wl,-z,noexecstack" "-L" "<sysroot>/lib/rustlib/x86_64-unknown-linux-gnu/lib" "-o" "/opt/rustwide/target/release/examples/ocr_advance-91c660467dfc6541" "-Wl,--gc-sections" "-pie" "-Wl,-z,relro,-z,now" "-Wl,-O1" "-Wl,--strip-debug" "-nodefaultlibs"
[INFO] [stdout]   = note: some arguments are omitted. use `--verbose` to show all linker arguments
[INFO] [stdout]   = note: rust-lld: error: undefined symbol: CreateOcrInitOptions
[INFO] [stdout]           >>> referenced by oneocr_rs.d53a451dc9a835b7-cgu.05
[INFO] [stdout]           >>>               oneocr_rs-36c040094e4035cf.oneocr_rs.d53a451dc9a835b7-cgu.05.rcgu.o:(<oneocr_rs::ocr_engine::OcrEngine>::new_with_options) in archive /opt/rustwide/target/release/deps/liboneocr_rs-36c040094e4035cf.rlib
[INFO] [stdout]           
[INFO] [stdout]           rust-lld: error: undefined symbol: OcrInitOptionsSetUseModelDelayLoad
[INFO] [stdout]           >>> referenced by oneocr_rs.d53a451dc9a835b7-cgu.05
[INFO] [stdout]           >>>               oneocr_rs-36c040094e4035cf.oneocr_rs.d53a451dc9a835b7-cgu.05.rcgu.o:(<oneocr_rs::ocr_engine::OcrEngine>::new_with_options) in archive /opt/rustwide/target/release/deps/liboneocr_rs-36c040094e4035cf.rlib
[INFO] [stdout]           
[INFO] [stdout]           rust-lld: error: undefined symbol: CreateOcrPipeline
[INFO] [stdout]           >>> referenced by oneocr_rs.d53a451dc9a835b7-cgu.05
[INFO] [stdout]           >>>               oneocr_rs-36c040094e4035cf.oneocr_rs.d53a451dc9a835b7-cgu.05.rcgu.o:(<oneocr_rs::ocr_engine::OcrEngine>::new_with_options) in archive /opt/rustwide/target/release/deps/liboneocr_rs-36c040094e4035cf.rlib
[INFO] [stdout]           
[INFO] [stdout]           rust-lld: error: undefined symbol: CreateOcrProcessOptions
[INFO] [stdout]           >>> referenced by oneocr_rs.d53a451dc9a835b7-cgu.05
[INFO] [stdout]           >>>               oneocr_rs-36c040094e4035cf.oneocr_rs.d53a451dc9a835b7-cgu.05.rcgu.o:(<oneocr_rs::ocr_engine::OcrEngine>::new_with_options) in archive /opt/rustwide/target/release/deps/liboneocr_rs-36c040094e4035cf.rlib
[INFO] [stdout]           
[INFO] [stdout]           rust-lld: error: undefined symbol: OcrProcessOptionsSetMaxRecognitionLineCount
[INFO] [stdout]           >>> referenced by oneocr_rs.d53a451dc9a835b7-cgu.05
[INFO] [stdout]           >>>               oneocr_rs-36c040094e4035cf.oneocr_rs.d53a451dc9a835b7-cgu.05.rcgu.o:(<oneocr_rs::ocr_engine::OcrEngine>::new_with_options) in archive /opt/rustwide/target/release/deps/liboneocr_rs-36c040094e4035cf.rlib
[INFO] [stdout]           >>> referenced by oneocr_rs.d53a451dc9a835b7-cgu.05
[INFO] [stdout]           >>>               oneocr_rs-36c040094e4035cf.oneocr_rs.d53a451dc9a835b7-cgu.05.rcgu.o:(<oneocr_rs::ocr_engine::OcrEngine>::set_max_recognition_line_count) in archive /opt/rustwide/target/release/deps/liboneocr_rs-36c040094e4035cf.rlib
[INFO] [stdout]           
[INFO] [stdout]           rust-lld: error: undefined symbol: OcrProcessOptionsSetResizeResolution
[INFO] [stdout]           >>> referenced by oneocr_rs.d53a451dc9a835b7-cgu.05
[INFO] [stdout]           >>>               oneocr_rs-36c040094e4035cf.oneocr_rs.d53a451dc9a835b7-cgu.05.rcgu.o:(<oneocr_rs::ocr_engine::OcrEngine>::new_with_options) in archive /opt/rustwide/target/release/deps/liboneocr_rs-36c040094e4035cf.rlib
[INFO] [stdout]           
[INFO] [stdout]           rust-lld: error: undefined symbol: RunOcrPipeline
[INFO] [stdout]           >>> referenced by oneocr_rs.d53a451dc9a835b7-cgu.05
[INFO] [stdout]           >>>               oneocr_rs-36c040094e4035cf.oneocr_rs.d53a451dc9a835b7-cgu.05.rcgu.o:(<oneocr_rs::ocr_engine::OcrEngine>::run) in archive /opt/rustwide/target/release/deps/liboneocr_rs-36c040094e4035cf.rlib
[INFO] [stdout]           
[INFO] [stdout]           rust-lld: error: undefined symbol: GetOcrLineStyle
[INFO] [stdout]           >>> referenced by oneocr_rs.d53a451dc9a835b7-cgu.05
[INFO] [stdout]           >>>               oneocr_rs-36c040094e4035cf.oneocr_rs.d53a451dc9a835b7-cgu.05.rcgu.o:(<oneocr_rs::ocr_line::OcrLine>::get_line_style) in archive /opt/rustwide/target/release/deps/liboneocr_rs-36c040094e4035cf.rlib
[INFO] [stdout]           
[INFO] [stdout]           rust-lld: error: undefined symbol: GetOcrLineContent
[INFO] [stdout]           >>> referenced by oneocr_rs.d53a451dc9a835b7-cgu.05
[INFO] [stdout]           >>>               oneocr_rs-36c040094e4035cf.oneocr_rs.d53a451dc9a835b7-cgu.05.rcgu.o:(<oneocr_rs::ocr_line::OcrLine>::new) in archive /opt/rustwide/target/release/deps/liboneocr_rs-36c040094e4035cf.rlib
[INFO] [stdout]           
[INFO] [stdout]           rust-lld: error: undefined symbol: GetOcrLineBoundingBox
[INFO] [stdout]           >>> referenced by oneocr_rs.d53a451dc9a835b7-cgu.05
[INFO] [stdout]           >>>               oneocr_rs-36c040094e4035cf.oneocr_rs.d53a451dc9a835b7-cgu.05.rcgu.o:(<oneocr_rs::ocr_line::OcrLine>::new) in archive /opt/rustwide/target/release/deps/liboneocr_rs-36c040094e4035cf.rlib
[INFO] [stdout]           
[INFO] [stdout]           rust-lld: error: undefined symbol: GetOcrLineWordCount
[INFO] [stdout]           >>> referenced by oneocr_rs.d53a451dc9a835b7-cgu.05
[INFO] [stdout]           >>>               oneocr_rs-36c040094e4035cf.oneocr_rs.d53a451dc9a835b7-cgu.05.rcgu.o:(<oneocr_rs::ocr_line::OcrLine>::new) in archive /opt/rustwide/target/release/deps/liboneocr_rs-36c040094e4035cf.rlib
[INFO] [stdout]           
[INFO] [stdout]           rust-lld: error: undefined symbol: GetOcrWord
[INFO] [stdout]           >>> referenced by oneocr_rs.d53a451dc9a835b7-cgu.05
[INFO] [stdout]           >>>               oneocr_rs-36c040094e4035cf.oneocr_rs.d53a451dc9a835b7-cgu.05.rcgu.o:(<oneocr_rs::ocr_line::OcrLine>::new) in archive /opt/rustwide/target/release/deps/liboneocr_rs-36c040094e4035cf.rlib
[INFO] [stdout]           
[INFO] [stdout]           rust-lld: error: undefined symbol: ReleaseOcrPipeline
[INFO] [stdout]           >>> referenced by oneocr_rs.d53a451dc9a835b7-cgu.05
[INFO] [stdout]           >>>               oneocr_rs-36c040094e4035cf.oneocr_rs.d53a451dc9a835b7-cgu.05.rcgu.o:(<oneocr_rs::ocr_engine::OcrEngine as core::ops::drop::Drop>::drop) in archive /opt/rustwide/target/release/deps/liboneocr_rs-36c040094e4035cf.rlib
[INFO] [stdout]           
[INFO] [stdout]           rust-lld: error: undefined symbol: ReleaseOcrInitOptions
[INFO] [stdout]           >>> referenced by oneocr_rs.d53a451dc9a835b7-cgu.05
[INFO] [stdout]           >>>               oneocr_rs-36c040094e4035cf.oneocr_rs.d53a451dc9a835b7-cgu.05.rcgu.o:(<oneocr_rs::ocr_engine::OcrEngine as core::ops::drop::Drop>::drop) in archive /opt/rustwide/target/release/deps/liboneocr_rs-36c040094e4035cf.rlib
[INFO] [stdout]           
[INFO] [stdout]           rust-lld: error: undefined symbol: ReleaseOcrProcessOptions
[INFO] [stdout]           >>> referenced by oneocr_rs.d53a451dc9a835b7-cgu.05
[INFO] [stdout]           >>>               oneocr_rs-36c040094e4035cf.oneocr_rs.d53a451dc9a835b7-cgu.05.rcgu.o:(<oneocr_rs::ocr_engine::OcrEngine as core::ops::drop::Drop>::drop) in archive /opt/rustwide/target/release/deps/liboneocr_rs-36c040094e4035cf.rlib
[INFO] [stdout]           
[INFO] [stdout]           rust-lld: error: undefined symbol: GetOcrWordContent
[INFO] [stdout]           >>> referenced by oneocr_rs.d53a451dc9a835b7-cgu.11
[INFO] [stdout]           >>>               oneocr_rs-36c040094e4035cf.oneocr_rs.d53a451dc9a835b7-cgu.11.rcgu.o:(<oneocr_rs::ocr_word::OcrWord>::new) in archive /opt/rustwide/target/release/deps/liboneocr_rs-36c040094e4035cf.rlib
[INFO] [stdout]           
[INFO] [stdout]           rust-lld: error: undefined symbol: GetOcrWordBoundingBox
[INFO] [stdout]           >>> referenced by oneocr_rs.d53a451dc9a835b7-cgu.11
[INFO] [stdout]           >>>               oneocr_rs-36c040094e4035cf.oneocr_rs.d53a451dc9a835b7-cgu.11.rcgu.o:(<oneocr_rs::ocr_word::OcrWord>::new) in archive /opt/rustwide/target/release/deps/liboneocr_rs-36c040094e4035cf.rlib
[INFO] [stdout]           
[INFO] [stdout]           rust-lld: error: undefined symbol: GetOcrWordConfidence
[INFO] [stdout]           >>> referenced by oneocr_rs.d53a451dc9a835b7-cgu.11
[INFO] [stdout]           >>>               oneocr_rs-36c040094e4035cf.oneocr_rs.d53a451dc9a835b7-cgu.11.rcgu.o:(<oneocr_rs::ocr_word::OcrWord>::new) in archive /opt/rustwide/target/release/deps/liboneocr_rs-36c040094e4035cf.rlib
[INFO] [stdout]           
[INFO] [stdout]           rust-lld: error: undefined symbol: GetOcrLineCount
[INFO] [stdout]           >>> referenced by oneocr_rs.d53a451dc9a835b7-cgu.14
[INFO] [stdout]           >>>               oneocr_rs-36c040094e4035cf.oneocr_rs.d53a451dc9a835b7-cgu.14.rcgu.o:(<oneocr_rs::ocr_result::OcrResult>::new) in archive /opt/rustwide/target/release/deps/liboneocr_rs-36c040094e4035cf.rlib
[INFO] [stdout]           
[INFO] [stdout]           rust-lld: error: undefined symbol: GetOcrLine
[INFO] [stdout]           >>> referenced by oneocr_rs.d53a451dc9a835b7-cgu.14
[INFO] [stdout]           >>>               oneocr_rs-36c040094e4035cf.oneocr_rs.d53a451dc9a835b7-cgu.14.rcgu.o:(<oneocr_rs::ocr_result::OcrResult>::new) in archive /opt/rustwide/target/release/deps/liboneocr_rs-36c040094e4035cf.rlib
[INFO] [stdout]           
[INFO] [stdout]           rust-lld: error: too many errors emitted, stopping now (use --error-limit=0 to see all errors)
[INFO] [stdout]           collect2: error: ld returned 1 exit status
[INFO] [stdout]           
[INFO] [stdout] 
[INFO] [stdout] 
[INFO] [stderr] error: could not compile `oneocr-rs` (example "ocr_advance") due to 1 previous error
[INFO] [stdout] error: linking with `cc` failed: exit status: 1
[INFO] [stdout]   |
[INFO] [stdout]   = note:  "cc" "-m64" "/opt/rustwide/target/release/examples/rustcyuK9cJ/symbols.o" "<17 object files omitted>" "-Wl,--as-needed" "-Wl,-Bstatic" "/opt/rustwide/target/release/deps/{liboneocr_rs-36c040094e4035cf,libthiserror-b2109435f1cca726,libwindows_link-59c40c0c9887616f,libserde-738c1abe186595eb,libimageproc-aa56eef6920235ec,libnalgebra-0526fa3b91663429,libmatrixmultiply-9eef249faf523e93,librawpointer-e637704b8109ab79,libtypenum-ea0e09983336543b,libsimba-1d6a5e9153c83503,libwide-b05e90f216a7ce61,libsafe_arch-3f105f0ae0bdf975,libapprox-1186cc5d312d4436,libab_glyph-db0021317ef8a830,libowned_ttf_parser-1efa7058ae452ac6,libttf_parser-a6c0b475746747ad,libab_glyph_rasterizer-2b74033bdbe53065,libnum-108146e198c55587,libnum_iter-82aa59b461c1ba0a,libnum_complex-c971a2fe316ec817,librand_distr-52a85e5e9f4dc2fd,librand-7eda5f1a04661b56,librand_chacha-b1ebcf7e0ffd69df,libppv_lite86-40693cf09046511a,libzerocopy-b37ee93b65ac3a2d,librand_core-50effde99d7a0973,libgetrandom-f5cad08543e44c80,liblibc-c01a236730e2bc9f,libimage-86190cb9f2e588b6,libimage_webp-cbcd5e22dab2fc74,libqoi-64aa47c9c48c326e,libmoxcms-a77d3f586b95f747,libpxfm-adeb400e76f6df0c,libtiff-e44cf42f60537d71,libfax-4c2e656e2e92c676,libpng-2a06642f43a1b5ab,libbitflags-2194eaddd09e1338,libflate2-a4faeaa87772b6c1,libfdeflate-042583344f432862,libcrc32fast-86d064ece648b0a6,libexr-90557b9e05cda69d,libminiz_oxide-c0fedee8d66f5825,libzune_inflate-0451b7f8aa31ddec,libsimd_adler32-79f5736e69df175b,libbit_field-32b251732d850666,liblebe-b9f57aacd3a6341c,libhalf-d2a8102098668b39,libsmallvec-841086f162eea166,libzune_jpeg-51467dac3473cb0c,libzune_core-0055199d425867d2,libgif-549d2d291613d8e7,libcolor_quant-9e2536de46fec9df,libweezl-6fbe8236fc702a13,libbyteorder_lite-a767fe81cb63f861,libravif-02c37a3fbcd7b11f,libloop9-692c126650404bde,libavif_serialize-c866461b29349512,libquick_error-f92d7f48e6295801,librgb-ecb7895286b3efda,librav1e-53685920f158b7b8,libprofiling-6eba8ed952605b46,libav1_grain-29063a76abe08e55,libnom-3ba01ccb90263836,libmemchr-1ebeea3296dd8af8,libnum_rational-c9a5c3ea7b30866d,libnum_bigint-16893cc4bb20cac6,libnum_integer-6eb54cba6fc24a0c,libanyhow-45e4e49eb1360075,libdebug_unreachable-3dece03de6f35855,libmaybe_rayon-c1f3152d11f778e0,librayon-b080482c0c112c69,librayon_core-200cbe5ba623cbda,libcrossbeam_deque-2a0d55b5d488e9da,libcrossbeam_epoch-5071d9e21cd7edca,libcrossbeam_utils-c35c21890820cf1a,libcfg_if-5732471c02c4c133,libv_frame-c9fae419207d577f,libaligned_vec-2f7fdcd3d1f51a87,libequator-7b35cf5d25532780,libarrayvec-50f94247b118ab4d,libthiserror-ab5b3baebdc35f8b,libbitstream_io-bc951859d0c4b7cf,libitertools-f8df74ea58b26b5c,libeither-9494ab0a0482591e,liblog-83692528adb440c9,libimgref-57a91085d84bcd18,libbytemuck-3350ad822b9787e0,libnum_traits-da3d32028c6286ad}.rlib" "<sysroot>/lib/rustlib/x86_64-unknown-linux-gnu/lib/{libstd-*,libpanic_unwind-*,libobject-*,libmemchr-*,libaddr2line-*,libgimli-*,libcfg_if-*,librustc_demangle-*,libstd_detect-*,libhashbrown-*,librustc_std_workspace_alloc-*,libminiz_oxide-*,libadler2-*,libunwind-*,liblibc-*,librustc_std_workspace_core-*,liballoc-*,libcore-*,libcompiler_builtins-*}.rlib" "-Wl,-Bdynamic" "-lgcc_s" "-lutil" "-lrt" "-lpthread" "-lm" "-ldl" "-lc" "-L" "/opt/rustwide/target/release/examples/rustcyuK9cJ/raw-dylibs" "-B<sysroot>/lib/rustlib/x86_64-unknown-linux-gnu/bin/gcc-ld" "-fuse-ld=lld" "-Wl,--eh-frame-hdr" "-Wl,-z,noexecstack" "-L" "<sysroot>/lib/rustlib/x86_64-unknown-linux-gnu/lib" "-o" "/opt/rustwide/target/release/examples/bbox_draw-4e659764417e17eb" "-Wl,--gc-sections" "-pie" "-Wl,-z,relro,-z,now" "-Wl,-O1" "-Wl,--strip-debug" "-nodefaultlibs"
[INFO] [stdout]   = note: some arguments are omitted. use `--verbose` to show all linker arguments
[INFO] [stdout]   = note: rust-lld: error: undefined symbol: CreateOcrInitOptions
[INFO] [stdout]           >>> referenced by oneocr_rs.d53a451dc9a835b7-cgu.05
[INFO] [stdout]           >>>               oneocr_rs-36c040094e4035cf.oneocr_rs.d53a451dc9a835b7-cgu.05.rcgu.o:(<oneocr_rs::ocr_engine::OcrEngine>::new_with_options) in archive /opt/rustwide/target/release/deps/liboneocr_rs-36c040094e4035cf.rlib
[INFO] [stdout]           
[INFO] [stdout]           rust-lld: error: undefined symbol: OcrInitOptionsSetUseModelDelayLoad
[INFO] [stdout]           >>> referenced by oneocr_rs.d53a451dc9a835b7-cgu.05
[INFO] [stdout]           >>>               oneocr_rs-36c040094e4035cf.oneocr_rs.d53a451dc9a835b7-cgu.05.rcgu.o:(<oneocr_rs::ocr_engine::OcrEngine>::new_with_options) in archive /opt/rustwide/target/release/deps/liboneocr_rs-36c040094e4035cf.rlib
[INFO] [stdout]           
[INFO] [stdout]           rust-lld: error: undefined symbol: CreateOcrPipeline
[INFO] [stdout]           >>> referenced by oneocr_rs.d53a451dc9a835b7-cgu.05
[INFO] [stdout]           >>>               oneocr_rs-36c040094e4035cf.oneocr_rs.d53a451dc9a835b7-cgu.05.rcgu.o:(<oneocr_rs::ocr_engine::OcrEngine>::new_with_options) in archive /opt/rustwide/target/release/deps/liboneocr_rs-36c040094e4035cf.rlib
[INFO] [stdout]           
[INFO] [stdout]           rust-lld: error: undefined symbol: CreateOcrProcessOptions
[INFO] [stdout]           >>> referenced by oneocr_rs.d53a451dc9a835b7-cgu.05
[INFO] [stdout]           >>>               oneocr_rs-36c040094e4035cf.oneocr_rs.d53a451dc9a835b7-cgu.05.rcgu.o:(<oneocr_rs::ocr_engine::OcrEngine>::new_with_options) in archive /opt/rustwide/target/release/deps/liboneocr_rs-36c040094e4035cf.rlib
[INFO] [stdout]           
[INFO] [stdout]           rust-lld: error: undefined symbol: OcrProcessOptionsSetMaxRecognitionLineCount
[INFO] [stdout]           >>> referenced by oneocr_rs.d53a451dc9a835b7-cgu.05
[INFO] [stdout]           >>>               oneocr_rs-36c040094e4035cf.oneocr_rs.d53a451dc9a835b7-cgu.05.rcgu.o:(<oneocr_rs::ocr_engine::OcrEngine>::new_with_options) in archive /opt/rustwide/target/release/deps/liboneocr_rs-36c040094e4035cf.rlib
[INFO] [stdout]           >>> referenced by oneocr_rs.d53a451dc9a835b7-cgu.05
[INFO] [stdout]           >>>               oneocr_rs-36c040094e4035cf.oneocr_rs.d53a451dc9a835b7-cgu.05.rcgu.o:(<oneocr_rs::ocr_engine::OcrEngine>::set_max_recognition_line_count) in archive /opt/rustwide/target/release/deps/liboneocr_rs-36c040094e4035cf.rlib
[INFO] [stdout]           
[INFO] [stdout]           rust-lld: error: undefined symbol: OcrProcessOptionsSetResizeResolution
[INFO] [stdout]           >>> referenced by oneocr_rs.d53a451dc9a835b7-cgu.05
[INFO] [stdout]           >>>               oneocr_rs-36c040094e4035cf.oneocr_rs.d53a451dc9a835b7-cgu.05.rcgu.o:(<oneocr_rs::ocr_engine::OcrEngine>::new_with_options) in archive /opt/rustwide/target/release/deps/liboneocr_rs-36c040094e4035cf.rlib
[INFO] [stdout]           
[INFO] [stdout]           rust-lld: error: undefined symbol: RunOcrPipeline
[INFO] [stdout]           >>> referenced by oneocr_rs.d53a451dc9a835b7-cgu.05
[INFO] [stdout]           >>>               oneocr_rs-36c040094e4035cf.oneocr_rs.d53a451dc9a835b7-cgu.05.rcgu.o:(<oneocr_rs::ocr_engine::OcrEngine>::run) in archive /opt/rustwide/target/release/deps/liboneocr_rs-36c040094e4035cf.rlib
[INFO] [stdout]           
[INFO] [stdout]           rust-lld: error: undefined symbol: GetOcrLineContent
[INFO] [stdout]           >>> referenced by oneocr_rs.d53a451dc9a835b7-cgu.05
[INFO] [stdout]           >>>               oneocr_rs-36c040094e4035cf.oneocr_rs.d53a451dc9a835b7-cgu.05.rcgu.o:(<oneocr_rs::ocr_line::OcrLine>::new) in archive /opt/rustwide/target/release/deps/liboneocr_rs-36c040094e4035cf.rlib
[INFO] [stdout]           
[INFO] [stdout]           rust-lld: error: undefined symbol: GetOcrLineBoundingBox
[INFO] [stdout]           >>> referenced by oneocr_rs.d53a451dc9a835b7-cgu.05
[INFO] [stdout]           >>>               oneocr_rs-36c040094e4035cf.oneocr_rs.d53a451dc9a835b7-cgu.05.rcgu.o:(<oneocr_rs::ocr_line::OcrLine>::new) in archive /opt/rustwide/target/release/deps/liboneocr_rs-36c040094e4035cf.rlib
[INFO] [stdout]           
[INFO] [stdout]           rust-lld: error: undefined symbol: GetOcrLineWordCount
[INFO] [stdout]           >>> referenced by oneocr_rs.d53a451dc9a835b7-cgu.05
[INFO] [stdout]           >>>               oneocr_rs-36c040094e4035cf.oneocr_rs.d53a451dc9a835b7-cgu.05.rcgu.o:(<oneocr_rs::ocr_line::OcrLine>::new) in archive /opt/rustwide/target/release/deps/liboneocr_rs-36c040094e4035cf.rlib
[INFO] [stdout]           
[INFO] [stdout]           rust-lld: error: undefined symbol: GetOcrWord
[INFO] [stdout]           >>> referenced by oneocr_rs.d53a451dc9a835b7-cgu.05
[INFO] [stdout]           >>>               oneocr_rs-36c040094e4035cf.oneocr_rs.d53a451dc9a835b7-cgu.05.rcgu.o:(<oneocr_rs::ocr_line::OcrLine>::new) in archive /opt/rustwide/target/release/deps/liboneocr_rs-36c040094e4035cf.rlib
[INFO] [stdout]           
[INFO] [stdout]           rust-lld: error: undefined symbol: ReleaseOcrPipeline
[INFO] [stdout]           >>> referenced by oneocr_rs.d53a451dc9a835b7-cgu.05
[INFO] [stdout]           >>>               oneocr_rs-36c040094e4035cf.oneocr_rs.d53a451dc9a835b7-cgu.05.rcgu.o:(<oneocr_rs::ocr_engine::OcrEngine as core::ops::drop::Drop>::drop) in archive /opt/rustwide/target/release/deps/liboneocr_rs-36c040094e4035cf.rlib
[INFO] [stdout]           
[INFO] [stdout]           rust-lld: error: undefined symbol: ReleaseOcrInitOptions
[INFO] [stdout]           >>> referenced by oneocr_rs.d53a451dc9a835b7-cgu.05
[INFO] [stdout]           >>>               oneocr_rs-36c040094e4035cf.oneocr_rs.d53a451dc9a835b7-cgu.05.rcgu.o:(<oneocr_rs::ocr_engine::OcrEngine as core::ops::drop::Drop>::drop) in archive /opt/rustwide/target/release/deps/liboneocr_rs-36c040094e4035cf.rlib
[INFO] [stdout]           
[INFO] [stdout]           rust-lld: error: undefined symbol: ReleaseOcrProcessOptions
[INFO] [stdout]           >>> referenced by oneocr_rs.d53a451dc9a835b7-cgu.05
[INFO] [stdout]           >>>               oneocr_rs-36c040094e4035cf.oneocr_rs.d53a451dc9a835b7-cgu.05.rcgu.o:(<oneocr_rs::ocr_engine::OcrEngine as core::ops::drop::Drop>::drop) in archive /opt/rustwide/target/release/deps/liboneocr_rs-36c040094e4035cf.rlib
[INFO] [stdout]           
[INFO] [stdout]           rust-lld: error: undefined symbol: GetOcrWordContent
[INFO] [stdout]           >>> referenced by oneocr_rs.d53a451dc9a835b7-cgu.11
[INFO] [stdout]           >>>               oneocr_rs-36c040094e4035cf.oneocr_rs.d53a451dc9a835b7-cgu.11.rcgu.o:(<oneocr_rs::ocr_word::OcrWord>::new) in archive /opt/rustwide/target/release/deps/liboneocr_rs-36c040094e4035cf.rlib
[INFO] [stdout]           
[INFO] [stdout]           rust-lld: error: undefined symbol: GetOcrWordBoundingBox
[INFO] [stdout]           >>> referenced by oneocr_rs.d53a451dc9a835b7-cgu.11
[INFO] [stdout]           >>>               oneocr_rs-36c040094e4035cf.oneocr_rs.d53a451dc9a835b7-cgu.11.rcgu.o:(<oneocr_rs::ocr_word::OcrWord>::new) in archive /opt/rustwide/target/release/deps/liboneocr_rs-36c040094e4035cf.rlib
[INFO] [stdout]           
[INFO] [stdout]           rust-lld: error: undefined symbol: GetOcrWordConfidence
[INFO] [stdout]           >>> referenced by oneocr_rs.d53a451dc9a835b7-cgu.11
[INFO] [stdout]           >>>               oneocr_rs-36c040094e4035cf.oneocr_rs.d53a451dc9a835b7-cgu.11.rcgu.o:(<oneocr_rs::ocr_word::OcrWord>::new) in archive /opt/rustwide/target/release/deps/liboneocr_rs-36c040094e4035cf.rlib
[INFO] [stdout]           
[INFO] [stdout]           rust-lld: error: undefined symbol: GetOcrLineCount
[INFO] [stdout]           >>> referenced by oneocr_rs.d53a451dc9a835b7-cgu.14
[INFO] [stdout]           >>>               oneocr_rs-36c040094e4035cf.oneocr_rs.d53a451dc9a835b7-cgu.14.rcgu.o:(<oneocr_rs::ocr_result::OcrResult>::new) in archive /opt/rustwide/target/release/deps/liboneocr_rs-36c040094e4035cf.rlib
[INFO] [stdout]           
[INFO] [stdout]           rust-lld: error: undefined symbol: GetOcrLine
[INFO] [stdout]           >>> referenced by oneocr_rs.d53a451dc9a835b7-cgu.14
[INFO] [stdout]           >>>               oneocr_rs-36c040094e4035cf.oneocr_rs.d53a451dc9a835b7-cgu.14.rcgu.o:(<oneocr_rs::ocr_result::OcrResult>::new) in archive /opt/rustwide/target/release/deps/liboneocr_rs-36c040094e4035cf.rlib
[INFO] [stdout]           
[INFO] [stdout]           rust-lld: error: undefined symbol: GetImageAngle
[INFO] [stdout]           >>> referenced by oneocr_rs.d53a451dc9a835b7-cgu.14
[INFO] [stdout]           >>>               oneocr_rs-36c040094e4035cf.oneocr_rs.d53a451dc9a835b7-cgu.14.rcgu.o:(<oneocr_rs::ocr_result::OcrResult>::new) in archive /opt/rustwide/target/release/deps/liboneocr_rs-36c040094e4035cf.rlib
[INFO] [stdout]           
[INFO] [stdout]           rust-lld: error: too many errors emitted, stopping now (use --error-limit=0 to see all errors)
[INFO] [stdout]           collect2: error: ld returned 1 exit status
[INFO] [stdout]           
[INFO] [stdout] 
[INFO] [stdout] 
[INFO] [stderr] error: could not compile `oneocr-rs` (example "bbox_draw") due to 1 previous error
[INFO] running `Command { std: "docker" "inspect" "4d2a254257e36591e17698984e6f7937e930800024d617998265180727101d7b", kill_on_drop: false }`
[INFO] running `Command { std: "docker" "rm" "-f" "4d2a254257e36591e17698984e6f7937e930800024d617998265180727101d7b", kill_on_drop: false }`
[INFO] [stdout] 4d2a254257e36591e17698984e6f7937e930800024d617998265180727101d7b
