[INFO] fetching crate on-selected-text 0.1.6...
[INFO] testing on-selected-text-0.1.6 against 1.99.0-beta.8+cargoflags=--release for beta-release-1.100-2
[INFO] extracting crate on-selected-text 0.1.6 into /workspace/builds/worker-3-tc1/source
[INFO] started tweaking crates.io crate on-selected-text 0.1.6
[INFO] removed 0 missing examples
[INFO] finished tweaking crates.io crate on-selected-text 0.1.6
[INFO] tweaked toml for crates.io crate on-selected-text 0.1.6 written to /workspace/builds/worker-3-tc1/source/Cargo.toml
[INFO] validating manifest of crates.io crate on-selected-text 0.1.6 on toolchain 1.99.0-beta.8
[INFO] running `Command { std: CARGO_HOME="/workspace/cargo-home" RUSTUP_HOME="/workspace/rustup-home" "/workspace/cargo-home/bin/cargo" "+1.99.0-beta.8" "metadata" "--manifest-path" "Cargo.toml" "--no-deps", kill_on_drop: false }`
[INFO] crate crates.io crate on-selected-text 0.1.6 already has a lockfile, it will not be regenerated
[INFO] running `Command { std: CARGO_HOME="/workspace/cargo-home" RUSTUP_HOME="/workspace/rustup-home" "/workspace/cargo-home/bin/cargo" "+1.99.0-beta.8" "fetch" "--manifest-path" "Cargo.toml", kill_on_drop: false }`
[INFO] [stderr]     Updating crates.io index
[INFO] [stderr]  Downloading crates ...
[INFO] [stderr]   Downloaded wayland-scanner v0.31.10
[INFO] [stderr]   Downloaded x11-clipboard v0.9.3
[INFO] [stderr]   Downloaded wayland-protocols v0.32.12
[INFO] [stderr]   Downloaded macos-accessibility-client v0.0.1
[INFO] [stderr]   Downloaded block2 v0.4.0
[INFO] [stderr]   Downloaded cocoa-foundation v0.1.2
[INFO] [stderr]   Downloaded windows-interface v0.56.0
[INFO] [stderr]   Downloaded block-sys v0.2.1
[INFO] [stderr]   Downloaded zbus-lockstep-macros v0.5.2
[INFO] [stderr]   Downloaded zbus_names v4.3.2
[INFO] [stderr]   Downloaded active-win-pos-rs v0.8.4
[INFO] [stderr]   Downloaded appkit-nsworkspace-bindings v0.1.2
[INFO] [stderr]   Downloaded zvariant_utils v3.3.1
[INFO] [stderr]   Downloaded windows-implement v0.56.0
[INFO] [stderr]   Downloaded zbus_xml v5.1.1
[INFO] [stderr]   Downloaded accessibility-sys-ng v0.1.3
[INFO] [stderr]   Downloaded accessibility-ng v0.1.6
[INFO] [stderr]   Downloaded zbus-lockstep v0.5.2
[INFO] [stderr]   Downloaded atspi v0.30.0
[INFO] [stderr]   Downloaded atspi-connection v0.14.0
[INFO] [stderr]   Downloaded atspi-proxies v0.14.0
[INFO] [stderr]   Downloaded zvariant_derive v5.11.0
[INFO] [stderr]   Downloaded memmap2 v0.8.0
[INFO] [stderr]   Downloaded zbus_macros v5.15.0
[INFO] [stderr]   Downloaded xkbcommon v0.7.0
[INFO] [stderr]   Downloaded windows-core v0.56.0
[INFO] [stderr]   Downloaded wayland-client v0.31.14
[INFO] [stderr]   Downloaded enigo v0.2.1
[INFO] [stderr]   Downloaded toml_edit v0.25.11+spec-1.1.0
[INFO] [stderr]   Downloaded zvariant v5.11.0
[INFO] [stderr]   Downloaded wayland-backend v0.3.15
[INFO] [stderr]   Downloaded atspi-common v0.14.0
[INFO] [stderr]   Downloaded quick-xml v0.39.3
[INFO] [stderr]   Downloaded zbus v5.15.0
[INFO] [stderr]   Downloaded quick-xml v0.30.0
[INFO] [stderr]   Downloaded bindgen v0.68.1
[INFO] [stderr]   Downloaded xcb v1.7.0
[INFO] [stderr]   Downloaded icrate v0.1.2
[INFO] [stderr]   Downloaded windows v0.56.0
[INFO] running `Command { std: "docker" "create" "-v" "/var/lib/crater-agent-workspace/builds/worker-3-tc1/source:/opt/rustwide/workdir:ro,Z" "-v" "/var/lib/crater-agent-workspace/builds/worker-3-tc1/target:/opt/rustwide/target:rw,Z" "-v" "/var/lib/crater-agent-workspace/cargo-home:/opt/rustwide/cargo-home:ro,Z" "-v" "/var/lib/crater-agent-workspace/rustup-home:/opt/rustwide/rustup-home:ro,Z" "-m" "1610612736" "--network" "none" "ghcr.io/rust-lang/crates-build-env/linux@sha256:77db811e55d90add9212f6832c23229e3de5f1c1f9905e8cb07319ea15df73ac" "sleep" "infinity", kill_on_drop: false }`
[INFO] [stdout] bc13e6769bd9660b7b560b125dcda681d384243161cf445c0ec00958f73dbf4f
[INFO] running `Command { std: "docker" "start" "bc13e6769bd9660b7b560b125dcda681d384243161cf445c0ec00958f73dbf4f", kill_on_drop: false }`
[INFO] running `Command { std: "docker" "inspect" "bc13e6769bd9660b7b560b125dcda681d384243161cf445c0ec00958f73dbf4f", kill_on_drop: false }`
[INFO] running `Command { std: "docker" "exec" "-e" "SOURCE_DIR=/opt/rustwide/workdir" "-e" "CARGO_HOME=/opt/rustwide/cargo-home" "-e" "RUSTUP_HOME=/opt/rustwide/rustup-home" "-e" "CARGO_TARGET_DIR=/opt/rustwide/target" "-w" "/opt/rustwide/workdir" "--user" "0:0" "bc13e6769bd9660b7b560b125dcda681d384243161cf445c0ec00958f73dbf4f" "/opt/rustwide/cargo-home/bin/cargo" "+1.99.0-beta.8" "metadata" "--no-deps" "--format-version=1", kill_on_drop: false }`
[INFO] running `Command { std: "docker" "inspect" "bc13e6769bd9660b7b560b125dcda681d384243161cf445c0ec00958f73dbf4f", kill_on_drop: false }`
[INFO] running `Command { std: "docker" "exec" "-e" "SOURCE_DIR=/opt/rustwide/workdir" "-e" "CARGO_HOME=/opt/rustwide/cargo-home" "-e" "RUSTUP_HOME=/opt/rustwide/rustup-home" "-e" "CARGO_TARGET_DIR=/opt/rustwide/target" "-e" "CARGO_INCREMENTAL=0" "-e" "RUST_BACKTRACE=full" "-e" "RUSTFLAGS=--cap-lints=warn" "-e" "RUSTDOCFLAGS=--cap-lints=warn" "-w" "/opt/rustwide/workdir" "--user" "0:0" "bc13e6769bd9660b7b560b125dcda681d384243161cf445c0ec00958f73dbf4f" "/opt/rustwide/cargo-home/bin/cargo" "+1.99.0-beta.8" "build" "--frozen" "--message-format=json" "--release", kill_on_drop: false }`
[INFO] [stderr]    Compiling winnow v1.0.2
[INFO] [stderr]    Compiling rustix v1.1.4
[INFO] [stderr]    Compiling hashbrown v0.17.0
[INFO] [stderr]    Compiling linux-raw-sys v0.12.1
[INFO] [stderr]    Compiling syn v2.0.117
[INFO] [stderr]    Compiling concurrent-queue v2.5.0
[INFO] [stderr]    Compiling proc-macro2 v1.0.106
[INFO] [stderr]    Compiling unicode-ident v1.0.24
[INFO] [stderr]    Compiling quote v1.0.45
[INFO] [stderr]    Compiling endi v1.1.1
[INFO] [stderr]    Compiling event-listener v5.4.1
[INFO] [stderr]    Compiling futures-lite v2.6.1
[INFO] [stderr]    Compiling event-listener-strategy v0.5.4
[INFO] [stderr]    Compiling indexmap v2.14.0
[INFO] [stderr]    Compiling async-io v2.6.0
[INFO] [stderr]    Compiling toml_parser v1.1.2+spec-1.1.0
[INFO] [stderr]    Compiling async-task v4.7.1
[INFO] [stderr]    Compiling smallvec v1.15.1
[INFO] [stderr]    Compiling cc v1.2.61
[INFO] [stderr]    Compiling wayland-sys v0.31.11
[INFO] [stderr]    Compiling toml_edit v0.25.11+spec-1.1.0
[INFO] [stderr]    Compiling async-channel v2.5.0
[INFO] [stderr]    Compiling piper v0.2.5
[INFO] [stderr]    Compiling async-lock v3.4.2
[INFO] [stderr]    Compiling simd-adler32 v0.3.9
[INFO] [stderr]    Compiling uuid v1.23.1
[INFO] [stderr]    Compiling proc-macro-crate v3.5.0
[INFO] [stderr]    Compiling blocking v1.6.2
[INFO] [stderr]    Compiling async-executor v1.14.0
[INFO] [stderr]    Compiling wayland-backend v0.3.15
[INFO] [stderr]    Compiling async-broadcast v0.7.2
[INFO] [stderr]    Compiling ordered-stream v0.2.0
[INFO] [stderr]    Compiling downcast-rs v1.2.1
[INFO] [stderr]    Compiling wayland-client v0.31.14
[INFO] [stderr]    Compiling miniz_oxide v0.8.9
[INFO] [stderr]    Compiling hashbrown v0.15.5
[INFO] [stderr]    Compiling fdeflate v0.3.7
[INFO] [stderr]    Compiling flate2 v1.1.9
[INFO] [stderr]    Compiling pxfm v0.1.29
[INFO] [stderr]    Compiling x11rb-protocol v0.13.2
[INFO] [stderr]    Compiling fixedbitset v0.5.7
[INFO] [stderr]    Compiling png v0.18.1
[INFO] [stderr]    Compiling parking_lot_core v0.9.12
[INFO] [stderr]    Compiling petgraph v0.8.3
[INFO] [stderr]    Compiling nom v8.0.0
[INFO] [stderr]    Compiling serde_derive v1.0.228
[INFO] [stderr]    Compiling enumflags2_derive v0.7.12
[INFO] [stderr]    Compiling polling v3.11.0
[INFO] [stderr]    Compiling tracing-attributes v0.1.31
[INFO] [stderr]    Compiling serde v1.0.228
[INFO] [stderr]    Compiling zvariant_utils v3.3.1
[INFO] [stderr]    Compiling quick-xml v0.39.3
[INFO] [stderr]    Compiling zvariant_derive v5.11.0
[INFO] [stderr]    Compiling enumflags2 v0.7.12
[INFO] [stderr]    Compiling async-signal v0.2.14
[INFO] [stderr]    Compiling async-process v2.5.0
[INFO] [stderr]    Compiling zvariant v5.11.0
[INFO] [stderr]    Compiling tracing v0.1.44
[INFO] [stderr]    Compiling async-trait v0.1.89
[INFO] [stderr]    Compiling zbus_names v4.3.2
[INFO] [stderr]    Compiling serde_repr v0.1.20
[INFO] [stderr]    Compiling async-recursion v1.1.1
[INFO] [stderr]    Compiling wayland-scanner v0.31.10
[INFO] [stderr]    Compiling zbus_xml v5.1.1
[INFO] [stderr]    Compiling zbus_macros v5.15.0
[INFO] [stderr]    Compiling zbus-lockstep v0.5.2
[INFO] [stderr]    Compiling zbus-lockstep-macros v0.5.2
[INFO] [stderr]    Compiling gethostname v1.1.0
[INFO] [stderr]    Compiling x11rb v0.13.2
[INFO] [stderr]    Compiling zbus v5.15.0
[INFO] [stderr]    Compiling moxcms v0.8.1
[INFO] [stderr]    Compiling wayland-protocols v0.32.12
[INFO] [stderr]    Compiling thiserror-impl v2.0.18
[INFO] [stderr]    Compiling memmap2 v0.8.0
[INFO] [stderr]    Compiling xkeysym v0.2.1
[INFO] [stderr]    Compiling xkbcommon v0.7.0
[INFO] [stderr]    Compiling thiserror v2.0.18
[INFO] [stderr]    Compiling tree_magic_mini v3.2.2
[INFO] [stderr]    Compiling parking_lot v0.12.5
[INFO] [stderr]    Compiling image v0.25.10
[INFO] [stderr]    Compiling wayland-protocols-wlr v0.3.12
[INFO] [stderr]    Compiling atspi-common v0.14.0
[INFO] [stderr]    Compiling os_pipe v1.2.3
[INFO] [stderr]    Compiling arboard v3.6.1
[INFO] [stderr]    Compiling wl-clipboard-rs v0.9.3
[INFO] [stderr]    Compiling atspi-proxies v0.14.0
[INFO] [stderr]    Compiling enigo v0.2.1
[INFO] [stderr]    Compiling atspi-connection v0.14.0
[INFO] [stderr]    Compiling x11-clipboard v0.9.3
[INFO] [stderr]    Compiling atspi v0.30.0
[INFO] [stderr]    Compiling on-selected-text v0.1.6 (/opt/rustwide/workdir)
[INFO] [stderr]     Finished `release` profile [optimized] target(s) in 4m 46s
[INFO] running `Command { std: "docker" "inspect" "bc13e6769bd9660b7b560b125dcda681d384243161cf445c0ec00958f73dbf4f", kill_on_drop: false }`
[INFO] running `Command { std: "docker" "exec" "-e" "SOURCE_DIR=/opt/rustwide/workdir" "-e" "CARGO_HOME=/opt/rustwide/cargo-home" "-e" "RUSTUP_HOME=/opt/rustwide/rustup-home" "-e" "CARGO_TARGET_DIR=/opt/rustwide/target" "-e" "CARGO_INCREMENTAL=0" "-e" "RUST_BACKTRACE=full" "-e" "RUSTFLAGS=--cap-lints=warn" "-e" "RUSTDOCFLAGS=--cap-lints=warn" "-w" "/opt/rustwide/workdir" "--user" "0:0" "bc13e6769bd9660b7b560b125dcda681d384243161cf445c0ec00958f73dbf4f" "/opt/rustwide/cargo-home/bin/cargo" "+1.99.0-beta.8" "test" "--frozen" "--no-run" "--message-format=json" "--release", kill_on_drop: false }`
[INFO] [stderr]    Compiling on-selected-text v0.1.6 (/opt/rustwide/workdir)
[INFO] [stdout] error: linking with `cc` failed: exit status: 1
[INFO] [stdout]   |
[INFO] [stdout]   = note:  "cc" "-m64" "/opt/rustwide/target/release/examples/rustcb8ZB0A/symbols.o" "<2 object files omitted>" "-Wl,--as-needed" "-Wl,-Bstatic" "/opt/rustwide/target/release/deps/{libon_selected_text-34588a2cf853967a,libx11_clipboard-36e10182fa829edc,libwl_clipboard_rs-d509906be3b49a87,libtree_magic_mini-cf46a306a35e6afd,libnom-f64ea388c1c6082d,libmemchr-67bd3f6c39c2c1d0,libpetgraph-4ceea26602fe88a4,libindexmap-cff4c8119ad57661,libequivalent-26a0d6a3c1145f1b,libhashbrown-7d7376633fe8a95c,libhashbrown-fe1f950728b75cd2,libfoldhash-c2659dfc4557d4c1,libfixedbitset-eb8b5aedeb7b89e9,libthiserror-603e123fc78b7a9e,libos_pipe-1e14dfeda1140841,libwayland_protocols_wlr-7a5d2ba0df3eab8e,libwayland_protocols-884cdc8578af4619,libwayland_client-e8a3698ece3450eb,libwayland_backend-3ec224725703ab2b,libdowncast_rs-437c0146d70bb3b3,libwayland_sys-1ed584868c034d40,libenigo-76f880803ed1a990,libxkeysym-8e660b1f66be7e80,libarboard-321767186d3afc00,libimage-93a27e3fddfa078e,libbytemuck-a214aa96a18fb28c,libbyteorder_lite-a767fe81cb63f861,libmoxcms-11cb89f03af3a752,libpxfm-4d4bf64aa6d79555,libpng-399e834d85405757,libflate2-90aaa34a06fe6c82,libminiz_oxide-e2eb0efc15b0357b,libfdeflate-91324726abcf66e5,libsimd_adler32-7147f273ee833f2e,libcrc32fast-de10743154edaffb,libnum_traits-c4bb5d617fe10b48,libx11rb-bf850fb832fa0c13,libgethostname-31a1f6a522dd4fc7,libx11rb_protocol-1191152f0b1e47c4,libparking_lot-55e4a4b4e7099b10,libparking_lot_core-57cec590174f9f79,libsmallvec-cceb5f276923f9ef,liblock_api-0c6a3406bef68330,libscopeguard-5f9373ec660020b4,liblog-e86fe1484206d3e6,libpercent_encoding-6ee9e8dd7e10ccaa,libatspi-c377c5eda3a9c30b,libatspi_connection-46d818268601932f,libatspi_proxies-6daf5ba6e3fff266,libatspi_common-9f9294e5c99d1dda,libzbus-23f5cdd03d3d7f9d,libblocking-c8fa90aa2498f550,libpiper-e02bc906c227d332,libatomic_waker-3c8bacd3de7778a7,libhex-ffa975566df5dac7,libuuid-362b1807c73fa4fc,libgetrandom-6d1407e9a9b243d4,libasync_executor-6772b0720557224c,libasync_process-e41339f59ad65847,libasync_signal-b0b9f92907f2d3ca,libsignal_hook_registry-e4a9764ff21d3abc,liberrno-4f9c146176600aa7,liblibc-9127009e093ab63a,libasync_lock-7fe43bd787296e73,libasync_task-97b8396d1b2d70b3,libasync_channel-c4e4f71c0e752cfb,libtracing-d516c868af77edd2,libtracing_core-3e7f99a7051d5219,libonce_cell-a92ce0590bdd2571,libordered_stream-089c0eacd67407d9,libasync_broadcast-6225da75536f7f1e,libevent_listener_strategy-5c2c0ad99810d970,libevent_listener-df1906b12328a015,libasync_io-7d7aaf8e529d8165,libslab-fc33110460bc6c9a,libpolling-383cd79b18a9989d,libcfg_if-6d8dca19095bb388,libconcurrent_queue-a41fcd8dec6ff8c5,libcrossbeam_utils-8123cbabde1e6afd,librustix-cfb0a32979867979,libbitflags-416b408525f6bbfb,liblinux_raw_sys-1d2bd897a8c461cc,libfutures_lite-0f580c8bf4cb8633,libfutures_core-7a56e2b755152ce5,libparking-6ebeb6866bc50345,libpin_project_lite-9a89bb36c0c56875,libfastrand-739b144946fa21dc,libfutures_io-6f54c4dbd1508747,libzbus_names-dc3311994750c180,libzvariant-e2e2949f938f8e7a,libenumflags2-344ff602eae2e905,libendi-1a38560f46cf312a,libzvariant_utils-460ff0652dd1e096,libwinnow-c15ba73a76b191e9,libsyn-6d13d99ab4198ab5,libquote-703fd8d3e8fe8640,libproc_macro2-d5f9b48d459fd15c,libunicode_ident-4c4ce5bce0ca6124}.rlib" "<sysroot>/lib/rustlib/x86_64-unknown-linux-gnu/lib/{libproc_macro-*,librustc_literal_escaper-*}.rlib" "/opt/rustwide/target/release/deps/{libserde-bc63f261a4985c14,libserde_core-fc2e9ba380840c21,libstatic_assertions-306fc8cfb43dc741}.rlib" "<sysroot>/lib/rustlib/x86_64-unknown-linux-gnu/lib/{libstd-*,libpanic_unwind-*,libobject-*,libmemchr-*,libaddr2line-*,libgimli-*,libcfg_if-*,librustc_demangle-*,libstd_detect-*,libhashbrown-*,librustc_std_workspace_alloc-*,libminiz_oxide-*,libadler2-*,libunwind-*,liblibc-*,librustc_std_workspace_core-*,liballoc-*,libcore-*,libcompiler_builtins-*}.rlib" "-Wl,-Bdynamic" "-lxdo" "-lgcc_s" "-lutil" "-lrt" "-lpthread" "-lm" "-ldl" "-lc" "-L" "/opt/rustwide/target/release/examples/rustcb8ZB0A/raw-dylibs" "-B<sysroot>/lib/rustlib/x86_64-unknown-linux-gnu/bin/gcc-ld" "-fuse-ld=lld" "-Wl,--eh-frame-hdr" "-Wl,-z,noexecstack" "-L" "<sysroot>/lib/rustlib/x86_64-unknown-linux-gnu/lib" "-o" "/opt/rustwide/target/release/examples/pull_smoke-04cd010b31cf5858" "-Wl,--gc-sections" "-pie" "-Wl,-z,relro,-z,now" "-Wl,-O1" "-Wl,--strip-debug" "-nodefaultlibs"
[INFO] [stdout]   = note: some arguments are omitted. use `--verbose` to show all linker arguments
[INFO] [stdout]   = note: rust-lld: error: unable to find library -lxdo
[INFO] [stdout]           collect2: error: ld returned 1 exit status
[INFO] [stdout]           
[INFO] [stdout] 
[INFO] [stdout] 
[INFO] [stderr] error: could not compile `on-selected-text` (example "pull_smoke") due to 1 previous error
[INFO] [stderr] warning: build failed, waiting for other jobs to finish...
[INFO] [stdout] error: linking with `cc` failed: exit status: 1
[INFO] [stdout]   |
[INFO] [stdout]   = note:  "cc" "-m64" "/opt/rustwide/target/release/deps/rustceFeNb6/symbols.o" "<4 object files omitted>" "-Wl,--as-needed" "-Wl,-Bstatic" "/opt/rustwide/target/release/deps/libx11_clipboard-36e10182fa829edc.rlib" "<sysroot>/lib/rustlib/x86_64-unknown-linux-gnu/lib/{libtest-*,libgetopts-*,librustc_std_workspace_std-*}.rlib" "/opt/rustwide/target/release/deps/{libwl_clipboard_rs-d509906be3b49a87,libtree_magic_mini-cf46a306a35e6afd,libnom-f64ea388c1c6082d,libmemchr-67bd3f6c39c2c1d0,libpetgraph-4ceea26602fe88a4,libindexmap-cff4c8119ad57661,libequivalent-26a0d6a3c1145f1b,libhashbrown-7d7376633fe8a95c,libhashbrown-fe1f950728b75cd2,libfoldhash-c2659dfc4557d4c1,libfixedbitset-eb8b5aedeb7b89e9,libthiserror-603e123fc78b7a9e,libos_pipe-1e14dfeda1140841,libwayland_protocols_wlr-7a5d2ba0df3eab8e,libwayland_protocols-884cdc8578af4619,libwayland_client-e8a3698ece3450eb,libwayland_backend-3ec224725703ab2b,libdowncast_rs-437c0146d70bb3b3,libwayland_sys-1ed584868c034d40,libenigo-76f880803ed1a990,libxkeysym-8e660b1f66be7e80,libarboard-321767186d3afc00,libimage-93a27e3fddfa078e,libbytemuck-a214aa96a18fb28c,libbyteorder_lite-a767fe81cb63f861,libmoxcms-11cb89f03af3a752,libpxfm-4d4bf64aa6d79555,libpng-399e834d85405757,libflate2-90aaa34a06fe6c82,libminiz_oxide-e2eb0efc15b0357b,libfdeflate-91324726abcf66e5,libsimd_adler32-7147f273ee833f2e,libcrc32fast-de10743154edaffb,libnum_traits-c4bb5d617fe10b48,libx11rb-bf850fb832fa0c13,libgethostname-31a1f6a522dd4fc7,libx11rb_protocol-1191152f0b1e47c4,libparking_lot-55e4a4b4e7099b10,libparking_lot_core-57cec590174f9f79,libsmallvec-cceb5f276923f9ef,liblock_api-0c6a3406bef68330,libscopeguard-5f9373ec660020b4,liblog-e86fe1484206d3e6,libpercent_encoding-6ee9e8dd7e10ccaa,libatspi-c377c5eda3a9c30b,libatspi_connection-46d818268601932f,libatspi_proxies-6daf5ba6e3fff266,libatspi_common-9f9294e5c99d1dda,libzbus-23f5cdd03d3d7f9d,libblocking-c8fa90aa2498f550,libpiper-e02bc906c227d332,libatomic_waker-3c8bacd3de7778a7,libhex-ffa975566df5dac7,libuuid-362b1807c73fa4fc,libgetrandom-6d1407e9a9b243d4,libasync_executor-6772b0720557224c,libasync_process-e41339f59ad65847,libasync_signal-b0b9f92907f2d3ca,libsignal_hook_registry-e4a9764ff21d3abc,liberrno-4f9c146176600aa7,liblibc-9127009e093ab63a,libasync_lock-7fe43bd787296e73,libasync_task-97b8396d1b2d70b3,libasync_channel-c4e4f71c0e752cfb,libtracing-d516c868af77edd2,libtracing_core-3e7f99a7051d5219,libonce_cell-a92ce0590bdd2571,libordered_stream-089c0eacd67407d9,libasync_broadcast-6225da75536f7f1e,libevent_listener_strategy-5c2c0ad99810d970,libevent_listener-df1906b12328a015,libasync_io-7d7aaf8e529d8165,libslab-fc33110460bc6c9a,libpolling-383cd79b18a9989d,libcfg_if-6d8dca19095bb388,libconcurrent_queue-a41fcd8dec6ff8c5,libcrossbeam_utils-8123cbabde1e6afd,librustix-cfb0a32979867979,libbitflags-416b408525f6bbfb,liblinux_raw_sys-1d2bd897a8c461cc,libfutures_lite-0f580c8bf4cb8633,libfutures_core-7a56e2b755152ce5,libparking-6ebeb6866bc50345,libpin_project_lite-9a89bb36c0c56875,libfastrand-739b144946fa21dc,libfutures_io-6f54c4dbd1508747,libzbus_names-dc3311994750c180,libzvariant-e2e2949f938f8e7a,libenumflags2-344ff602eae2e905,libendi-1a38560f46cf312a,libzvariant_utils-460ff0652dd1e096,libwinnow-c15ba73a76b191e9,libsyn-6d13d99ab4198ab5,libquote-703fd8d3e8fe8640,libproc_macro2-d5f9b48d459fd15c,libunicode_ident-4c4ce5bce0ca6124}.rlib" "<sysroot>/lib/rustlib/x86_64-unknown-linux-gnu/lib/{libproc_macro-*,librustc_literal_escaper-*}.rlib" "/opt/rustwide/target/release/deps/{libserde-bc63f261a4985c14,libserde_core-fc2e9ba380840c21,libstatic_assertions-306fc8cfb43dc741}.rlib" "<sysroot>/lib/rustlib/x86_64-unknown-linux-gnu/lib/{libstd-*,libpanic_unwind-*,libobject-*,libmemchr-*,libaddr2line-*,libgimli-*,libcfg_if-*,librustc_demangle-*,libstd_detect-*,libhashbrown-*,librustc_std_workspace_alloc-*,libminiz_oxide-*,libadler2-*,libunwind-*,liblibc-*,librustc_std_workspace_core-*,liballoc-*,libcore-*,libcompiler_builtins-*}.rlib" "-Wl,-Bdynamic" "-lxdo" "-lgcc_s" "-lutil" "-lrt" "-lpthread" "-lm" "-ldl" "-lc" "-L" "/opt/rustwide/target/release/deps/rustceFeNb6/raw-dylibs" "-B<sysroot>/lib/rustlib/x86_64-unknown-linux-gnu/bin/gcc-ld" "-fuse-ld=lld" "-Wl,--eh-frame-hdr" "-Wl,-z,noexecstack" "-L" "<sysroot>/lib/rustlib/x86_64-unknown-linux-gnu/lib" "-o" "/opt/rustwide/target/release/deps/on_selected_text-45f1b89e1a1815d4" "-Wl,--gc-sections" "-pie" "-Wl,-z,relro,-z,now" "-Wl,-O1" "-Wl,--strip-debug" "-nodefaultlibs"
[INFO] [stdout]   = note: some arguments are omitted. use `--verbose` to show all linker arguments
[INFO] [stdout]   = note: rust-lld: error: unable to find library -lxdo
[INFO] [stdout]           collect2: error: ld returned 1 exit status
[INFO] [stdout]           
[INFO] [stdout] 
[INFO] [stdout] 
[INFO] [stderr] error: could not compile `on-selected-text` (lib test) due to 1 previous error
[INFO] [stdout] error: linking with `cc` failed: exit status: 1
[INFO] [stdout]   |
[INFO] [stdout]   = note:  "cc" "-m64" "/opt/rustwide/target/release/examples/rustcqgrSoa/symbols.o" "<17 object files omitted>" "-Wl,--as-needed" "-Wl,-Bstatic" "/opt/rustwide/target/release/deps/{libon_selected_text-34588a2cf853967a,libx11_clipboard-36e10182fa829edc,libwl_clipboard_rs-d509906be3b49a87,libtree_magic_mini-cf46a306a35e6afd,libnom-f64ea388c1c6082d,libmemchr-67bd3f6c39c2c1d0,libpetgraph-4ceea26602fe88a4,libindexmap-cff4c8119ad57661,libequivalent-26a0d6a3c1145f1b,libhashbrown-7d7376633fe8a95c,libhashbrown-fe1f950728b75cd2,libfoldhash-c2659dfc4557d4c1,libfixedbitset-eb8b5aedeb7b89e9,libthiserror-603e123fc78b7a9e,libos_pipe-1e14dfeda1140841,libwayland_protocols_wlr-7a5d2ba0df3eab8e,libwayland_protocols-884cdc8578af4619,libwayland_client-e8a3698ece3450eb,libwayland_backend-3ec224725703ab2b,libdowncast_rs-437c0146d70bb3b3,libwayland_sys-1ed584868c034d40,libenigo-76f880803ed1a990,libxkeysym-8e660b1f66be7e80,libarboard-321767186d3afc00,libimage-93a27e3fddfa078e,libbytemuck-a214aa96a18fb28c,libbyteorder_lite-a767fe81cb63f861,libmoxcms-11cb89f03af3a752,libpxfm-4d4bf64aa6d79555,libpng-399e834d85405757,libflate2-90aaa34a06fe6c82,libminiz_oxide-e2eb0efc15b0357b,libfdeflate-91324726abcf66e5,libsimd_adler32-7147f273ee833f2e,libcrc32fast-de10743154edaffb,libnum_traits-c4bb5d617fe10b48,libx11rb-bf850fb832fa0c13,libgethostname-31a1f6a522dd4fc7,libx11rb_protocol-1191152f0b1e47c4,libparking_lot-55e4a4b4e7099b10,libparking_lot_core-57cec590174f9f79,libsmallvec-cceb5f276923f9ef,liblock_api-0c6a3406bef68330,libscopeguard-5f9373ec660020b4,liblog-e86fe1484206d3e6,libpercent_encoding-6ee9e8dd7e10ccaa,libatspi-c377c5eda3a9c30b,libatspi_connection-46d818268601932f,libatspi_proxies-6daf5ba6e3fff266,libatspi_common-9f9294e5c99d1dda,libzbus-23f5cdd03d3d7f9d,libblocking-c8fa90aa2498f550,libpiper-e02bc906c227d332,libatomic_waker-3c8bacd3de7778a7,libhex-ffa975566df5dac7,libuuid-362b1807c73fa4fc,libgetrandom-6d1407e9a9b243d4,libasync_executor-6772b0720557224c,libasync_process-e41339f59ad65847,libasync_signal-b0b9f92907f2d3ca,libsignal_hook_registry-e4a9764ff21d3abc,liberrno-4f9c146176600aa7,liblibc-9127009e093ab63a,libasync_lock-7fe43bd787296e73,libasync_task-97b8396d1b2d70b3,libasync_channel-c4e4f71c0e752cfb,libtracing-d516c868af77edd2,libtracing_core-3e7f99a7051d5219,libonce_cell-a92ce0590bdd2571,libordered_stream-089c0eacd67407d9,libasync_broadcast-6225da75536f7f1e,libevent_listener_strategy-5c2c0ad99810d970,libevent_listener-df1906b12328a015,libasync_io-7d7aaf8e529d8165,libslab-fc33110460bc6c9a,libpolling-383cd79b18a9989d,libcfg_if-6d8dca19095bb388,libconcurrent_queue-a41fcd8dec6ff8c5,libcrossbeam_utils-8123cbabde1e6afd,librustix-cfb0a32979867979,libbitflags-416b408525f6bbfb,liblinux_raw_sys-1d2bd897a8c461cc,libfutures_lite-0f580c8bf4cb8633,libfutures_core-7a56e2b755152ce5,libparking-6ebeb6866bc50345,libpin_project_lite-9a89bb36c0c56875,libfastrand-739b144946fa21dc,libfutures_io-6f54c4dbd1508747,libzbus_names-dc3311994750c180,libzvariant-e2e2949f938f8e7a,libenumflags2-344ff602eae2e905,libendi-1a38560f46cf312a,libzvariant_utils-460ff0652dd1e096,libwinnow-c15ba73a76b191e9,libsyn-6d13d99ab4198ab5,libquote-703fd8d3e8fe8640,libproc_macro2-d5f9b48d459fd15c,libunicode_ident-4c4ce5bce0ca6124}.rlib" "<sysroot>/lib/rustlib/x86_64-unknown-linux-gnu/lib/{libproc_macro-*,librustc_literal_escaper-*}.rlib" "/opt/rustwide/target/release/deps/{libserde-bc63f261a4985c14,libserde_core-fc2e9ba380840c21,libstatic_assertions-306fc8cfb43dc741}.rlib" "<sysroot>/lib/rustlib/x86_64-unknown-linux-gnu/lib/{libstd-*,libpanic_unwind-*,libobject-*,libmemchr-*,libaddr2line-*,libgimli-*,libcfg_if-*,librustc_demangle-*,libstd_detect-*,libhashbrown-*,librustc_std_workspace_alloc-*,libminiz_oxide-*,libadler2-*,libunwind-*,liblibc-*,librustc_std_workspace_core-*,liballoc-*,libcore-*,libcompiler_builtins-*}.rlib" "-Wl,-Bdynamic" "-lxdo" "-lgcc_s" "-lutil" "-lrt" "-lpthread" "-lm" "-ldl" "-lc" "-L" "/opt/rustwide/target/release/examples/rustcqgrSoa/raw-dylibs" "-B<sysroot>/lib/rustlib/x86_64-unknown-linux-gnu/bin/gcc-ld" "-fuse-ld=lld" "-Wl,--eh-frame-hdr" "-Wl,-z,noexecstack" "-L" "<sysroot>/lib/rustlib/x86_64-unknown-linux-gnu/lib" "-o" "/opt/rustwide/target/release/examples/daemon_smoke-738a2f706632fd20" "-Wl,--gc-sections" "-pie" "-Wl,-z,relro,-z,now" "-Wl,-O1" "-Wl,--strip-debug" "-nodefaultlibs"
[INFO] [stdout]   = note: some arguments are omitted. use `--verbose` to show all linker arguments
[INFO] [stdout]   = note: rust-lld: error: unable to find library -lxdo
[INFO] [stdout]           collect2: error: ld returned 1 exit status
[INFO] [stdout]           
[INFO] [stdout] 
[INFO] [stdout] 
[INFO] [stderr] error: could not compile `on-selected-text` (example "daemon_smoke") due to 1 previous error
[INFO] running `Command { std: "docker" "inspect" "bc13e6769bd9660b7b560b125dcda681d384243161cf445c0ec00958f73dbf4f", kill_on_drop: false }`
[INFO] running `Command { std: "docker" "rm" "-f" "bc13e6769bd9660b7b560b125dcda681d384243161cf445c0ec00958f73dbf4f", kill_on_drop: false }`
[INFO] [stdout] bc13e6769bd9660b7b560b125dcda681d384243161cf445c0ec00958f73dbf4f
