[INFO] fetching crate omnifuse-s3 0.3.0...
[INFO] testing omnifuse-s3-0.3.0 against 1.100.0-beta.1+cargoflags=--release for beta-release-1.100-2
[INFO] extracting crate omnifuse-s3 0.3.0 into /workspace/builds/worker-3-tc2/source
[INFO] started tweaking crates.io crate omnifuse-s3 0.3.0
[INFO] removed 0 missing tests
[INFO] finished tweaking crates.io crate omnifuse-s3 0.3.0
[INFO] tweaked toml for crates.io crate omnifuse-s3 0.3.0 written to /workspace/builds/worker-3-tc2/source/Cargo.toml
[INFO] validating manifest of crates.io crate omnifuse-s3 0.3.0 on toolchain 1.100.0-beta.1
[INFO] running `Command { std: CARGO_HOME="/workspace/cargo-home" RUSTUP_HOME="/workspace/rustup-home" "/workspace/cargo-home/bin/cargo" "+1.100.0-beta.1" "metadata" "--manifest-path" "Cargo.toml" "--no-deps", kill_on_drop: false }`
[INFO] crate crates.io crate omnifuse-s3 0.3.0 already has a lockfile, it will not be regenerated
[INFO] running `Command { std: CARGO_HOME="/workspace/cargo-home" RUSTUP_HOME="/workspace/rustup-home" "/workspace/cargo-home/bin/cargo" "+1.100.0-beta.1" "fetch" "--manifest-path" "Cargo.toml", kill_on_drop: false }`
[INFO] [stderr] warning: `package.homepage` is redundant with `package.repository`
[INFO] [stderr]   --> Cargo.toml:81:12
[INFO] [stderr]    |
[INFO] [stderr] 81 | homepage = "https://github.com/veged/omniFUSE"
[INFO] [stderr]    |            ^^^^^^^^^^^^^^^^^^^^^^^^^^^^^^^^^^^
[INFO] [stderr] ...
[INFO] [stderr] 86 | repository = "https://github.com/veged/omniFUSE"
[INFO] [stderr]    |              -----------------------------------
[INFO] [stderr]    |
[INFO] [stderr]    = note: `cargo::redundant_homepage` is set to `warn` by default
[INFO] [stderr] help: consider removing `package.homepage`
[INFO] [stderr] warning: `omnifuse-s3` (manifest) generated 1 warning
[INFO] running `Command { std: "docker" "create" "-v" "/var/lib/crater-agent-workspace/builds/worker-3-tc2/source:/opt/rustwide/workdir:ro,Z" "-v" "/var/lib/crater-agent-workspace/builds/worker-3-tc2/target:/opt/rustwide/target:rw,Z" "-v" "/var/lib/crater-agent-workspace/cargo-home:/opt/rustwide/cargo-home:ro,Z" "-v" "/var/lib/crater-agent-workspace/rustup-home:/opt/rustwide/rustup-home:ro,Z" "-m" "1610612736" "--network" "none" "ghcr.io/rust-lang/crates-build-env/linux@sha256:77db811e55d90add9212f6832c23229e3de5f1c1f9905e8cb07319ea15df73ac" "sleep" "infinity", kill_on_drop: false }`
[INFO] [stdout] 9997b7cf9cb0d327eed57c6a188d600a4cc72833b4d26fb9e09e096bd0f12787
[INFO] running `Command { std: "docker" "start" "9997b7cf9cb0d327eed57c6a188d600a4cc72833b4d26fb9e09e096bd0f12787", kill_on_drop: false }`
[INFO] running `Command { std: "docker" "inspect" "9997b7cf9cb0d327eed57c6a188d600a4cc72833b4d26fb9e09e096bd0f12787", kill_on_drop: false }`
[INFO] running `Command { std: "docker" "exec" "-e" "SOURCE_DIR=/opt/rustwide/workdir" "-e" "CARGO_HOME=/opt/rustwide/cargo-home" "-e" "RUSTUP_HOME=/opt/rustwide/rustup-home" "-e" "CARGO_TARGET_DIR=/opt/rustwide/target" "-w" "/opt/rustwide/workdir" "--user" "0:0" "9997b7cf9cb0d327eed57c6a188d600a4cc72833b4d26fb9e09e096bd0f12787" "/opt/rustwide/cargo-home/bin/cargo" "+1.100.0-beta.1" "metadata" "--no-deps" "--format-version=1", kill_on_drop: false }`
[INFO] running `Command { std: "docker" "inspect" "9997b7cf9cb0d327eed57c6a188d600a4cc72833b4d26fb9e09e096bd0f12787", kill_on_drop: false }`
[INFO] running `Command { std: "docker" "exec" "-e" "SOURCE_DIR=/opt/rustwide/workdir" "-e" "CARGO_HOME=/opt/rustwide/cargo-home" "-e" "RUSTUP_HOME=/opt/rustwide/rustup-home" "-e" "CARGO_TARGET_DIR=/opt/rustwide/target" "-e" "CARGO_INCREMENTAL=0" "-e" "RUST_BACKTRACE=full" "-e" "RUSTFLAGS=--cap-lints=warn" "-e" "RUSTDOCFLAGS=--cap-lints=warn" "-w" "/opt/rustwide/workdir" "--user" "0:0" "9997b7cf9cb0d327eed57c6a188d600a4cc72833b4d26fb9e09e096bd0f12787" "/opt/rustwide/cargo-home/bin/cargo" "+1.100.0-beta.1" "build" "--frozen" "--message-format=json" "--release", kill_on_drop: false }`
[INFO] [stderr] warning: `package.homepage` is redundant with `package.repository`
[INFO] [stderr]   --> Cargo.toml:81:12
[INFO] [stderr]    |
[INFO] [stderr] 81 | homepage = "https://github.com/veged/omniFUSE"
[INFO] [stderr]    |            ^^^^^^^^^^^^^^^^^^^^^^^^^^^^^^^^^^^
[INFO] [stderr] ...
[INFO] [stderr] 86 | repository = "https://github.com/veged/omniFUSE"
[INFO] [stderr]    |              -----------------------------------
[INFO] [stderr]    |
[INFO] [stderr]    = note: `cargo::redundant_homepage` is set to `warn` by default
[INFO] [stderr] help: consider removing `package.homepage`
[INFO] [stderr] warning: `omnifuse-s3` (manifest) generated 1 warning
[INFO] [stderr]    Compiling unicode-ident v1.0.23
[INFO] [stderr]    Compiling libc v0.2.181
[INFO] [stderr]    Compiling futures-core v0.3.31
[INFO] [stderr]    Compiling futures-sink v0.3.31
[INFO] [stderr]    Compiling futures-task v0.3.31
[INFO] [stderr]    Compiling typenum v1.19.0
[INFO] [stderr]    Compiling futures-io v0.3.31
[INFO] [stderr]    Compiling http v1.4.0
[INFO] [stderr]    Compiling tracing-core v0.1.36
[INFO] [stderr]    Compiling aws-lc-rs v1.17.0
[INFO] [stderr]    Compiling const-oid v0.9.6
[INFO] [stderr]    Compiling log v0.4.29
[INFO] [stderr]    Compiling anyhow v1.0.101
[INFO] [stderr]    Compiling rustls v0.23.36
[INFO] [stderr]    Compiling zmij v1.0.20
[INFO] [stderr]    Compiling crunchy v0.2.4
[INFO] [stderr]    Compiling proc-macro2 v1.0.106
[INFO] [stderr]    Compiling futures-channel v0.3.31
[INFO] [stderr]    Compiling sync_wrapper v1.0.2
[INFO] [stderr]    Compiling jiff v0.2.24
[INFO] [stderr]    Compiling ipnet v2.11.0
[INFO] [stderr]    Compiling tiny-keccak v2.0.2
[INFO] [stderr]    Compiling iri-string v0.7.10
[INFO] [stderr]    Compiling once_cell v1.21.3
[INFO] [stderr]    Compiling mea v0.6.3
[INFO] [stderr]    Compiling memoffset v0.9.1
[INFO] [stderr]    Compiling serde_json v1.0.149
[INFO] [stderr]    Compiling semver v1.0.27
[INFO] [stderr]    Compiling quote v1.0.44
[INFO] [stderr]    Compiling nix v0.29.0
[INFO] [stderr]    Compiling rustix v0.38.44
[INFO] [stderr]    Compiling rustc_version v0.4.1
[INFO] [stderr]    Compiling syn v2.0.114
[INFO] [stderr]    Compiling concurrent-queue v2.5.0
[INFO] [stderr]    Compiling generic-array v0.14.7
[INFO] [stderr]    Compiling event-listener v5.4.1
[INFO] [stderr]    Compiling crc32c v0.6.8
[INFO] [stderr]    Compiling rustix v1.1.3
[INFO] [stderr]    Compiling regex-syntax v0.8.9
[INFO] [stderr]    Compiling either v1.15.0
[INFO] [stderr]    Compiling http-body v1.0.1
[INFO] [stderr]    Compiling http-body-util v0.1.3
[INFO] [stderr]    Compiling home v0.5.12
[INFO] [stderr]    Compiling async-notify v0.3.2
[INFO] [stderr]    Compiling winnow v0.5.40
[INFO] [stderr]    Compiling dtor-proc-macro v0.0.6
[INFO] [stderr]    Compiling block-buffer v0.10.4
[INFO] [stderr]    Compiling crypto-common v0.1.7
[INFO] [stderr]    Compiling aligned_box v0.3.0
[INFO] [stderr]    Compiling jobserver v0.1.34
[INFO] [stderr]    Compiling digest v0.10.7
[INFO] [stderr]    Compiling getrandom v0.2.17
[INFO] [stderr]    Compiling fastrand v2.3.0
[INFO] [stderr]    Compiling dtor v0.1.1
[INFO] [stderr]    Compiling sharded-slab v0.1.7
[INFO] [stderr]    Compiling cc v1.2.55
[INFO] [stderr]    Compiling sha2 v0.10.9
[INFO] [stderr]    Compiling sha1 v0.10.6
[INFO] [stderr]    Compiling hmac v0.12.1
[INFO] [stderr]    Compiling const-random-macro v0.1.16
[INFO] [stderr]    Compiling md-5 v0.10.6
[INFO] [stderr]    Compiling parking_lot_core v0.9.12
[INFO] [stderr]    Compiling errno v0.3.14
[INFO] [stderr]    Compiling socket2 v0.6.2
[INFO] [stderr]    Compiling signal-hook-registry v1.4.8
[INFO] [stderr]    Compiling mio v1.1.1
[INFO] [stderr]    Compiling getrandom v0.3.4
[INFO] [stderr]    Compiling parking_lot v0.12.5
[INFO] [stderr]    Compiling uuid v1.20.0
[INFO] [stderr]    Compiling cmake v0.1.58
[INFO] [stderr]    Compiling const-random v0.1.18
[INFO] [stderr]    Compiling dlv-list v0.5.2
[INFO] [stderr]    Compiling regex-automata v0.4.14
[INFO] [stderr]    Compiling ordered-multimap v0.7.3
[INFO] [stderr]    Compiling dashmap v6.1.0
[INFO] [stderr]    Compiling tracing-log v0.2.0
[INFO] [stderr]    Compiling rust-ini v0.21.3
[INFO] [stderr]    Compiling thread_local v1.1.9
[INFO] [stderr]    Compiling ctor-proc-macro v0.0.7
[INFO] [stderr]    Compiling diffy v0.4.2
[INFO] [stderr]    Compiling aws-lc-sys v0.41.0
[INFO] [stderr]    Compiling which v4.4.2
[INFO] [stderr]    Compiling xattr v1.6.1
[INFO] [stderr]    Compiling ctor v0.6.3
[INFO] [stderr]    Compiling synstructure v0.13.2
[INFO] [stderr]    Compiling matchers v0.2.0
[INFO] [stderr]    Compiling zerofrom-derive v0.1.6
[INFO] [stderr]    Compiling yoke-derive v0.8.1
[INFO] [stderr]    Compiling futures-macro v0.3.31
[INFO] [stderr]    Compiling tokio-macros v2.6.0
[INFO] [stderr]    Compiling serde_derive v1.0.228
[INFO] [stderr]    Compiling zerovec-derive v0.11.2
[INFO] [stderr]    Compiling displaydoc v0.2.5
[INFO] [stderr]    Compiling tracing-attributes v0.1.31
[INFO] [stderr]    Compiling futures-util v0.3.31
[INFO] [stderr]    Compiling thiserror-impl v2.0.18
[INFO] [stderr]    Compiling async-trait v0.1.89
[INFO] [stderr]    Compiling tokio v1.49.0
[INFO] [stderr]    Compiling zerofrom v0.1.6
[INFO] [stderr]    Compiling yoke v0.8.1
[INFO] [stderr]    Compiling trait-make v0.1.0
[INFO] [stderr]    Compiling zerotrie v0.2.3
[INFO] [stderr]    Compiling zerovec v0.11.5
[INFO] [stderr]    Compiling thiserror v2.0.18
[INFO] [stderr]    Compiling tracing v0.1.44
[INFO] [stderr]    Compiling tracing-subscriber v0.3.22
[INFO] [stderr]    Compiling tinystr v0.8.2
[INFO] [stderr]    Compiling potential_utf v0.1.4
[INFO] [stderr]    Compiling icu_collections v2.1.1
[INFO] [stderr]    Compiling icu_locale_core v2.1.1
[INFO] [stderr]    Compiling serde v1.0.228
[INFO] [stderr]    Compiling quick-xml v0.38.4
[INFO] [stderr]    Compiling serde_urlencoded v0.7.1
[INFO] [stderr]    Compiling quick-xml v0.39.4
[INFO] [stderr]    Compiling toml_datetime v0.6.3
[INFO] [stderr]    Compiling icu_provider v2.1.1
[INFO] [stderr]    Compiling serde_spanned v0.6.9
[INFO] [stderr]    Compiling bincode v1.3.3
[INFO] [stderr]    Compiling toml_edit v0.20.2
[INFO] [stderr]    Compiling icu_properties v2.1.2
[INFO] [stderr]    Compiling icu_normalizer v2.1.1
[INFO] [stderr]    Compiling futures-executor v0.3.31
[INFO] [stderr]    Compiling futures v0.3.31
[INFO] [stderr]    Compiling reqsign-core v3.0.0
[INFO] [stderr]    Compiling idna_adapter v1.2.1
[INFO] [stderr]    Compiling idna v1.1.0
[INFO] [stderr]    Compiling reqsign-aws-v4 v3.0.0
[INFO] [stderr]    Compiling url v2.5.8
[INFO] [stderr]    Compiling toml v0.8.2
[INFO] [stderr]    Compiling hyper v1.8.1
[INFO] [stderr]    Compiling tower v0.5.3
[INFO] [stderr]    Compiling tokio-util v0.7.18
[INFO] [stderr]    Compiling reqsign-file-read-tokio v3.0.0
[INFO] [stderr]    Compiling rfuse3 v0.0.9
[INFO] [stderr]    Compiling backon v1.6.0
[INFO] [stderr]    Compiling tower-http v0.6.8
[INFO] [stderr]    Compiling hyper-util v0.1.20
[INFO] [stderr]    Compiling unifuse v0.3.0
[INFO] [stderr]    Compiling omnifuse-core v0.3.0
[INFO] [stderr]    Compiling rustls-webpki v0.103.9
[INFO] [stderr]    Compiling tokio-rustls v0.26.4
[INFO] [stderr]    Compiling rustls-platform-verifier v0.6.2
[INFO] [stderr]    Compiling hyper-rustls v0.27.7
[INFO] [stderr]    Compiling reqwest v0.13.2
[INFO] [stderr]    Compiling opendal-core v0.56.0
[INFO] [stderr]    Compiling opendal-service-s3 v0.56.0
[INFO] [stderr]    Compiling opendal-layer-retry v0.56.0
[INFO] [stderr]    Compiling opendal-layer-timeout v0.56.0
[INFO] [stderr]    Compiling opendal-layer-concurrent-limit v0.56.0
[INFO] [stderr]    Compiling opendal-layer-logging v0.56.0
[INFO] [stderr]    Compiling opendal v0.56.0
[INFO] [stderr]    Compiling omnifuse-s3 v0.3.0 (/opt/rustwide/workdir)
[INFO] [stderr]     Finished `release` profile [optimized] target(s) in 1m 09s
[INFO] [stderr] warning: the following packages contain code that will be rejected by a future version of Rust: nix v0.29.0
[INFO] [stderr] note: to see what the problems were, use the option `--future-incompat-report`, or run `cargo report future-incompatibilities --id 4`
[INFO] running `Command { std: "docker" "inspect" "9997b7cf9cb0d327eed57c6a188d600a4cc72833b4d26fb9e09e096bd0f12787", kill_on_drop: false }`
[INFO] running `Command { std: "docker" "exec" "-e" "SOURCE_DIR=/opt/rustwide/workdir" "-e" "CARGO_HOME=/opt/rustwide/cargo-home" "-e" "RUSTUP_HOME=/opt/rustwide/rustup-home" "-e" "CARGO_TARGET_DIR=/opt/rustwide/target" "-e" "CARGO_INCREMENTAL=0" "-e" "RUST_BACKTRACE=full" "-e" "RUSTFLAGS=--cap-lints=warn" "-e" "RUSTDOCFLAGS=--cap-lints=warn" "-w" "/opt/rustwide/workdir" "--user" "0:0" "9997b7cf9cb0d327eed57c6a188d600a4cc72833b4d26fb9e09e096bd0f12787" "/opt/rustwide/cargo-home/bin/cargo" "+1.100.0-beta.1" "test" "--frozen" "--no-run" "--message-format=json" "--release", kill_on_drop: false }`
[INFO] [stderr] warning: `package.homepage` is redundant with `package.repository`
[INFO] [stderr]   --> Cargo.toml:81:12
[INFO] [stderr]    |
[INFO] [stderr] 81 | homepage = "https://github.com/veged/omniFUSE"
[INFO] [stderr]    |            ^^^^^^^^^^^^^^^^^^^^^^^^^^^^^^^^^^^
[INFO] [stderr] ...
[INFO] [stderr] 86 | repository = "https://github.com/veged/omniFUSE"
[INFO] [stderr]    |              -----------------------------------
[INFO] [stderr]    |
[INFO] [stderr]    = note: `cargo::redundant_homepage` is set to `warn` by default
[INFO] [stderr] help: consider removing `package.homepage`
[INFO] [stderr] warning: `omnifuse-s3` (manifest) generated 1 warning
[INFO] [stderr]    Compiling rustix v1.1.3
[INFO] [stderr]    Compiling backon v1.6.0
[INFO] [stderr]    Compiling getrandom v0.4.1
[INFO] [stderr]    Compiling opendal-layer-retry v0.56.0
[INFO] [stderr]    Compiling opendal v0.56.0
[INFO] [stderr]    Compiling xattr v1.6.1
[INFO] [stderr]    Compiling tempfile v3.25.0
[INFO] [stderr]    Compiling omnifuse-core v0.3.0
[INFO] [stderr]    Compiling omnifuse-s3 v0.3.0 (/opt/rustwide/workdir)
[INFO] [stdout] error[E0599]: no associated function or constant named `attach_operator_for_tests` found for struct `S3Session` in the current scope
[INFO] [stdout]   --> tests/backend_tests.rs:40:28
[INFO] [stdout]    |
[INFO] [stdout] 40 |   let session = S3Session::attach_operator_for_tests(operator, dir.path()).expect("session");
[INFO] [stdout]    |                            ^^^^^^^^^^^^^^^^^^^^^^^^^ associated function or constant not found in `S3Session`
[INFO] [stdout]    |
[INFO] [stdout] note: if you're trying to build a new `S3Session`, consider using `S3Session::attach` which returns `Result<S3Session, anyhow::Error>`
[INFO] [stdout]   --> src/session.rs:42:3
[INFO] [stdout]    |
[INFO] [stdout] 42 |   pub fn attach(config: &S3Config, local_dir: &Path, cache: Option<Arc<FilesystemCache>>) -> anyhow::Result<Self> {
[INFO] [stdout]    |   ^^^^^^^^^^^^^^^^^^^^^^^^^^^^^^^^^^^^^^^^^^^^^^^^^^^^^^^^^^^^^^^^^^^^^^^^^^^^^^^^^^^^^^^^^^^^^^^^^^^^^^^^^^^^^^^
[INFO] [stdout] 
[INFO] [stdout] 
[INFO] [stdout] error[E0599]: no associated function or constant named `attach_operator_for_tests` found for struct `S3Session` in the current scope
[INFO] [stdout]   --> tests/backend_tests.rs:59:28
[INFO] [stdout]    |
[INFO] [stdout] 59 |   let session = S3Session::attach_operator_for_tests(operator.clone(), dir.path()).expect("session");
[INFO] [stdout]    |                            ^^^^^^^^^^^^^^^^^^^^^^^^^ associated function or constant not found in `S3Session`
[INFO] [stdout]    |
[INFO] [stdout] note: if you're trying to build a new `S3Session`, consider using `S3Session::attach` which returns `Result<S3Session, anyhow::Error>`
[INFO] [stdout]   --> src/session.rs:42:3
[INFO] [stdout]    |
[INFO] [stdout] 42 |   pub fn attach(config: &S3Config, local_dir: &Path, cache: Option<Arc<FilesystemCache>>) -> anyhow::Result<Self> {
[INFO] [stdout]    |   ^^^^^^^^^^^^^^^^^^^^^^^^^^^^^^^^^^^^^^^^^^^^^^^^^^^^^^^^^^^^^^^^^^^^^^^^^^^^^^^^^^^^^^^^^^^^^^^^^^^^^^^^^^^^^^^
[INFO] [stdout] 
[INFO] [stdout] 
[INFO] [stdout] error[E0599]: no associated function or constant named `attach_operator_for_tests` found for struct `S3Session` in the current scope
[INFO] [stdout]   --> tests/backend_tests.rs:82:28
[INFO] [stdout]    |
[INFO] [stdout] 82 |   let session = S3Session::attach_operator_for_tests(operator.clone(), dir.path()).expect("session");
[INFO] [stdout]    |                            ^^^^^^^^^^^^^^^^^^^^^^^^^ associated function or constant not found in `S3Session`
[INFO] [stdout]    |
[INFO] [stdout] note: if you're trying to build a new `S3Session`, consider using `S3Session::attach` which returns `Result<S3Session, anyhow::Error>`
[INFO] [stdout]   --> src/session.rs:42:3
[INFO] [stdout]    |
[INFO] [stdout] 42 |   pub fn attach(config: &S3Config, local_dir: &Path, cache: Option<Arc<FilesystemCache>>) -> anyhow::Result<Self> {
[INFO] [stdout]    |   ^^^^^^^^^^^^^^^^^^^^^^^^^^^^^^^^^^^^^^^^^^^^^^^^^^^^^^^^^^^^^^^^^^^^^^^^^^^^^^^^^^^^^^^^^^^^^^^^^^^^^^^^^^^^^^^
[INFO] [stdout] 
[INFO] [stdout] 
[INFO] [stdout] error[E0599]: no associated function or constant named `attach_operator_for_tests` found for struct `S3Session` in the current scope
[INFO] [stdout]   --> tests/backend_tests.rs:97:28
[INFO] [stdout]    |
[INFO] [stdout] 97 |   let session = S3Session::attach_operator_for_tests(operator.clone(), dir.path()).expect("session");
[INFO] [stdout]    |                            ^^^^^^^^^^^^^^^^^^^^^^^^^ associated function or constant not found in `S3Session`
[INFO] [stdout]    |
[INFO] [stdout] note: if you're trying to build a new `S3Session`, consider using `S3Session::attach` which returns `Result<S3Session, anyhow::Error>`
[INFO] [stdout]   --> src/session.rs:42:3
[INFO] [stdout]    |
[INFO] [stdout] 42 |   pub fn attach(config: &S3Config, local_dir: &Path, cache: Option<Arc<FilesystemCache>>) -> anyhow::Result<Self> {
[INFO] [stdout]    |   ^^^^^^^^^^^^^^^^^^^^^^^^^^^^^^^^^^^^^^^^^^^^^^^^^^^^^^^^^^^^^^^^^^^^^^^^^^^^^^^^^^^^^^^^^^^^^^^^^^^^^^^^^^^^^^^
[INFO] [stdout] 
[INFO] [stdout] 
[INFO] [stdout] error[E0599]: no associated function or constant named `attach_operator_for_tests` found for struct `S3Session` in the current scope
[INFO] [stdout]    --> tests/backend_tests.rs:120:28
[INFO] [stdout]     |
[INFO] [stdout] 120 |   let session = S3Session::attach_operator_for_tests(operator.clone(), dir.path()).expect("session");
[INFO] [stdout]     |                            ^^^^^^^^^^^^^^^^^^^^^^^^^ associated function or constant not found in `S3Session`
[INFO] [stdout]     |
[INFO] [stdout] note: if you're trying to build a new `S3Session`, consider using `S3Session::attach` which returns `Result<S3Session, anyhow::Error>`
[INFO] [stdout]    --> src/session.rs:42:3
[INFO] [stdout]     |
[INFO] [stdout]  42 |   pub fn attach(config: &S3Config, local_dir: &Path, cache: Option<Arc<FilesystemCache>>) -> anyhow::Result<Self> {
[INFO] [stdout]     |   ^^^^^^^^^^^^^^^^^^^^^^^^^^^^^^^^^^^^^^^^^^^^^^^^^^^^^^^^^^^^^^^^^^^^^^^^^^^^^^^^^^^^^^^^^^^^^^^^^^^^^^^^^^^^^^^
[INFO] [stdout] 
[INFO] [stdout] 
[INFO] [stdout] error[E0599]: no associated function or constant named `attach_operator_for_tests` found for struct `S3Session` in the current scope
[INFO] [stdout]    --> tests/backend_tests.rs:144:28
[INFO] [stdout]     |
[INFO] [stdout] 144 |   let session = S3Session::attach_operator_for_tests(operator.clone(), dir.path()).expect("session");
[INFO] [stdout]     |                            ^^^^^^^^^^^^^^^^^^^^^^^^^ associated function or constant not found in `S3Session`
[INFO] [stdout]     |
[INFO] [stdout] note: if you're trying to build a new `S3Session`, consider using `S3Session::attach` which returns `Result<S3Session, anyhow::Error>`
[INFO] [stdout]    --> src/session.rs:42:3
[INFO] [stdout]     |
[INFO] [stdout]  42 |   pub fn attach(config: &S3Config, local_dir: &Path, cache: Option<Arc<FilesystemCache>>) -> anyhow::Result<Self> {
[INFO] [stdout]     |   ^^^^^^^^^^^^^^^^^^^^^^^^^^^^^^^^^^^^^^^^^^^^^^^^^^^^^^^^^^^^^^^^^^^^^^^^^^^^^^^^^^^^^^^^^^^^^^^^^^^^^^^^^^^^^^^
[INFO] [stdout] 
[INFO] [stdout] 
[INFO] [stdout] error[E0599]: no associated function or constant named `attach_operator_for_tests` found for struct `S3Session` in the current scope
[INFO] [stdout]    --> tests/backend_tests.rs:175:28
[INFO] [stdout]     |
[INFO] [stdout] 175 |   let session = S3Session::attach_operator_for_tests(operator.clone(), dir.path()).expect("session");
[INFO] [stdout]     |                            ^^^^^^^^^^^^^^^^^^^^^^^^^ associated function or constant not found in `S3Session`
[INFO] [stdout]     |
[INFO] [stdout] note: if you're trying to build a new `S3Session`, consider using `S3Session::attach` which returns `Result<S3Session, anyhow::Error>`
[INFO] [stdout]    --> src/session.rs:42:3
[INFO] [stdout]     |
[INFO] [stdout]  42 |   pub fn attach(config: &S3Config, local_dir: &Path, cache: Option<Arc<FilesystemCache>>) -> anyhow::Result<Self> {
[INFO] [stdout]     |   ^^^^^^^^^^^^^^^^^^^^^^^^^^^^^^^^^^^^^^^^^^^^^^^^^^^^^^^^^^^^^^^^^^^^^^^^^^^^^^^^^^^^^^^^^^^^^^^^^^^^^^^^^^^^^^^
[INFO] [stdout] 
[INFO] [stdout] 
[INFO] [stdout] error[E0599]: no associated function or constant named `attach_operator_with_cache_for_tests` found for struct `S3Session` in the current scope
[INFO] [stdout]    --> tests/backend_tests.rs:212:28
[INFO] [stdout]     |
[INFO] [stdout] 212 |   let session = S3Session::attach_operator_with_cache_for_tests(
[INFO] [stdout]     |                            ^^^^^^^^^^^^^^^^^^^^^^^^^^^^^^^^^^^^ associated function or constant not found in `S3Session`
[INFO] [stdout]     |
[INFO] [stdout] note: if you're trying to build a new `S3Session`, consider using `S3Session::attach` which returns `Result<S3Session, anyhow::Error>`
[INFO] [stdout]    --> src/session.rs:42:3
[INFO] [stdout]     |
[INFO] [stdout]  42 |   pub fn attach(config: &S3Config, local_dir: &Path, cache: Option<Arc<FilesystemCache>>) -> anyhow::Result<Self> {
[INFO] [stdout]     |   ^^^^^^^^^^^^^^^^^^^^^^^^^^^^^^^^^^^^^^^^^^^^^^^^^^^^^^^^^^^^^^^^^^^^^^^^^^^^^^^^^^^^^^^^^^^^^^^^^^^^^^^^^^^^^^^
[INFO] [stdout] 
[INFO] [stdout] 
[INFO] [stdout] error[E0599]: no associated function or constant named `attach_operator_with_cache_for_tests` found for struct `S3Session` in the current scope
[INFO] [stdout]    --> tests/backend_tests.rs:248:28
[INFO] [stdout]     |
[INFO] [stdout] 248 |   let session = S3Session::attach_operator_with_cache_for_tests(
[INFO] [stdout]     |                            ^^^^^^^^^^^^^^^^^^^^^^^^^^^^^^^^^^^^ associated function or constant not found in `S3Session`
[INFO] [stdout]     |
[INFO] [stdout] note: if you're trying to build a new `S3Session`, consider using `S3Session::attach` which returns `Result<S3Session, anyhow::Error>`
[INFO] [stdout]    --> src/session.rs:42:3
[INFO] [stdout]     |
[INFO] [stdout]  42 |   pub fn attach(config: &S3Config, local_dir: &Path, cache: Option<Arc<FilesystemCache>>) -> anyhow::Result<Self> {
[INFO] [stdout]     |   ^^^^^^^^^^^^^^^^^^^^^^^^^^^^^^^^^^^^^^^^^^^^^^^^^^^^^^^^^^^^^^^^^^^^^^^^^^^^^^^^^^^^^^^^^^^^^^^^^^^^^^^^^^^^^^^
[INFO] [stdout] 
[INFO] [stdout] 
[INFO] [stdout] error[E0599]: no associated function or constant named `attach_operator_with_cache_for_tests` found for struct `S3Session` in the current scope
[INFO] [stdout]    --> tests/backend_tests.rs:295:30
[INFO] [stdout]     |
[INFO] [stdout] 295 |     let session = S3Session::attach_operator_with_cache_for_tests(
[INFO] [stdout]     |                              ^^^^^^^^^^^^^^^^^^^^^^^^^^^^^^^^^^^^ associated function or constant not found in `S3Session`
[INFO] [stdout]     |
[INFO] [stdout] note: if you're trying to build a new `S3Session`, consider using `S3Session::attach` which returns `Result<S3Session, anyhow::Error>`
[INFO] [stdout]    --> src/session.rs:42:3
[INFO] [stdout]     |
[INFO] [stdout]  42 |   pub fn attach(config: &S3Config, local_dir: &Path, cache: Option<Arc<FilesystemCache>>) -> anyhow::Result<Self> {
[INFO] [stdout]     |   ^^^^^^^^^^^^^^^^^^^^^^^^^^^^^^^^^^^^^^^^^^^^^^^^^^^^^^^^^^^^^^^^^^^^^^^^^^^^^^^^^^^^^^^^^^^^^^^^^^^^^^^^^^^^^^^
[INFO] [stdout] 
[INFO] [stdout] 
[INFO] [stdout] error[E0599]: no associated function or constant named `attach_operator_with_cache_for_tests` found for struct `S3Session` in the current scope
[INFO] [stdout]    --> tests/backend_tests.rs:314:30
[INFO] [stdout]     |
[INFO] [stdout] 314 |   let session_b = S3Session::attach_operator_with_cache_for_tests(
[INFO] [stdout]     |                              ^^^^^^^^^^^^^^^^^^^^^^^^^^^^^^^^^^^^ associated function or constant not found in `S3Session`
[INFO] [stdout]     |
[INFO] [stdout] note: if you're trying to build a new `S3Session`, consider using `S3Session::attach` which returns `Result<S3Session, anyhow::Error>`
[INFO] [stdout]    --> src/session.rs:42:3
[INFO] [stdout]     |
[INFO] [stdout]  42 |   pub fn attach(config: &S3Config, local_dir: &Path, cache: Option<Arc<FilesystemCache>>) -> anyhow::Result<Self> {
[INFO] [stdout]     |   ^^^^^^^^^^^^^^^^^^^^^^^^^^^^^^^^^^^^^^^^^^^^^^^^^^^^^^^^^^^^^^^^^^^^^^^^^^^^^^^^^^^^^^^^^^^^^^^^^^^^^^^^^^^^^^^
[INFO] [stdout] 
[INFO] [stdout] 
[INFO] [stdout] error[E0599]: no associated function or constant named `attach_operator_for_tests` found for struct `S3Session` in the current scope
[INFO] [stdout]    --> tests/backend_tests.rs:338:28
[INFO] [stdout]     |
[INFO] [stdout] 338 |   let session = S3Session::attach_operator_for_tests(operator.clone(), dir.path()).expect("session");
[INFO] [stdout]     |                            ^^^^^^^^^^^^^^^^^^^^^^^^^ associated function or constant not found in `S3Session`
[INFO] [stdout]     |
[INFO] [stdout] note: if you're trying to build a new `S3Session`, consider using `S3Session::attach` which returns `Result<S3Session, anyhow::Error>`
[INFO] [stdout]    --> src/session.rs:42:3
[INFO] [stdout]     |
[INFO] [stdout]  42 |   pub fn attach(config: &S3Config, local_dir: &Path, cache: Option<Arc<FilesystemCache>>) -> anyhow::Result<Self> {
[INFO] [stdout]     |   ^^^^^^^^^^^^^^^^^^^^^^^^^^^^^^^^^^^^^^^^^^^^^^^^^^^^^^^^^^^^^^^^^^^^^^^^^^^^^^^^^^^^^^^^^^^^^^^^^^^^^^^^^^^^^^^
[INFO] [stdout] 
[INFO] [stdout] 
[INFO] [stdout] For more information about this error, try `rustc --explain E0599`.
[INFO] [stdout] 
[INFO] [stderr] error: could not compile `omnifuse-s3` (test "backend_tests") due to 12 previous errors
[INFO] [stderr] warning: build failed, waiting for other jobs to finish...
[INFO] running `Command { std: "docker" "inspect" "9997b7cf9cb0d327eed57c6a188d600a4cc72833b4d26fb9e09e096bd0f12787", kill_on_drop: false }`
[INFO] running `Command { std: "docker" "rm" "-f" "9997b7cf9cb0d327eed57c6a188d600a4cc72833b4d26fb9e09e096bd0f12787", kill_on_drop: false }`
[INFO] [stdout] 9997b7cf9cb0d327eed57c6a188d600a4cc72833b4d26fb9e09e096bd0f12787
