[INFO] fetching crate omnifuse-core 0.3.0...
[INFO] testing omnifuse-core-0.3.0 against 1.100.0-beta.1+cargoflags=--release for beta-release-1.100-2
[INFO] extracting crate omnifuse-core 0.3.0 into /workspace/builds/worker-7-tc2/source
[INFO] started tweaking crates.io crate omnifuse-core 0.3.0
[INFO] removed 0 missing tests
[INFO] finished tweaking crates.io crate omnifuse-core 0.3.0
[INFO] tweaked toml for crates.io crate omnifuse-core 0.3.0 written to /workspace/builds/worker-7-tc2/source/Cargo.toml
[INFO] validating manifest of crates.io crate omnifuse-core 0.3.0 on toolchain 1.100.0-beta.1
[INFO] running `Command { std: CARGO_HOME="/workspace/cargo-home" RUSTUP_HOME="/workspace/rustup-home" "/workspace/cargo-home/bin/cargo" "+1.100.0-beta.1" "metadata" "--manifest-path" "Cargo.toml" "--no-deps", kill_on_drop: false }`
[INFO] crate crates.io crate omnifuse-core 0.3.0 already has a lockfile, it will not be regenerated
[INFO] running `Command { std: CARGO_HOME="/workspace/cargo-home" RUSTUP_HOME="/workspace/rustup-home" "/workspace/cargo-home/bin/cargo" "+1.100.0-beta.1" "fetch" "--manifest-path" "Cargo.toml", kill_on_drop: false }`
[INFO] [stderr] warning: `package.homepage` is redundant with `package.repository`
[INFO] [stderr]   --> Cargo.toml:93:12
[INFO] [stderr]    |
[INFO] [stderr] 93 | homepage = "https://github.com/veged/omniFUSE"
[INFO] [stderr]    |            ^^^^^^^^^^^^^^^^^^^^^^^^^^^^^^^^^^^
[INFO] [stderr] ...
[INFO] [stderr] 98 | repository = "https://github.com/veged/omniFUSE"
[INFO] [stderr]    |              -----------------------------------
[INFO] [stderr]    |
[INFO] [stderr]    = note: `cargo::redundant_homepage` is set to `warn` by default
[INFO] [stderr] help: consider removing `package.homepage`
[INFO] [stderr] warning: `omnifuse-core` (manifest) generated 1 warning
[INFO] running `Command { std: "docker" "create" "-v" "/var/lib/crater-agent-workspace/builds/worker-7-tc2/source:/opt/rustwide/workdir:ro,Z" "-v" "/var/lib/crater-agent-workspace/builds/worker-7-tc2/target:/opt/rustwide/target:rw,Z" "-v" "/var/lib/crater-agent-workspace/cargo-home:/opt/rustwide/cargo-home:ro,Z" "-v" "/var/lib/crater-agent-workspace/rustup-home:/opt/rustwide/rustup-home:ro,Z" "-m" "1610612736" "--network" "none" "ghcr.io/rust-lang/crates-build-env/linux@sha256:77db811e55d90add9212f6832c23229e3de5f1c1f9905e8cb07319ea15df73ac" "sleep" "infinity", kill_on_drop: false }`
[INFO] [stdout] 2e5a86dd6214d5210193dd185bfa9946411354430aef7f0d2ef0f80cf1809062
[INFO] running `Command { std: "docker" "start" "2e5a86dd6214d5210193dd185bfa9946411354430aef7f0d2ef0f80cf1809062", kill_on_drop: false }`
[INFO] running `Command { std: "docker" "inspect" "2e5a86dd6214d5210193dd185bfa9946411354430aef7f0d2ef0f80cf1809062", kill_on_drop: false }`
[INFO] running `Command { std: "docker" "exec" "-e" "SOURCE_DIR=/opt/rustwide/workdir" "-e" "CARGO_HOME=/opt/rustwide/cargo-home" "-e" "RUSTUP_HOME=/opt/rustwide/rustup-home" "-e" "CARGO_TARGET_DIR=/opt/rustwide/target" "-w" "/opt/rustwide/workdir" "--user" "0:0" "2e5a86dd6214d5210193dd185bfa9946411354430aef7f0d2ef0f80cf1809062" "/opt/rustwide/cargo-home/bin/cargo" "+1.100.0-beta.1" "metadata" "--no-deps" "--format-version=1", kill_on_drop: false }`
[INFO] running `Command { std: "docker" "inspect" "2e5a86dd6214d5210193dd185bfa9946411354430aef7f0d2ef0f80cf1809062", kill_on_drop: false }`
[INFO] running `Command { std: "docker" "exec" "-e" "SOURCE_DIR=/opt/rustwide/workdir" "-e" "CARGO_HOME=/opt/rustwide/cargo-home" "-e" "RUSTUP_HOME=/opt/rustwide/rustup-home" "-e" "CARGO_TARGET_DIR=/opt/rustwide/target" "-e" "CARGO_INCREMENTAL=0" "-e" "RUST_BACKTRACE=full" "-e" "RUSTFLAGS=--cap-lints=warn" "-e" "RUSTDOCFLAGS=--cap-lints=warn" "-w" "/opt/rustwide/workdir" "--user" "0:0" "2e5a86dd6214d5210193dd185bfa9946411354430aef7f0d2ef0f80cf1809062" "/opt/rustwide/cargo-home/bin/cargo" "+1.100.0-beta.1" "build" "--frozen" "--message-format=json" "--release", kill_on_drop: false }`
[INFO] [stderr] warning: `package.homepage` is redundant with `package.repository`
[INFO] [stderr]   --> Cargo.toml:93:12
[INFO] [stderr]    |
[INFO] [stderr] 93 | homepage = "https://github.com/veged/omniFUSE"
[INFO] [stderr]    |            ^^^^^^^^^^^^^^^^^^^^^^^^^^^^^^^^^^^
[INFO] [stderr] ...
[INFO] [stderr] 98 | repository = "https://github.com/veged/omniFUSE"
[INFO] [stderr]    |              -----------------------------------
[INFO] [stderr]    |
[INFO] [stderr]    = note: `cargo::redundant_homepage` is set to `warn` by default
[INFO] [stderr] help: consider removing `package.homepage`
[INFO] [stderr] warning: `omnifuse-core` (manifest) generated 1 warning
[INFO] [stderr]    Compiling quote v1.0.44
[INFO] [stderr]    Compiling unicode-ident v1.0.23
[INFO] [stderr]    Compiling libc v0.2.181
[INFO] [stderr]    Compiling tracing-core v0.1.36
[INFO] [stderr]    Compiling rustix v0.38.44
[INFO] [stderr]    Compiling nix v0.29.0
[INFO] [stderr]    Compiling futures-sink v0.3.31
[INFO] [stderr]    Compiling linux-raw-sys v0.4.15
[INFO] [stderr]    Compiling concurrent-queue v2.5.0
[INFO] [stderr]    Compiling rustix v1.1.3
[INFO] [stderr]    Compiling zmij v1.0.20
[INFO] [stderr]    Compiling regex-syntax v0.8.9
[INFO] [stderr]    Compiling aligned_box v0.3.0
[INFO] [stderr]    Compiling log v0.4.29
[INFO] [stderr]    Compiling winnow v0.5.40
[INFO] [stderr]    Compiling anyhow v1.0.101
[INFO] [stderr]    Compiling proc-macro2 v1.0.106
[INFO] [stderr]    Compiling diffy v0.4.2
[INFO] [stderr]    Compiling futures-channel v0.3.31
[INFO] [stderr]    Compiling serde_json v1.0.149
[INFO] [stderr]    Compiling event-listener v5.4.1
[INFO] [stderr]    Compiling tracing-log v0.2.0
[INFO] [stderr]    Compiling async-notify v0.3.2
[INFO] [stderr]    Compiling syn v2.0.114
[INFO] [stderr]    Compiling xattr v1.6.1
[INFO] [stderr]    Compiling regex-automata v0.4.14
[INFO] [stderr]    Compiling parking_lot_core v0.9.12
[INFO] [stderr]    Compiling errno v0.3.14
[INFO] [stderr]    Compiling socket2 v0.6.2
[INFO] [stderr]    Compiling mio v1.1.1
[INFO] [stderr]    Compiling signal-hook-registry v1.4.8
[INFO] [stderr]    Compiling parking_lot v0.12.5
[INFO] [stderr]    Compiling dashmap v6.1.0
[INFO] [stderr]    Compiling which v4.4.2
[INFO] [stderr]    Compiling matchers v0.2.0
[INFO] [stderr]    Compiling serde_derive v1.0.228
[INFO] [stderr]    Compiling tracing-attributes v0.1.31
[INFO] [stderr]    Compiling futures-macro v0.3.31
[INFO] [stderr]    Compiling tokio-macros v2.6.0
[INFO] [stderr]    Compiling thiserror-impl v2.0.18
[INFO] [stderr]    Compiling trait-make v0.1.0
[INFO] [stderr]    Compiling async-trait v0.1.89
[INFO] [stderr]    Compiling tracing v0.1.44
[INFO] [stderr]    Compiling tracing-subscriber v0.3.22
[INFO] [stderr]    Compiling tokio v1.49.0
[INFO] [stderr]    Compiling futures-util v0.3.31
[INFO] [stderr]    Compiling thiserror v2.0.18
[INFO] [stderr]    Compiling serde v1.0.228
[INFO] [stderr]    Compiling bincode v1.3.3
[INFO] [stderr]    Compiling serde_spanned v0.6.9
[INFO] [stderr]    Compiling toml_datetime v0.6.3
[INFO] [stderr]    Compiling toml_edit v0.20.2
[INFO] [stderr]    Compiling toml v0.8.2
[INFO] [stderr]    Compiling rfuse3 v0.0.9
[INFO] [stderr]    Compiling unifuse v0.3.0
[INFO] [stderr]    Compiling omnifuse-core v0.3.0 (/opt/rustwide/workdir)
[INFO] [stdout] warning: use of deprecated method `std::sync::atomic::Atomic::<usize>::fetch_update`: renamed to `try_update` for consistency
[INFO] [stdout]    --> src/buffer.rs:311:12
[INFO] [stdout]     |
[INFO] [stdout] 311 |           .fetch_update(Ordering::SeqCst, Ordering::SeqCst, |cur| Some(cur.saturating_sub(size)))
[INFO] [stdout]     |            ^^^^^^^^^^^^
[INFO] [stdout]     |
[INFO] [stdout]     = note: `#[warn(deprecated)]` on by default
[INFO] [stdout] help: replace the use of the deprecated method
[INFO] [stdout]     |
[INFO] [stdout] 311 -           .fetch_update(Ordering::SeqCst, Ordering::SeqCst, |cur| Some(cur.saturating_sub(size)))
[INFO] [stdout] 311 +           .try_update(Ordering::SeqCst, Ordering::SeqCst, |cur| Some(cur.saturating_sub(size)))
[INFO] [stdout]     |
[INFO] [stdout] 
[INFO] [stdout] 
[INFO] [stdout] warning: use of deprecated method `std::sync::atomic::Atomic::<usize>::fetch_update`: renamed to `try_update` for consistency
[INFO] [stdout]    --> src/buffer.rs:325:10
[INFO] [stdout]     |
[INFO] [stdout] 325 |         .fetch_update(Ordering::SeqCst, Ordering::SeqCst, |cur| Some(cur.saturating_sub(size)))
[INFO] [stdout]     |          ^^^^^^^^^^^^
[INFO] [stdout]     |
[INFO] [stdout] help: replace the use of the deprecated method
[INFO] [stdout]     |
[INFO] [stdout] 325 -         .fetch_update(Ordering::SeqCst, Ordering::SeqCst, |cur| Some(cur.saturating_sub(size)))
[INFO] [stdout] 325 +         .try_update(Ordering::SeqCst, Ordering::SeqCst, |cur| Some(cur.saturating_sub(size)))
[INFO] [stdout]     |
[INFO] [stdout] 
[INFO] [stdout] 
[INFO] [stderr] warning: unused dependency `toml`
[INFO] [stderr]   --> Cargo.toml:27:15
[INFO] [stderr]    |
[INFO] [stderr] 27 | [dependencies.toml]
[INFO] [stderr]    |               ^^^^^
[INFO] [stderr]    |
[INFO] [stderr]    = note: `cargo::unused_dependencies` is set to `warn` by default
[INFO] [stderr] help: consider removing the dependency on `toml`
[INFO] [stderr] warning: `omnifuse-core` (manifest) generated 1 warning
[INFO] [stderr]     Finished `release` profile [optimized] target(s) in 46.10s
[INFO] [stderr] warning: the following packages contain code that will be rejected by a future version of Rust: nix v0.29.0
[INFO] [stderr] note: to see what the problems were, use the option `--future-incompat-report`, or run `cargo report future-incompatibilities --id 6`
[INFO] running `Command { std: "docker" "inspect" "2e5a86dd6214d5210193dd185bfa9946411354430aef7f0d2ef0f80cf1809062", kill_on_drop: false }`
[INFO] running `Command { std: "docker" "exec" "-e" "SOURCE_DIR=/opt/rustwide/workdir" "-e" "CARGO_HOME=/opt/rustwide/cargo-home" "-e" "RUSTUP_HOME=/opt/rustwide/rustup-home" "-e" "CARGO_TARGET_DIR=/opt/rustwide/target" "-e" "CARGO_INCREMENTAL=0" "-e" "RUST_BACKTRACE=full" "-e" "RUSTFLAGS=--cap-lints=warn" "-e" "RUSTDOCFLAGS=--cap-lints=warn" "-w" "/opt/rustwide/workdir" "--user" "0:0" "2e5a86dd6214d5210193dd185bfa9946411354430aef7f0d2ef0f80cf1809062" "/opt/rustwide/cargo-home/bin/cargo" "+1.100.0-beta.1" "test" "--frozen" "--no-run" "--message-format=json" "--release", kill_on_drop: false }`
[INFO] [stderr] warning: `package.homepage` is redundant with `package.repository`
[INFO] [stderr]   --> Cargo.toml:93:12
[INFO] [stderr]    |
[INFO] [stderr] 93 | homepage = "https://github.com/veged/omniFUSE"
[INFO] [stderr]    |            ^^^^^^^^^^^^^^^^^^^^^^^^^^^^^^^^^^^
[INFO] [stderr] ...
[INFO] [stderr] 98 | repository = "https://github.com/veged/omniFUSE"
[INFO] [stderr]    |              -----------------------------------
[INFO] [stderr]    |
[INFO] [stderr]    = note: `cargo::redundant_homepage` is set to `warn` by default
[INFO] [stderr] help: consider removing `package.homepage`
[INFO] [stderr] warning: `omnifuse-core` (manifest) generated 1 warning
[INFO] [stderr]    Compiling tokio v1.49.0
[INFO] [stderr]    Compiling getrandom v0.4.1
[INFO] [stderr]    Compiling xattr v1.6.1
[INFO] [stderr]    Compiling tempfile v3.25.0
[INFO] [stderr]    Compiling rfuse3 v0.0.9
[INFO] [stderr]    Compiling unifuse v0.3.0
[INFO] [stderr]    Compiling omnifuse-core v0.3.0 (/opt/rustwide/workdir)
[INFO] [stdout] warning: use of deprecated method `std::sync::atomic::Atomic::<usize>::fetch_update`: renamed to `try_update` for consistency
[INFO] [stdout]    --> src/buffer.rs:311:12
[INFO] [stdout]     |
[INFO] [stdout] 311 |           .fetch_update(Ordering::SeqCst, Ordering::SeqCst, |cur| Some(cur.saturating_sub(size)))
[INFO] [stdout]     |            ^^^^^^^^^^^^
[INFO] [stdout]     |
[INFO] [stdout]     = note: `#[warn(deprecated)]` on by default
[INFO] [stdout] help: replace the use of the deprecated method
[INFO] [stdout]     |
[INFO] [stdout] 311 -           .fetch_update(Ordering::SeqCst, Ordering::SeqCst, |cur| Some(cur.saturating_sub(size)))
[INFO] [stdout] 311 +           .try_update(Ordering::SeqCst, Ordering::SeqCst, |cur| Some(cur.saturating_sub(size)))
[INFO] [stdout]     |
[INFO] [stdout] 
[INFO] [stdout] 
[INFO] [stdout] warning: use of deprecated method `std::sync::atomic::Atomic::<usize>::fetch_update`: renamed to `try_update` for consistency
[INFO] [stdout]    --> src/buffer.rs:325:10
[INFO] [stdout]     |
[INFO] [stdout] 325 |         .fetch_update(Ordering::SeqCst, Ordering::SeqCst, |cur| Some(cur.saturating_sub(size)))
[INFO] [stdout]     |          ^^^^^^^^^^^^
[INFO] [stdout]     |
[INFO] [stdout] help: replace the use of the deprecated method
[INFO] [stdout]     |
[INFO] [stdout] 325 -         .fetch_update(Ordering::SeqCst, Ordering::SeqCst, |cur| Some(cur.saturating_sub(size)))
[INFO] [stdout] 325 +         .try_update(Ordering::SeqCst, Ordering::SeqCst, |cur| Some(cur.saturating_sub(size)))
[INFO] [stdout]     |
[INFO] [stdout] 
[INFO] [stdout] 
[INFO] [stdout] warning: use of deprecated method `std::sync::atomic::Atomic::<usize>::fetch_update`: renamed to `try_update` for consistency
[INFO] [stdout]    --> src/buffer.rs:311:12
[INFO] [stdout]     |
[INFO] [stdout] 311 |           .fetch_update(Ordering::SeqCst, Ordering::SeqCst, |cur| Some(cur.saturating_sub(size)))
[INFO] [stdout]     |            ^^^^^^^^^^^^
[INFO] [stdout]     |
[INFO] [stdout]     = note: `#[warn(deprecated)]` on by default
[INFO] [stdout] help: replace the use of the deprecated method
[INFO] [stdout]     |
[INFO] [stdout] 311 -           .fetch_update(Ordering::SeqCst, Ordering::SeqCst, |cur| Some(cur.saturating_sub(size)))
[INFO] [stdout] 311 +           .try_update(Ordering::SeqCst, Ordering::SeqCst, |cur| Some(cur.saturating_sub(size)))
[INFO] [stdout]     |
[INFO] [stdout] 
[INFO] [stdout] 
[INFO] [stdout] warning: use of deprecated method `std::sync::atomic::Atomic::<usize>::fetch_update`: renamed to `try_update` for consistency
[INFO] [stdout]    --> src/buffer.rs:325:10
[INFO] [stdout]     |
[INFO] [stdout] 325 |         .fetch_update(Ordering::SeqCst, Ordering::SeqCst, |cur| Some(cur.saturating_sub(size)))
[INFO] [stdout]     |          ^^^^^^^^^^^^
[INFO] [stdout]     |
[INFO] [stdout] help: replace the use of the deprecated method
[INFO] [stdout]     |
[INFO] [stdout] 325 -         .fetch_update(Ordering::SeqCst, Ordering::SeqCst, |cur| Some(cur.saturating_sub(size)))
[INFO] [stdout] 325 +         .try_update(Ordering::SeqCst, Ordering::SeqCst, |cur| Some(cur.saturating_sub(size)))
[INFO] [stdout]     |
[INFO] [stdout] 
[INFO] [stdout] 
[INFO] [stdout] error[E0432]: unresolved import `omnifuse_core::test_utils`
[INFO] [stdout]   --> tests/operational_event_tests.rs:11:3
[INFO] [stdout]    |
[INFO] [stdout] 11 |   test_utils::{MockBackend, TEST_TIMEOUT, TestEventHandler}
[INFO] [stdout]    |   ^^^^^^^^^^ could not find `test_utils` in `omnifuse_core`
[INFO] [stdout]    |
[INFO] [stdout] note: found an item that was configured out
[INFO] [stdout]   --> src/lib.rs:53:9
[INFO] [stdout]    |
[INFO] [stdout] 52 | #[cfg(any(test, feature = "test-utils"))]
[INFO] [stdout]    |          ------------------------------ the item is gated here
[INFO] [stdout] 53 | pub mod test_utils;
[INFO] [stdout]    |         ^^^^^^^^^^
[INFO] [stdout] 
[INFO] [stdout] 
[INFO] [stdout] error[E0432]: unresolved import `omnifuse_core::test_utils`
[INFO] [stdout]   --> tests/e2e_pipeline_tests.rs:26:3
[INFO] [stdout]    |
[INFO] [stdout] 26 |   test_utils::{MockBackend, TEST_TIMEOUT, TestEventHandler, with_timeout},
[INFO] [stdout]    |   ^^^^^^^^^^ could not find `test_utils` in `omnifuse_core`
[INFO] [stdout]    |
[INFO] [stdout] note: found an item that was configured out
[INFO] [stdout]   --> src/lib.rs:53:9
[INFO] [stdout]    |
[INFO] [stdout] 52 | #[cfg(any(test, feature = "test-utils"))]
[INFO] [stdout]    |          ------------------------------ the item is gated here
[INFO] [stdout] 53 | pub mod test_utils;
[INFO] [stdout]    |         ^^^^^^^^^^
[INFO] [stdout] 
[INFO] [stdout] 
[INFO] [stdout] error[E0432]: unresolved import `omnifuse_core::test_utils`
[INFO] [stdout]   --> tests/e2e_git_user_scenarios.rs:25:3
[INFO] [stdout]    |
[INFO] [stdout] 25 |   test_utils::{MockBackend, TEST_TIMEOUT, TestEventHandler, with_timeout},
[INFO] [stdout]    |   ^^^^^^^^^^ could not find `test_utils` in `omnifuse_core`
[INFO] [stdout]    |
[INFO] [stdout] note: found an item that was configured out
[INFO] [stdout]   --> src/lib.rs:53:9
[INFO] [stdout]    |
[INFO] [stdout] 52 | #[cfg(any(test, feature = "test-utils"))]
[INFO] [stdout]    |          ------------------------------ the item is gated here
[INFO] [stdout] 53 | pub mod test_utils;
[INFO] [stdout]    |         ^^^^^^^^^^
[INFO] [stdout] 
[INFO] [stdout] 
[INFO] [stdout] error[E0432]: unresolved import `omnifuse_core::test_utils`
[INFO] [stdout]   --> tests/e2e_edge_cases.rs:22:3
[INFO] [stdout]    |
[INFO] [stdout] 22 |   test_utils::{MockBackend, TEST_TIMEOUT, TestEventHandler, with_timeout},
[INFO] [stdout]    |   ^^^^^^^^^^ could not find `test_utils` in `omnifuse_core`
[INFO] [stdout]    |
[INFO] [stdout] note: found an item that was configured out
[INFO] [stdout]   --> src/lib.rs:53:9
[INFO] [stdout]    |
[INFO] [stdout] 52 | #[cfg(any(test, feature = "test-utils"))]
[INFO] [stdout]    |          ------------------------------ the item is gated here
[INFO] [stdout] 53 | pub mod test_utils;
[INFO] [stdout]    |         ^^^^^^^^^^
[INFO] [stdout] 
[INFO] [stdout] 
[INFO] [stdout] For more information about this error, try `rustc --explain E0432`.
[INFO] [stdout] 
[INFO] [stdout] error[E0432]: unresolved import `omnifuse_core::test_utils`
[INFO] [stdout]   --> tests/concurrent_editing_tests.rs:23:3
[INFO] [stdout]    |
[INFO] [stdout] 23 |   test_utils::{MockBackend, TestEventHandler, with_timeout},
[INFO] [stdout]    |   ^^^^^^^^^^ could not find `test_utils` in `omnifuse_core`
[INFO] [stdout]    |
[INFO] [stdout] note: found an item that was configured out
[INFO] [stdout]   --> src/lib.rs:53:9
[INFO] [stdout]    |
[INFO] [stdout] 52 | #[cfg(any(test, feature = "test-utils"))]
[INFO] [stdout]    |          ------------------------------ the item is gated here
[INFO] [stdout] 53 | pub mod test_utils;
[INFO] [stdout]    |         ^^^^^^^^^^
[INFO] [stdout] 
[INFO] [stdout] 
[INFO] [stderr] error: could not compile `omnifuse-core` (test "operational_event_tests") due to 1 previous error
[INFO] [stderr] warning: build failed, waiting for other jobs to finish...
[INFO] [stdout] error[E0432]: unresolved import `omnifuse_core::test_utils`
[INFO] [stdout]   --> tests/real_fuse_tests.rs:31:3
[INFO] [stdout]    |
[INFO] [stdout] 31 |   test_utils::{MockBackend, TEST_TIMEOUT, TestEventHandler, with_timeout},
[INFO] [stdout]    |   ^^^^^^^^^^ could not find `test_utils` in `omnifuse_core`
[INFO] [stdout]    |
[INFO] [stdout] note: found an item that was configured out
[INFO] [stdout]   --> src/lib.rs:53:9
[INFO] [stdout]    |
[INFO] [stdout] 52 | #[cfg(any(test, feature = "test-utils"))]
[INFO] [stdout]    |          ------------------------------ the item is gated here
[INFO] [stdout] 53 | pub mod test_utils;
[INFO] [stdout]    |         ^^^^^^^^^^
[INFO] [stdout] 
[INFO] [stdout] 
[INFO] [stdout] error[E0432]: unresolved import `omnifuse_core::test_utils`
[INFO] [stdout]   --> tests/e2e_cross_backend_scenarios.rs:25:3
[INFO] [stdout]    |
[INFO] [stdout] 25 |   test_utils::{MockBackend, TEST_TIMEOUT, TestEventHandler, with_timeout},
[INFO] [stdout]    |   ^^^^^^^^^^ could not find `test_utils` in `omnifuse_core`
[INFO] [stdout]    |
[INFO] [stdout] note: found an item that was configured out
[INFO] [stdout]   --> src/lib.rs:53:9
[INFO] [stdout]    |
[INFO] [stdout] 52 | #[cfg(any(test, feature = "test-utils"))]
[INFO] [stdout]    |          ------------------------------ the item is gated here
[INFO] [stdout] 53 | pub mod test_utils;
[INFO] [stdout]    |         ^^^^^^^^^^
[INFO] [stdout] 
[INFO] [stdout] 
[INFO] [stdout] For more information about this error, try `rustc --explain E0432`.
[INFO] [stdout] 
[INFO] [stderr] error: could not compile `omnifuse-core` (test "e2e_edge_cases") due to 1 previous error
[INFO] [stdout] For more information about this error, try `rustc --explain E0432`.
[INFO] [stdout] 
[INFO] [stderr] error: could not compile `omnifuse-core` (test "e2e_cross_backend_scenarios") due to 1 previous error
[INFO] [stdout] For more information about this error, try `rustc --explain E0432`.
[INFO] [stdout] 
[INFO] [stderr] error: could not compile `omnifuse-core` (test "real_fuse_tests") due to 1 previous error
[INFO] [stdout] For more information about this error, try `rustc --explain E0432`.
[INFO] [stdout] 
[INFO] [stderr] error: could not compile `omnifuse-core` (test "concurrent_editing_tests") due to 1 previous error
[INFO] [stdout] For more information about this error, try `rustc --explain E0432`.
[INFO] [stdout] 
[INFO] [stderr] error: could not compile `omnifuse-core` (test "e2e_git_user_scenarios") due to 1 previous error
[INFO] [stdout] For more information about this error, try `rustc --explain E0432`.
[INFO] [stdout] 
[INFO] [stderr] error: could not compile `omnifuse-core` (test "e2e_pipeline_tests") due to 1 previous error
[INFO] [stderr] warning: unused dependency `toml`
[INFO] [stderr]   --> Cargo.toml:27:15
[INFO] [stderr]    |
[INFO] [stderr] 27 | [dependencies.toml]
[INFO] [stderr]    |               ^^^^^
[INFO] [stderr]    |
[INFO] [stderr]    = note: `cargo::unused_dependencies` is set to `warn` by default
[INFO] [stderr] help: consider removing the dependency on `toml`
[INFO] [stderr] help: to still use for development builds, move to `dev-dependencies`
[INFO] [stderr] warning: `omnifuse-core` (manifest) generated 1 warning
[INFO] running `Command { std: "docker" "inspect" "2e5a86dd6214d5210193dd185bfa9946411354430aef7f0d2ef0f80cf1809062", kill_on_drop: false }`
[INFO] running `Command { std: "docker" "rm" "-f" "2e5a86dd6214d5210193dd185bfa9946411354430aef7f0d2ef0f80cf1809062", kill_on_drop: false }`
[INFO] [stdout] 2e5a86dd6214d5210193dd185bfa9946411354430aef7f0d2ef0f80cf1809062
