[INFO] fetching crate omnifs-sdk 0.1.0...
[INFO] testing omnifs-sdk-0.1.0 against 1.100.0-beta.1+cargoflags=--release for beta-release-1.100-2
[INFO] extracting crate omnifs-sdk 0.1.0 into /workspace/builds/worker-6-tc2/source
[INFO] started tweaking crates.io crate omnifs-sdk 0.1.0
[INFO] removed 0 missing tests
[INFO] finished tweaking crates.io crate omnifs-sdk 0.1.0
[INFO] tweaked toml for crates.io crate omnifs-sdk 0.1.0 written to /workspace/builds/worker-6-tc2/source/Cargo.toml
[INFO] validating manifest of crates.io crate omnifs-sdk 0.1.0 on toolchain 1.100.0-beta.1
[INFO] running `Command { std: CARGO_HOME="/workspace/cargo-home" RUSTUP_HOME="/workspace/rustup-home" "/workspace/cargo-home/bin/cargo" "+1.100.0-beta.1" "metadata" "--manifest-path" "Cargo.toml" "--no-deps", kill_on_drop: false }`
[INFO] crate crates.io crate omnifs-sdk 0.1.0 already has a lockfile, it will not be regenerated
[INFO] running `Command { std: CARGO_HOME="/workspace/cargo-home" RUSTUP_HOME="/workspace/rustup-home" "/workspace/cargo-home/bin/cargo" "+1.100.0-beta.1" "fetch" "--manifest-path" "Cargo.toml", kill_on_drop: false }`
[INFO] [stderr] warning: `package.homepage` is redundant with `package.repository`
[INFO] [stderr]   --> Cargo.toml:64:12
[INFO] [stderr]    |
[INFO] [stderr] 64 | homepage = "https://github.com/raulk/omnifs"
[INFO] [stderr]    |            ^^^^^^^^^^^^^^^^^^^^^^^^^^^^^^^^^
[INFO] [stderr] ...
[INFO] [stderr] 69 | repository = "https://github.com/raulk/omnifs"
[INFO] [stderr]    |              ---------------------------------
[INFO] [stderr]    |
[INFO] [stderr]    = note: `cargo::redundant_homepage` is set to `warn` by default
[INFO] [stderr] help: consider removing `package.homepage`
[INFO] [stderr] warning: `omnifs-sdk` (manifest) generated 1 warning
[INFO] running `Command { std: "docker" "create" "-v" "/var/lib/crater-agent-workspace/builds/worker-6-tc2/source:/opt/rustwide/workdir:ro,Z" "-v" "/var/lib/crater-agent-workspace/builds/worker-6-tc2/target:/opt/rustwide/target:rw,Z" "-v" "/var/lib/crater-agent-workspace/cargo-home:/opt/rustwide/cargo-home:ro,Z" "-v" "/var/lib/crater-agent-workspace/rustup-home:/opt/rustwide/rustup-home:ro,Z" "-m" "1610612736" "--network" "none" "ghcr.io/rust-lang/crates-build-env/linux@sha256:77db811e55d90add9212f6832c23229e3de5f1c1f9905e8cb07319ea15df73ac" "sleep" "infinity", kill_on_drop: false }`
[INFO] [stdout] efab94aee56f29622316a240f50da66d9cc130c7a97632a424872e4467c22a1d
[INFO] running `Command { std: "docker" "start" "efab94aee56f29622316a240f50da66d9cc130c7a97632a424872e4467c22a1d", kill_on_drop: false }`
[INFO] running `Command { std: "docker" "inspect" "efab94aee56f29622316a240f50da66d9cc130c7a97632a424872e4467c22a1d", kill_on_drop: false }`
[INFO] running `Command { std: "docker" "exec" "-e" "SOURCE_DIR=/opt/rustwide/workdir" "-e" "CARGO_HOME=/opt/rustwide/cargo-home" "-e" "RUSTUP_HOME=/opt/rustwide/rustup-home" "-e" "CARGO_TARGET_DIR=/opt/rustwide/target" "-w" "/opt/rustwide/workdir" "--user" "0:0" "efab94aee56f29622316a240f50da66d9cc130c7a97632a424872e4467c22a1d" "/opt/rustwide/cargo-home/bin/cargo" "+1.100.0-beta.1" "metadata" "--no-deps" "--format-version=1", kill_on_drop: false }`
[INFO] running `Command { std: "docker" "inspect" "efab94aee56f29622316a240f50da66d9cc130c7a97632a424872e4467c22a1d", kill_on_drop: false }`
[INFO] running `Command { std: "docker" "exec" "-e" "SOURCE_DIR=/opt/rustwide/workdir" "-e" "CARGO_HOME=/opt/rustwide/cargo-home" "-e" "RUSTUP_HOME=/opt/rustwide/rustup-home" "-e" "CARGO_TARGET_DIR=/opt/rustwide/target" "-e" "CARGO_INCREMENTAL=0" "-e" "RUST_BACKTRACE=full" "-e" "RUSTFLAGS=--cap-lints=warn" "-e" "RUSTDOCFLAGS=--cap-lints=warn" "-w" "/opt/rustwide/workdir" "--user" "0:0" "efab94aee56f29622316a240f50da66d9cc130c7a97632a424872e4467c22a1d" "/opt/rustwide/cargo-home/bin/cargo" "+1.100.0-beta.1" "build" "--frozen" "--message-format=json" "--release", kill_on_drop: false }`
[INFO] [stderr] warning: `package.homepage` is redundant with `package.repository`
[INFO] [stderr]   --> Cargo.toml:64:12
[INFO] [stderr]    |
[INFO] [stderr] 64 | homepage = "https://github.com/raulk/omnifs"
[INFO] [stderr]    |            ^^^^^^^^^^^^^^^^^^^^^^^^^^^^^^^^^
[INFO] [stderr] ...
[INFO] [stderr] 69 | repository = "https://github.com/raulk/omnifs"
[INFO] [stderr]    |              ---------------------------------
[INFO] [stderr]    |
[INFO] [stderr]    = note: `cargo::redundant_homepage` is set to `warn` by default
[INFO] [stderr] help: consider removing `package.homepage`
[INFO] [stderr] warning: `omnifs-sdk` (manifest) generated 1 warning
[INFO] [stderr]    Compiling stable_deref_trait v1.2.1
[INFO] [stderr]    Compiling litemap v0.8.2
[INFO] [stderr]    Compiling writeable v0.6.3
[INFO] [stderr]    Compiling bitflags v2.11.0
[INFO] [stderr]    Compiling utf8_iter v1.0.4
[INFO] [stderr]    Compiling icu_normalizer_data v2.2.0
[INFO] [stderr]    Compiling serde_core v1.0.228
[INFO] [stderr]    Compiling serde v1.0.228
[INFO] [stderr]    Compiling serde_json v1.0.149
[INFO] [stderr]    Compiling icu_properties_data v2.2.0
[INFO] [stderr]    Compiling smallvec v1.15.1
[INFO] [stderr]    Compiling foldhash v0.1.5
[INFO] [stderr]    Compiling wasmparser v0.227.1
[INFO] [stderr]    Compiling syn v2.0.117
[INFO] [stderr]    Compiling anyhow v1.0.102
[INFO] [stderr]    Compiling percent-encoding v2.3.2
[INFO] [stderr]    Compiling wasm-encoder v0.227.1
[INFO] [stderr]    Compiling futures-core v0.3.32
[INFO] [stderr]    Compiling topological-sort v0.2.2
[INFO] [stderr]    Compiling futures-sink v0.3.32
[INFO] [stderr]    Compiling leb128fmt v0.1.0
[INFO] [stderr]    Compiling form_urlencoded v1.2.2
[INFO] [stderr]    Compiling id-arena v2.3.0
[INFO] [stderr]    Compiling spdx v0.10.9
[INFO] [stderr]    Compiling futures-io v0.3.32
[INFO] [stderr]    Compiling thiserror v2.0.18
[INFO] [stderr]    Compiling hashbrown v0.15.5
[INFO] [stderr]    Compiling futures-channel v0.3.32
[INFO] [stderr]    Compiling foldhash v0.2.0
[INFO] [stderr]    Compiling wit-bindgen-rust v0.41.0
[INFO] [stderr]    Compiling hashbrown v0.16.1
[INFO] [stderr]    Compiling wit-bindgen-rust-macro v0.41.0
[INFO] [stderr]    Compiling wit-bindgen-rt v0.41.0
[INFO] [stderr]    Compiling indexmap v2.14.0
[INFO] [stderr]    Compiling spin v0.9.8
[INFO] [stderr]    Compiling semver v1.0.28
[INFO] [stderr]    Compiling dyn-clone v1.0.20
[INFO] [stderr]    Compiling lru v0.16.4
[INFO] [stderr]    Compiling rustc_version v0.4.1
[INFO] [stderr]    Compiling heapless v0.7.17
[INFO] [stderr]    Compiling synstructure v0.13.2
[INFO] [stderr]    Compiling prettyplease v0.2.37
[INFO] [stderr]    Compiling serde_derive_internals v0.29.1
[INFO] [stderr]    Compiling zerofrom-derive v0.1.7
[INFO] [stderr]    Compiling serde_derive v1.0.228
[INFO] [stderr]    Compiling yoke-derive v0.8.2
[INFO] [stderr]    Compiling zerovec-derive v0.11.3
[INFO] [stderr]    Compiling displaydoc v0.2.5
[INFO] [stderr]    Compiling futures-macro v0.3.32
[INFO] [stderr]    Compiling thiserror-impl v2.0.18
[INFO] [stderr]    Compiling ref-cast-impl v1.0.25
[INFO] [stderr]    Compiling schemars_derive v1.2.1
[INFO] [stderr]    Compiling ref-cast v1.0.25
[INFO] [stderr]    Compiling futures-util v0.3.32
[INFO] [stderr]    Compiling zerofrom v0.1.7
[INFO] [stderr]    Compiling yoke v0.8.2
[INFO] [stderr]    Compiling cobs v0.3.0
[INFO] [stderr]    Compiling zerovec v0.11.6
[INFO] [stderr]    Compiling zerotrie v0.2.4
[INFO] [stderr]    Compiling tinystr v0.8.3
[INFO] [stderr]    Compiling potential_utf v0.1.5
[INFO] [stderr]    Compiling icu_locale_core v2.2.0
[INFO] [stderr]    Compiling icu_collections v2.2.0
[INFO] [stderr]    Compiling icu_provider v2.2.0
[INFO] [stderr]    Compiling icu_normalizer v2.2.0
[INFO] [stderr]    Compiling icu_properties v2.2.0
[INFO] [stderr]    Compiling wasmparser v0.246.2
[INFO] [stderr]    Compiling schemars v1.2.1
[INFO] [stderr]    Compiling auditable-serde v0.8.0
[INFO] [stderr]    Compiling idna_adapter v1.2.1
[INFO] [stderr]    Compiling idna v1.1.0
[INFO] [stderr]    Compiling postcard v1.1.3
[INFO] [stderr]    Compiling url v2.5.8
[INFO] [stderr]    Compiling futures-executor v0.3.32
[INFO] [stderr]    Compiling futures v0.3.32
[INFO] [stderr]    Compiling wit-parser v0.227.1
[INFO] [stderr]    Compiling wasm-metadata v0.227.1
[INFO] [stderr]    Compiling wit-component v0.227.1
[INFO] [stderr]    Compiling wit-bindgen-core v0.41.0
[INFO] [stderr]    Compiling omnifs-mount-schema v0.1.0
[INFO] [stderr]    Compiling omnifs-sdk-macros v0.1.0
[INFO] [stderr]    Compiling wit-bindgen v0.41.0
[INFO] [stderr]    Compiling omnifs-sdk v0.1.0 (/opt/rustwide/workdir)
[INFO] [stdout] error: failed to read path for WIT [/opt/rustwide/workdir/../../wit]
[INFO] [stdout]        
[INFO] [stdout]        Caused by:
[INFO] [stdout]          No such file or directory (os error 2)
[INFO] [stdout]   --> src/lib.rs:11:1
[INFO] [stdout]    |
[INFO] [stdout] 11 | / wit_bindgen::generate!({
[INFO] [stdout] 12 | |     world: "provider",
[INFO] [stdout] 13 | |     path: "../../wit",
[INFO] [stdout] 14 | |     pub_export_macro: true,
[INFO] [stdout] 15 | | });
[INFO] [stdout]    | |__^
[INFO] [stdout]    |
[INFO] [stdout]    = note: this error originates in the macro `wit_bindgen::generate` (in Nightly builds, run with -Z macro-backtrace for more info)
[INFO] [stdout] 
[INFO] [stdout] 
[INFO] [stdout] error[E0433]: cannot find `omnifs` in the crate root
[INFO] [stdout]  --> src/browse.rs:6:12
[INFO] [stdout]   |
[INFO] [stdout] 6 | use crate::omnifs::provider::types as wit_types;
[INFO] [stdout]   |            ^^^^^^ could not find `omnifs` in the crate root
[INFO] [stdout] 
[INFO] [stdout] 
[INFO] [stdout] error[E0433]: cannot find `omnifs` in the crate root
[INFO] [stdout]   --> src/cx.rs:15:12
[INFO] [stdout]    |
[INFO] [stdout] 15 | use crate::omnifs::provider::types::{Callout, CalloutResult};
[INFO] [stdout]    |            ^^^^^^ could not find `omnifs` in the crate root
[INFO] [stdout] 
[INFO] [stdout] 
[INFO] [stdout] error[E0433]: cannot find `omnifs` in the crate root
[INFO] [stdout]  --> src/error.rs:1:12
[INFO] [stdout]   |
[INFO] [stdout] 1 | use crate::omnifs::provider::types::{
[INFO] [stdout]   |            ^^^^^^ could not find `omnifs` in the crate root
[INFO] [stdout] 
[INFO] [stdout] 
[INFO] [stdout] error[E0433]: cannot find `omnifs` in the crate root
[INFO] [stdout]  --> src/git.rs:6:12
[INFO] [stdout]   |
[INFO] [stdout] 6 | use crate::omnifs::provider::types::{Callout, CalloutResult, GitOpenRequest, GitRepoInfo};
[INFO] [stdout]   |            ^^^^^^ could not find `omnifs` in the crate root
[INFO] [stdout] 
[INFO] [stdout] 
[INFO] [stdout] error[E0433]: cannot find `omnifs` in the crate root
[INFO] [stdout]  --> src/helpers.rs:4:12
[INFO] [stdout]   |
[INFO] [stdout] 4 | use crate::omnifs::provider::types::{Callout, OpResult, ProviderReturn};
[INFO] [stdout]   |            ^^^^^^ could not find `omnifs` in the crate root
[INFO] [stdout] 
[INFO] [stdout] 
[INFO] [stdout] error[E0433]: cannot find `omnifs` in the crate root
[INFO] [stdout]  --> src/http.rs:9:12
[INFO] [stdout]   |
[INFO] [stdout] 9 | use crate::omnifs::provider::types::{Callout, CalloutResult, Header, HttpRequest, HttpResponse};
[INFO] [stdout]   |            ^^^^^^ could not find `omnifs` in the crate root
[INFO] [stdout] 
[INFO] [stdout] 
[INFO] [stdout] error[E0433]: cannot find `omnifs` in the crate root
[INFO] [stdout]  --> src/init.rs:6:12
[INFO] [stdout]   |
[INFO] [stdout] 6 | use crate::omnifs::provider::types::ProviderInfo;
[INFO] [stdout]   |            ^^^^^^ could not find `omnifs` in the crate root
[INFO] [stdout] 
[INFO] [stdout] 
[INFO] [stdout] error[E0433]: cannot find `omnifs` in the crate root
[INFO] [stdout]   --> src/prelude.rs:21:16
[INFO] [stdout]    |
[INFO] [stdout] 21 | pub use crate::omnifs::provider::types::{
[INFO] [stdout]    |                ^^^^^^ could not find `omnifs` in the crate root
[INFO] [stdout] 
[INFO] [stdout] 
[INFO] [stdout] error[E0432]: unresolved imports `crate::prelude::CalloutResults`, `crate::prelude::OpResult`, `crate::prelude::ProviderReturn`
[INFO] [stdout]  --> src/async_runtime.rs:4:22
[INFO] [stdout]   |
[INFO] [stdout] 4 | use crate::prelude::{CalloutResults, OpResult, ProviderReturn};
[INFO] [stdout]   |                      ^^^^^^^^^^^^^^  ^^^^^^^^  ^^^^^^^^^^^^^^
[INFO] [stdout] 
[INFO] [stdout] 
[INFO] [stdout] error[E0433]: cannot find `omnifs` in the crate root
[INFO] [stdout]   --> src/cx.rs:79:24
[INFO] [stdout]    |
[INFO] [stdout] 79 |         event: &crate::omnifs::provider::types::ProviderEvent,
[INFO] [stdout]    |                        ^^^^^^ could not find `omnifs` in the crate root
[INFO] [stdout] 
[INFO] [stdout] 
[INFO] [stdout] error[E0433]: cannot find `omnifs` in the crate root
[INFO] [stdout]   --> src/cx.rs:82:20
[INFO] [stdout]    |
[INFO] [stdout] 82 |             crate::omnifs::provider::types::ProviderEvent::TimerTick(ctx) => ctx
[INFO] [stdout]    |                    ^^^^^^ could not find `omnifs` in the crate root
[INFO] [stdout] 
[INFO] [stdout] 
[INFO] [stdout] Some errors have detailed explanations: E0432, E0433.
[INFO] [stdout] 
[INFO] [stdout] For more information about an error, try `rustc --explain E0432`.
[INFO] [stdout] 
[INFO] [stderr] error: could not compile `omnifs-sdk` (lib) due to 12 previous errors
[INFO] [stderr] warning: build failed, waiting for other jobs to finish...
[INFO] [stderr] warning: unused dependency `lru`
[INFO] [stderr]  --> Cargo.toml:7:15
[INFO] [stderr]   |
[INFO] [stderr] 7 | [dependencies.lru]
[INFO] [stderr]   |               ^^^^
[INFO] [stderr]   |
[INFO] [stderr]   = note: `cargo::unused_dependencies` is set to `warn` by default
[INFO] [stderr] help: consider removing the dependency on `lru`
[INFO] [stderr] warning: unused dependency `postcard`
[INFO] [stderr]   --> Cargo.toml:16:15
[INFO] [stderr]    |
[INFO] [stderr] 16 | [dependencies.postcard]
[INFO] [stderr]    |               ^^^^^^^^^
[INFO] [stderr]    |
[INFO] [stderr] help: consider removing the dependency on `postcard`
[INFO] [stderr] warning: `omnifs-sdk` (manifest) generated 2 warnings
[INFO] running `Command { std: "docker" "inspect" "efab94aee56f29622316a240f50da66d9cc130c7a97632a424872e4467c22a1d", kill_on_drop: false }`
[INFO] running `Command { std: "docker" "rm" "-f" "efab94aee56f29622316a240f50da66d9cc130c7a97632a424872e4467c22a1d", kill_on_drop: false }`
[INFO] [stdout] efab94aee56f29622316a240f50da66d9cc130c7a97632a424872e4467c22a1d
