[INFO] fetching crate oml-cryptokit-rs 0.1.1-alpha...
[INFO] testing oml-cryptokit-rs-0.1.1-alpha against 1.100.0-beta.1+cargoflags=--release for beta-release-1.100-2
[INFO] extracting crate oml-cryptokit-rs 0.1.1-alpha into /workspace/builds/worker-3-tc2/source
[INFO] started tweaking crates.io crate oml-cryptokit-rs 0.1.1-alpha
[INFO] finished tweaking crates.io crate oml-cryptokit-rs 0.1.1-alpha
[INFO] tweaked toml for crates.io crate oml-cryptokit-rs 0.1.1-alpha written to /workspace/builds/worker-3-tc2/source/Cargo.toml
[INFO] validating manifest of crates.io crate oml-cryptokit-rs 0.1.1-alpha on toolchain 1.100.0-beta.1
[INFO] running `Command { std: CARGO_HOME="/workspace/cargo-home" RUSTUP_HOME="/workspace/rustup-home" "/workspace/cargo-home/bin/cargo" "+1.100.0-beta.1" "metadata" "--manifest-path" "Cargo.toml" "--no-deps", kill_on_drop: false }`
[INFO] crate crates.io crate oml-cryptokit-rs 0.1.1-alpha already has a lockfile, it will not be regenerated
[INFO] running `Command { std: CARGO_HOME="/workspace/cargo-home" RUSTUP_HOME="/workspace/rustup-home" "/workspace/cargo-home/bin/cargo" "+1.100.0-beta.1" "fetch" "--manifest-path" "Cargo.toml", kill_on_drop: false }`
[INFO] running `Command { std: "docker" "create" "-v" "/var/lib/crater-agent-workspace/builds/worker-3-tc2/source:/opt/rustwide/workdir:ro,Z" "-v" "/var/lib/crater-agent-workspace/builds/worker-3-tc2/target:/opt/rustwide/target:rw,Z" "-v" "/var/lib/crater-agent-workspace/cargo-home:/opt/rustwide/cargo-home:ro,Z" "-v" "/var/lib/crater-agent-workspace/rustup-home:/opt/rustwide/rustup-home:ro,Z" "-m" "1610612736" "--network" "none" "ghcr.io/rust-lang/crates-build-env/linux@sha256:77db811e55d90add9212f6832c23229e3de5f1c1f9905e8cb07319ea15df73ac" "sleep" "infinity", kill_on_drop: false }`
[INFO] [stdout] db31db529e461699dc6c0d6be38de2146279b11a64b5cd19eb97615488bcc563
[INFO] running `Command { std: "docker" "start" "db31db529e461699dc6c0d6be38de2146279b11a64b5cd19eb97615488bcc563", kill_on_drop: false }`
[INFO] running `Command { std: "docker" "inspect" "db31db529e461699dc6c0d6be38de2146279b11a64b5cd19eb97615488bcc563", kill_on_drop: false }`
[INFO] running `Command { std: "docker" "exec" "-e" "SOURCE_DIR=/opt/rustwide/workdir" "-e" "CARGO_HOME=/opt/rustwide/cargo-home" "-e" "RUSTUP_HOME=/opt/rustwide/rustup-home" "-e" "CARGO_TARGET_DIR=/opt/rustwide/target" "-w" "/opt/rustwide/workdir" "--user" "0:0" "db31db529e461699dc6c0d6be38de2146279b11a64b5cd19eb97615488bcc563" "/opt/rustwide/cargo-home/bin/cargo" "+1.100.0-beta.1" "metadata" "--no-deps" "--format-version=1", kill_on_drop: false }`
[INFO] running `Command { std: "docker" "inspect" "db31db529e461699dc6c0d6be38de2146279b11a64b5cd19eb97615488bcc563", kill_on_drop: false }`
[INFO] running `Command { std: "docker" "exec" "-e" "SOURCE_DIR=/opt/rustwide/workdir" "-e" "CARGO_HOME=/opt/rustwide/cargo-home" "-e" "RUSTUP_HOME=/opt/rustwide/rustup-home" "-e" "CARGO_TARGET_DIR=/opt/rustwide/target" "-e" "CARGO_INCREMENTAL=0" "-e" "RUST_BACKTRACE=full" "-e" "RUSTFLAGS=--cap-lints=warn" "-e" "RUSTDOCFLAGS=--cap-lints=warn" "-w" "/opt/rustwide/workdir" "--user" "0:0" "db31db529e461699dc6c0d6be38de2146279b11a64b5cd19eb97615488bcc563" "/opt/rustwide/cargo-home/bin/cargo" "+1.100.0-beta.1" "build" "--frozen" "--message-format=json" "--release", kill_on_drop: false }`
[INFO] [stderr]    Compiling proc-macro2 v1.0.95
[INFO] [stderr]    Compiling serde v1.0.219
[INFO] [stderr]    Compiling serde_json v1.0.140
[INFO] [stderr]    Compiling itoa v1.0.15
[INFO] [stderr]    Compiling ryu v1.0.20
[INFO] [stderr]    Compiling quote v1.0.40
[INFO] [stderr]    Compiling syn v2.0.101
[INFO] [stderr]    Compiling serde_derive v1.0.219
[INFO] [stderr]    Compiling oml-cryptokit-rs v0.1.1-alpha (/opt/rustwide/workdir)
[INFO] [stderr]     Finished `release` profile [optimized] target(s) in 10.78s
[INFO] running `Command { std: "docker" "inspect" "db31db529e461699dc6c0d6be38de2146279b11a64b5cd19eb97615488bcc563", kill_on_drop: false }`
[INFO] running `Command { std: "docker" "exec" "-e" "SOURCE_DIR=/opt/rustwide/workdir" "-e" "CARGO_HOME=/opt/rustwide/cargo-home" "-e" "RUSTUP_HOME=/opt/rustwide/rustup-home" "-e" "CARGO_TARGET_DIR=/opt/rustwide/target" "-e" "CARGO_INCREMENTAL=0" "-e" "RUST_BACKTRACE=full" "-e" "RUSTFLAGS=--cap-lints=warn" "-e" "RUSTDOCFLAGS=--cap-lints=warn" "-w" "/opt/rustwide/workdir" "--user" "0:0" "db31db529e461699dc6c0d6be38de2146279b11a64b5cd19eb97615488bcc563" "/opt/rustwide/cargo-home/bin/cargo" "+1.100.0-beta.1" "test" "--frozen" "--no-run" "--message-format=json" "--release", kill_on_drop: false }`
[INFO] [stderr]    Compiling oml-cryptokit-rs v0.1.1-alpha (/opt/rustwide/workdir)
[INFO] [stdout] error: linking with `cc` failed: exit status: 1
[INFO] [stdout]   |
[INFO] [stdout]   = note:  "cc" "-m64" "/opt/rustwide/target/release/build/oml-cryptokit-rs/7d324567e9d6a345/out/rustcmKDUri/symbols.o" "<2 object files omitted>" "-Wl,--as-needed" "-Wl,-Bstatic" "<sysroot>/lib/rustlib/x86_64-unknown-linux-gnu/lib/{libtest-*,libgetopts-*,librustc_std_workspace_std-*,libstd-*,libpanic_unwind-*,libobject-*,libmemchr-*,libaddr2line-*,libgimli-*,libcfg_if-*,librustc_demangle-*,libstd_detect-*,libhashbrown-*,librustc_std_workspace_alloc-*,libminiz_oxide-*,libadler2-*,libunwind-*,liblibc-*,librustc_std_workspace_core-*,liballoc-*,libcore-*,libcompiler_builtins-*}.rlib" "-Wl,-Bdynamic" "-lgcc_s" "-lutil" "-lrt" "-lpthread" "-lm" "-ldl" "-lc" "-L" "/opt/rustwide/target/release/build/oml-cryptokit-rs/7d324567e9d6a345/out/rustcmKDUri/raw-dylibs" "-B<sysroot>/lib/rustlib/x86_64-unknown-linux-gnu/bin/gcc-ld" "-fuse-ld=lld" "-Wl,--eh-frame-hdr" "-Wl,-z,noexecstack" "-L" "<sysroot>/lib/rustlib/x86_64-unknown-linux-gnu/lib" "-o" "/opt/rustwide/target/release/build/oml-cryptokit-rs/7d324567e9d6a345/out/oml_cryptokit_rs-7d324567e9d6a345" "-Wl,--gc-sections" "-pie" "-Wl,-z,relro,-z,now" "-Wl,-O1" "-Wl,--strip-debug" "-nodefaultlibs"
[INFO] [stdout]   = note: some arguments are omitted. use `--verbose` to show all linker arguments
[INFO] [stdout]   = note: rust-lld: error: undefined symbol: sha256_hash
[INFO] [stdout]           >>> referenced by oml_cryptokit_rs.14b2258eeae399b9-cgu.0
[INFO] [stdout]           >>>               /opt/rustwide/target/release/build/oml-cryptokit-rs/7d324567e9d6a345/out/oml_cryptokit_rs-7d324567e9d6a345.oml_cryptokit_rs.14b2258eeae399b9-cgu.0.rcgu.o:(<oml_cryptokit_rs::tests::test_sha265::{closure#0} as core::ops::function::FnOnce<()>>::call_once)
[INFO] [stdout]           
[INFO] [stdout]           rust-lld: error: undefined symbol: sha256_init
[INFO] [stdout]           >>> referenced by oml_cryptokit_rs.14b2258eeae399b9-cgu.0
[INFO] [stdout]           >>>               /opt/rustwide/target/release/build/oml-cryptokit-rs/7d324567e9d6a345/out/oml_cryptokit_rs-7d324567e9d6a345.oml_cryptokit_rs.14b2258eeae399b9-cgu.0.rcgu.o:(<oml_cryptokit_rs::tests::test_sha256_streamed::{closure#0} as core::ops::function::FnOnce<()>>::call_once)
[INFO] [stdout]           
[INFO] [stdout]           rust-lld: error: undefined symbol: sha256_update
[INFO] [stdout]           >>> referenced by oml_cryptokit_rs.14b2258eeae399b9-cgu.0
[INFO] [stdout]           >>>               /opt/rustwide/target/release/build/oml-cryptokit-rs/7d324567e9d6a345/out/oml_cryptokit_rs-7d324567e9d6a345.oml_cryptokit_rs.14b2258eeae399b9-cgu.0.rcgu.o:(<oml_cryptokit_rs::tests::test_sha256_streamed::{closure#0} as core::ops::function::FnOnce<()>>::call_once)
[INFO] [stdout]           
[INFO] [stdout]           rust-lld: error: undefined symbol: sha256_finalize
[INFO] [stdout]           >>> referenced by oml_cryptokit_rs.14b2258eeae399b9-cgu.0
[INFO] [stdout]           >>>               /opt/rustwide/target/release/build/oml-cryptokit-rs/7d324567e9d6a345/out/oml_cryptokit_rs-7d324567e9d6a345.oml_cryptokit_rs.14b2258eeae399b9-cgu.0.rcgu.o:(<oml_cryptokit_rs::tests::test_sha256_streamed::{closure#0} as core::ops::function::FnOnce<()>>::call_once)
[INFO] [stdout]           
[INFO] [stdout]           rust-lld: error: undefined symbol: sha256_free
[INFO] [stdout]           >>> referenced by oml_cryptokit_rs.14b2258eeae399b9-cgu.0
[INFO] [stdout]           >>>               /opt/rustwide/target/release/build/oml-cryptokit-rs/7d324567e9d6a345/out/oml_cryptokit_rs-7d324567e9d6a345.oml_cryptokit_rs.14b2258eeae399b9-cgu.0.rcgu.o:(<oml_cryptokit_rs::tests::test_sha256_streamed::{closure#0} as core::ops::function::FnOnce<()>>::call_once)
[INFO] [stdout]           collect2: error: ld returned 1 exit status
[INFO] [stdout]           
[INFO] [stdout] 
[INFO] [stdout] 
[INFO] [stderr] error: could not compile `oml-cryptokit-rs` (lib test) due to 1 previous error
[INFO] running `Command { std: "docker" "inspect" "db31db529e461699dc6c0d6be38de2146279b11a64b5cd19eb97615488bcc563", kill_on_drop: false }`
[INFO] running `Command { std: "docker" "rm" "-f" "db31db529e461699dc6c0d6be38de2146279b11a64b5cd19eb97615488bcc563", kill_on_drop: false }`
[INFO] [stdout] db31db529e461699dc6c0d6be38de2146279b11a64b5cd19eb97615488bcc563
