[INFO] fetching crate omgbase-search 2.0.0...
[INFO] testing omgbase-search-2.0.0 against 1.99.0-beta.8+cargoflags=--release for beta-release-1.100-2
[INFO] extracting crate omgbase-search 2.0.0 into /workspace/builds/worker-4-tc1/source
[INFO] started tweaking crates.io crate omgbase-search 2.0.0
[INFO] removed 0 missing tests
[INFO] finished tweaking crates.io crate omgbase-search 2.0.0
[INFO] tweaked toml for crates.io crate omgbase-search 2.0.0 written to /workspace/builds/worker-4-tc1/source/Cargo.toml
[INFO] validating manifest of crates.io crate omgbase-search 2.0.0 on toolchain 1.99.0-beta.8
[INFO] running `Command { std: CARGO_HOME="/workspace/cargo-home" RUSTUP_HOME="/workspace/rustup-home" "/workspace/cargo-home/bin/cargo" "+1.99.0-beta.8" "metadata" "--manifest-path" "Cargo.toml" "--no-deps", kill_on_drop: false }`
[INFO] crate crates.io crate omgbase-search 2.0.0 already has a lockfile, it will not be regenerated
[INFO] running `Command { std: CARGO_HOME="/workspace/cargo-home" RUSTUP_HOME="/workspace/rustup-home" "/workspace/cargo-home/bin/cargo" "+1.99.0-beta.8" "fetch" "--manifest-path" "Cargo.toml", kill_on_drop: false }`
[INFO] [stderr]  Downloading crates ...
[INFO] [stderr]   Downloaded hashlink v0.12.2
[INFO] running `Command { std: "docker" "create" "-v" "/var/lib/crater-agent-workspace/builds/worker-4-tc1/source:/opt/rustwide/workdir:ro,Z" "-v" "/var/lib/crater-agent-workspace/builds/worker-4-tc1/target:/opt/rustwide/target:rw,Z" "-v" "/var/lib/crater-agent-workspace/cargo-home:/opt/rustwide/cargo-home:ro,Z" "-v" "/var/lib/crater-agent-workspace/rustup-home:/opt/rustwide/rustup-home:ro,Z" "-m" "1610612736" "--network" "none" "ghcr.io/rust-lang/crates-build-env/linux@sha256:77db811e55d90add9212f6832c23229e3de5f1c1f9905e8cb07319ea15df73ac" "sleep" "infinity", kill_on_drop: false }`
[INFO] [stdout] f7421f08cd3acb623ab15deb09c55daa67c90d322d7ce81836f9bb33f722e73d
[INFO] running `Command { std: "docker" "start" "f7421f08cd3acb623ab15deb09c55daa67c90d322d7ce81836f9bb33f722e73d", kill_on_drop: false }`
[INFO] running `Command { std: "docker" "inspect" "f7421f08cd3acb623ab15deb09c55daa67c90d322d7ce81836f9bb33f722e73d", kill_on_drop: false }`
[INFO] running `Command { std: "docker" "exec" "-e" "SOURCE_DIR=/opt/rustwide/workdir" "-e" "CARGO_HOME=/opt/rustwide/cargo-home" "-e" "RUSTUP_HOME=/opt/rustwide/rustup-home" "-e" "CARGO_TARGET_DIR=/opt/rustwide/target" "-w" "/opt/rustwide/workdir" "--user" "0:0" "f7421f08cd3acb623ab15deb09c55daa67c90d322d7ce81836f9bb33f722e73d" "/opt/rustwide/cargo-home/bin/cargo" "+1.99.0-beta.8" "metadata" "--no-deps" "--format-version=1", kill_on_drop: false }`
[INFO] running `Command { std: "docker" "inspect" "f7421f08cd3acb623ab15deb09c55daa67c90d322d7ce81836f9bb33f722e73d", kill_on_drop: false }`
[INFO] running `Command { std: "docker" "exec" "-e" "SOURCE_DIR=/opt/rustwide/workdir" "-e" "CARGO_HOME=/opt/rustwide/cargo-home" "-e" "RUSTUP_HOME=/opt/rustwide/rustup-home" "-e" "CARGO_TARGET_DIR=/opt/rustwide/target" "-e" "CARGO_INCREMENTAL=0" "-e" "RUST_BACKTRACE=full" "-e" "RUSTFLAGS=--cap-lints=warn" "-e" "RUSTDOCFLAGS=--cap-lints=warn" "-w" "/opt/rustwide/workdir" "--user" "0:0" "f7421f08cd3acb623ab15deb09c55daa67c90d322d7ce81836f9bb33f722e73d" "/opt/rustwide/cargo-home/bin/cargo" "+1.99.0-beta.8" "build" "--frozen" "--message-format=json" "--release", kill_on_drop: false }`
[INFO] [stderr]    Compiling unicode-ident v1.0.26
[INFO] [stderr]    Compiling digest v0.10.7
[INFO] [stderr]    Compiling proc-macro2 v1.0.107
[INFO] [stderr]    Compiling sha2 v0.10.9
[INFO] [stderr]    Compiling quote v1.0.47
[INFO] [stderr]    Compiling syn v3.0.6
[INFO] [stderr]    Compiling serde_derive v1.0.229
[INFO] [stderr]    Compiling serde v1.0.229
[INFO] [stderr]    Compiling omgbase-search v2.0.0 (/opt/rustwide/workdir)
[INFO] [stderr]     Finished `release` profile [optimized] target(s) in 8.99s
[INFO] running `Command { std: "docker" "inspect" "f7421f08cd3acb623ab15deb09c55daa67c90d322d7ce81836f9bb33f722e73d", kill_on_drop: false }`
[INFO] running `Command { std: "docker" "exec" "-e" "SOURCE_DIR=/opt/rustwide/workdir" "-e" "CARGO_HOME=/opt/rustwide/cargo-home" "-e" "RUSTUP_HOME=/opt/rustwide/rustup-home" "-e" "CARGO_TARGET_DIR=/opt/rustwide/target" "-e" "CARGO_INCREMENTAL=0" "-e" "RUST_BACKTRACE=full" "-e" "RUSTFLAGS=--cap-lints=warn" "-e" "RUSTDOCFLAGS=--cap-lints=warn" "-w" "/opt/rustwide/workdir" "--user" "0:0" "f7421f08cd3acb623ab15deb09c55daa67c90d322d7ce81836f9bb33f722e73d" "/opt/rustwide/cargo-home/bin/cargo" "+1.99.0-beta.8" "test" "--frozen" "--no-run" "--message-format=json" "--release", kill_on_drop: false }`
[INFO] [stderr]    Compiling cc v1.5.1
[INFO] [stderr]    Compiling pkg-config v0.3.34
[INFO] [stderr]    Compiling hashbrown v0.17.1
[INFO] [stderr]    Compiling fallible-iterator v0.3.0
[INFO] [stderr]    Compiling smallvec v1.16.2
[INFO] [stderr]    Compiling fallible-streaming-iterator v0.1.9
[INFO] [stderr]    Compiling hashlink v0.12.2
[INFO] [stderr]    Compiling libsqlite3-sys v0.38.2
[INFO] [stderr]    Compiling rusqlite v0.40.2
[INFO] [stderr]    Compiling omgbase-search v2.0.0 (/opt/rustwide/workdir)
[INFO] [stdout] error[E0432]: unresolved import `omgbase_reconcile`
[INFO] [stdout]   --> tests/spec.rs:27:5
[INFO] [stdout]    |
[INFO] [stdout] 27 | use omgbase_reconcile::Config;
[INFO] [stdout]    |     ^^^^^^^^^^^^^^^^^ use of unresolved module or unlinked crate `omgbase_reconcile`
[INFO] [stdout]    |
[INFO] [stdout]    = help: if you wanted to use a crate named `omgbase_reconcile`, use `cargo add omgbase_reconcile` to add it to your `Cargo.toml`
[INFO] [stdout] 
[INFO] [stdout] 
[INFO] [stdout] error[E0432]: unresolved import `omgbase_store`
[INFO] [stdout]   --> tests/spec.rs:32:5
[INFO] [stdout]    |
[INFO] [stdout] 32 | use omgbase_store::{
[INFO] [stdout]    |     ^^^^^^^^^^^^^ use of unresolved module or unlinked crate `omgbase_store`
[INFO] [stdout]    |
[INFO] [stdout] help: there is a crate or module with a similar name
[INFO] [stdout]    |
[INFO] [stdout] 32 - use omgbase_store::{
[INFO] [stdout] 32 + use omgbase_search::{
[INFO] [stdout]    |
[INFO] [stdout] 
[INFO] [stdout] 
[INFO] [stdout] error[E0433]: cannot find module or crate `omgbase_store` in this scope
[INFO] [stdout]    --> tests/spec.rs:833:9
[INFO] [stdout]     |
[INFO] [stdout] 833 |         omgbase_store::LIVE_LEAF_SQL
[INFO] [stdout]     |         ^^^^^^^^^^^^^ use of unresolved module or unlinked crate `omgbase_store`
[INFO] [stdout]     |
[INFO] [stdout] help: there is a crate or module with a similar name
[INFO] [stdout]     |
[INFO] [stdout] 833 -         omgbase_store::LIVE_LEAF_SQL
[INFO] [stdout] 833 +         omgbase_search::LIVE_LEAF_SQL
[INFO] [stdout]     |
[INFO] [stdout] 
[INFO] [stdout] 
[INFO] [stdout] error[E0433]: cannot find module or crate `omgbase_store` in this scope
[INFO] [stdout]    --> tests/spec.rs:768:52
[INFO] [stdout]     |
[INFO] [stdout] 768 | fn project_search(store: &Store, repo_id: &str) -> omgbase_store::Result<Vec<(String, Json)>> {
[INFO] [stdout]     |                                                    ^^^^^^^^^^^^^ use of unresolved module or unlinked crate `omgbase_store`
[INFO] [stdout]     |
[INFO] [stdout] help: there is a crate or module with a similar name
[INFO] [stdout]     |
[INFO] [stdout] 768 - fn project_search(store: &Store, repo_id: &str) -> omgbase_store::Result<Vec<(String, Json)>> {
[INFO] [stdout] 768 + fn project_search(store: &Store, repo_id: &str) -> omgbase_search::Result<Vec<(String, Json)>> {
[INFO] [stdout]     |
[INFO] [stdout] 
[INFO] [stdout] 
[INFO] [stdout] Some errors have detailed explanations: E0432, E0433.
[INFO] [stdout] 
[INFO] [stdout] For more information about an error, try `rustc --explain E0432`.
[INFO] [stdout] 
[INFO] [stderr] error: could not compile `omgbase-search` (test "spec") due to 4 previous errors
[INFO] [stderr] warning: build failed, waiting for other jobs to finish...
[INFO] running `Command { std: "docker" "inspect" "f7421f08cd3acb623ab15deb09c55daa67c90d322d7ce81836f9bb33f722e73d", kill_on_drop: false }`
[INFO] running `Command { std: "docker" "rm" "-f" "f7421f08cd3acb623ab15deb09c55daa67c90d322d7ce81836f9bb33f722e73d", kill_on_drop: false }`
[INFO] [stdout] f7421f08cd3acb623ab15deb09c55daa67c90d322d7ce81836f9bb33f722e73d
