[INFO] fetching crate omgbase-mutate 3.5.1...
[INFO] testing omgbase-mutate-3.5.1 against 1.99.0-beta.8+cargoflags=--release for beta-release-1.100-2
[INFO] extracting crate omgbase-mutate 3.5.1 into /workspace/builds/worker-3-tc1/source
[INFO] started tweaking crates.io crate omgbase-mutate 3.5.1
[INFO] removed 0 missing tests
[INFO] finished tweaking crates.io crate omgbase-mutate 3.5.1
[INFO] tweaked toml for crates.io crate omgbase-mutate 3.5.1 written to /workspace/builds/worker-3-tc1/source/Cargo.toml
[INFO] validating manifest of crates.io crate omgbase-mutate 3.5.1 on toolchain 1.99.0-beta.8
[INFO] running `Command { std: CARGO_HOME="/workspace/cargo-home" RUSTUP_HOME="/workspace/rustup-home" "/workspace/cargo-home/bin/cargo" "+1.99.0-beta.8" "metadata" "--manifest-path" "Cargo.toml" "--no-deps", kill_on_drop: false }`
[INFO] crate crates.io crate omgbase-mutate 3.5.1 already has a lockfile, it will not be regenerated
[INFO] running `Command { std: CARGO_HOME="/workspace/cargo-home" RUSTUP_HOME="/workspace/rustup-home" "/workspace/cargo-home/bin/cargo" "+1.99.0-beta.8" "fetch" "--manifest-path" "Cargo.toml", kill_on_drop: false }`
[INFO] [stderr]     Updating crates.io index
[INFO] [stderr]  Downloading crates ...
[INFO] [stderr]   Downloaded unicode-id v0.3.7
[INFO] [stderr]   Downloaded omgbase-reconcile v2.3.1
[INFO] [stderr]   Downloaded omgbase-format v0.2.2
[INFO] running `Command { std: "docker" "create" "-v" "/var/lib/crater-agent-workspace/builds/worker-3-tc1/source:/opt/rustwide/workdir:ro,Z" "-v" "/var/lib/crater-agent-workspace/builds/worker-3-tc1/target:/opt/rustwide/target:rw,Z" "-v" "/var/lib/crater-agent-workspace/cargo-home:/opt/rustwide/cargo-home:ro,Z" "-v" "/var/lib/crater-agent-workspace/rustup-home:/opt/rustwide/rustup-home:ro,Z" "-m" "1610612736" "--network" "none" "ghcr.io/rust-lang/crates-build-env/linux@sha256:77db811e55d90add9212f6832c23229e3de5f1c1f9905e8cb07319ea15df73ac" "sleep" "infinity", kill_on_drop: false }`
[INFO] [stdout] a5fe3c283b005e4226c904983f07adc1c30287939fde2f68bf4867cab316cf04
[INFO] running `Command { std: "docker" "start" "a5fe3c283b005e4226c904983f07adc1c30287939fde2f68bf4867cab316cf04", kill_on_drop: false }`
[INFO] running `Command { std: "docker" "inspect" "a5fe3c283b005e4226c904983f07adc1c30287939fde2f68bf4867cab316cf04", kill_on_drop: false }`
[INFO] running `Command { std: "docker" "exec" "-e" "SOURCE_DIR=/opt/rustwide/workdir" "-e" "CARGO_HOME=/opt/rustwide/cargo-home" "-e" "RUSTUP_HOME=/opt/rustwide/rustup-home" "-e" "CARGO_TARGET_DIR=/opt/rustwide/target" "-w" "/opt/rustwide/workdir" "--user" "0:0" "a5fe3c283b005e4226c904983f07adc1c30287939fde2f68bf4867cab316cf04" "/opt/rustwide/cargo-home/bin/cargo" "+1.99.0-beta.8" "metadata" "--no-deps" "--format-version=1", kill_on_drop: false }`
[INFO] running `Command { std: "docker" "inspect" "a5fe3c283b005e4226c904983f07adc1c30287939fde2f68bf4867cab316cf04", kill_on_drop: false }`
[INFO] running `Command { std: "docker" "exec" "-e" "SOURCE_DIR=/opt/rustwide/workdir" "-e" "CARGO_HOME=/opt/rustwide/cargo-home" "-e" "RUSTUP_HOME=/opt/rustwide/rustup-home" "-e" "CARGO_TARGET_DIR=/opt/rustwide/target" "-e" "CARGO_INCREMENTAL=0" "-e" "RUST_BACKTRACE=full" "-e" "RUSTFLAGS=--cap-lints=warn" "-e" "RUSTDOCFLAGS=--cap-lints=warn" "-w" "/opt/rustwide/workdir" "--user" "0:0" "a5fe3c283b005e4226c904983f07adc1c30287939fde2f68bf4867cab316cf04" "/opt/rustwide/cargo-home/bin/cargo" "+1.99.0-beta.8" "build" "--frozen" "--message-format=json" "--release", kill_on_drop: false }`
[INFO] [stderr]    Compiling serde_core v1.0.229
[INFO] [stderr]    Compiling serde_json v1.0.151
[INFO] [stderr]    Compiling unicode-id v0.3.7
[INFO] [stderr]    Compiling aho-corasick v1.1.5
[INFO] [stderr]    Compiling unicode-normalization v0.1.25
[INFO] [stderr]    Compiling sha2 v0.10.9
[INFO] [stderr]    Compiling markdown v1.0.0
[INFO] [stderr]    Compiling regex-automata v0.4.18
[INFO] [stderr]    Compiling omgbase-format v0.2.2
[INFO] [stderr]    Compiling regex v1.13.1
[INFO] [stderr]    Compiling omgbase-reconcile v2.3.1
[INFO] [stderr]    Compiling omgbase-mutate v3.5.1 (/opt/rustwide/workdir)
[INFO] [stderr]     Finished `release` profile [optimized] target(s) in 21.36s
[INFO] running `Command { std: "docker" "inspect" "a5fe3c283b005e4226c904983f07adc1c30287939fde2f68bf4867cab316cf04", kill_on_drop: false }`
[INFO] running `Command { std: "docker" "exec" "-e" "SOURCE_DIR=/opt/rustwide/workdir" "-e" "CARGO_HOME=/opt/rustwide/cargo-home" "-e" "RUSTUP_HOME=/opt/rustwide/rustup-home" "-e" "CARGO_TARGET_DIR=/opt/rustwide/target" "-e" "CARGO_INCREMENTAL=0" "-e" "RUST_BACKTRACE=full" "-e" "RUSTFLAGS=--cap-lints=warn" "-e" "RUSTDOCFLAGS=--cap-lints=warn" "-w" "/opt/rustwide/workdir" "--user" "0:0" "a5fe3c283b005e4226c904983f07adc1c30287939fde2f68bf4867cab316cf04" "/opt/rustwide/cargo-home/bin/cargo" "+1.99.0-beta.8" "test" "--frozen" "--no-run" "--message-format=json" "--release", kill_on_drop: false }`
[INFO] [stderr]    Compiling hashbrown v0.17.1
[INFO] [stderr]    Compiling cc v1.5.1
[INFO] [stderr]    Compiling smallvec v1.16.2
[INFO] [stderr]    Compiling indexmap v2.14.0
[INFO] [stderr]    Compiling hashlink v0.12.2
[INFO] [stderr]    Compiling libsqlite3-sys v0.38.2
[INFO] [stderr]    Compiling serde_json v1.0.151
[INFO] [stderr]    Compiling omgbase-format v0.2.2
[INFO] [stderr]    Compiling omgbase-reconcile v2.3.1
[INFO] [stderr]    Compiling omgbase-mutate v3.5.1 (/opt/rustwide/workdir)
[INFO] [stderr]    Compiling rusqlite v0.40.2
[INFO] [stdout] error[E0433]: cannot find module or crate `omgbase_store` in this scope
[INFO] [stdout]   --> tests/spec.rs:45:5
[INFO] [stdout]    |
[INFO] [stdout] 45 | use omgbase_store::tree::parse_tree_entries;
[INFO] [stdout]    |     ^^^^^^^^^^^^^ use of unresolved module or unlinked crate `omgbase_store`
[INFO] [stdout]    |
[INFO] [stdout] help: there is a crate or module with a similar name
[INFO] [stdout]    |
[INFO] [stdout] 45 - use omgbase_store::tree::parse_tree_entries;
[INFO] [stdout] 45 + use omgbase_mutate::tree::parse_tree_entries;
[INFO] [stdout]    |
[INFO] [stdout] 
[INFO] [stdout] 
[INFO] [stdout] error[E0432]: unresolved import `omgbase_store`
[INFO] [stdout]   --> tests/spec.rs:46:5
[INFO] [stdout]    |
[INFO] [stdout] 46 | use omgbase_store::{
[INFO] [stdout]    |     ^^^^^^^^^^^^^ use of unresolved module or unlinked crate `omgbase_store`
[INFO] [stdout]    |
[INFO] [stdout] help: there is a crate or module with a similar name
[INFO] [stdout]    |
[INFO] [stdout] 46 - use omgbase_store::{
[INFO] [stdout] 46 + use omgbase_mutate::{
[INFO] [stdout]    |
[INFO] [stdout] 
[INFO] [stdout] 
[INFO] [stdout] error[E0432]: unresolved import `omgbase_surface`
[INFO] [stdout]   --> tests/spec.rs:50:5
[INFO] [stdout]    |
[INFO] [stdout] 50 | use omgbase_surface::SurfaceError;
[INFO] [stdout]    |     ^^^^^^^^^^^^^^^ use of unresolved module or unlinked crate `omgbase_surface`
[INFO] [stdout]    |
[INFO] [stdout] help: there is a crate or module with a similar name
[INFO] [stdout]    |
[INFO] [stdout] 50 - use omgbase_surface::SurfaceError;
[INFO] [stdout] 50 + use omgbase_mutate::SurfaceError;
[INFO] [stdout]    |
[INFO] [stdout] 
[INFO] [stdout] 
[INFO] [stdout] error[E0433]: cannot find module or crate `omgbase_surface` in this scope
[INFO] [stdout]   --> tests/spec.rs:52:5
[INFO] [stdout]    |
[INFO] [stdout] 52 | use omgbase_surface::select::{self, SelectRequest};
[INFO] [stdout]    |     ^^^^^^^^^^^^^^^ use of unresolved module or unlinked crate `omgbase_surface`
[INFO] [stdout]    |
[INFO] [stdout] help: there is a crate or module with a similar name
[INFO] [stdout]    |
[INFO] [stdout] 52 - use omgbase_surface::select::{self, SelectRequest};
[INFO] [stdout] 52 + use omgbase_mutate::select::{self, SelectRequest};
[INFO] [stdout]    |
[INFO] [stdout] 
[INFO] [stdout] 
[INFO] [stdout] error[E0432]: unresolved import `omgbase_surface`
[INFO] [stdout]   --> tests/spec.rs:51:5
[INFO] [stdout]    |
[INFO] [stdout] 51 | use omgbase_surface::fixes;
[INFO] [stdout]    |     ^^^^^^^^^^^^^^^ use of unresolved module or unlinked crate `omgbase_surface`
[INFO] [stdout]    |
[INFO] [stdout] help: there is a crate or module with a similar name
[INFO] [stdout]    |
[INFO] [stdout] 51 - use omgbase_surface::fixes;
[INFO] [stdout] 51 + use omgbase_mutate::fixes;
[INFO] [stdout]    |
[INFO] [stdout] 
[INFO] [stdout] 
[INFO] [stdout] error[E0433]: cannot find module or crate `omgbase_store` in this scope
[INFO] [stdout]     --> tests/spec.rs:2378:28
[INFO] [stdout]      |
[INFO] [stdout] 2378 |                 let want = omgbase_store::time::pool_expiry(ts).unwrap_or_default();
[INFO] [stdout]      |                            ^^^^^^^^^^^^^ use of unresolved module or unlinked crate `omgbase_store`
[INFO] [stdout]      |
[INFO] [stdout] help: there is a crate or module with a similar name
[INFO] [stdout]      |
[INFO] [stdout] 2378 -                 let want = omgbase_store::time::pool_expiry(ts).unwrap_or_default();
[INFO] [stdout] 2378 +                 let want = omgbase_mutate::time::pool_expiry(ts).unwrap_or_default();
[INFO] [stdout]      |
[INFO] [stdout] 
[INFO] [stdout] 
[INFO] [stdout] error[E0433]: cannot find module or crate `omgbase_store` in this scope
[INFO] [stdout]    --> tests/spec.rs:964:13
[INFO] [stdout]     |
[INFO] [stdout] 964 |         Err(omgbase_store::Error::Other(CRASH_MARKER.to_owned()))
[INFO] [stdout]     |             ^^^^^^^^^^^^^ use of unresolved module or unlinked crate `omgbase_store`
[INFO] [stdout]     |
[INFO] [stdout] help: there is a crate or module with a similar name
[INFO] [stdout]     |
[INFO] [stdout] 964 -         Err(omgbase_store::Error::Other(CRASH_MARKER.to_owned()))
[INFO] [stdout] 964 +         Err(omgbase_mutate::Error::Other(CRASH_MARKER.to_owned()))
[INFO] [stdout]     |
[INFO] [stdout] help: consider importing one of these items
[INFO] [stdout]     |
[INFO] [stdout]  35 + use std::error::Error;
[INFO] [stdout]     |
[INFO] [stdout]  35 + use std::fmt::Error;
[INFO] [stdout]     |
[INFO] [stdout]  35 + use std::io::Error;
[INFO] [stdout]     |
[INFO] [stdout]  35 + use core::error::Error;
[INFO] [stdout]     |
[INFO] [stdout]     = and 1 other candidate
[INFO] [stdout] help: if you import `Error`, refer to it directly
[INFO] [stdout]     |
[INFO] [stdout] 964 -         Err(omgbase_store::Error::Other(CRASH_MARKER.to_owned()))
[INFO] [stdout] 964 +         Err(Error::Other(CRASH_MARKER.to_owned()))
[INFO] [stdout]     |
[INFO] [stdout] 
[INFO] [stdout] 
[INFO] [stdout] error[E0433]: cannot find module or crate `omgbase_store` in this scope
[INFO] [stdout]     --> tests/spec.rs:1373:29
[INFO] [stdout]      |
[INFO] [stdout] 1373 |                         Err(omgbase_store::Error::Other(e.to_string()))
[INFO] [stdout]      |                             ^^^^^^^^^^^^^ use of unresolved module or unlinked crate `omgbase_store`
[INFO] [stdout]      |
[INFO] [stdout] help: there is a crate or module with a similar name
[INFO] [stdout]      |
[INFO] [stdout] 1373 -                         Err(omgbase_store::Error::Other(e.to_string()))
[INFO] [stdout] 1373 +                         Err(omgbase_mutate::Error::Other(e.to_string()))
[INFO] [stdout]      |
[INFO] [stdout] help: consider importing one of these items
[INFO] [stdout]      |
[INFO] [stdout]   35 + use std::error::Error;
[INFO] [stdout]      |
[INFO] [stdout]   35 + use std::fmt::Error;
[INFO] [stdout]      |
[INFO] [stdout]   35 + use std::io::Error;
[INFO] [stdout]      |
[INFO] [stdout]   35 + use core::error::Error;
[INFO] [stdout]      |
[INFO] [stdout]      = and 1 other candidate
[INFO] [stdout] help: if you import `Error`, refer to it directly
[INFO] [stdout]      |
[INFO] [stdout] 1373 -                         Err(omgbase_store::Error::Other(e.to_string()))
[INFO] [stdout] 1373 +                         Err(Error::Other(e.to_string()))
[INFO] [stdout]      |
[INFO] [stdout] 
[INFO] [stdout] 
[INFO] [stdout] error[E0433]: cannot find module or crate `omgbase_store` in this scope
[INFO] [stdout]     --> tests/spec.rs:1497:25
[INFO] [stdout]      |
[INFO] [stdout] 1497 |                     Err(omgbase_store::Error::Other(e.to_string()))
[INFO] [stdout]      |                         ^^^^^^^^^^^^^ use of unresolved module or unlinked crate `omgbase_store`
[INFO] [stdout]      |
[INFO] [stdout] help: there is a crate or module with a similar name
[INFO] [stdout]      |
[INFO] [stdout] 1497 -                     Err(omgbase_store::Error::Other(e.to_string()))
[INFO] [stdout] 1497 +                     Err(omgbase_mutate::Error::Other(e.to_string()))
[INFO] [stdout]      |
[INFO] [stdout] help: consider importing one of these items
[INFO] [stdout]      |
[INFO] [stdout]   35 + use std::error::Error;
[INFO] [stdout]      |
[INFO] [stdout]   35 + use std::fmt::Error;
[INFO] [stdout]      |
[INFO] [stdout]   35 + use std::io::Error;
[INFO] [stdout]      |
[INFO] [stdout]   35 + use core::error::Error;
[INFO] [stdout]      |
[INFO] [stdout]      = and 1 other candidate
[INFO] [stdout] help: if you import `Error`, refer to it directly
[INFO] [stdout]      |
[INFO] [stdout] 1497 -                     Err(omgbase_store::Error::Other(e.to_string()))
[INFO] [stdout] 1497 +                     Err(Error::Other(e.to_string()))
[INFO] [stdout]      |
[INFO] [stdout] 
[INFO] [stdout] 
[INFO] [stdout] error[E0433]: cannot find module or crate `omgbase_store` in this scope
[INFO] [stdout]    --> tests/spec.rs:827:22
[INFO] [stdout]     |
[INFO] [stdout] 827 | fn error_outcome(e: &omgbase_store::Error) -> Result<Json, String> {
[INFO] [stdout]     |                      ^^^^^^^^^^^^^ use of unresolved module or unlinked crate `omgbase_store`
[INFO] [stdout]     |
[INFO] [stdout] help: there is a crate or module with a similar name
[INFO] [stdout]     |
[INFO] [stdout] 827 - fn error_outcome(e: &omgbase_store::Error) -> Result<Json, String> {
[INFO] [stdout] 827 + fn error_outcome(e: &omgbase_mutate::Error) -> Result<Json, String> {
[INFO] [stdout]     |
[INFO] [stdout] 
[INFO] [stdout] 
[INFO] [stdout] error[E0433]: cannot find module or crate `omgbase_store` in this scope
[INFO] [stdout]    --> tests/spec.rs:962:26
[INFO] [stdout]     |
[INFO] [stdout] 962 |     fn die(&mut self) -> omgbase_store::Result<()> {
[INFO] [stdout]     |                          ^^^^^^^^^^^^^ use of unresolved module or unlinked crate `omgbase_store`
[INFO] [stdout]     |
[INFO] [stdout] help: there is a crate or module with a similar name
[INFO] [stdout]     |
[INFO] [stdout] 962 -     fn die(&mut self) -> omgbase_store::Result<()> {
[INFO] [stdout] 962 +     fn die(&mut self) -> omgbase_mutate::Result<()> {
[INFO] [stdout]     |
[INFO] [stdout] 
[INFO] [stdout] 
[INFO] [stdout] error[E0433]: cannot find module or crate `omgbase_store` in this scope
[INFO] [stdout]    --> tests/spec.rs:972:35
[INFO] [stdout]     |
[INFO] [stdout] 972 |     fn read(&self, path: &str) -> omgbase_store::Result<Option<String>> {
[INFO] [stdout]     |                                   ^^^^^^^^^^^^^ use of unresolved module or unlinked crate `omgbase_store`
[INFO] [stdout]     |
[INFO] [stdout] help: there is a crate or module with a similar name
[INFO] [stdout]     |
[INFO] [stdout] 972 -     fn read(&self, path: &str) -> omgbase_store::Result<Option<String>> {
[INFO] [stdout] 972 +     fn read(&self, path: &str) -> omgbase_mutate::Result<Option<String>> {
[INFO] [stdout]     |
[INFO] [stdout] 
[INFO] [stdout] 
[INFO] [stdout] error[E0433]: cannot find module or crate `omgbase_store` in this scope
[INFO] [stdout]    --> tests/spec.rs:975:55
[INFO] [stdout]     |
[INFO] [stdout] 975 |     fn write(&mut self, _path: &str, _bytes: &str) -> omgbase_store::Result<()> {
[INFO] [stdout]     |                                                       ^^^^^^^^^^^^^ use of unresolved module or unlinked crate `omgbase_store`
[INFO] [stdout]     |
[INFO] [stdout] help: there is a crate or module with a similar name
[INFO] [stdout]     |
[INFO] [stdout] 975 -     fn write(&mut self, _path: &str, _bytes: &str) -> omgbase_store::Result<()> {
[INFO] [stdout] 975 +     fn write(&mut self, _path: &str, _bytes: &str) -> omgbase_mutate::Result<()> {
[INFO] [stdout]     |
[INFO] [stdout] 
[INFO] [stdout] 
[INFO] [stdout] error[E0433]: cannot find module or crate `omgbase_store` in this scope
[INFO] [stdout]    --> tests/spec.rs:978:53
[INFO] [stdout]     |
[INFO] [stdout] 978 |     fn rename(&mut self, _from: &str, _to: &str) -> omgbase_store::Result<()> {
[INFO] [stdout]     |                                                     ^^^^^^^^^^^^^ use of unresolved module or unlinked crate `omgbase_store`
[INFO] [stdout]     |
[INFO] [stdout] help: there is a crate or module with a similar name
[INFO] [stdout]     |
[INFO] [stdout] 978 -     fn rename(&mut self, _from: &str, _to: &str) -> omgbase_store::Result<()> {
[INFO] [stdout] 978 +     fn rename(&mut self, _from: &str, _to: &str) -> omgbase_mutate::Result<()> {
[INFO] [stdout]     |
[INFO] [stdout] 
[INFO] [stdout] 
[INFO] [stdout] error[E0433]: cannot find module or crate `omgbase_store` in this scope
[INFO] [stdout]    --> tests/spec.rs:981:42
[INFO] [stdout]     |
[INFO] [stdout] 981 |     fn remove(&mut self, _path: &str) -> omgbase_store::Result<()> {
[INFO] [stdout]     |                                          ^^^^^^^^^^^^^ use of unresolved module or unlinked crate `omgbase_store`
[INFO] [stdout]     |
[INFO] [stdout] help: there is a crate or module with a similar name
[INFO] [stdout]     |
[INFO] [stdout] 981 -     fn remove(&mut self, _path: &str) -> omgbase_store::Result<()> {
[INFO] [stdout] 981 +     fn remove(&mut self, _path: &str) -> omgbase_mutate::Result<()> {
[INFO] [stdout]     |
[INFO] [stdout] 
[INFO] [stdout] 
[INFO] [stdout] error[E0433]: cannot find module or crate `omgbase_store` in this scope
[INFO] [stdout]    --> tests/spec.rs:991:54
[INFO] [stdout]     |
[INFO] [stdout] 991 |     f: impl FnOnce(&mut Store, &mut dyn DocStore) -> omgbase_store::Result<Json>,
[INFO] [stdout]     |                                                      ^^^^^^^^^^^^^ use of unresolved module or unlinked crate `omgbase_store`
[INFO] [stdout]     |
[INFO] [stdout] help: there is a crate or module with a similar name
[INFO] [stdout]     |
[INFO] [stdout] 991 -     f: impl FnOnce(&mut Store, &mut dyn DocStore) -> omgbase_store::Result<Json>,
[INFO] [stdout] 991 +     f: impl FnOnce(&mut Store, &mut dyn DocStore) -> omgbase_mutate::Result<Json>,
[INFO] [stdout]     |
[INFO] [stdout] 
[INFO] [stdout] 
[INFO] [stdout] error[E0433]: cannot find module or crate `omgbase_store` in this scope
[INFO] [stdout]     --> tests/spec.rs:1065:20
[INFO] [stdout]      |
[INFO] [stdout] 1065 |     let expansion: omgbase_store::Result<Vec<Op>> = match name {
[INFO] [stdout]      |                    ^^^^^^^^^^^^^ use of unresolved module or unlinked crate `omgbase_store`
[INFO] [stdout]      |
[INFO] [stdout] help: there is a crate or module with a similar name
[INFO] [stdout]      |
[INFO] [stdout] 1065 -     let expansion: omgbase_store::Result<Vec<Op>> = match name {
[INFO] [stdout] 1065 +     let expansion: omgbase_mutate::Result<Vec<Op>> = match name {
[INFO] [stdout]      |
[INFO] [stdout] 
[INFO] [stdout] 
[INFO] [stdout] Some errors have detailed explanations: E0432, E0433.
[INFO] [stdout] 
[INFO] [stdout] For more information about an error, try `rustc --explain E0432`.
[INFO] [stdout] 
[INFO] [stderr] error: could not compile `omgbase-mutate` (test "spec") due to 17 previous errors
[INFO] [stderr] warning: build failed, waiting for other jobs to finish...
[INFO] running `Command { std: "docker" "inspect" "a5fe3c283b005e4226c904983f07adc1c30287939fde2f68bf4867cab316cf04", kill_on_drop: false }`
[INFO] running `Command { std: "docker" "rm" "-f" "a5fe3c283b005e4226c904983f07adc1c30287939fde2f68bf4867cab316cf04", kill_on_drop: false }`
[INFO] [stdout] a5fe3c283b005e4226c904983f07adc1c30287939fde2f68bf4867cab316cf04
