[INFO] fetching crate omena-testkit 0.5.0...
[INFO] testing omena-testkit-0.5.0 against 1.100.0-beta.1+cargoflags=--release for beta-release-1.100-2
[INFO] extracting crate omena-testkit 0.5.0 into /workspace/builds/worker-3-tc2/source
[INFO] started tweaking crates.io crate omena-testkit 0.5.0
[INFO] finished tweaking crates.io crate omena-testkit 0.5.0
[INFO] tweaked toml for crates.io crate omena-testkit 0.5.0 written to /workspace/builds/worker-3-tc2/source/Cargo.toml
[INFO] validating manifest of crates.io crate omena-testkit 0.5.0 on toolchain 1.100.0-beta.1
[INFO] running `Command { std: CARGO_HOME="/workspace/cargo-home" RUSTUP_HOME="/workspace/rustup-home" "/workspace/cargo-home/bin/cargo" "+1.100.0-beta.1" "metadata" "--manifest-path" "Cargo.toml" "--no-deps", kill_on_drop: false }`
[INFO] crate crates.io crate omena-testkit 0.5.0 already has a lockfile, it will not be regenerated
[INFO] running `Command { std: CARGO_HOME="/workspace/cargo-home" RUSTUP_HOME="/workspace/rustup-home" "/workspace/cargo-home/bin/cargo" "+1.100.0-beta.1" "fetch" "--manifest-path" "Cargo.toml", kill_on_drop: false }`
[INFO] running `Command { std: "docker" "create" "-v" "/var/lib/crater-agent-workspace/builds/worker-3-tc2/source:/opt/rustwide/workdir:ro,Z" "-v" "/var/lib/crater-agent-workspace/builds/worker-3-tc2/target:/opt/rustwide/target:rw,Z" "-v" "/var/lib/crater-agent-workspace/cargo-home:/opt/rustwide/cargo-home:ro,Z" "-v" "/var/lib/crater-agent-workspace/rustup-home:/opt/rustwide/rustup-home:ro,Z" "-m" "1610612736" "--network" "none" "ghcr.io/rust-lang/crates-build-env/linux@sha256:77db811e55d90add9212f6832c23229e3de5f1c1f9905e8cb07319ea15df73ac" "sleep" "infinity", kill_on_drop: false }`
[INFO] [stdout] 534b93ef6ab422575d20763819a8758067308685d0c6b7b6c6796b8c7f679b9f
[INFO] running `Command { std: "docker" "start" "534b93ef6ab422575d20763819a8758067308685d0c6b7b6c6796b8c7f679b9f", kill_on_drop: false }`
[INFO] running `Command { std: "docker" "inspect" "534b93ef6ab422575d20763819a8758067308685d0c6b7b6c6796b8c7f679b9f", kill_on_drop: false }`
[INFO] running `Command { std: "docker" "exec" "-e" "SOURCE_DIR=/opt/rustwide/workdir" "-e" "CARGO_HOME=/opt/rustwide/cargo-home" "-e" "RUSTUP_HOME=/opt/rustwide/rustup-home" "-e" "CARGO_TARGET_DIR=/opt/rustwide/target" "-w" "/opt/rustwide/workdir" "--user" "0:0" "534b93ef6ab422575d20763819a8758067308685d0c6b7b6c6796b8c7f679b9f" "/opt/rustwide/cargo-home/bin/cargo" "+1.100.0-beta.1" "metadata" "--no-deps" "--format-version=1", kill_on_drop: false }`
[INFO] running `Command { std: "docker" "inspect" "534b93ef6ab422575d20763819a8758067308685d0c6b7b6c6796b8c7f679b9f", kill_on_drop: false }`
[INFO] running `Command { std: "docker" "exec" "-e" "SOURCE_DIR=/opt/rustwide/workdir" "-e" "CARGO_HOME=/opt/rustwide/cargo-home" "-e" "RUSTUP_HOME=/opt/rustwide/rustup-home" "-e" "CARGO_TARGET_DIR=/opt/rustwide/target" "-e" "CARGO_INCREMENTAL=0" "-e" "RUST_BACKTRACE=full" "-e" "RUSTFLAGS=--cap-lints=warn" "-e" "RUSTDOCFLAGS=--cap-lints=warn" "-w" "/opt/rustwide/workdir" "--user" "0:0" "534b93ef6ab422575d20763819a8758067308685d0c6b7b6c6796b8c7f679b9f" "/opt/rustwide/cargo-home/bin/cargo" "+1.100.0-beta.1" "build" "--frozen" "--message-format=json" "--release", kill_on_drop: false }`
[INFO] [stderr]    Compiling proc-macro2 v1.0.107
[INFO] [stderr]    Compiling quote v1.0.47
[INFO] [stderr]    Compiling serde_json v1.0.151
[INFO] [stderr]    Compiling syn v2.0.117
[INFO] [stderr]    Compiling serde_derive v1.0.228
[INFO] [stderr]    Compiling serde v1.0.228
[INFO] [stderr]    Compiling omena-testkit v0.5.0 (/opt/rustwide/workdir)
[INFO] [stderr]     Finished `release` profile [optimized] target(s) in 8.33s
[INFO] running `Command { std: "docker" "inspect" "534b93ef6ab422575d20763819a8758067308685d0c6b7b6c6796b8c7f679b9f", kill_on_drop: false }`
[INFO] running `Command { std: "docker" "exec" "-e" "SOURCE_DIR=/opt/rustwide/workdir" "-e" "CARGO_HOME=/opt/rustwide/cargo-home" "-e" "RUSTUP_HOME=/opt/rustwide/rustup-home" "-e" "CARGO_TARGET_DIR=/opt/rustwide/target" "-e" "CARGO_INCREMENTAL=0" "-e" "RUST_BACKTRACE=full" "-e" "RUSTFLAGS=--cap-lints=warn" "-e" "RUSTDOCFLAGS=--cap-lints=warn" "-w" "/opt/rustwide/workdir" "--user" "0:0" "534b93ef6ab422575d20763819a8758067308685d0c6b7b6c6796b8c7f679b9f" "/opt/rustwide/cargo-home/bin/cargo" "+1.100.0-beta.1" "test" "--frozen" "--no-run" "--message-format=json" "--release", kill_on_drop: false }`
[INFO] [stderr]    Compiling getrandom v0.4.2
[INFO] [stderr]    Compiling rand_core v0.9.5
[INFO] [stderr]    Compiling wait-timeout v0.2.1
[INFO] [stderr]    Compiling ppv-lite86 v0.2.21
[INFO] [stderr]    Compiling rand_xorshift v0.4.0
[INFO] [stderr]    Compiling rand v0.9.4
[INFO] [stderr]    Compiling tempfile v3.27.0
[INFO] [stderr]    Compiling rand_chacha v0.9.0
[INFO] [stderr]    Compiling rusty-fork v0.3.1
[INFO] [stderr]    Compiling proptest v1.11.0
[INFO] [stderr]    Compiling omena-testkit v0.5.0 (/opt/rustwide/workdir)
[INFO] [stdout] error[E0432]: unresolved import `omena_resolver`
[INFO] [stdout]  --> src/path_identity.rs:1:5
[INFO] [stdout]   |
[INFO] [stdout] 1 | use omena_resolver::{canonicalize_module_id_v0, canonicalize_omena_resolver_style_identity_path};
[INFO] [stdout]   |     ^^^^^^^^^^^^^^ use of unresolved module or unlinked crate `omena_resolver`
[INFO] [stdout]   |
[INFO] [stdout]   = help: if you wanted to use a crate named `omena_resolver`, use `cargo add omena_resolver` to add it to your `Cargo.toml`
[INFO] [stdout] 
[INFO] [stdout] 
[INFO] [stdout] error[E0433]: cannot find module or crate `omena_parser` in this scope
[INFO] [stdout]    --> src/property.rs:151:61
[INFO] [stdout]     |
[INFO] [stdout] 151 |             let parse_result = omena_parser::parse(&source, omena_parser::StyleDialect::Scss);
[INFO] [stdout]     |                                                             ^^^^^^^^^^^^ use of unresolved module or unlinked crate `omena_parser`
[INFO] [stdout]     |
[INFO] [stdout]     = help: if you wanted to use a crate named `omena_parser`, use `cargo add omena_parser` to add it to your `Cargo.toml`
[INFO] [stdout] 
[INFO] [stdout] 
[INFO] [stdout] error[E0433]: cannot find module or crate `omena_parser` in this scope
[INFO] [stdout]    --> src/property.rs:153:64
[INFO] [stdout]     |
[INFO] [stdout] 153 |             let _ = omena_parser::collect_style_facts(&source, omena_parser::StyleDialect::Scss);
[INFO] [stdout]     |                                                                ^^^^^^^^^^^^ use of unresolved module or unlinked crate `omena_parser`
[INFO] [stdout]     |
[INFO] [stdout]     = help: if you wanted to use a crate named `omena_parser`, use `cargo add omena_parser` to add it to your `Cargo.toml`
[INFO] [stdout] 
[INFO] [stdout] 
[INFO] [stdout] error[E0433]: cannot find module or crate `omena_parser` in this scope
[INFO] [stdout]    --> src/property.rs:151:32
[INFO] [stdout]     |
[INFO] [stdout] 151 |             let parse_result = omena_parser::parse(&source, omena_parser::StyleDialect::Scss);
[INFO] [stdout]     |                                ^^^^^^^^^^^^ use of unresolved module or unlinked crate `omena_parser`
[INFO] [stdout]     |
[INFO] [stdout]     = help: if you wanted to use a crate named `omena_parser`, use `cargo add omena_parser` to add it to your `Cargo.toml`
[INFO] [stdout] 
[INFO] [stdout] 
[INFO] [stdout] error[E0433]: cannot find module or crate `omena_parser` in this scope
[INFO] [stdout]    --> src/property.rs:153:21
[INFO] [stdout]     |
[INFO] [stdout] 153 |             let _ = omena_parser::collect_style_facts(&source, omena_parser::StyleDialect::Scss);
[INFO] [stdout]     |                     ^^^^^^^^^^^^ use of unresolved module or unlinked crate `omena_parser`
[INFO] [stdout]     |
[INFO] [stdout]     = help: if you wanted to use a crate named `omena_parser`, use `cargo add omena_parser` to add it to your `Cargo.toml`
[INFO] [stdout] 
[INFO] [stdout] 
[INFO] [stdout] Some errors have detailed explanations: E0432, E0433.
[INFO] [stdout] 
[INFO] [stdout] For more information about an error, try `rustc --explain E0432`.
[INFO] [stdout] 
[INFO] [stderr] error: could not compile `omena-testkit` (lib test) due to 5 previous errors
[INFO] running `Command { std: "docker" "inspect" "534b93ef6ab422575d20763819a8758067308685d0c6b7b6c6796b8c7f679b9f", kill_on_drop: false }`
[INFO] running `Command { std: "docker" "rm" "-f" "534b93ef6ab422575d20763819a8758067308685d0c6b7b6c6796b8c7f679b9f", kill_on_drop: false }`
[INFO] [stdout] 534b93ef6ab422575d20763819a8758067308685d0c6b7b6c6796b8c7f679b9f
