[INFO] fetching crate omena-resolver 0.5.0...
[INFO] testing omena-resolver-0.5.0 against 1.99.0-beta.8+cargoflags=--release for beta-release-1.100-2
[INFO] extracting crate omena-resolver 0.5.0 into /workspace/builds/worker-5-tc1/source
[INFO] started tweaking crates.io crate omena-resolver 0.5.0
[INFO] finished tweaking crates.io crate omena-resolver 0.5.0
[INFO] tweaked toml for crates.io crate omena-resolver 0.5.0 written to /workspace/builds/worker-5-tc1/source/Cargo.toml
[INFO] validating manifest of crates.io crate omena-resolver 0.5.0 on toolchain 1.99.0-beta.8
[INFO] running `Command { std: CARGO_HOME="/workspace/cargo-home" RUSTUP_HOME="/workspace/rustup-home" "/workspace/cargo-home/bin/cargo" "+1.99.0-beta.8" "metadata" "--manifest-path" "Cargo.toml" "--no-deps", kill_on_drop: false }`
[INFO] crate crates.io crate omena-resolver 0.5.0 already has a lockfile, it will not be regenerated
[INFO] running `Command { std: CARGO_HOME="/workspace/cargo-home" RUSTUP_HOME="/workspace/rustup-home" "/workspace/cargo-home/bin/cargo" "+1.99.0-beta.8" "fetch" "--manifest-path" "Cargo.toml", kill_on_drop: false }`
[INFO] [stderr]     Blocking waiting for file lock on package cache
[INFO] [stderr]     Updating crates.io index
[INFO] [stderr]     Blocking waiting for file lock on package cache
[INFO] [stderr]      Locking 13 packages to highest compatible versions
[INFO] [stderr]       Adding omena-abstract-value v0.5.0
[INFO] [stderr]       Adding omena-cascade v0.5.0
[INFO] [stderr]       Adding omena-engine-input-producers v0.5.0
[INFO] [stderr]       Adding omena-evidence-graph v0.5.0
[INFO] [stderr]       Adding omena-incremental v0.5.0
[INFO] [stderr]       Adding omena-interner v0.5.0
[INFO] [stderr]       Adding omena-meta-macros v0.5.0
[INFO] [stderr]       Adding omena-parser v0.5.0
[INFO] [stderr]       Adding omena-refinement-trait v0.5.0
[INFO] [stderr]       Adding omena-spec-audit v0.5.0
[INFO] [stderr]       Adding omena-syntax v0.5.0
[INFO] [stderr]       Adding omena-testkit v0.5.0
[INFO] [stderr]       Adding omena-value-lattice v0.5.0
[INFO] [stderr]     Blocking waiting for file lock on package cache
[INFO] [stderr]  Downloading crates ...
[INFO] [stderr]   Downloaded omena-testkit v0.5.0
[INFO] running `Command { std: "docker" "create" "-v" "/var/lib/crater-agent-workspace/builds/worker-5-tc1/source:/opt/rustwide/workdir:ro,Z" "-v" "/var/lib/crater-agent-workspace/builds/worker-5-tc1/target:/opt/rustwide/target:rw,Z" "-v" "/var/lib/crater-agent-workspace/cargo-home:/opt/rustwide/cargo-home:ro,Z" "-v" "/var/lib/crater-agent-workspace/rustup-home:/opt/rustwide/rustup-home:ro,Z" "-m" "1610612736" "--network" "none" "ghcr.io/rust-lang/crates-build-env/linux@sha256:77db811e55d90add9212f6832c23229e3de5f1c1f9905e8cb07319ea15df73ac" "sleep" "infinity", kill_on_drop: false }`
[INFO] [stdout] 83e141465f9ffd766db30eb05b3d65a907b4972f3d9ed8e3a7ab53ca7c2f34be
[INFO] running `Command { std: "docker" "start" "83e141465f9ffd766db30eb05b3d65a907b4972f3d9ed8e3a7ab53ca7c2f34be", kill_on_drop: false }`
[INFO] running `Command { std: "docker" "inspect" "83e141465f9ffd766db30eb05b3d65a907b4972f3d9ed8e3a7ab53ca7c2f34be", kill_on_drop: false }`
[INFO] running `Command { std: "docker" "exec" "-e" "SOURCE_DIR=/opt/rustwide/workdir" "-e" "CARGO_HOME=/opt/rustwide/cargo-home" "-e" "RUSTUP_HOME=/opt/rustwide/rustup-home" "-e" "CARGO_TARGET_DIR=/opt/rustwide/target" "-w" "/opt/rustwide/workdir" "--user" "0:0" "83e141465f9ffd766db30eb05b3d65a907b4972f3d9ed8e3a7ab53ca7c2f34be" "/opt/rustwide/cargo-home/bin/cargo" "+1.99.0-beta.8" "metadata" "--no-deps" "--format-version=1", kill_on_drop: false }`
[INFO] running `Command { std: "docker" "inspect" "83e141465f9ffd766db30eb05b3d65a907b4972f3d9ed8e3a7ab53ca7c2f34be", kill_on_drop: false }`
[INFO] running `Command { std: "docker" "exec" "-e" "SOURCE_DIR=/opt/rustwide/workdir" "-e" "CARGO_HOME=/opt/rustwide/cargo-home" "-e" "RUSTUP_HOME=/opt/rustwide/rustup-home" "-e" "CARGO_TARGET_DIR=/opt/rustwide/target" "-e" "CARGO_INCREMENTAL=0" "-e" "RUST_BACKTRACE=full" "-e" "RUSTFLAGS=--cap-lints=warn" "-e" "RUSTDOCFLAGS=--cap-lints=warn" "-w" "/opt/rustwide/workdir" "--user" "0:0" "83e141465f9ffd766db30eb05b3d65a907b4972f3d9ed8e3a7ab53ca7c2f34be" "/opt/rustwide/cargo-home/bin/cargo" "+1.99.0-beta.8" "build" "--frozen" "--message-format=json" "--release", kill_on_drop: false }`
[INFO] [stderr]    Compiling smallvec v1.15.2
[INFO] [stderr]    Compiling hashbrown v0.17.1
[INFO] [stderr]    Compiling rustc-hash v2.1.3
[INFO] [stderr]    Compiling triomphe v0.1.15
[INFO] [stderr]    Compiling serde_json v1.0.151
[INFO] [stderr]    Compiling text-size v1.1.1
[INFO] [stderr]    Compiling portable-atomic v1.13.1
[INFO] [stderr]    Compiling syn v2.0.117
[INFO] [stderr]    Compiling syn v3.0.3
[INFO] [stderr]    Compiling boxcar v0.2.14
[INFO] [stderr]    Compiling salsa-macro-rules v0.28.2
[INFO] [stderr]    Compiling crossbeam-queue v0.3.12
[INFO] [stderr]    Compiling intrusive-collections v0.10.2
[INFO] [stderr]    Compiling inventory v0.3.24
[INFO] [stderr]    Compiling thin-vec v0.2.18
[INFO] [stderr]    Compiling hybrid-array v0.4.12
[INFO] [stderr]    Compiling smol_str v0.3.6
[INFO] [stderr]    Compiling omena-meta-macros v0.5.0
[INFO] [stderr]    Compiling parking_lot_core v0.9.12
[INFO] [stderr]    Compiling parking_lot v0.12.5
[INFO] [stderr]    Compiling indexmap v2.14.0
[INFO] [stderr]    Compiling hashlink v0.12.0
[INFO] [stderr]    Compiling block-buffer v0.12.1
[INFO] [stderr]    Compiling crypto-common v0.2.2
[INFO] [stderr]    Compiling digest v0.11.3
[INFO] [stderr]    Compiling sha2 v0.11.0
[INFO] [stderr]    Compiling cstree v0.14.0
[INFO] [stderr]    Compiling serde_derive v1.0.228
[INFO] [stderr]    Compiling salsa-macros v0.28.2
[INFO] [stderr]    Compiling serde v1.0.228
[INFO] [stderr]    Compiling omena-syntax v0.5.0
[INFO] [stderr]    Compiling omena-refinement-trait v0.5.0
[INFO] [stderr]    Compiling omena-evidence-graph v0.5.0
[INFO] [stderr]    Compiling omena-spec-audit v0.5.0
[INFO] [stderr]    Compiling omena-cascade v0.5.0
[INFO] [stderr]    Compiling salsa v0.28.2
[INFO] [stderr]    Compiling omena-interner v0.5.0
[INFO] [stderr]    Compiling omena-parser v0.5.0
[INFO] [stderr]    Compiling omena-incremental v0.5.0
[INFO] [stderr]    Compiling omena-value-lattice v0.5.0
[INFO] [stderr]    Compiling omena-abstract-value v0.5.0
[INFO] [stderr]    Compiling omena-engine-input-producers v0.5.0
[INFO] [stderr]    Compiling omena-resolver v0.5.0 (/opt/rustwide/workdir)
[INFO] [stderr]     Finished `release` profile [optimized] target(s) in 25.81s
[INFO] running `Command { std: "docker" "inspect" "83e141465f9ffd766db30eb05b3d65a907b4972f3d9ed8e3a7ab53ca7c2f34be", kill_on_drop: false }`
[INFO] running `Command { std: "docker" "exec" "-e" "SOURCE_DIR=/opt/rustwide/workdir" "-e" "CARGO_HOME=/opt/rustwide/cargo-home" "-e" "RUSTUP_HOME=/opt/rustwide/rustup-home" "-e" "CARGO_TARGET_DIR=/opt/rustwide/target" "-e" "CARGO_INCREMENTAL=0" "-e" "RUST_BACKTRACE=full" "-e" "RUSTFLAGS=--cap-lints=warn" "-e" "RUSTDOCFLAGS=--cap-lints=warn" "-w" "/opt/rustwide/workdir" "--user" "0:0" "83e141465f9ffd766db30eb05b3d65a907b4972f3d9ed8e3a7ab53ca7c2f34be" "/opt/rustwide/cargo-home/bin/cargo" "+1.99.0-beta.8" "test" "--frozen" "--no-run" "--message-format=json" "--release", kill_on_drop: false }`
[INFO] [stderr]    Compiling omena-resolver v0.5.0 (/opt/rustwide/workdir)
[INFO] [stdout] error[E0432]: unresolved import `omena_testkit`
[INFO] [stdout]  --> src/tests/filesystem.rs:2:5
[INFO] [stdout]   |
[INFO] [stdout] 2 | use omena_testkit::{InstrumentationSessionV0, with_instrumentation_session};
[INFO] [stdout]   |     ^^^^^^^^^^^^^ use of unresolved module or unlinked crate `omena_testkit`
[INFO] [stdout]   |
[INFO] [stdout]   = help: if you wanted to use a crate named `omena_testkit`, use `cargo add omena_testkit` to add it to your `Cargo.toml`
[INFO] [stdout] 
[INFO] [stdout] 
[INFO] [stdout] error[E0433]: cannot find module or crate `omena_testkit` in this scope
[INFO] [stdout]   --> src/style_resolution.rs:85:5
[INFO] [stdout]    |
[INFO] [stdout] 85 |     omena_testkit::current_instrumentation_session_v0()
[INFO] [stdout]    |     ^^^^^^^^^^^^^ use of unresolved module or unlinked crate `omena_testkit`
[INFO] [stdout]    |
[INFO] [stdout]    = help: if you wanted to use a crate named `omena_testkit`, use `cargo add omena_testkit` to add it to your `Cargo.toml`
[INFO] [stdout] 
[INFO] [stdout] 
[INFO] [stdout] error[E0433]: cannot find module or crate `omena_testkit` in this scope
[INFO] [stdout]    --> src/style_resolution.rs:101:5
[INFO] [stdout]     |
[INFO] [stdout] 101 |     omena_testkit::current_instrumentation_session_v0()
[INFO] [stdout]     |     ^^^^^^^^^^^^^ use of unresolved module or unlinked crate `omena_testkit`
[INFO] [stdout]     |
[INFO] [stdout]     = help: if you wanted to use a crate named `omena_testkit`, use `cargo add omena_testkit` to add it to your `Cargo.toml`
[INFO] [stdout] 
[INFO] [stdout] 
[INFO] [stdout] error[E0433]: cannot find module or crate `omena_testkit` in this scope
[INFO] [stdout]    --> src/style_resolution.rs:108:5
[INFO] [stdout]     |
[INFO] [stdout] 108 |     omena_testkit::current_instrumentation_session_v0()
[INFO] [stdout]     |     ^^^^^^^^^^^^^ use of unresolved module or unlinked crate `omena_testkit`
[INFO] [stdout]     |
[INFO] [stdout]     = help: if you wanted to use a crate named `omena_testkit`, use `cargo add omena_testkit` to add it to your `Cargo.toml`
[INFO] [stdout] 
[INFO] [stdout] 
[INFO] [stdout] error[E0433]: cannot find module or crate `omena_testkit` in this scope
[INFO] [stdout]    --> src/style_resolution.rs:924:9
[INFO] [stdout]     |
[INFO] [stdout] 924 |         omena_testkit::current_instrumentation_session_v0()
[INFO] [stdout]     |         ^^^^^^^^^^^^^ use of unresolved module or unlinked crate `omena_testkit`
[INFO] [stdout]     |
[INFO] [stdout]     = help: if you wanted to use a crate named `omena_testkit`, use `cargo add omena_testkit` to add it to your `Cargo.toml`
[INFO] [stdout] 
[INFO] [stdout] 
[INFO] [stdout] Some errors have detailed explanations: E0432, E0433.
[INFO] [stdout] 
[INFO] [stdout] For more information about an error, try `rustc --explain E0432`.
[INFO] [stdout] 
[INFO] [stderr] error: could not compile `omena-resolver` (lib test) due to 5 previous errors
[INFO] running `Command { std: "docker" "inspect" "83e141465f9ffd766db30eb05b3d65a907b4972f3d9ed8e3a7ab53ca7c2f34be", kill_on_drop: false }`
[INFO] running `Command { std: "docker" "rm" "-f" "83e141465f9ffd766db30eb05b3d65a907b4972f3d9ed8e3a7ab53ca7c2f34be", kill_on_drop: false }`
[INFO] [stdout] 83e141465f9ffd766db30eb05b3d65a907b4972f3d9ed8e3a7ab53ca7c2f34be
