[INFO] fetching crate ollama-rs 0.3.6...
[INFO] testing ollama-rs-0.3.6 against 1.99.0-beta.8+cargoflags=--release for beta-release-1.100-2
[INFO] extracting crate ollama-rs 0.3.6 into /workspace/builds/worker-6-tc1/source
[INFO] started tweaking crates.io crate ollama-rs 0.3.6
[INFO] removed 0 missing examples
[INFO] removed 0 missing tests
[INFO] finished tweaking crates.io crate ollama-rs 0.3.6
[INFO] tweaked toml for crates.io crate ollama-rs 0.3.6 written to /workspace/builds/worker-6-tc1/source/Cargo.toml
[INFO] validating manifest of crates.io crate ollama-rs 0.3.6 on toolchain 1.99.0-beta.8
[INFO] running `Command { std: CARGO_HOME="/workspace/cargo-home" RUSTUP_HOME="/workspace/rustup-home" "/workspace/cargo-home/bin/cargo" "+1.99.0-beta.8" "metadata" "--manifest-path" "Cargo.toml" "--no-deps", kill_on_drop: false }`
[INFO] crate crates.io crate ollama-rs 0.3.6 already has a lockfile, it will not be regenerated
[INFO] running `Command { std: CARGO_HOME="/workspace/cargo-home" RUSTUP_HOME="/workspace/rustup-home" "/workspace/cargo-home/bin/cargo" "+1.99.0-beta.8" "fetch" "--manifest-path" "Cargo.toml", kill_on_drop: false }`
[INFO] [stderr]     Updating crates.io index
[INFO] [stderr]  Downloading crates ...
[INFO] [stderr]   Downloaded zerofrom-derive v0.1.5
[INFO] [stderr]   Downloaded bytes v1.10.0
[INFO] [stderr]   Downloaded text-splitter v0.32.0
[INFO] [stderr]   Downloaded windows-link v0.1.0
[INFO] [stderr]   Downloaded ref-cast-impl v1.0.24
[INFO] [stderr]   Downloaded dyn-clone v1.0.17
[INFO] [stderr]   Downloaded markup5ever v0.35.0
[INFO] [stderr]   Downloaded derive_utils v0.14.1
[INFO] [stderr]   Downloaded phf_macros v0.11.2
[INFO] [stderr]   Downloaded servo_arc v0.4.0
[INFO] [stderr]   Downloaded dtoa-short v0.3.4
[INFO] [stderr]   Downloaded phf_shared v0.11.2
[INFO] [stderr]   Downloaded match_token v0.35.0
[INFO] [stderr]   Downloaded rustversion v1.0.16
[INFO] [stderr]   Downloaded ref-cast v1.0.24
[INFO] [stderr]   Downloaded scraper v0.24.0
[INFO] [stderr]   Downloaded phf v0.11.2
[INFO] [stderr]   Downloaded wasm-bindgen-futures v0.4.38
[INFO] [stderr]   Downloaded dtoa v1.0.9
[INFO] [stderr]   Downloaded zeroize v1.7.0
[INFO] [stderr]   Downloaded web_atoms v0.1.3
[INFO] [stderr]   Downloaded phf_generator v0.11.2
[INFO] [stderr]   Downloaded icu_locale v2.0.0
[INFO] [stderr]   Downloaded auto_enums v0.8.5
[INFO] [stderr]   Downloaded wasm-streams v0.4.0
[INFO] [stderr]   Downloaded selectors v0.31.0
[INFO] [stderr]   Downloaded cssparser v0.35.0
[INFO] [stderr]   Downloaded html5ever v0.35.0
[INFO] [stderr]   Downloaded quinn-udp v0.5.4
[INFO] [stderr]   Downloaded icu_locale_data v2.0.0
[INFO] [stderr]   Downloaded httparse v1.10.0
[INFO] [stderr]   Downloaded quinn v0.11.3
[INFO] [stderr]   Downloaded hyper-rustls v0.27.2
[INFO] [stderr]   Downloaded hyper-util v0.1.13
[INFO] [stderr]   Downloaded chrono v0.4.40
[INFO] [stderr]   Downloaded rustls-webpki v0.102.6
[INFO] [stderr]   Downloaded ollama-rs-macros v0.3.6
[INFO] [stderr]   Downloaded webpki-roots v1.0.0
[INFO] [stderr]   Downloaded modelfile v0.3.1
[INFO] [stderr]   Downloaded rustls v0.23.12
[INFO] [stderr]   Downloaded webpki-roots v0.26.1
[INFO] [stderr]   Downloaded markup5ever_rcdom v0.3.0
[INFO] [stderr]   Downloaded xml5ever v0.18.1
[INFO] [stderr]   Downloaded web-sys v0.3.65
[INFO] [stderr]   Downloaded html2md v0.2.15
[INFO] [stderr]   Downloaded icu_segmenter v2.0.0
[INFO] [stderr]   Downloaded calc v0.4.0
[INFO] [stderr]   Downloaded unicode-segmentation v1.11.0
[INFO] [stderr]   Downloaded icu_segmenter_data v2.0.0
[INFO] [stderr]   Downloaded unicode-width v0.1.12
[INFO] [stderr]   Downloaded str-buf v1.0.6
[INFO] [stderr]   Downloaded error-code v2.3.1
[INFO] [stderr]   Downloaded num-runtime-fmt v0.1.2
[INFO] [stderr]   Downloaded iterext v0.1.0
[INFO] [stderr]   Downloaded lalrpop-util v0.19.12
[INFO] [stderr]   Downloaded rustyline v10.1.1
[INFO] [stderr]   Downloaded fd-lock v3.0.13
[INFO] [stderr]   Downloaded clipboard-win v4.5.0
[INFO] [stderr]   Downloaded lalrpop v0.19.12
[INFO] [stderr]   Downloaded anyhow v1.0.95
[INFO] running `Command { std: "docker" "create" "-v" "/var/lib/crater-agent-workspace/builds/worker-6-tc1/source:/opt/rustwide/workdir:ro,Z" "-v" "/var/lib/crater-agent-workspace/builds/worker-6-tc1/target:/opt/rustwide/target:rw,Z" "-v" "/var/lib/crater-agent-workspace/cargo-home:/opt/rustwide/cargo-home:ro,Z" "-v" "/var/lib/crater-agent-workspace/rustup-home:/opt/rustwide/rustup-home:ro,Z" "-m" "1610612736" "--network" "none" "ghcr.io/rust-lang/crates-build-env/linux@sha256:77db811e55d90add9212f6832c23229e3de5f1c1f9905e8cb07319ea15df73ac" "sleep" "infinity", kill_on_drop: false }`
[INFO] [stdout] 3bdc00f9a899b62c5fd24d6647ec7a7f873ba725f3784b76914f07bd3409c605
[INFO] running `Command { std: "docker" "start" "3bdc00f9a899b62c5fd24d6647ec7a7f873ba725f3784b76914f07bd3409c605", kill_on_drop: false }`
[INFO] running `Command { std: "docker" "inspect" "3bdc00f9a899b62c5fd24d6647ec7a7f873ba725f3784b76914f07bd3409c605", kill_on_drop: false }`
[INFO] running `Command { std: "docker" "exec" "-e" "SOURCE_DIR=/opt/rustwide/workdir" "-e" "CARGO_HOME=/opt/rustwide/cargo-home" "-e" "RUSTUP_HOME=/opt/rustwide/rustup-home" "-e" "CARGO_TARGET_DIR=/opt/rustwide/target" "-w" "/opt/rustwide/workdir" "--user" "0:0" "3bdc00f9a899b62c5fd24d6647ec7a7f873ba725f3784b76914f07bd3409c605" "/opt/rustwide/cargo-home/bin/cargo" "+1.99.0-beta.8" "metadata" "--no-deps" "--format-version=1", kill_on_drop: false }`
[INFO] running `Command { std: "docker" "inspect" "3bdc00f9a899b62c5fd24d6647ec7a7f873ba725f3784b76914f07bd3409c605", kill_on_drop: false }`
[INFO] running `Command { std: "docker" "exec" "-e" "SOURCE_DIR=/opt/rustwide/workdir" "-e" "CARGO_HOME=/opt/rustwide/cargo-home" "-e" "RUSTUP_HOME=/opt/rustwide/rustup-home" "-e" "CARGO_TARGET_DIR=/opt/rustwide/target" "-e" "CARGO_INCREMENTAL=0" "-e" "RUST_BACKTRACE=full" "-e" "RUSTFLAGS=--cap-lints=warn" "-e" "RUSTDOCFLAGS=--cap-lints=warn" "-w" "/opt/rustwide/workdir" "--user" "0:0" "3bdc00f9a899b62c5fd24d6647ec7a7f873ba725f3784b76914f07bd3409c605" "/opt/rustwide/cargo-home/bin/cargo" "+1.99.0-beta.8" "build" "--frozen" "--message-format=json" "--release", kill_on_drop: false }`
[INFO] [stderr]    Compiling libc v0.2.185
[INFO] [stderr]    Compiling stable_deref_trait v1.2.0
[INFO] [stderr]    Compiling proc-macro2 v1.0.106
[INFO] [stderr]    Compiling bytes v1.10.0
[INFO] [stderr]    Compiling cc v1.2.27
[INFO] [stderr]    Compiling writeable v0.5.5
[INFO] [stderr]    Compiling slab v0.4.9
[INFO] [stderr]    Compiling litemap v0.7.4
[INFO] [stderr]    Compiling futures-task v0.3.32
[INFO] [stderr]    Compiling icu_locid_transform_data v1.5.0
[INFO] [stderr]    Compiling openssl v0.10.73
[INFO] [stderr]    Compiling quote v1.0.46
[INFO] [stderr]    Compiling futures-util v0.3.32
[INFO] [stderr]    Compiling httparse v1.10.0
[INFO] [stderr]    Compiling syn v2.0.118
[INFO] [stderr]    Compiling futures-channel v0.3.29
[INFO] [stderr]    Compiling icu_properties_data v1.5.0
[INFO] [stderr]    Compiling write16 v1.0.0
[INFO] [stderr]    Compiling icu_normalizer_data v1.5.0
[INFO] [stderr]    Compiling http v1.4.2
[INFO] [stderr]    Compiling utf16_iter v1.0.5
[INFO] [stderr]    Compiling zmij v1.0.13
[INFO] [stderr]    Compiling tracing-core v0.1.33
[INFO] [stderr]    Compiling serde_json v1.0.150
[INFO] [stderr]    Compiling openssl-sys v0.9.109
[INFO] [stderr]    Compiling indexmap v2.13.0
[INFO] [stderr]    Compiling socket2 v0.6.3
[INFO] [stderr]    Compiling mio v1.2.0
[INFO] [stderr]    Compiling tokio v1.52.3
[INFO] [stderr]    Compiling http-body v1.0.0
[INFO] [stderr]    Compiling native-tls v0.2.11
[INFO] [stderr]    Compiling tracing v0.1.41
[INFO] [stderr]    Compiling socket2 v0.5.10
[INFO] [stderr]    Compiling sync_wrapper v1.0.1
[INFO] [stderr]    Compiling ipnet v2.9.0
[INFO] [stderr]    Compiling ref-cast v1.0.24
[INFO] [stderr]    Compiling http-body-util v0.1.3
[INFO] [stderr]    Compiling zeroize v1.7.0
[INFO] [stderr]    Compiling iri-string v0.7.8
[INFO] [stderr]    Compiling rustls-pki-types v1.12.0
[INFO] [stderr]    Compiling dyn-clone v1.0.17
[INFO] [stderr]    Compiling synstructure v0.13.1
[INFO] [stderr]    Compiling serde_derive_internals v0.29.1
[INFO] [stderr]    Compiling zerofrom-derive v0.1.5
[INFO] [stderr]    Compiling yoke-derive v0.7.5
[INFO] [stderr]    Compiling zerovec-derive v0.10.3
[INFO] [stderr]    Compiling displaydoc v0.2.5
[INFO] [stderr]    Compiling icu_provider_macros v1.5.0
[INFO] [stderr]    Compiling openssl-macros v0.1.1
[INFO] [stderr]    Compiling serde_derive v1.0.228
[INFO] [stderr]    Compiling ref-cast-impl v1.0.24
[INFO] [stderr]    Compiling schemars_derive v1.2.1
[INFO] [stderr]    Compiling thiserror-impl v2.0.18
[INFO] [stderr]    Compiling async-stream-impl v0.3.6
[INFO] [stderr]    Compiling async-stream v0.3.6
[INFO] [stderr]    Compiling zerofrom v0.1.5
[INFO] [stderr]    Compiling yoke v0.7.5
[INFO] [stderr]    Compiling zerovec v0.10.4
[INFO] [stderr]    Compiling thiserror v2.0.18
[INFO] [stderr]    Compiling hyper v1.6.0
[INFO] [stderr]    Compiling tower v0.5.2
[INFO] [stderr]    Compiling tower-http v0.6.8
[INFO] [stderr]    Compiling tinystr v0.7.6
[INFO] [stderr]    Compiling icu_collections v1.5.0
[INFO] [stderr]    Compiling icu_locid v1.5.0
[INFO] [stderr]    Compiling serde v1.0.228
[INFO] [stderr]    Compiling hyper-util v0.1.13
[INFO] [stderr]    Compiling icu_provider v1.5.0
[INFO] [stderr]    Compiling serde_urlencoded v0.7.1
[INFO] [stderr]    Compiling tokio-native-tls v0.3.1
[INFO] [stderr]    Compiling schemars v1.2.1
[INFO] [stderr]    Compiling icu_locid_transform v1.5.0
[INFO] [stderr]    Compiling icu_properties v1.5.1
[INFO] [stderr]    Compiling hyper-tls v0.6.0
[INFO] [stderr]    Compiling icu_normalizer v1.5.0
[INFO] [stderr]    Compiling idna_adapter v1.2.0
[INFO] [stderr]    Compiling idna v1.1.0
[INFO] [stderr]    Compiling url v2.5.8
[INFO] [stderr]    Compiling reqwest v0.12.28
[INFO] [stderr]    Compiling ollama-rs v0.3.6 (/opt/rustwide/workdir)
[INFO] [stderr]     Finished `release` profile [optimized] target(s) in 48.40s
[INFO] running `Command { std: "docker" "inspect" "3bdc00f9a899b62c5fd24d6647ec7a7f873ba725f3784b76914f07bd3409c605", kill_on_drop: false }`
[INFO] running `Command { std: "docker" "exec" "-e" "SOURCE_DIR=/opt/rustwide/workdir" "-e" "CARGO_HOME=/opt/rustwide/cargo-home" "-e" "RUSTUP_HOME=/opt/rustwide/rustup-home" "-e" "CARGO_TARGET_DIR=/opt/rustwide/target" "-e" "CARGO_INCREMENTAL=0" "-e" "RUST_BACKTRACE=full" "-e" "RUSTFLAGS=--cap-lints=warn" "-e" "RUSTDOCFLAGS=--cap-lints=warn" "-w" "/opt/rustwide/workdir" "--user" "0:0" "3bdc00f9a899b62c5fd24d6647ec7a7f873ba725f3784b76914f07bd3409c605" "/opt/rustwide/cargo-home/bin/cargo" "+1.99.0-beta.8" "test" "--frozen" "--no-run" "--message-format=json" "--release", kill_on_drop: false }`
[INFO] [stderr]    Compiling lock_api v0.4.11
[INFO] [stderr]    Compiling parking_lot_core v0.9.9
[INFO] [stderr]    Compiling tokio-macros v2.7.0
[INFO] [stderr]    Compiling signal-hook-registry v1.4.1
[INFO] [stderr]    Compiling slab v0.4.9
[INFO] [stderr]    Compiling futures-macro v0.3.32
[INFO] [stderr]    Compiling fs2 v0.4.3
[INFO] [stderr]    Compiling parking_lot v0.12.1
[INFO] [stderr]    Compiling tokio v1.52.3
[INFO] [stderr]    Compiling futures-util v0.3.32
[INFO] [stderr]    Compiling hyper v1.6.0
[INFO] [stderr]    Compiling tokio-native-tls v0.3.1
[INFO] [stderr]    Compiling tower v0.5.2
[INFO] [stderr]    Compiling tokio-stream v0.1.18
[INFO] [stderr]    Compiling tower-http v0.6.8
[INFO] [stderr]    Compiling hyper-util v0.1.13
[INFO] [stderr]    Compiling hyper-tls v0.6.0
[INFO] [stderr]    Compiling reqwest v0.12.28
[INFO] [stderr]    Compiling ollama-rs v0.3.6 (/opt/rustwide/workdir)
[INFO] [stdout] error[E0432]: unresolved import `ollama_rs::generation::completion::GenerationResponseStream`
[INFO] [stdout]   --> tests/generation.rs:5:50
[INFO] [stdout]    |
[INFO] [stdout]  5 |         completion::{request::GenerationRequest, GenerationResponseStream},
[INFO] [stdout]    |                                                  ^^^^^^^^^^^^^^^^^^^^^^^^ no `GenerationResponseStream` in `generation::completion`
[INFO] [stdout]    |
[INFO] [stdout] note: found an item that was configured out
[INFO] [stdout]   --> src/generation/completion/mod.rs:12:10
[INFO] [stdout]    |
[INFO] [stdout] 10 | #[cfg(feature = "stream")]
[INFO] [stdout]    |       ------------------ the item is gated behind the `stream` feature
[INFO] [stdout] 11 | /// A stream of `GenerationResponse` objects
[INFO] [stdout] 12 | pub type GenerationResponseStream = std::pin::Pin<
[INFO] [stdout]    |          ^^^^^^^^^^^^^^^^^^^^^^^^
[INFO] [stdout] help: a similar name exists in the module
[INFO] [stdout]    |
[INFO] [stdout]  5 |         completion::{request::GenerationRequest, GenerationResponseStreamChunk},
[INFO] [stdout]    |                                                                          +++++
[INFO] [stdout] 
[INFO] [stdout] 
[INFO] [stdout] error[E0432]: unresolved import `ollama_rs::generation::chat::ChatMessageResponseStream`
[INFO] [stdout]   --> examples/chat_api_chatbot.rs:3:66
[INFO] [stdout]    |
[INFO] [stdout]  3 |     generation::chat::{request::ChatMessageRequest, ChatMessage, ChatMessageResponseStream},
[INFO] [stdout]    |                                                                  ^^^^^^^^^^^^^^^^^^^^^^^^^ no `ChatMessageResponseStream` in `generation::chat`
[INFO] [stdout]    |
[INFO] [stdout] note: found an item that was configured out
[INFO] [stdout]   --> src/generation/chat/mod.rs:24:10
[INFO] [stdout]    |
[INFO] [stdout] 22 | #[cfg(feature = "stream")]
[INFO] [stdout]    |       ------------------ the item is gated behind the `stream` feature
[INFO] [stdout] 23 | /// A stream of `ChatMessageResponse` objects
[INFO] [stdout] 24 | pub type ChatMessageResponseStream =
[INFO] [stdout]    |          ^^^^^^^^^^^^^^^^^^^^^^^^^
[INFO] [stdout] help: a similar name exists in the module
[INFO] [stdout]    |
[INFO] [stdout]  3 -     generation::chat::{request::ChatMessageRequest, ChatMessage, ChatMessageResponseStream},
[INFO] [stdout]  3 +     generation::chat::{request::ChatMessageRequest, ChatMessage, ChatMessageResponse},
[INFO] [stdout]    |
[INFO] [stdout] 
[INFO] [stdout] 
[INFO] [stdout] error[E0599]: no method named `send_chat_messages_stream` found for struct `Ollama` in the current scope
[INFO] [stdout]   --> examples/chat_api_chatbot.rs:35:14
[INFO] [stdout]    |
[INFO] [stdout] 34 |           let mut stream: ChatMessageResponseStream = ollama
[INFO] [stdout]    |  _____________________________________________________-
[INFO] [stdout] 35 | |             .send_chat_messages_stream(ChatMessageRequest::new(
[INFO] [stdout]    | |_____________-^^^^^^^^^^^^^^^^^^^^^^^^^
[INFO] [stdout]    |
[INFO] [stdout] help: there is a method `send_chat_messages` with a similar name
[INFO] [stdout]    |
[INFO] [stdout] 35 -             .send_chat_messages_stream(ChatMessageRequest::new(
[INFO] [stdout] 35 +             .send_chat_messages(ChatMessageRequest::new(
[INFO] [stdout]    |
[INFO] [stdout] 
[INFO] [stdout] 
[INFO] [stdout] error[E0599]: no method named `pull_model_stream` found for struct `Ollama` in the current scope
[INFO] [stdout]  --> tests/pull_model.rs:9:10
[INFO] [stdout]   |
[INFO] [stdout] 8 |       let mut res = ollama
[INFO] [stdout]   |  ___________________-
[INFO] [stdout] 9 | |         .pull_model_stream("llama2:latest".into(), false)
[INFO] [stdout]   | |_________-^^^^^^^^^^^^^^^^^
[INFO] [stdout]   |
[INFO] [stdout] help: there is a method `pull_model` with a similar name
[INFO] [stdout]   |
[INFO] [stdout] 9 -         .pull_model_stream("llama2:latest".into(), false)
[INFO] [stdout] 9 +         .pull_model("llama2:latest".into(), false)
[INFO] [stdout]   |
[INFO] [stdout] 
[INFO] [stdout] 
[INFO] [stdout] Some errors have detailed explanations: E0432, E0599.
[INFO] [stdout] 
[INFO] [stdout] For more information about an error, try `rustc --explain E0432`.
[INFO] [stdout] 
[INFO] [stdout] For more information about this error, try `rustc --explain E0599`.
[INFO] [stdout] 
[INFO] [stderr] error: could not compile `ollama-rs` (example "chat_api_chatbot") due to 2 previous errors
[INFO] [stderr] warning: build failed, waiting for other jobs to finish...
[INFO] [stderr] error: could not compile `ollama-rs` (test "generation") due to 2 previous errors
[INFO] [stdout] error[E0599]: no method named `create_model_stream` found for struct `Ollama` in the current scope
[INFO] [stdout]   --> tests/create_model.rs:15:26
[INFO] [stdout]    |
[INFO] [stdout] 15 |     let mut res = ollama.create_model_stream(request).await.unwrap();
[INFO] [stdout]    |                          ^^^^^^^^^^^^^^^^^^^
[INFO] [stdout]    |
[INFO] [stdout] help: there is a method `create_model` with a similar name
[INFO] [stdout]    |
[INFO] [stdout] 15 -     let mut res = ollama.create_model_stream(request).await.unwrap();
[INFO] [stdout] 15 +     let mut res = ollama.create_model(request).await.unwrap();
[INFO] [stdout]    |
[INFO] [stdout] 
[INFO] [stdout] 
[INFO] [stdout] error[E0599]: no method named `generate_stream` found for struct `Ollama` in the current scope
[INFO] [stdout]   --> tests/generation.rs:21:10
[INFO] [stdout]    |
[INFO] [stdout] 20 |       let mut res: GenerationResponseStream = ollama
[INFO] [stdout]    |  _____________________________________________-
[INFO] [stdout] 21 | |         .generate_stream(GenerationRequest::new("llama2:latest".to_string(), PROMPT))
[INFO] [stdout]    | |_________-^^^^^^^^^^^^^^^
[INFO] [stdout]    |
[INFO] [stdout] help: there is a method `generate` with a similar name
[INFO] [stdout]    |
[INFO] [stdout] 21 -         .generate_stream(GenerationRequest::new("llama2:latest".to_string(), PROMPT))
[INFO] [stdout] 21 +         .generate(GenerationRequest::new("llama2:latest".to_string(), PROMPT))
[INFO] [stdout]    |
[INFO] [stdout] 
[INFO] [stdout] 
[INFO] [stdout] Some errors have detailed explanations: E0432, E0599.
[INFO] [stdout] 
[INFO] [stdout] For more information about an error, try `rustc --explain E0432`.
[INFO] [stdout] 
[INFO] [stderr] error: could not compile `ollama-rs` (test "pull_model") due to 1 previous error
[INFO] [stdout] For more information about this error, try `rustc --explain E0599`.
[INFO] [stdout] 
[INFO] [stderr] error: could not compile `ollama-rs` (test "create_model") due to 1 previous error
[INFO] running `Command { std: "docker" "inspect" "3bdc00f9a899b62c5fd24d6647ec7a7f873ba725f3784b76914f07bd3409c605", kill_on_drop: false }`
[INFO] running `Command { std: "docker" "rm" "-f" "3bdc00f9a899b62c5fd24d6647ec7a7f873ba725f3784b76914f07bd3409c605", kill_on_drop: false }`
[INFO] [stdout] 3bdc00f9a899b62c5fd24d6647ec7a7f873ba725f3784b76914f07bd3409c605
