[INFO] fetching crate ohos-drawing-binding 0.2.4...
[INFO] testing ohos-drawing-binding-0.2.4 against 1.99.0-beta.8+cargoflags=--release for beta-release-1.100-2
[INFO] extracting crate ohos-drawing-binding 0.2.4 into /workspace/builds/worker-3-tc1/source
[INFO] started tweaking crates.io crate ohos-drawing-binding 0.2.4
[INFO] finished tweaking crates.io crate ohos-drawing-binding 0.2.4
[INFO] tweaked toml for crates.io crate ohos-drawing-binding 0.2.4 written to /workspace/builds/worker-3-tc1/source/Cargo.toml
[INFO] validating manifest of crates.io crate ohos-drawing-binding 0.2.4 on toolchain 1.99.0-beta.8
[INFO] running `Command { std: CARGO_HOME="/workspace/cargo-home" RUSTUP_HOME="/workspace/rustup-home" "/workspace/cargo-home/bin/cargo" "+1.99.0-beta.8" "metadata" "--manifest-path" "Cargo.toml" "--no-deps", kill_on_drop: false }`
[INFO] crate crates.io crate ohos-drawing-binding 0.2.4 already has a lockfile, it will not be regenerated
[INFO] running `Command { std: CARGO_HOME="/workspace/cargo-home" RUSTUP_HOME="/workspace/rustup-home" "/workspace/cargo-home/bin/cargo" "+1.99.0-beta.8" "fetch" "--manifest-path" "Cargo.toml", kill_on_drop: false }`
[INFO] [stderr]     Updating crates.io index
[INFO] [stderr]  Downloading crates ...
[INFO] [stderr]   Downloaded napi-sys-ohos v1.2.0
[INFO] [stderr]   Downloaded ohos-image-native-sys v0.0.5
[INFO] [stderr]   Downloaded ohos-resource-manager-sys v0.3.4
[INFO] [stderr]   Downloaded ohos-image-sys v0.0.5
[INFO] [stderr]   Downloaded ohos-native-drawing-sys v0.2.4
[INFO] [stderr]   Downloaded ohos-native-buffer-sys v0.1.4
[INFO] [stderr]   Downloaded ohos-enum-derive v0.1.2
[INFO] running `Command { std: "docker" "create" "-v" "/var/lib/crater-agent-workspace/builds/worker-3-tc1/source:/opt/rustwide/workdir:ro,Z" "-v" "/var/lib/crater-agent-workspace/builds/worker-3-tc1/target:/opt/rustwide/target:rw,Z" "-v" "/var/lib/crater-agent-workspace/cargo-home:/opt/rustwide/cargo-home:ro,Z" "-v" "/var/lib/crater-agent-workspace/rustup-home:/opt/rustwide/rustup-home:ro,Z" "-m" "1610612736" "--network" "none" "ghcr.io/rust-lang/crates-build-env/linux@sha256:77db811e55d90add9212f6832c23229e3de5f1c1f9905e8cb07319ea15df73ac" "sleep" "infinity", kill_on_drop: false }`
[INFO] [stdout] 7a2e17ee04b42d98c9182a4c4c8cebb3c093a9588e60424241c2bcff3af9e1b4
[INFO] running `Command { std: "docker" "start" "7a2e17ee04b42d98c9182a4c4c8cebb3c093a9588e60424241c2bcff3af9e1b4", kill_on_drop: false }`
[INFO] running `Command { std: "docker" "inspect" "7a2e17ee04b42d98c9182a4c4c8cebb3c093a9588e60424241c2bcff3af9e1b4", kill_on_drop: false }`
[INFO] running `Command { std: "docker" "exec" "-e" "SOURCE_DIR=/opt/rustwide/workdir" "-e" "CARGO_HOME=/opt/rustwide/cargo-home" "-e" "RUSTUP_HOME=/opt/rustwide/rustup-home" "-e" "CARGO_TARGET_DIR=/opt/rustwide/target" "-w" "/opt/rustwide/workdir" "--user" "0:0" "7a2e17ee04b42d98c9182a4c4c8cebb3c093a9588e60424241c2bcff3af9e1b4" "/opt/rustwide/cargo-home/bin/cargo" "+1.99.0-beta.8" "metadata" "--no-deps" "--format-version=1", kill_on_drop: false }`
[INFO] running `Command { std: "docker" "inspect" "7a2e17ee04b42d98c9182a4c4c8cebb3c093a9588e60424241c2bcff3af9e1b4", kill_on_drop: false }`
[INFO] running `Command { std: "docker" "exec" "-e" "SOURCE_DIR=/opt/rustwide/workdir" "-e" "CARGO_HOME=/opt/rustwide/cargo-home" "-e" "RUSTUP_HOME=/opt/rustwide/rustup-home" "-e" "CARGO_TARGET_DIR=/opt/rustwide/target" "-e" "CARGO_INCREMENTAL=0" "-e" "RUST_BACKTRACE=full" "-e" "RUSTFLAGS=--cap-lints=warn" "-e" "RUSTDOCFLAGS=--cap-lints=warn" "-w" "/opt/rustwide/workdir" "--user" "0:0" "7a2e17ee04b42d98c9182a4c4c8cebb3c093a9588e60424241c2bcff3af9e1b4" "/opt/rustwide/cargo-home/bin/cargo" "+1.99.0-beta.8" "build" "--frozen" "--message-format=json" "--release", kill_on_drop: false }`
[INFO] [stderr]    Compiling libloading v0.9.0
[INFO] [stderr]    Compiling ohos-native-buffer-sys v0.1.4
[INFO] [stderr]    Compiling convert_case v0.6.0
[INFO] [stderr]    Compiling napi-sys-ohos v1.2.0
[INFO] [stderr]    Compiling ohos-resource-manager-sys v0.3.4
[INFO] [stderr]    Compiling ohos-enum-derive v0.1.2
[INFO] [stderr]    Compiling ohos-image-sys v0.0.5
[INFO] [stderr]    Compiling ohos-image-native-sys v0.0.5
[INFO] [stderr]    Compiling ohos-native-drawing-sys v0.2.4
[INFO] [stderr]    Compiling ohos-drawing-binding v0.2.4 (/opt/rustwide/workdir)
[INFO] [stderr]     Finished `release` profile [optimized] target(s) in 0.84s
[INFO] running `Command { std: "docker" "inspect" "7a2e17ee04b42d98c9182a4c4c8cebb3c093a9588e60424241c2bcff3af9e1b4", kill_on_drop: false }`
[INFO] running `Command { std: "docker" "exec" "-e" "SOURCE_DIR=/opt/rustwide/workdir" "-e" "CARGO_HOME=/opt/rustwide/cargo-home" "-e" "RUSTUP_HOME=/opt/rustwide/rustup-home" "-e" "CARGO_TARGET_DIR=/opt/rustwide/target" "-e" "CARGO_INCREMENTAL=0" "-e" "RUST_BACKTRACE=full" "-e" "RUSTFLAGS=--cap-lints=warn" "-e" "RUSTDOCFLAGS=--cap-lints=warn" "-w" "/opt/rustwide/workdir" "--user" "0:0" "7a2e17ee04b42d98c9182a4c4c8cebb3c093a9588e60424241c2bcff3af9e1b4" "/opt/rustwide/cargo-home/bin/cargo" "+1.99.0-beta.8" "test" "--frozen" "--no-run" "--message-format=json" "--release", kill_on_drop: false }`
[INFO] [stderr]    Compiling ohos-drawing-binding v0.2.4 (/opt/rustwide/workdir)
[INFO] [stdout] error: linking with `cc` failed: exit status: 1
[INFO] [stdout]   |
[INFO] [stdout]   = note:  "cc" "-m64" "/opt/rustwide/target/release/deps/rustcceZ3se/symbols.o" "<2 object files omitted>" "-Wl,--as-needed" "-Wl,-Bstatic" "<sysroot>/lib/rustlib/x86_64-unknown-linux-gnu/lib/{libtest-*,libgetopts-*,librustc_std_workspace_std-*}.rlib" "/opt/rustwide/target/release/deps/{libohos_native_drawing_sys-b8e932ba3d8ab044,libohos_image_sys-284c338720b0706b,libohos_image_native_sys-c34c1b422c87156a,libohos_resource_manager_sys-7b8de00a3e64b89d,libohos_native_buffer_sys-3bdb4598b647e863,libnapi_sys_ohos-962bd4601579d7b4}.rlib" "<sysroot>/lib/rustlib/x86_64-unknown-linux-gnu/lib/{libstd-*,libpanic_unwind-*,libobject-*,libmemchr-*,libaddr2line-*,libgimli-*,libcfg_if-*,librustc_demangle-*,libstd_detect-*,libhashbrown-*,librustc_std_workspace_alloc-*,libminiz_oxide-*,libadler2-*,libunwind-*,liblibc-*,librustc_std_workspace_core-*,liballoc-*,libcore-*,libcompiler_builtins-*}.rlib" "-Wl,-Bdynamic" "-lnative_drawing" "-lohimage" "-limage_packer" "-lpicture" "-limage_receiver" "-limage_source" "-lpixelmap" "-limage_ndk.z" "-limage_packer_ndk.z" "-limage_receiver_ndk.z" "-limage_source_ndk.z" "-lpixelmap_ndk.z" "-limage_ndk.z" "-limage_packer_ndk.z" "-lpixelmap_ndk.z" "-limage_receiver_ndk.z" "-limage_source_ndk.z" "-limage_source" "-limage_receiver" "-lpixelmap" "-lohimage" "-lohresmgr" "-lrawfile.z" "-lnative_buffer" "-lgcc_s" "-lutil" "-lrt" "-lpthread" "-lm" "-ldl" "-lc" "-L" "/opt/rustwide/target/release/deps/rustcceZ3se/raw-dylibs" "-B<sysroot>/lib/rustlib/x86_64-unknown-linux-gnu/bin/gcc-ld" "-fuse-ld=lld" "-Wl,--eh-frame-hdr" "-Wl,-z,noexecstack" "-L" "<sysroot>/lib/rustlib/x86_64-unknown-linux-gnu/lib" "-o" "/opt/rustwide/target/release/deps/ohos_drawing_binding-a13654953b6c2022" "-Wl,--gc-sections" "-pie" "-Wl,-z,relro,-z,now" "-Wl,-O1" "-Wl,--strip-debug" "-nodefaultlibs"
[INFO] [stdout]   = note: some arguments are omitted. use `--verbose` to show all linker arguments
[INFO] [stdout]   = note: rust-lld: error: unable to find library -lnative_drawing
[INFO] [stdout]           rust-lld: error: unable to find library -lohimage
[INFO] [stdout]           rust-lld: error: unable to find library -limage_packer
[INFO] [stdout]           rust-lld: error: unable to find library -lpicture
[INFO] [stdout]           rust-lld: error: unable to find library -limage_receiver
[INFO] [stdout]           rust-lld: error: unable to find library -limage_source
[INFO] [stdout]           rust-lld: error: unable to find library -lpixelmap
[INFO] [stdout]           rust-lld: error: unable to find library -limage_ndk.z
[INFO] [stdout]           rust-lld: error: unable to find library -limage_packer_ndk.z
[INFO] [stdout]           rust-lld: error: unable to find library -limage_receiver_ndk.z
[INFO] [stdout]           rust-lld: error: unable to find library -limage_source_ndk.z
[INFO] [stdout]           rust-lld: error: unable to find library -lpixelmap_ndk.z
[INFO] [stdout]           rust-lld: error: unable to find library -limage_ndk.z
[INFO] [stdout]           rust-lld: error: unable to find library -limage_packer_ndk.z
[INFO] [stdout]           rust-lld: error: unable to find library -lpixelmap_ndk.z
[INFO] [stdout]           rust-lld: error: unable to find library -limage_receiver_ndk.z
[INFO] [stdout]           rust-lld: error: unable to find library -limage_source_ndk.z
[INFO] [stdout]           rust-lld: error: unable to find library -limage_source
[INFO] [stdout]           rust-lld: error: unable to find library -limage_receiver
[INFO] [stdout]           rust-lld: error: unable to find library -lpixelmap
[INFO] [stdout]           rust-lld: error: too many errors emitted, stopping now (use --error-limit=0 to see all errors)
[INFO] [stdout]           collect2: error: ld returned 1 exit status
[INFO] [stdout]           
[INFO] [stdout] 
[INFO] [stdout] 
[INFO] [stderr] error: could not compile `ohos-drawing-binding` (lib test) due to 1 previous error
[INFO] running `Command { std: "docker" "inspect" "7a2e17ee04b42d98c9182a4c4c8cebb3c093a9588e60424241c2bcff3af9e1b4", kill_on_drop: false }`
[INFO] running `Command { std: "docker" "rm" "-f" "7a2e17ee04b42d98c9182a4c4c8cebb3c093a9588e60424241c2bcff3af9e1b4", kill_on_drop: false }`
[INFO] [stdout] 7a2e17ee04b42d98c9182a4c4c8cebb3c093a9588e60424241c2bcff3af9e1b4
