[INFO] fetching crate ohos-camera-binding 0.2.2...
[INFO] testing ohos-camera-binding-0.2.2 against 1.100.0-beta.1+cargoflags=--release for beta-release-1.100-2
[INFO] extracting crate ohos-camera-binding 0.2.2 into /workspace/builds/worker-7-tc2/source
[INFO] started tweaking crates.io crate ohos-camera-binding 0.2.2
[INFO] finished tweaking crates.io crate ohos-camera-binding 0.2.2
[INFO] tweaked toml for crates.io crate ohos-camera-binding 0.2.2 written to /workspace/builds/worker-7-tc2/source/Cargo.toml
[INFO] validating manifest of crates.io crate ohos-camera-binding 0.2.2 on toolchain 1.100.0-beta.1
[INFO] running `Command { std: CARGO_HOME="/workspace/cargo-home" RUSTUP_HOME="/workspace/rustup-home" "/workspace/cargo-home/bin/cargo" "+1.100.0-beta.1" "metadata" "--manifest-path" "Cargo.toml" "--no-deps", kill_on_drop: false }`
[INFO] crate crates.io crate ohos-camera-binding 0.2.2 already has a lockfile, it will not be regenerated
[INFO] running `Command { std: CARGO_HOME="/workspace/cargo-home" RUSTUP_HOME="/workspace/rustup-home" "/workspace/cargo-home/bin/cargo" "+1.100.0-beta.1" "fetch" "--manifest-path" "Cargo.toml", kill_on_drop: false }`
[INFO] running `Command { std: "docker" "create" "-v" "/var/lib/crater-agent-workspace/builds/worker-7-tc2/source:/opt/rustwide/workdir:ro,Z" "-v" "/var/lib/crater-agent-workspace/builds/worker-7-tc2/target:/opt/rustwide/target:rw,Z" "-v" "/var/lib/crater-agent-workspace/cargo-home:/opt/rustwide/cargo-home:ro,Z" "-v" "/var/lib/crater-agent-workspace/rustup-home:/opt/rustwide/rustup-home:ro,Z" "-m" "1610612736" "--network" "none" "ghcr.io/rust-lang/crates-build-env/linux@sha256:77db811e55d90add9212f6832c23229e3de5f1c1f9905e8cb07319ea15df73ac" "sleep" "infinity", kill_on_drop: false }`
[INFO] [stdout] 7932ed5fd2260925cdf3228320682bf8300c6e394214ac3dda89a9f5ee7323fc
[INFO] running `Command { std: "docker" "start" "7932ed5fd2260925cdf3228320682bf8300c6e394214ac3dda89a9f5ee7323fc", kill_on_drop: false }`
[INFO] running `Command { std: "docker" "inspect" "7932ed5fd2260925cdf3228320682bf8300c6e394214ac3dda89a9f5ee7323fc", kill_on_drop: false }`
[INFO] running `Command { std: "docker" "exec" "-e" "SOURCE_DIR=/opt/rustwide/workdir" "-e" "CARGO_HOME=/opt/rustwide/cargo-home" "-e" "RUSTUP_HOME=/opt/rustwide/rustup-home" "-e" "CARGO_TARGET_DIR=/opt/rustwide/target" "-w" "/opt/rustwide/workdir" "--user" "0:0" "7932ed5fd2260925cdf3228320682bf8300c6e394214ac3dda89a9f5ee7323fc" "/opt/rustwide/cargo-home/bin/cargo" "+1.100.0-beta.1" "metadata" "--no-deps" "--format-version=1", kill_on_drop: false }`
[INFO] running `Command { std: "docker" "inspect" "7932ed5fd2260925cdf3228320682bf8300c6e394214ac3dda89a9f5ee7323fc", kill_on_drop: false }`
[INFO] running `Command { std: "docker" "exec" "-e" "SOURCE_DIR=/opt/rustwide/workdir" "-e" "CARGO_HOME=/opt/rustwide/cargo-home" "-e" "RUSTUP_HOME=/opt/rustwide/rustup-home" "-e" "CARGO_TARGET_DIR=/opt/rustwide/target" "-e" "CARGO_INCREMENTAL=0" "-e" "RUST_BACKTRACE=full" "-e" "RUSTFLAGS=--cap-lints=warn" "-e" "RUSTDOCFLAGS=--cap-lints=warn" "-w" "/opt/rustwide/workdir" "--user" "0:0" "7932ed5fd2260925cdf3228320682bf8300c6e394214ac3dda89a9f5ee7323fc" "/opt/rustwide/cargo-home/bin/cargo" "+1.100.0-beta.1" "build" "--frozen" "--message-format=json" "--release", kill_on_drop: false }`
[INFO] [stderr]    Compiling libloading v0.9.0
[INFO] [stderr]    Compiling ohos-native-buffer-sys v0.1.4
[INFO] [stderr]    Compiling libc v0.2.190
[INFO] [stderr]    Compiling unicode-segmentation v1.13.3
[INFO] [stderr]    Compiling ohos-native-window-sys v0.1.4
[INFO] [stderr]    Compiling ohos-native-buffer-binding v0.2.6
[INFO] [stderr]    Compiling napi-sys-ohos v1.2.0
[INFO] [stderr]    Compiling ohos-resource-manager-sys v0.3.4
[INFO] [stderr]    Compiling ohos-image-native-sys v0.0.5
[INFO] [stderr]    Compiling ohos-camera-sys v0.1.3
[INFO] [stderr]    Compiling convert_case v0.6.0
[INFO] [stderr]    Compiling ohos-enum-derive v0.1.2
[INFO] [stderr]    Compiling ohos-image-native-binding v0.0.7
[INFO] [stderr]    Compiling ohos-camera-binding v0.2.2 (/opt/rustwide/workdir)
[INFO] [stderr]     Finished `release` profile [optimized] target(s) in 2.08s
[INFO] running `Command { std: "docker" "inspect" "7932ed5fd2260925cdf3228320682bf8300c6e394214ac3dda89a9f5ee7323fc", kill_on_drop: false }`
[INFO] running `Command { std: "docker" "exec" "-e" "SOURCE_DIR=/opt/rustwide/workdir" "-e" "CARGO_HOME=/opt/rustwide/cargo-home" "-e" "RUSTUP_HOME=/opt/rustwide/rustup-home" "-e" "CARGO_TARGET_DIR=/opt/rustwide/target" "-e" "CARGO_INCREMENTAL=0" "-e" "RUST_BACKTRACE=full" "-e" "RUSTFLAGS=--cap-lints=warn" "-e" "RUSTDOCFLAGS=--cap-lints=warn" "-w" "/opt/rustwide/workdir" "--user" "0:0" "7932ed5fd2260925cdf3228320682bf8300c6e394214ac3dda89a9f5ee7323fc" "/opt/rustwide/cargo-home/bin/cargo" "+1.100.0-beta.1" "test" "--frozen" "--no-run" "--message-format=json" "--release", kill_on_drop: false }`
[INFO] [stderr]    Compiling ohos-camera-binding v0.2.2 (/opt/rustwide/workdir)
[INFO] [stdout] error: linking with `cc` failed: exit status: 1
[INFO] [stdout]   |
[INFO] [stdout]   = note:  "cc" "-m64" "/opt/rustwide/target/release/build/ohos-camera-binding/107376929bd583ab/out/rustcBfCPUZ/symbols.o" "<2 object files omitted>" "-Wl,--as-needed" "-Wl,-Bstatic" "<sysroot>/lib/rustlib/x86_64-unknown-linux-gnu/lib/{libtest-*,libgetopts-*,librustc_std_workspace_std-*}.rlib" "/opt/rustwide/target/release/build/ohos-image-native-binding/be2d8fcc8ce5e160/out/libohos_image_native_binding-be2d8fcc8ce5e160.rlib" "/opt/rustwide/target/release/build/libc/1ec0954686b53def/out/liblibc-1ec0954686b53def.rlib" "/opt/rustwide/target/release/build/ohos-native-buffer-binding/2a3b0980d17f2621/out/libohos_native_buffer_binding-2a3b0980d17f2621.rlib" "/opt/rustwide/target/release/build/ohos-native-window-sys/45356c3a141523bd/out/libohos_native_window_sys-45356c3a141523bd.rlib" "/opt/rustwide/target/release/build/ohos-camera-sys/f74fbd7eb79adfe9/out/libohos_camera_sys-f74fbd7eb79adfe9.rlib" "/opt/rustwide/target/release/build/ohos-image-native-sys/c34c1b422c87156a/out/libohos_image_native_sys-c34c1b422c87156a.rlib" "/opt/rustwide/target/release/build/ohos-resource-manager-sys/7b8de00a3e64b89d/out/libohos_resource_manager_sys-7b8de00a3e64b89d.rlib" "/opt/rustwide/target/release/build/ohos-native-buffer-sys/3bdb4598b647e863/out/libohos_native_buffer_sys-3bdb4598b647e863.rlib" "/opt/rustwide/target/release/build/napi-sys-ohos/962bd4601579d7b4/out/libnapi_sys_ohos-962bd4601579d7b4.rlib" "<sysroot>/lib/rustlib/x86_64-unknown-linux-gnu/lib/{libstd-*,libpanic_unwind-*,libobject-*,libmemchr-*,libaddr2line-*,libgimli-*,libcfg_if-*,librustc_demangle-*,libstd_detect-*,libhashbrown-*,librustc_std_workspace_alloc-*,libminiz_oxide-*,libadler2-*,libunwind-*,liblibc-*,librustc_std_workspace_core-*,liballoc-*,libcore-*,libcompiler_builtins-*}.rlib" "-Wl,-Bdynamic" "-lnative_window" "-lohcamera" "-limage_ndk.z" "-limage_packer_ndk.z" "-lpixelmap_ndk.z" "-limage_receiver_ndk.z" "-limage_source_ndk.z" "-limage_source" "-limage_receiver" "-lpixelmap" "-lohimage" "-lohresmgr" "-lrawfile.z" "-lnative_buffer" "-lgcc_s" "-lutil" "-lrt" "-lpthread" "-lm" "-ldl" "-lc" "-L" "/opt/rustwide/target/release/build/ohos-camera-binding/107376929bd583ab/out/rustcBfCPUZ/raw-dylibs" "-B<sysroot>/lib/rustlib/x86_64-unknown-linux-gnu/bin/gcc-ld" "-fuse-ld=lld" "-Wl,--eh-frame-hdr" "-Wl,-z,noexecstack" "-L" "<sysroot>/lib/rustlib/x86_64-unknown-linux-gnu/lib" "-o" "/opt/rustwide/target/release/build/ohos-camera-binding/107376929bd583ab/out/ohos_camera_binding-107376929bd583ab" "-Wl,--gc-sections" "-pie" "-Wl,-z,relro,-z,now" "-Wl,-O1" "-Wl,--strip-debug" "-nodefaultlibs"
[INFO] [stdout]   = note: some arguments are omitted. use `--verbose` to show all linker arguments
[INFO] [stdout]   = note: rust-lld: error: unable to find library -lnative_window
[INFO] [stdout]           rust-lld: error: unable to find library -lohcamera
[INFO] [stdout]           rust-lld: error: unable to find library -limage_ndk.z
[INFO] [stdout]           rust-lld: error: unable to find library -limage_packer_ndk.z
[INFO] [stdout]           rust-lld: error: unable to find library -lpixelmap_ndk.z
[INFO] [stdout]           rust-lld: error: unable to find library -limage_receiver_ndk.z
[INFO] [stdout]           rust-lld: error: unable to find library -limage_source_ndk.z
[INFO] [stdout]           rust-lld: error: unable to find library -limage_source
[INFO] [stdout]           rust-lld: error: unable to find library -limage_receiver
[INFO] [stdout]           rust-lld: error: unable to find library -lpixelmap
[INFO] [stdout]           rust-lld: error: unable to find library -lohimage
[INFO] [stdout]           rust-lld: error: unable to find library -lohresmgr
[INFO] [stdout]           rust-lld: error: unable to find library -lrawfile.z
[INFO] [stdout]           rust-lld: error: unable to find library -lnative_buffer
[INFO] [stdout]           collect2: error: ld returned 1 exit status
[INFO] [stdout]           
[INFO] [stdout] 
[INFO] [stdout] 
[INFO] [stderr] error: could not compile `ohos-camera-binding` (lib test) due to 1 previous error
[INFO] running `Command { std: "docker" "inspect" "7932ed5fd2260925cdf3228320682bf8300c6e394214ac3dda89a9f5ee7323fc", kill_on_drop: false }`
[INFO] running `Command { std: "docker" "rm" "-f" "7932ed5fd2260925cdf3228320682bf8300c6e394214ac3dda89a9f5ee7323fc", kill_on_drop: false }`
[INFO] [stdout] 7932ed5fd2260925cdf3228320682bf8300c6e394214ac3dda89a9f5ee7323fc
