[INFO] fetching crate ohos-arkui-binding 0.4.2...
[INFO] testing ohos-arkui-binding-0.4.2 against 1.99.0-beta.8+cargoflags=--release for beta-release-1.100-2
[INFO] extracting crate ohos-arkui-binding 0.4.2 into /workspace/builds/worker-2-tc1/source
[INFO] started tweaking crates.io crate ohos-arkui-binding 0.4.2
[INFO] finished tweaking crates.io crate ohos-arkui-binding 0.4.2
[INFO] tweaked toml for crates.io crate ohos-arkui-binding 0.4.2 written to /workspace/builds/worker-2-tc1/source/Cargo.toml
[INFO] validating manifest of crates.io crate ohos-arkui-binding 0.4.2 on toolchain 1.99.0-beta.8
[INFO] running `Command { std: CARGO_HOME="/workspace/cargo-home" RUSTUP_HOME="/workspace/rustup-home" "/workspace/cargo-home/bin/cargo" "+1.99.0-beta.8" "metadata" "--manifest-path" "Cargo.toml" "--no-deps", kill_on_drop: false }`
[INFO] crate crates.io crate ohos-arkui-binding 0.4.2 already has a lockfile, it will not be regenerated
[INFO] running `Command { std: CARGO_HOME="/workspace/cargo-home" RUSTUP_HOME="/workspace/rustup-home" "/workspace/cargo-home/bin/cargo" "+1.99.0-beta.8" "fetch" "--manifest-path" "Cargo.toml", kill_on_drop: false }`
[INFO] [stderr]     Updating crates.io index
[INFO] [stderr]  Downloading crates ...
[INFO] [stderr]   Downloaded ohos-udmf-sys v0.0.5
[INFO] [stderr]   Downloaded ohos-resource-manager-sys v0.3.4
[INFO] [stderr]   Downloaded ohos-image-native-sys v0.0.5
[INFO] [stderr]   Downloaded ohos-xcomponent-sys v0.1.5
[INFO] [stderr]   Downloaded ohos-native-buffer-binding v0.2.6
[INFO] [stderr]   Downloaded ohos-accessibility-binding v0.1.3
[INFO] [stderr]   Downloaded ohos-image-native-binding v0.0.7
[INFO] [stderr]   Downloaded ohos-arkui-sys v0.1.5
[INFO] [stderr]   Downloaded ohos-accessibility-sys v0.0.7
[INFO] [stderr]   Downloaded ohos-native-buffer-sys v0.1.4
[INFO] [stderr]   Downloaded ohos-image-sys v0.0.5
[INFO] [stderr]   Downloaded ohos-udmf-binding v0.0.7
[INFO] [stderr]   Downloaded ohos-arkui-input-sys v0.1.5
[INFO] [stderr]   Downloaded ohos-enum-derive v0.1.2
[INFO] [stderr]   Downloaded ohos-arkui-input-binding v0.1.6
[INFO] [stderr]   Downloaded ohos-native-window-sys v0.1.4
[INFO] [stderr]   Downloaded ohos-image-binding v0.1.4
[INFO] [stderr]   Downloaded ohos-drawing-binding v0.2.4
[INFO] [stderr]   Downloaded ohos-xcomponent-binding v0.5.2
[INFO] [stderr]   Downloaded ctor v1.0.13
[INFO] [stderr]   Downloaded ohos-native-drawing-sys v0.2.4
[INFO] running `Command { std: "docker" "create" "-v" "/var/lib/crater-agent-workspace/builds/worker-2-tc1/source:/opt/rustwide/workdir:ro,Z" "-v" "/var/lib/crater-agent-workspace/builds/worker-2-tc1/target:/opt/rustwide/target:rw,Z" "-v" "/var/lib/crater-agent-workspace/cargo-home:/opt/rustwide/cargo-home:ro,Z" "-v" "/var/lib/crater-agent-workspace/rustup-home:/opt/rustwide/rustup-home:ro,Z" "-m" "1610612736" "--network" "none" "ghcr.io/rust-lang/crates-build-env/linux@sha256:77db811e55d90add9212f6832c23229e3de5f1c1f9905e8cb07319ea15df73ac" "sleep" "infinity", kill_on_drop: false }`
[INFO] [stdout] 506bc20c293dd7226d4a355c6a107724136c6a8f45ed7a6a5048abe0ede23687
[INFO] running `Command { std: "docker" "start" "506bc20c293dd7226d4a355c6a107724136c6a8f45ed7a6a5048abe0ede23687", kill_on_drop: false }`
[INFO] running `Command { std: "docker" "inspect" "506bc20c293dd7226d4a355c6a107724136c6a8f45ed7a6a5048abe0ede23687", kill_on_drop: false }`
[INFO] running `Command { std: "docker" "exec" "-e" "SOURCE_DIR=/opt/rustwide/workdir" "-e" "CARGO_HOME=/opt/rustwide/cargo-home" "-e" "RUSTUP_HOME=/opt/rustwide/rustup-home" "-e" "CARGO_TARGET_DIR=/opt/rustwide/target" "-w" "/opt/rustwide/workdir" "--user" "0:0" "506bc20c293dd7226d4a355c6a107724136c6a8f45ed7a6a5048abe0ede23687" "/opt/rustwide/cargo-home/bin/cargo" "+1.99.0-beta.8" "metadata" "--no-deps" "--format-version=1", kill_on_drop: false }`
[INFO] running `Command { std: "docker" "inspect" "506bc20c293dd7226d4a355c6a107724136c6a8f45ed7a6a5048abe0ede23687", kill_on_drop: false }`
[INFO] running `Command { std: "docker" "exec" "-e" "SOURCE_DIR=/opt/rustwide/workdir" "-e" "CARGO_HOME=/opt/rustwide/cargo-home" "-e" "RUSTUP_HOME=/opt/rustwide/rustup-home" "-e" "CARGO_TARGET_DIR=/opt/rustwide/target" "-e" "CARGO_INCREMENTAL=0" "-e" "RUST_BACKTRACE=full" "-e" "RUSTFLAGS=--cap-lints=warn" "-e" "RUSTDOCFLAGS=--cap-lints=warn" "-w" "/opt/rustwide/workdir" "--user" "0:0" "506bc20c293dd7226d4a355c6a107724136c6a8f45ed7a6a5048abe0ede23687" "/opt/rustwide/cargo-home/bin/cargo" "+1.99.0-beta.8" "build" "--frozen" "--message-format=json" "--release", kill_on_drop: false }`
[INFO] [stderr]    Compiling libloading v0.9.0
[INFO] [stderr]    Compiling syn v3.0.9
[INFO] [stderr]    Compiling futures-sink v0.3.34
[INFO] [stderr]    Compiling ohos-native-buffer-sys v0.1.4
[INFO] [stderr]    Compiling syn v2.0.119
[INFO] [stderr]    Compiling memchr v2.8.3
[INFO] [stderr]    Compiling futures-io v0.3.34
[INFO] [stderr]    Compiling ohos-arkui-input-sys v0.1.5
[INFO] [stderr]    Compiling napi-build-ohos v1.2.0
[INFO] [stderr]    Compiling convert_case v0.6.0
[INFO] [stderr]    Compiling convert_case v0.11.0
[INFO] [stderr]    Compiling bitflags v2.13.2
[INFO] [stderr]    Compiling ctor v1.0.13
[INFO] [stderr]    Compiling rustc-hash v2.1.3
[INFO] [stderr]    Compiling nohash-hasher v0.2.0
[INFO] [stderr]    Compiling futures-channel v0.3.34
[INFO] [stderr]    Compiling ohos-accessibility-sys v0.0.7
[INFO] [stderr]    Compiling raw-window-handle v0.6.2
[INFO] [stderr]    Compiling libloading v0.8.9
[INFO] [stderr]    Compiling napi-ohos v1.2.0
[INFO] [stderr]    Compiling napi-sys-ohos v1.2.0
[INFO] [stderr]    Compiling ohos-resource-manager-sys v0.3.4
[INFO] [stderr]    Compiling ohos-image-native-sys v0.0.5
[INFO] [stderr]    Compiling ohos-image-sys v0.0.5
[INFO] [stderr]    Compiling ohos-native-drawing-sys v0.2.4
[INFO] [stderr]    Compiling ohos-udmf-sys v0.0.5
[INFO] [stderr]    Compiling ohos-arkui-sys v0.1.5
[INFO] [stderr]    Compiling ohos-xcomponent-sys v0.1.5
[INFO] [stderr]    Compiling futures-macro v0.3.34
[INFO] [stderr]    Compiling futures-util v0.3.34
[INFO] [stderr]    Compiling napi-derive-backend-ohos v1.2.0
[INFO] [stderr]    Compiling ohos-enum-derive v0.1.2
[INFO] [stderr]    Compiling ohos-arkui-input-binding v0.1.6
[INFO] [stderr]    Compiling napi-derive-ohos v1.2.0
[INFO] [stderr]    Compiling futures-executor v0.3.34
[INFO] [stderr]    Compiling futures v0.3.34
[INFO] [stderr]    Compiling ohos-xcomponent-binding v0.5.2
[INFO] [stderr]    Compiling ohos-arkui-binding v0.4.2 (/opt/rustwide/workdir)
[INFO] [stderr]     Finished `release` profile [optimized] target(s) in 14.31s
[INFO] running `Command { std: "docker" "inspect" "506bc20c293dd7226d4a355c6a107724136c6a8f45ed7a6a5048abe0ede23687", kill_on_drop: false }`
[INFO] running `Command { std: "docker" "exec" "-e" "SOURCE_DIR=/opt/rustwide/workdir" "-e" "CARGO_HOME=/opt/rustwide/cargo-home" "-e" "RUSTUP_HOME=/opt/rustwide/rustup-home" "-e" "CARGO_TARGET_DIR=/opt/rustwide/target" "-e" "CARGO_INCREMENTAL=0" "-e" "RUST_BACKTRACE=full" "-e" "RUSTFLAGS=--cap-lints=warn" "-e" "RUSTDOCFLAGS=--cap-lints=warn" "-w" "/opt/rustwide/workdir" "--user" "0:0" "506bc20c293dd7226d4a355c6a107724136c6a8f45ed7a6a5048abe0ede23687" "/opt/rustwide/cargo-home/bin/cargo" "+1.99.0-beta.8" "test" "--frozen" "--no-run" "--message-format=json" "--release", kill_on_drop: false }`
[INFO] [stderr]    Compiling ohos-arkui-binding v0.4.2 (/opt/rustwide/workdir)
[INFO] [stdout] error: linking with `cc` failed: exit status: 1
[INFO] [stdout]   |
[INFO] [stdout]   = note:  "cc" "-m64" "/opt/rustwide/target/release/deps/rustccGXR70/symbols.o" "<6 object files omitted>" "-Wl,--as-needed" "-Wl,-Bstatic" "<sysroot>/lib/rustlib/x86_64-unknown-linux-gnu/lib/{libtest-*,libgetopts-*,librustc_std_workspace_std-*}.rlib" "/opt/rustwide/target/release/deps/{libohos_xcomponent_binding-16857bccedb060b0,libraw_window_handle-ae6b6a8f0ac721af,libohos_xcomponent_sys-2b3d54eb26d73d2b,libohos_accessibility_sys-d773b23e1e30dfaf,libnapi_ohos-b26403e48c199f18,libbitflags-5b3b4bb928a1bc38,librustc_hash-682890645aa46447,libnohash_hasher-91a2c7bc32675415,libfutures-762d34c2f11a65b7,libfutures_executor-5a3c84c2c7eff1bd,libfutures_util-ea01d80196ce453a,libmemchr-b836402bd6c4c7f1,libfutures_io-140f40c122dc4703,libslab-19b8bc1074c00c3a,libfutures_channel-059bd0fd340831c9,libpin_project_lite-9a89bb36c0c56875,libfutures_sink-b39e1b7504f50ff0,libfutures_task-5c5534087cfa7016,libfutures_core-1c22a6a780afd6db,libctor-f9c5e3ba6c3f84ff,libohos_arkui_sys-fd698fb3d4fa74fc,libohos_udmf_sys-8e0b56a9bfbf7b94,libohos_native_drawing_sys-b8e932ba3d8ab044,libohos_image_sys-284c338720b0706b,libohos_image_native_sys-c34c1b422c87156a,libohos_resource_manager_sys-7b8de00a3e64b89d,libohos_native_buffer_sys-3bdb4598b647e863,libnapi_sys_ohos-962bd4601579d7b4,libohos_arkui_input_binding-e0ff4f5fd3572631,libohos_arkui_input_sys-fec34e2f912ce91f}.rlib" "<sysroot>/lib/rustlib/x86_64-unknown-linux-gnu/lib/{libstd-*,libpanic_unwind-*,libobject-*,libmemchr-*,libaddr2line-*,libgimli-*,libcfg_if-*,librustc_demangle-*,libstd_detect-*,libhashbrown-*,librustc_std_workspace_alloc-*,libminiz_oxide-*,libadler2-*,libunwind-*,liblibc-*,librustc_std_workspace_core-*,liballoc-*,libcore-*,libcompiler_builtins-*}.rlib" "-Wl,-Bdynamic" "-lace_ndk.z" "-lace_ndk.z" "-lace_ndk.z" "-ludmf" "-lnative_drawing" "-lohimage" "-limage_packer" "-lpicture" "-limage_receiver" "-limage_source" "-lpixelmap" "-limage_ndk.z" "-limage_packer_ndk.z" "-limage_receiver_ndk.z" "-limage_source_ndk.z" "-lpixelmap_ndk.z" "-limage_ndk.z" "-limage_packer_ndk.z" "-lpixelmap_ndk.z" "-limage_receiver_ndk.z" "-limage_source_ndk.z" "-limage_source" "-limage_receiver" "-lpixelmap" "-lohimage" "-lohresmgr" "-lrawfile.z" "-lnative_buffer" "-lace_ndk.z" "-lgcc_s" "-lutil" "-lrt" "-lpthread" "-lm" "-ldl" "-lc" "-L" "/opt/rustwide/target/release/deps/rustccGXR70/raw-dylibs" "-B<sysroot>/lib/rustlib/x86_64-unknown-linux-gnu/bin/gcc-ld" "-fuse-ld=lld" "-Wl,--eh-frame-hdr" "-Wl,-z,noexecstack" "-L" "<sysroot>/lib/rustlib/x86_64-unknown-linux-gnu/lib" "-o" "/opt/rustwide/target/release/deps/ohos_arkui_binding-2468c0cf27906752" "-Wl,--gc-sections" "-pie" "-Wl,-z,relro,-z,now" "-Wl,-O1" "-Wl,--strip-debug" "-nodefaultlibs"
[INFO] [stdout]   = note: some arguments are omitted. use `--verbose` to show all linker arguments
[INFO] [stdout]   = note: rust-lld: error: unable to find library -lace_ndk.z
[INFO] [stdout]           rust-lld: error: unable to find library -lace_ndk.z
[INFO] [stdout]           rust-lld: error: unable to find library -lace_ndk.z
[INFO] [stdout]           rust-lld: error: unable to find library -ludmf
[INFO] [stdout]           rust-lld: error: unable to find library -lnative_drawing
[INFO] [stdout]           rust-lld: error: unable to find library -lohimage
[INFO] [stdout]           rust-lld: error: unable to find library -limage_packer
[INFO] [stdout]           rust-lld: error: unable to find library -lpicture
[INFO] [stdout]           rust-lld: error: unable to find library -limage_receiver
[INFO] [stdout]           rust-lld: error: unable to find library -limage_source
[INFO] [stdout]           rust-lld: error: unable to find library -lpixelmap
[INFO] [stdout]           rust-lld: error: unable to find library -limage_ndk.z
[INFO] [stdout]           rust-lld: error: unable to find library -limage_packer_ndk.z
[INFO] [stdout]           rust-lld: error: unable to find library -limage_receiver_ndk.z
[INFO] [stdout]           rust-lld: error: unable to find library -limage_source_ndk.z
[INFO] [stdout]           rust-lld: error: unable to find library -lpixelmap_ndk.z
[INFO] [stdout]           rust-lld: error: unable to find library -limage_ndk.z
[INFO] [stdout]           rust-lld: error: unable to find library -limage_packer_ndk.z
[INFO] [stdout]           rust-lld: error: unable to find library -lpixelmap_ndk.z
[INFO] [stdout]           rust-lld: error: unable to find library -limage_receiver_ndk.z
[INFO] [stdout]           rust-lld: error: too many errors emitted, stopping now (use --error-limit=0 to see all errors)
[INFO] [stdout]           collect2: error: ld returned 1 exit status
[INFO] [stdout]           
[INFO] [stdout] 
[INFO] [stdout] 
[INFO] [stderr] error: could not compile `ohos-arkui-binding` (lib test) due to 1 previous error
[INFO] running `Command { std: "docker" "inspect" "506bc20c293dd7226d4a355c6a107724136c6a8f45ed7a6a5048abe0ede23687", kill_on_drop: false }`
[INFO] running `Command { std: "docker" "rm" "-f" "506bc20c293dd7226d4a355c6a107724136c6a8f45ed7a6a5048abe0ede23687", kill_on_drop: false }`
[INFO] [stdout] 506bc20c293dd7226d4a355c6a107724136c6a8f45ed7a6a5048abe0ede23687
