[INFO] fetching crate ogdf-sys 0.3.3...
[INFO] testing ogdf-sys-0.3.3 against 1.100.0-beta.1+cargoflags=--release for beta-release-1.100-2
[INFO] extracting crate ogdf-sys 0.3.3 into /workspace/builds/worker-2-tc2/source
[INFO] started tweaking crates.io crate ogdf-sys 0.3.3
[INFO] finished tweaking crates.io crate ogdf-sys 0.3.3
[INFO] tweaked toml for crates.io crate ogdf-sys 0.3.3 written to /workspace/builds/worker-2-tc2/source/Cargo.toml
[INFO] validating manifest of crates.io crate ogdf-sys 0.3.3 on toolchain 1.100.0-beta.1
[INFO] running `Command { std: CARGO_HOME="/workspace/cargo-home" RUSTUP_HOME="/workspace/rustup-home" "/workspace/cargo-home/bin/cargo" "+1.100.0-beta.1" "metadata" "--manifest-path" "Cargo.toml" "--no-deps", kill_on_drop: false }`
[INFO] crate crates.io crate ogdf-sys 0.3.3 already has a lockfile, it will not be regenerated
[INFO] running `Command { std: CARGO_HOME="/workspace/cargo-home" RUSTUP_HOME="/workspace/rustup-home" "/workspace/cargo-home/bin/cargo" "+1.100.0-beta.1" "fetch" "--manifest-path" "Cargo.toml", kill_on_drop: false }`
[INFO] running `Command { std: "docker" "create" "-v" "/var/lib/crater-agent-workspace/builds/worker-2-tc2/source:/opt/rustwide/workdir:ro,Z" "-v" "/var/lib/crater-agent-workspace/builds/worker-2-tc2/target:/opt/rustwide/target:rw,Z" "-v" "/var/lib/crater-agent-workspace/cargo-home:/opt/rustwide/cargo-home:ro,Z" "-v" "/var/lib/crater-agent-workspace/rustup-home:/opt/rustwide/rustup-home:ro,Z" "-m" "1610612736" "--network" "none" "ghcr.io/rust-lang/crates-build-env/linux@sha256:77db811e55d90add9212f6832c23229e3de5f1c1f9905e8cb07319ea15df73ac" "sleep" "infinity", kill_on_drop: false }`
[INFO] [stdout] 7e9784965c952749ee7f679046a9dae9772a1628ebe832205725f23378fed92f
[INFO] running `Command { std: "docker" "start" "7e9784965c952749ee7f679046a9dae9772a1628ebe832205725f23378fed92f", kill_on_drop: false }`
[INFO] running `Command { std: "docker" "inspect" "7e9784965c952749ee7f679046a9dae9772a1628ebe832205725f23378fed92f", kill_on_drop: false }`
[INFO] running `Command { std: "docker" "exec" "-e" "SOURCE_DIR=/opt/rustwide/workdir" "-e" "CARGO_HOME=/opt/rustwide/cargo-home" "-e" "RUSTUP_HOME=/opt/rustwide/rustup-home" "-e" "CARGO_TARGET_DIR=/opt/rustwide/target" "-w" "/opt/rustwide/workdir" "--user" "0:0" "7e9784965c952749ee7f679046a9dae9772a1628ebe832205725f23378fed92f" "/opt/rustwide/cargo-home/bin/cargo" "+1.100.0-beta.1" "metadata" "--no-deps" "--format-version=1", kill_on_drop: false }`
[INFO] running `Command { std: "docker" "inspect" "7e9784965c952749ee7f679046a9dae9772a1628ebe832205725f23378fed92f", kill_on_drop: false }`
[INFO] running `Command { std: "docker" "exec" "-e" "SOURCE_DIR=/opt/rustwide/workdir" "-e" "CARGO_HOME=/opt/rustwide/cargo-home" "-e" "RUSTUP_HOME=/opt/rustwide/rustup-home" "-e" "CARGO_TARGET_DIR=/opt/rustwide/target" "-e" "CARGO_INCREMENTAL=0" "-e" "RUST_BACKTRACE=full" "-e" "RUSTFLAGS=--cap-lints=warn" "-e" "RUSTDOCFLAGS=--cap-lints=warn" "-w" "/opt/rustwide/workdir" "--user" "0:0" "7e9784965c952749ee7f679046a9dae9772a1628ebe832205725f23378fed92f" "/opt/rustwide/cargo-home/bin/cargo" "+1.100.0-beta.1" "build" "--frozen" "--message-format=json" "--release", kill_on_drop: false }`
[INFO] [stderr]    Compiling proc-macro2 v1.0.107
[INFO] [stderr]    Compiling find-msvc-tools v0.1.12
[INFO] [stderr]    Compiling syn v1.0.109
[INFO] [stderr]    Compiling either v1.18.0
[INFO] [stderr]    Compiling bitflags v2.13.1
[INFO] [stderr]    Compiling indexmap v1.9.3
[INFO] [stderr]    Compiling aho-corasick v1.1.5
[INFO] [stderr]    Compiling indexmap v2.14.2
[INFO] [stderr]    Compiling rustix v1.1.4
[INFO] [stderr]    Compiling zmij v1.0.23
[INFO] [stderr]    Compiling log v0.4.34
[INFO] [stderr]    Compiling regex-syntax v0.8.11
[INFO] [stderr]    Compiling clang-sys v1.9.1
[INFO] [stderr]    Compiling serde_json v1.0.151
[INFO] [stderr]    Compiling hashbrown v0.12.3
[INFO] [stderr]    Compiling cxxbridge-flags v1.0.200
[INFO] [stderr]    Compiling regex-syntax v0.6.29
[INFO] [stderr]    Compiling termcolor v1.4.1
[INFO] [stderr]    Compiling cc v1.4.5
[INFO] [stderr]    Compiling rustversion v1.0.23
[INFO] [stderr]    Compiling crc32fast v1.5.1
[INFO] [stderr]    Compiling unicode-width v0.2.2
[INFO] [stderr]    Compiling itertools v0.10.5
[INFO] [stderr]    Compiling itertools v0.9.0
[INFO] [stderr]    Compiling autocxx-bindgen v0.73.0
[INFO] [stderr]    Compiling itertools v0.13.0
[INFO] [stderr]    Compiling simd-adler32 v0.3.10
[INFO] [stderr]    Compiling adler2 v2.0.1
[INFO] [stderr]    Compiling rustc-hash v2.1.3
[INFO] [stderr]    Compiling codespan-reporting v0.13.1
[INFO] [stderr]    Compiling unicode-width v0.1.14
[INFO] [stderr]    Compiling fastrand v2.5.0
[INFO] [stderr]    Compiling miniz_oxide v0.9.1
[INFO] [stderr]    Compiling filetime v0.2.29
[INFO] [stderr]    Compiling quote v1.0.47
[INFO] [stderr]    Compiling atty v0.2.14
[INFO] [stderr]    Compiling humantime v2.4.0
[INFO] [stderr]    Compiling indoc v1.0.9
[INFO] [stderr]    Compiling foldhash v0.2.0
[INFO] [stderr]    Compiling syn v3.0.5
[INFO] [stderr]    Compiling syn v2.0.119
[INFO] [stderr]    Compiling proc-macro-error-attr v1.0.4
[INFO] [stderr]    Compiling flate2 v1.1.10
[INFO] [stderr]    Compiling autocxx v0.30.0
[INFO] [stderr]    Compiling link-cplusplus v1.0.12
[INFO] [stderr]    Compiling cxx v1.0.200
[INFO] [stderr]    Compiling regex-automata v0.4.18
[INFO] [stderr]    Compiling tempfile v3.27.0
[INFO] [stderr]    Compiling xattr v1.6.1
[INFO] [stderr]    Compiling tar v0.4.46
[INFO] [stderr]    Compiling syntheon v0.3.3
[INFO] [stderr]    Compiling cxx-gen v0.7.200
[INFO] [stderr]    Compiling serde_derive v1.0.229
[INFO] [stderr]    Compiling cxxbridge-macro v1.0.200
[INFO] [stderr]    Compiling proc-macro-error v1.0.4
[INFO] [stderr]    Compiling regex_static_impl v0.1.0
[INFO] [stderr]    Compiling regex v1.13.1
[INFO] [stderr]    Compiling prettyplease v0.2.37
[INFO] [stderr]    Compiling regex_static_macro v0.1.0
[INFO] [stderr]    Compiling aquamarine v0.1.12
[INFO] [stderr]    Compiling env_logger v0.9.3
[INFO] [stderr]    Compiling regex_static v0.1.1
[INFO] [stderr]    Compiling thiserror-impl v1.0.69
[INFO] [stderr]    Compiling miette-derive v5.10.0
[INFO] [stderr]    Compiling thiserror v1.0.69
[INFO] [stderr]    Compiling miette v5.10.0
[INFO] [stderr]    Compiling serde v1.0.229
[INFO] [stderr]    Compiling autocxx-parser v0.30.0
[INFO] [stderr]    Compiling moveit v0.6.0
[INFO] [stderr]    Compiling autocxx-macro v0.30.0
[INFO] [stderr]    Compiling autocxx-engine v0.30.0
[INFO] [stderr]    Compiling autocxx-build v0.30.0
[INFO] [stderr]    Compiling ogdf-sys v0.3.3 (/opt/rustwide/workdir)
[INFO] [stderr] error: failed to run custom build command for `ogdf-sys v0.3.3 (/opt/rustwide/workdir)`
[INFO] [stderr] note: To improve backtraces for build dependencies, set the CARGO_PROFILE_RELEASE_BUILD_OVERRIDE_DEBUG=true environment variable to enable debug information generation.
[INFO] [stderr] 
[INFO] [stderr] Caused by:
[INFO] [stderr]   process didn't exit successfully: `/opt/rustwide/target/release/build/ogdf-sys/04aa49e815825530/out/build_script_build` (exit status: 101)
[INFO] [stderr]   --- stdout
[INFO] [stderr]   cargo:rerun-if-changed=build.rs
[INFO] [stderr]   cargo:rerun-if-env-changed=CARGO_ENCODED_RUSTFLAGS
[INFO] [stderr]   cargo:rerun-if-changed=/opt/rustwide/workdir/vendor/ogdf-foxglove-202510.tar.gz
[INFO] [stderr]   -- The CXX compiler identification is GNU 15.2.0
[INFO] [stderr]   -- Detecting CXX compiler ABI info
[INFO] [stderr]   -- Detecting CXX compiler ABI info - done
[INFO] [stderr]   -- Check for working CXX compiler: /usr/bin/c++ - skipped
[INFO] [stderr]   -- Detecting CXX compile features
[INFO] [stderr]   -- Detecting CXX compile features - done
[INFO] [stderr]   -- Looking for mallinfo2
[INFO] [stderr]   -- Looking for mallinfo2 - found
[INFO] [stderr]   -- Performing Test has_sse3_pmmintrin
[INFO] [stderr]   -- Performing Test has_sse3_pmmintrin - Success
[INFO] [stderr]   -- Performing Test has_linux_cpu_macros
[INFO] [stderr]   -- Performing Test has_linux_cpu_macros - Success
[INFO] [stderr]   -- Could NOT find Doxygen (missing: DOXYGEN_EXECUTABLE) 
[INFO] [stderr]   -- The default target builds OGDF (and dependencies like COIN).
[INFO] [stderr]   -- 
[INFO] [stderr]   -- Other important targets:
[INFO] [stderr]   --        tests: build tests
[INFO] [stderr]   --     examples: build examples
[INFO] [stderr]   --    build-all: build OGDF, tests, examples
[INFO] [stderr]   -- Configuring done (0.8s)
[INFO] [stderr]   -- Generating done (0.1s)
[INFO] [stderr]   -- Build files have been written to: /opt/rustwide/target/build-deps/ogdf-sys/x86-64-unknown-linux-gnu/foxglove-202510/fp-native-0/build
[INFO] [stderr]   [  0%] Building CXX object CMakeFiles/COIN.dir/src/coin/Clp/ClpCholeskyTaucs.cpp.o
[INFO] [stderr]   [  0%] Building CXX object CMakeFiles/COIN.dir/src/coin/Clp/ClpCholeskyDense.cpp.o
[INFO] [stderr]   [  0%] Building CXX object CMakeFiles/COIN.dir/src/coin/Clp/ClpCholeskyBase.cpp.o
[INFO] [stderr]   [  0%] Building CXX object CMakeFiles/COIN.dir/src/coin/Clp/ClpDualRowPivot.cpp.o
[INFO] [stderr]   [  1%] Building CXX object CMakeFiles/COIN.dir/src/coin/Clp/ClpDualRowDantzig.cpp.o
[INFO] [stderr]   [  1%] Building CXX object CMakeFiles/COIN.dir/src/coin/Clp/ClpDualRowSteepest.cpp.o
[INFO] [stderr]   [  1%] Building CXX object CMakeFiles/COIN.dir/src/coin/Clp/ClpDummyMatrix.cpp.o
[INFO] [stderr]   [  1%] Building CXX object CMakeFiles/COIN.dir/src/coin/Clp/ClpConstraintQuadratic.cpp.o
[INFO] [stderr]   [  1%] Building CXX object CMakeFiles/COIN.dir/src/coin/Clp/ClpDynamicExampleMatrix.cpp.o
[INFO] [stderr]   [  1%] Building CXX object CMakeFiles/COIN.dir/src/coin/Clp/ClpDynamicMatrix.cpp.o
[INFO] [stderr]   [  1%] Building CXX object CMakeFiles/COIN.dir/src/coin/Clp/ClpConstraintLinear.cpp.o
[INFO] [stderr]   [  2%] Building CXX object CMakeFiles/COIN.dir/src/coin/Clp/ClpEventHandler.cpp.o
[INFO] [stderr]   [  2%] Building CXX object CMakeFiles/COIN.dir/src/coin/Clp/ClpFactorization.cpp.o
[INFO] [stderr]   [  2%] Building CXX object CMakeFiles/COIN.dir/src/coin/Clp/ClpConstraint.cpp.o
[INFO] [stderr]   [  2%] Building CXX object CMakeFiles/COIN.dir/src/coin/Clp/ClpGubMatrix.cpp.o
[INFO] [stderr]   [  2%] Building CXX object CMakeFiles/COIN.dir/src/coin/Clp/ClpGubDynamicMatrix.cpp.o
[INFO] [stderr]   [  2%] Building CXX object CMakeFiles/COIN.dir/src/coin/Clp/ClpHelperFunctions.cpp.o
[INFO] [stderr]   [  2%] Building CXX object CMakeFiles/COIN.dir/src/coin/Clp/ClpInterior.cpp.o
[INFO] [stderr]   [  2%] Building CXX object CMakeFiles/COIN.dir/src/coin/Clp/ClpLinearObjective.cpp.o
[INFO] [stderr]   [  3%] Building CXX object CMakeFiles/COIN.dir/src/coin/Clp/ClpLsqr.cpp.o
[INFO] [stderr]   [  3%] Building CXX object CMakeFiles/COIN.dir/src/coin/Clp/ClpMatrixBase.cpp.o
[INFO] [stderr]   [  3%] Building CXX object CMakeFiles/COIN.dir/src/coin/Clp/ClpModel.cpp.o
[INFO] [stderr]   [  3%] Building CXX object CMakeFiles/COIN.dir/src/coin/Clp/ClpMessage.cpp.o
[INFO] [stderr]   [  3%] Building CXX object CMakeFiles/COIN.dir/src/coin/Clp/ClpNetworkBasis.cpp.o
[INFO] [stderr]   [  3%] Building CXX object CMakeFiles/COIN.dir/src/coin/Clp/ClpNetworkMatrix.cpp.o
[INFO] [stderr]   [  4%] Building CXX object CMakeFiles/COIN.dir/src/coin/Clp/ClpNode.cpp.o
[INFO] [stderr]   [  4%] Building CXX object CMakeFiles/COIN.dir/src/coin/Clp/ClpNonLinearCost.cpp.o
[INFO] [stderr]   [  4%] Building CXX object CMakeFiles/COIN.dir/src/coin/Clp/ClpObjective.cpp.o
[INFO] [stderr] 
[INFO] [stderr]   --- stderr
[INFO] [stderr]   CMake Warning at cmake/doc.cmake:52 (message):
[INFO] [stderr]     Doxygen not found.  Documentation cannot be built.
[INFO] [stderr]   Call Stack (most recent call first):
[INFO] [stderr]     CMakeLists.txt:35 (include)
[INFO] [stderr] 
[INFO] [stderr] 
[INFO] [stderr]   CMake Warning:
[INFO] [stderr]     Manually-specified variables were not used by the project:
[INFO] [stderr] 
[INFO] [stderr]       CMAKE_C_FLAGS
[INFO] [stderr]       CMAKE_C_FLAGS_RELEASE
[INFO] [stderr] 
[INFO] [stderr] 
[INFO] [stderr]   c++: fatal error: Killed signal terminated program cc1plus
[INFO] [stderr]   compilation terminated.
[INFO] [stderr]   gmake[3]: *** [CMakeFiles/COIN.dir/build.make:275: CMakeFiles/COIN.dir/src/coin/Clp/ClpGubDynamicMatrix.cpp.o] Error 1
[INFO] [stderr]   gmake[3]: *** Waiting for unfinished jobs....
[INFO] [stderr]   c++: fatal error: Killed signal terminated program cc1plus
[INFO] [stderr]   compilation terminated.
[INFO] [stderr]   gmake[3]: *** [CMakeFiles/COIN.dir/build.make:233: CMakeFiles/COIN.dir/src/coin/Clp/ClpDynamicMatrix.cpp.o] Error 1
[INFO] [stderr]   c++: fatal error: Killed signal terminated program cc1plus
[INFO] [stderr]   compilation terminated.
[INFO] [stderr]   gmake[3]: *** [CMakeFiles/COIN.dir/build.make:289: CMakeFiles/COIN.dir/src/coin/Clp/ClpGubMatrix.cpp.o] Error 1
[INFO] [stderr]   /opt/rustwide/target/build-deps/ogdf-sys/x86-64-unknown-linux-gnu/foxglove-202510/fp-native-0/ogdf-foxglove-202510/src/coin/Clp/ClpModel.cpp: In member function 'const char* const* ClpModel::rowNamesAsChar() const':
[INFO] [stderr]   /opt/rustwide/target/build-deps/ogdf-sys/x86-64-unknown-linux-gnu/foxglove-202510/fp-native-0/ogdf-foxglove-202510/src/coin/Clp/ClpModel.cpp:3667:37: warning: '%7.7d' directive writing between 7 and 10 bytes into a region of size 8 [-Wformat-overflow=]
[INFO] [stderr]    3667 |                     sprintf(name, "R%7.7d", iRow);
[INFO] [stderr]         |                                     ^~~~~
[INFO] [stderr]   /opt/rustwide/target/build-deps/ogdf-sys/x86-64-unknown-linux-gnu/foxglove-202510/fp-native-0/ogdf-foxglove-202510/src/coin/Clp/ClpModel.cpp:3667:35: note: directive argument in the range [0, 2147483645]
[INFO] [stderr]    3667 |                     sprintf(name, "R%7.7d", iRow);
[INFO] [stderr]         |                                   ^~~~~~~~
[INFO] [stderr]   In file included from /usr/include/stdio.h:974,
[INFO] [stderr]                    from /usr/include/c++/15/cstdio:47,
[INFO] [stderr]                    from /usr/include/c++/15/ext/string_conversions.h:47,
[INFO] [stderr]                    from /usr/include/c++/15/bits/basic_string.h:4442,
[INFO] [stderr]                    from /usr/include/c++/15/string:56,
[INFO] [stderr]                    from /opt/rustwide/target/build-deps/ogdf-sys/x86-64-unknown-linux-gnu/foxglove-202510/fp-native-0/ogdf-foxglove-202510/src/coin/Clp/ClpModel.cpp:10:
[INFO] [stderr]   In function 'int sprintf(char*, const char*, ...)',
[INFO] [stderr]       inlined from 'const char* const* ClpModel::rowNamesAsChar() const' at /opt/rustwide/target/build-deps/ogdf-sys/x86-64-unknown-linux-gnu/foxglove-202510/fp-native-0/ogdf-foxglove-202510/src/coin/Clp/ClpModel.cpp:3667:28:
[INFO] [stderr]   /usr/include/x86_64-linux-gnu/bits/stdio2.h:30:34: note: '__builtin___sprintf_chk' output between 9 and 12 bytes into a destination of size 9
[INFO] [stderr]      30 |   return __builtin___sprintf_chk (__s, __USE_FORTIFY_LEVEL - 1,
[INFO] [stderr]         |          ~~~~~~~~~~~~~~~~~~~~~~~~^~~~~~~~~~~~~~~~~~~~~~~~~~~~~~
[INFO] [stderr]      31 |                                   __glibc_objsize (__s), __fmt,
[INFO] [stderr]         |                                   ~~~~~~~~~~~~~~~~~~~~~~~~~~~~~
[INFO] [stderr]      32 |                                   __va_arg_pack ());
[INFO] [stderr]         |                                   ~~~~~~~~~~~~~~~~~
[INFO] [stderr]   /opt/rustwide/target/build-deps/ogdf-sys/x86-64-unknown-linux-gnu/foxglove-202510/fp-native-0/ogdf-foxglove-202510/src/coin/Clp/ClpModel.cpp: In member function 'const char* const* ClpModel::rowNamesAsChar() const':
[INFO] [stderr]   /opt/rustwide/target/build-deps/ogdf-sys/x86-64-unknown-linux-gnu/foxglove-202510/fp-native-0/ogdf-foxglove-202510/src/coin/Clp/ClpModel.cpp:3684:32: warning: '%7.7d' directive writing between 7 and 10 bytes into a region of size 8 [-Wformat-overflow=]
[INFO] [stderr]    3684 |                sprintf(name, "R%7.7d", iRow);
[INFO] [stderr]         |                                ^~~~~
[INFO] [stderr]   /opt/rustwide/target/build-deps/ogdf-sys/x86-64-unknown-linux-gnu/foxglove-202510/fp-native-0/ogdf-foxglove-202510/src/coin/Clp/ClpModel.cpp:3684:30: note: directive argument in the range [0, 2147483646]
[INFO] [stderr]    3684 |                sprintf(name, "R%7.7d", iRow);
[INFO] [stderr]         |                              ^~~~~~~~
[INFO] [stderr]   In function 'int sprintf(char*, const char*, ...)',
[INFO] [stderr]       inlined from 'const char* const* ClpModel::rowNamesAsChar() const' at /opt/rustwide/target/build-deps/ogdf-sys/x86-64-unknown-linux-gnu/foxglove-202510/fp-native-0/ogdf-foxglove-202510/src/coin/Clp/ClpModel.cpp:3684:23:
[INFO] [stderr]   /usr/include/x86_64-linux-gnu/bits/stdio2.h:30:34: note: '__builtin___sprintf_chk' output between 9 and 12 bytes into a destination of size 9
[INFO] [stderr]      30 |   return __builtin___sprintf_chk (__s, __USE_FORTIFY_LEVEL - 1,
[INFO] [stderr]         |          ~~~~~~~~~~~~~~~~~~~~~~~~^~~~~~~~~~~~~~~~~~~~~~~~~~~~~~
[INFO] [stderr]      31 |                                   __glibc_objsize (__s), __fmt,
[INFO] [stderr]         |                                   ~~~~~~~~~~~~~~~~~~~~~~~~~~~~~
[INFO] [stderr]      32 |                                   __va_arg_pack ());
[INFO] [stderr]         |                                   ~~~~~~~~~~~~~~~~~
[INFO] [stderr]   /opt/rustwide/target/build-deps/ogdf-sys/x86-64-unknown-linux-gnu/foxglove-202510/fp-native-0/ogdf-foxglove-202510/src/coin/Clp/ClpModel.cpp: In member function 'const char* const* ClpModel::columnNamesAsChar() const':
[INFO] [stderr]   /opt/rustwide/target/build-deps/ogdf-sys/x86-64-unknown-linux-gnu/foxglove-202510/fp-native-0/ogdf-foxglove-202510/src/coin/Clp/ClpModel.cpp:3707:37: warning: '%7.7d' directive writing between 7 and 10 bytes into a region of size 8 [-Wformat-overflow=]
[INFO] [stderr]    3707 |                     sprintf(name, "C%7.7d", iColumn);
[INFO] [stderr]         |                                     ^~~~~
[INFO] [stderr]   /opt/rustwide/target/build-deps/ogdf-sys/x86-64-unknown-linux-gnu/foxglove-202510/fp-native-0/ogdf-foxglove-202510/src/coin/Clp/ClpModel.cpp:3707:35: note: directive argument in the range [0, 2147483646]
[INFO] [stderr]    3707 |                     sprintf(name, "C%7.7d", iColumn);
[INFO] [stderr]         |                                   ^~~~~~~~
[INFO] [stderr]   In function 'int sprintf(char*, const char*, ...)',
[INFO] [stderr]       inlined from 'const char* const* ClpModel::columnNamesAsChar() const' at /opt/rustwide/target/build-deps/ogdf-sys/x86-64-unknown-linux-gnu/foxglove-202510/fp-native-0/ogdf-foxglove-202510/src/coin/Clp/ClpModel.cpp:3707:28:
[INFO] [stderr]   /usr/include/x86_64-linux-gnu/bits/stdio2.h:30:34: note: '__builtin___sprintf_chk' output between 9 and 12 bytes into a destination of size 9
[INFO] [stderr]      30 |   return __builtin___sprintf_chk (__s, __USE_FORTIFY_LEVEL - 1,
[INFO] [stderr]         |          ~~~~~~~~~~~~~~~~~~~~~~~~^~~~~~~~~~~~~~~~~~~~~~~~~~~~~~
[INFO] [stderr]      31 |                                   __glibc_objsize (__s), __fmt,
[INFO] [stderr]         |                                   ~~~~~~~~~~~~~~~~~~~~~~~~~~~~~
[INFO] [stderr]      32 |                                   __va_arg_pack ());
[INFO] [stderr]         |                                   ~~~~~~~~~~~~~~~~~
[INFO] [stderr]   /opt/rustwide/target/build-deps/ogdf-sys/x86-64-unknown-linux-gnu/foxglove-202510/fp-native-0/ogdf-foxglove-202510/src/coin/Clp/ClpModel.cpp: In member function 'const char* const* ClpModel::columnNamesAsChar() const':
[INFO] [stderr]   /opt/rustwide/target/build-deps/ogdf-sys/x86-64-unknown-linux-gnu/foxglove-202510/fp-native-0/ogdf-foxglove-202510/src/coin/Clp/ClpModel.cpp:3724:32: warning: '%7.7d' directive writing between 7 and 10 bytes into a region of size 8 [-Wformat-overflow=]
[INFO] [stderr]    3724 |                sprintf(name, "C%7.7d", iColumn);
[INFO] [stderr]         |                                ^~~~~
[INFO] [stderr]   /opt/rustwide/target/build-deps/ogdf-sys/x86-64-unknown-linux-gnu/foxglove-202510/fp-native-0/ogdf-foxglove-202510/src/coin/Clp/ClpModel.cpp:3724:30: note: directive argument in the range [0, 2147483646]
[INFO] [stderr]    3724 |                sprintf(name, "C%7.7d", iColumn);
[INFO] [stderr]         |                              ^~~~~~~~
[INFO] [stderr]   In function 'int sprintf(char*, const char*, ...)',
[INFO] [stderr]       inlined from 'const char* const* ClpModel::columnNamesAsChar() const' at /opt/rustwide/target/build-deps/ogdf-sys/x86-64-unknown-linux-gnu/foxglove-202510/fp-native-0/ogdf-foxglove-202510/src/coin/Clp/ClpModel.cpp:3724:23:
[INFO] [stderr]   /usr/include/x86_64-linux-gnu/bits/stdio2.h:30:34: note: '__builtin___sprintf_chk' output between 9 and 12 bytes into a destination of size 9
[INFO] [stderr]      30 |   return __builtin___sprintf_chk (__s, __USE_FORTIFY_LEVEL - 1,
[INFO] [stderr]         |          ~~~~~~~~~~~~~~~~~~~~~~~~^~~~~~~~~~~~~~~~~~~~~~~~~~~~~~
[INFO] [stderr]      31 |                                   __glibc_objsize (__s), __fmt,
[INFO] [stderr]         |                                   ~~~~~~~~~~~~~~~~~~~~~~~~~~~~~
[INFO] [stderr]      32 |                                   __va_arg_pack ());
[INFO] [stderr]         |                                   ~~~~~~~~~~~~~~~~~
[INFO] [stderr]   /opt/rustwide/target/build-deps/ogdf-sys/x86-64-unknown-linux-gnu/foxglove-202510/fp-native-0/ogdf-foxglove-202510/src/coin/Clp/ClpModel.cpp: In member function 'void ClpModel::resize(int, int)':
[INFO] [stderr]   /opt/rustwide/target/build-deps/ogdf-sys/x86-64-unknown-linux-gnu/foxglove-202510/fp-native-0/ogdf-foxglove-202510/src/coin/Clp/ClpModel.cpp:1360:37: warning: '%7.7d' directive writing between 7 and 11 bytes into a region of size 8 [-Wformat-overflow=]
[INFO] [stderr]    1360 |                     sprintf(name, "R%7.7d", iRow);
[INFO] [stderr]         |                                     ^~~~~
[INFO] [stderr]   /opt/rustwide/target/build-deps/ogdf-sys/x86-64-unknown-linux-gnu/foxglove-202510/fp-native-0/ogdf-foxglove-202510/src/coin/Clp/ClpModel.cpp:1360:35: note: directive argument in the range [-2147483648, 2147483646]
[INFO] [stderr]    1360 |                     sprintf(name, "R%7.7d", iRow);
[INFO] [stderr]         |                                   ^~~~~~~~
[INFO] [stderr]   In function 'int sprintf(char*, const char*, ...)',
[INFO] [stderr]       inlined from 'void ClpModel::resize(int, int)' at /opt/rustwide/target/build-deps/ogdf-sys/x86-64-unknown-linux-gnu/foxglove-202510/fp-native-0/ogdf-foxglove-202510/src/coin/Clp/ClpModel.cpp:1360:28:
[INFO] [stderr]   /usr/include/x86_64-linux-gnu/bits/stdio2.h:30:34: note: '__builtin___sprintf_chk' output between 9 and 13 bytes into a destination of size 9
[INFO] [stderr]      30 |   return __builtin___sprintf_chk (__s, __USE_FORTIFY_LEVEL - 1,
[INFO] [stderr]         |          ~~~~~~~~~~~~~~~~~~~~~~~~^~~~~~~~~~~~~~~~~~~~~~~~~~~~~~
[INFO] [stderr]      31 |                                   __glibc_objsize (__s), __fmt,
[INFO] [stderr]         |                                   ~~~~~~~~~~~~~~~~~~~~~~~~~~~~~
[INFO] [stderr]      32 |                                   __va_arg_pack ());
[INFO] [stderr]         |                                   ~~~~~~~~~~~~~~~~~
[INFO] [stderr]   /opt/rustwide/target/build-deps/ogdf-sys/x86-64-unknown-linux-gnu/foxglove-202510/fp-native-0/ogdf-foxglove-202510/src/coin/Clp/ClpModel.cpp: In member function 'void ClpModel::resize(int, int)':
[INFO] [stderr]   /opt/rustwide/target/build-deps/ogdf-sys/x86-64-unknown-linux-gnu/foxglove-202510/fp-native-0/ogdf-foxglove-202510/src/coin/Clp/ClpModel.cpp:1369:37: warning: '%7.7d' directive writing between 7 and 11 bytes into a region of size 8 [-Wformat-overflow=]
[INFO] [stderr]    1369 |                     sprintf(name, "C%7.7d", iColumn);
[INFO] [stderr]         |                                     ^~~~~
[INFO] [stderr]   /opt/rustwide/target/build-deps/ogdf-sys/x86-64-unknown-linux-gnu/foxglove-202510/fp-native-0/ogdf-foxglove-202510/src/coin/Clp/ClpModel.cpp:1369:35: note: directive argument in the range [-2147483648, 2147483646]
[INFO] [stderr]    1369 |                     sprintf(name, "C%7.7d", iColumn);
[INFO] [stderr]         |                                   ^~~~~~~~
[INFO] [stderr]   In function 'int sprintf(char*, const char*, ...)',
[INFO] [stderr]       inlined from 'void ClpModel::resize(int, int)' at /opt/rustwide/target/build-deps/ogdf-sys/x86-64-unknown-linux-gnu/foxglove-202510/fp-native-0/ogdf-foxglove-202510/src/coin/Clp/ClpModel.cpp:1369:28:
[INFO] [stderr]   /usr/include/x86_64-linux-gnu/bits/stdio2.h:30:34: note: '__builtin___sprintf_chk' output between 9 and 13 bytes into a destination of size 9
[INFO] [stderr]      30 |   return __builtin___sprintf_chk (__s, __USE_FORTIFY_LEVEL - 1,
[INFO] [stderr]         |          ~~~~~~~~~~~~~~~~~~~~~~~~^~~~~~~~~~~~~~~~~~~~~~~~~~~~~~
[INFO] [stderr]      31 |                                   __glibc_objsize (__s), __fmt,
[INFO] [stderr]         |                                   ~~~~~~~~~~~~~~~~~~~~~~~~~~~~~
[INFO] [stderr]      32 |                                   __va_arg_pack ());
[INFO] [stderr]         |                                   ~~~~~~~~~~~~~~~~~
[INFO] [stderr]   gmake[2]: *** [CMakeFiles/Makefile2:108: CMakeFiles/COIN.dir/all] Error 2
[INFO] [stderr]   gmake[1]: *** [CMakeFiles/Makefile2:147: CMakeFiles/OGDF.dir/rule] Error 2
[INFO] [stderr]   gmake: *** [Makefile:209: OGDF] Error 2
[INFO] [stderr] 
[INFO] [stderr]   thread 'main' (1414) panicked at /opt/rustwide/cargo-home/registry/src/index.crates.io-1949cf8c6b5b557f/syntheon-0.3.3/src/lib.rs:364:9:
[INFO] [stderr]   cmake build failed: status exit status: 2
[INFO] [stderr]   stack backtrace:
[INFO] [stderr]      0:     0x6409bcff3661 - <<std[617be2ca0a6fd877]::sys::backtrace::BacktraceLock>::print::DisplayBacktrace as core[a373ad73a504971]::fmt::Display>::fmt
[INFO] [stderr]      1:     0x6409bd00c33a - core[a373ad73a504971]::fmt::write
[INFO] [stderr]      2:     0x6409bcff9edc - <std[617be2ca0a6fd877]::sys::stdio::unix::Stderr as core[a373ad73a504971]::io::write::Write>::write_fmt
[INFO] [stderr]      3:     0x6409bcfcba36 - std[617be2ca0a6fd877]::panicking::default_hook::{closure#0}
[INFO] [stderr]      4:     0x6409bcfea0c1 - std[617be2ca0a6fd877]::panicking::default_hook
[INFO] [stderr]      5:     0x6409bcfea3eb - std[617be2ca0a6fd877]::panicking::panic_with_hook
[INFO] [stderr]      6:     0x6409bcfcbae2 - std[617be2ca0a6fd877]::panicking::panic_handler::{closure#0}
[INFO] [stderr]      7:     0x6409bcfc43a9 - std[617be2ca0a6fd877]::sys::backtrace::__rust_end_short_backtrace::<std[617be2ca0a6fd877]::panicking::panic_handler::{closure#0}, !>
[INFO] [stderr]      8:     0x6409bcfcc97d - __rustc[ea4f61d10b84890b]::rust_begin_unwind
[INFO] [stderr]      9:     0x6409bd00cb5c - core[a373ad73a504971]::panicking::panic_fmt
[INFO] [stderr]     10:     0x6409bc4ffcc0 - syntheon[147db2927180b63e]::run
[INFO] [stderr]     11:     0x6409bc500c72 - <syntheon[147db2927180b63e]::CmakeRunner>::build_target
[INFO] [stderr]     12:     0x6409bc4e8cb8 - build_script_build[2a5ea4c72a4da6e9]::build_ogdf
[INFO] [stderr]     13:     0x6409bc4e9293 - build_script_build[2a5ea4c72a4da6e9]::ensure_ogdf
[INFO] [stderr]     14:     0x6409bc4ea318 - build_script_build[2a5ea4c72a4da6e9]::main
[INFO] [stderr]     15:     0x6409bc4f1ef3 - <fn() as core[a373ad73a504971]::ops::function::FnOnce<()>>::call_once
[INFO] [stderr]     16:     0x6409bc4ee16e - std[617be2ca0a6fd877]::sys::backtrace::__rust_begin_short_backtrace::<fn(), ()>
[INFO] [stderr]     17:     0x6409bc4ef5c9 - std[617be2ca0a6fd877]::rt::lang_start::<()>::{closure#0}
[INFO] [stderr]     18:     0x6409bcfe93b8 - std[617be2ca0a6fd877]::rt::lang_start_internal
[INFO] [stderr]     19:     0x6409bc4ecf31 - std[617be2ca0a6fd877]::rt::lang_start::<()>
[INFO] [stderr]     20:     0x6409bc4ec625 - main
[INFO] [stderr]     21:     0x71a4530c5601 - <unknown>
[INFO] [stderr]     22:     0x71a4530c5718 - __libc_start_main
[INFO] [stderr]     23:     0x6409bc4e6535 - _start
[INFO] [stderr]     24:                0x0 - <unknown>
[INFO] running `Command { std: "docker" "inspect" "7e9784965c952749ee7f679046a9dae9772a1628ebe832205725f23378fed92f", kill_on_drop: false }`
[INFO] running `Command { std: "docker" "rm" "-f" "7e9784965c952749ee7f679046a9dae9772a1628ebe832205725f23378fed92f", kill_on_drop: false }`
[INFO] [stdout] 7e9784965c952749ee7f679046a9dae9772a1628ebe832205725f23378fed92f
