[INFO] fetching crate odgi-ffi 1.1.3...
[INFO] testing odgi-ffi-1.1.3 against 1.99.0-beta.8+cargoflags=--release for beta-release-1.100-2
[INFO] extracting crate odgi-ffi 1.1.3 into /workspace/builds/worker-6-tc1/source
[INFO] started tweaking crates.io crate odgi-ffi 1.1.3
[INFO] removed 0 missing tests
[INFO] finished tweaking crates.io crate odgi-ffi 1.1.3
[INFO] tweaked toml for crates.io crate odgi-ffi 1.1.3 written to /workspace/builds/worker-6-tc1/source/Cargo.toml
[INFO] validating manifest of crates.io crate odgi-ffi 1.1.3 on toolchain 1.99.0-beta.8
[INFO] running `Command { std: CARGO_HOME="/workspace/cargo-home" RUSTUP_HOME="/workspace/rustup-home" "/workspace/cargo-home/bin/cargo" "+1.99.0-beta.8" "metadata" "--manifest-path" "Cargo.toml" "--no-deps", kill_on_drop: false }`
[INFO] crate crates.io crate odgi-ffi 1.1.3 already has a lockfile, it will not be regenerated
[INFO] running `Command { std: CARGO_HOME="/workspace/cargo-home" RUSTUP_HOME="/workspace/rustup-home" "/workspace/cargo-home/bin/cargo" "+1.99.0-beta.8" "fetch" "--manifest-path" "Cargo.toml", kill_on_drop: false }`
[INFO] [stderr]  Downloading crates ...
[INFO] [stderr]   Downloaded wasi v0.14.5+wasi-0.2.4
[INFO] [stderr]   Downloaded tempfile v3.22.0
[INFO] [stderr]   Downloaded wit-bindgen v0.45.1
[INFO] [stderr]   Downloaded cxxbridge-flags v1.0.184
[INFO] [stderr]   Downloaded find-msvc-tools v0.1.1
[INFO] [stderr]   Downloaded clap v4.5.47
[INFO] [stderr]   Downloaded cxx-build v1.0.184
[INFO] [stderr]   Downloaded cxxbridge-macro v1.0.184
[INFO] [stderr]   Downloaded cc v1.2.37
[INFO] [stderr]   Downloaded cxxbridge-cmd v1.0.184
[INFO] [stderr]   Downloaded indexmap v2.11.1
[INFO] [stderr]   Downloaded wasip2 v1.0.0+wasi-0.2.4
[INFO] [stderr]   Downloaded clap_builder v4.5.47
[INFO] [stderr]   Downloaded cxx v1.0.184
[INFO] running `Command { std: "docker" "create" "-v" "/var/lib/crater-agent-workspace/builds/worker-6-tc1/source:/opt/rustwide/workdir:ro,Z" "-v" "/var/lib/crater-agent-workspace/builds/worker-6-tc1/target:/opt/rustwide/target:rw,Z" "-v" "/var/lib/crater-agent-workspace/cargo-home:/opt/rustwide/cargo-home:ro,Z" "-v" "/var/lib/crater-agent-workspace/rustup-home:/opt/rustwide/rustup-home:ro,Z" "-m" "1610612736" "--network" "none" "ghcr.io/rust-lang/crates-build-env/linux@sha256:77db811e55d90add9212f6832c23229e3de5f1c1f9905e8cb07319ea15df73ac" "sleep" "infinity", kill_on_drop: false }`
[INFO] [stdout] d3559d81ac822da6ab28205ea49ed4b9512fbdf28b8cdb6d787b5f806d7a4a55
[INFO] running `Command { std: "docker" "start" "d3559d81ac822da6ab28205ea49ed4b9512fbdf28b8cdb6d787b5f806d7a4a55", kill_on_drop: false }`
[INFO] running `Command { std: "docker" "inspect" "d3559d81ac822da6ab28205ea49ed4b9512fbdf28b8cdb6d787b5f806d7a4a55", kill_on_drop: false }`
[INFO] running `Command { std: "docker" "exec" "-e" "SOURCE_DIR=/opt/rustwide/workdir" "-e" "CARGO_HOME=/opt/rustwide/cargo-home" "-e" "RUSTUP_HOME=/opt/rustwide/rustup-home" "-e" "CARGO_TARGET_DIR=/opt/rustwide/target" "-w" "/opt/rustwide/workdir" "--user" "0:0" "d3559d81ac822da6ab28205ea49ed4b9512fbdf28b8cdb6d787b5f806d7a4a55" "/opt/rustwide/cargo-home/bin/cargo" "+1.99.0-beta.8" "metadata" "--no-deps" "--format-version=1", kill_on_drop: false }`
[INFO] running `Command { std: "docker" "inspect" "d3559d81ac822da6ab28205ea49ed4b9512fbdf28b8cdb6d787b5f806d7a4a55", kill_on_drop: false }`
[INFO] running `Command { std: "docker" "exec" "-e" "SOURCE_DIR=/opt/rustwide/workdir" "-e" "CARGO_HOME=/opt/rustwide/cargo-home" "-e" "RUSTUP_HOME=/opt/rustwide/rustup-home" "-e" "CARGO_TARGET_DIR=/opt/rustwide/target" "-e" "CARGO_INCREMENTAL=0" "-e" "RUST_BACKTRACE=full" "-e" "RUSTFLAGS=--cap-lints=warn" "-e" "RUSTDOCFLAGS=--cap-lints=warn" "-w" "/opt/rustwide/workdir" "--user" "0:0" "d3559d81ac822da6ab28205ea49ed4b9512fbdf28b8cdb6d787b5f806d7a4a55" "/opt/rustwide/cargo-home/bin/cargo" "+1.99.0-beta.8" "build" "--frozen" "--message-format=json" "--release", kill_on_drop: false }`
[INFO] [stderr]    Compiling find-msvc-tools v0.1.1
[INFO] [stderr]    Compiling proc-macro2 v1.0.101
[INFO] [stderr]    Compiling hashbrown v0.15.5
[INFO] [stderr]    Compiling scratch v1.0.9
[INFO] [stderr]    Compiling unicode-width v0.2.1
[INFO] [stderr]    Compiling libc v0.2.175
[INFO] [stderr]    Compiling cxxbridge-flags v1.0.184
[INFO] [stderr]    Compiling termcolor v1.4.1
[INFO] [stderr]    Compiling rustix v1.1.2
[INFO] [stderr]    Compiling cc v1.2.37
[INFO] [stderr]    Compiling codespan-reporting v0.12.0
[INFO] [stderr]    Compiling foldhash v0.2.0
[INFO] [stderr]    Compiling once_cell v1.21.3
[INFO] [stderr]    Compiling indexmap v2.11.1
[INFO] [stderr]    Compiling quote v1.0.40
[INFO] [stderr]    Compiling getrandom v0.3.3
[INFO] [stderr]    Compiling cmake v0.1.54
[INFO] [stderr]    Compiling syn v2.0.106
[INFO] [stderr]    Compiling link-cplusplus v1.0.12
[INFO] [stderr]    Compiling cxx v1.0.184
[INFO] [stderr]    Compiling tempfile v3.22.0
[INFO] [stderr]    Compiling cxx-build v1.0.184
[INFO] [stderr]    Compiling cxxbridge-macro v1.0.184
[INFO] [stderr]    Compiling odgi-ffi v1.1.3 (/opt/rustwide/workdir)
[INFO] [stderr] error: failed to run custom build command for `odgi-ffi v1.1.3 (/opt/rustwide/workdir)`
[INFO] [stderr] note: To improve backtraces for build dependencies, set the CARGO_PROFILE_RELEASE_BUILD_OVERRIDE_DEBUG=true environment variable to enable debug information generation.
[INFO] [stderr] 
[INFO] [stderr] Caused by:
[INFO] [stderr]   process didn't exit successfully: `/opt/rustwide/target/release/build/odgi-ffi-7d04d2f642175019/build-script-build` (exit status: 101)
[INFO] [stderr]   --- stdout
[INFO] [stderr]   CMAKE_TOOLCHAIN_FILE_x86_64-unknown-linux-gnu = None
[INFO] [stderr]   CMAKE_TOOLCHAIN_FILE_x86_64_unknown_linux_gnu = None
[INFO] [stderr]   HOST_CMAKE_TOOLCHAIN_FILE = None
[INFO] [stderr]   CMAKE_TOOLCHAIN_FILE = None
[INFO] [stderr]   CMAKE_GENERATOR_x86_64-unknown-linux-gnu = None
[INFO] [stderr]   CMAKE_GENERATOR_x86_64_unknown_linux_gnu = None
[INFO] [stderr]   HOST_CMAKE_GENERATOR = None
[INFO] [stderr]   CMAKE_GENERATOR = None
[INFO] [stderr]   CMAKE_PREFIX_PATH_x86_64-unknown-linux-gnu = None
[INFO] [stderr]   CMAKE_PREFIX_PATH_x86_64_unknown_linux_gnu = None
[INFO] [stderr]   HOST_CMAKE_PREFIX_PATH = None
[INFO] [stderr]   CMAKE_PREFIX_PATH = None
[INFO] [stderr]   CMAKE_x86_64-unknown-linux-gnu = None
[INFO] [stderr]   CMAKE_x86_64_unknown_linux_gnu = None
[INFO] [stderr]   HOST_CMAKE = None
[INFO] [stderr]   CMAKE = None
[INFO] [stderr]   running: cd "/opt/rustwide/target/release/build/odgi-ffi-c35ce79dfad3c03e/out/build" && CMAKE_PREFIX_PATH="" LC_ALL="C" "cmake" "/opt/rustwide/target/release/build/odgi-ffi-c35ce79dfad3c03e/out/odgi-source-for-build" "-DBUILD_TESTS=OFF" "-DODGI_BUILD_DOCS=OFF" "-DCMAKE_EXE_LINKER_FLAGS=-lpthread" "-DCMAKE_INSTALL_PREFIX=/opt/rustwide/target/release/build/odgi-ffi-c35ce79dfad3c03e/out" "-DCMAKE_C_FLAGS= -ffunction-sections -fdata-sections -fPIC -m64" "-DCMAKE_C_COMPILER=/usr/bin/cc" "-DCMAKE_CXX_FLAGS= -ffunction-sections -fdata-sections -fPIC -m64" "-DCMAKE_CXX_COMPILER=/usr/bin/c++" "-DCMAKE_ASM_FLAGS= -ffunction-sections -fdata-sections -fPIC -m64" "-DCMAKE_ASM_COMPILER=/usr/bin/cc" "-DCMAKE_BUILD_TYPE=Generic"
[INFO] [stderr]   -- The CXX compiler identification is GNU 15.2.0
[INFO] [stderr]   -- Detecting CXX compiler ABI info
[INFO] [stderr]   -- Detecting CXX compiler ABI info - done
[INFO] [stderr]   -- Check for working CXX compiler: /usr/bin/c++ - skipped
[INFO] [stderr]   -- Detecting CXX compile features
[INFO] [stderr]   -- Detecting CXX compile features - done
[INFO] [stderr]   -- Found PkgConfig: /usr/bin/pkg-config (found version "2.5.1")
[INFO] [stderr]   -- Could NOT find pybind11 (missing: pybind11_DIR)
[INFO] [stderr]   -- Building with CPU-only support.
[INFO] [stderr]   -- 
[INFO] [stderr] 
[INFO] [stderr]   -- Checking for module 'sdsl-lite'
[INFO] [stderr]   --   Package 'sdsl-lite' not found
[INFO] [stderr]   -- Checking for module 'libdivsufsort'
[INFO] [stderr]   --   Package 'libdivsufsort' not found
[INFO] [stderr]   -- Compiling odgi sources with PIC=ON
[INFO] [stderr]   -- ODGI CMAKE_BUILD_TYPE: Generic
[INFO] [stderr]   -- ODGI CMAKE_CXX_FLAGS:  -ffunction-sections -fdata-sections -fPIC -m64 -fPIC
[INFO] [stderr]   -- ODGI CMAKE_C_FLAGS:  -ffunction-sections -fdata-sections -fPIC -m64 -fPIC
[INFO] [stderr]   -- Found OpenMP_CXX: -fopenmp (found version "4.5")
[INFO] [stderr]   -- Found OpenMP: TRUE (found version "4.5")
[INFO] [stderr]   -- pybind11 v2.12.0 dev1
[INFO] [stderr]   -- Found Python: /usr/bin/python3 (found suitable version "3.14.4", minimum required is "3.6") found components: Interpreter Development.Module Development.Embed
[INFO] [stderr]   -- Performing Test HAS_FLTO
[INFO] [stderr]   -- Performing Test HAS_FLTO - Success
[INFO] [stderr]   -- Configuring done (3.3s)
[INFO] [stderr]   -- Generating done (0.2s)
[INFO] [stderr]   -- Build files have been written to: /opt/rustwide/target/release/build/odgi-ffi-c35ce79dfad3c03e/out/build
[INFO] [stderr]   running: cd "/opt/rustwide/target/release/build/odgi-ffi-c35ce79dfad3c03e/out/build" && LC_ALL="C" MAKEFLAGS="-j --jobserver-fds=4,5 --jobserver-auth=4,5" "cmake" "--build" "/opt/rustwide/target/release/build/odgi-ffi-c35ce79dfad3c03e/out/build" "--target" "install" "--config" "Generic"
[INFO] [stderr]   [  1%] Creating directories for 'libbf-EXT'
[INFO] [stderr]   [  2%] Creating directories for 'dynamic'
[INFO] [stderr]   [  2%] Creating directories for 'tayweeargs'
[INFO] [stderr]   [  2%] Creating directories for 'bbhash'
[INFO] [stderr]   [  2%] Creating directories for 'sdsl-lite'
[INFO] [stderr]   [  2%] No download step for 'tayweeargs'
[INFO] [stderr]   [  3%] No download step for 'bbhash'
[INFO] [stderr]   [  3%] No update step for 'tayweeargs'
[INFO] [stderr]   [  3%] Creating directories for 'hopscotch_map'
[INFO] [stderr]   [  4%] No patch step for 'tayweeargs'
[INFO] [stderr]   [  4%] Creating directories for 'gfakluge'
[INFO] [stderr]   [  4%] Creating directories for 'handlegraph'
[INFO] [stderr]   [  4%] No download step for 'hopscotch_map'
[INFO] [stderr]   [  4%] No update step for 'bbhash'
[INFO] [stderr]   [  4%] No download step for 'gfakluge'
[INFO] [stderr]   [  5%] No download step for 'sdsl-lite'
[INFO] [stderr]   [  6%] No download step for 'handlegraph'
[INFO] [stderr]   [  6%] No update step for 'hopscotch_map'
[INFO] [stderr]   [  7%] No update step for 'gfakluge'
[INFO] [stderr]   [  7%] No download step for 'libbf-EXT'
[INFO] [stderr]   [  7%] No download step for 'dynamic'
[INFO] [stderr]   [  7%] No update step for 'sdsl-lite'
[INFO] [stderr]   [  7%] No patch step for 'gfakluge'
[INFO] [stderr]   [  7%] No update step for 'handlegraph'
[INFO] [stderr]   [  8%] No patch step for 'sdsl-lite'
[INFO] [stderr]   [  8%] No patch step for 'hopscotch_map'
[INFO] [stderr]   [  8%] No update step for 'dynamic'
[INFO] [stderr]   [  9%] Performing configure step for 'tayweeargs'
[INFO] [stderr]   [ 10%] No patch step for 'handlegraph'
[INFO] [stderr]   [ 11%] No patch step for 'bbhash'
[INFO] [stderr]   [ 11%] No configure step for 'gfakluge'
[INFO] [stderr]   [ 11%] No patch step for 'dynamic'
[INFO] [stderr]   [ 11%] No configure step for 'hopscotch_map'
[INFO] [stderr]   [ 11%] No configure step for 'bbhash'
[INFO] [stderr]   [ 11%] Performing configure step for 'sdsl-lite'
[INFO] [stderr]   [ 12%] No build step for 'hopscotch_map'
[INFO] [stderr]   [ 13%] No configure step for 'dynamic'
[INFO] [stderr]   [ 13%] Performing configure step for 'handlegraph'
[INFO] [stderr]   [ 14%] No build step for 'gfakluge'
[INFO] [stderr]   [ 14%] No build step for 'bbhash'
[INFO] [stderr]   [ 14%] No build step for 'dynamic'
[INFO] [stderr]   [ 14%] No update step for 'libbf-EXT'
[INFO] [stderr]   [ 14%] No install step for 'bbhash'
[INFO] [stderr]   [ 15%] Completed 'bbhash'
[INFO] [stderr]   [ 15%] No patch step for 'libbf-EXT'
[INFO] [stderr]   [ 16%] No install step for 'hopscotch_map'
[INFO] [stderr]   [ 17%] No install step for 'gfakluge'
[INFO] [stderr]   -- The C compiler identification is GNU 15.2.0
[INFO] [stderr]   [ 17%] Built target bbhash
[INFO] [stderr]   [ 17%] No install step for 'dynamic'
[INFO] [stderr]   [ 18%] Creating directories for 'sparsepp'
[INFO] [stderr]   [ 19%] Performing configure step for 'libbf-EXT'
[INFO] [stderr]   [ 19%] Completed 'hopscotch_map'
[INFO] [stderr]   [ 19%] No download step for 'sparsepp'
[INFO] [stderr]   -- The CXX compiler identification is GNU 15.2.0
[INFO] [stderr]   [ 19%] Built target hopscotch_map
[INFO] [stderr]   [ 19%] No update step for 'sparsepp'
[INFO] [stderr]   -- Detecting CXX compiler ABI info
[INFO] [stderr]   [ 19%] Creating directories for 'ska'
[INFO] [stderr]   [ 19%] Completed 'gfakluge'
[INFO] [stderr]   [ 20%] No download step for 'ska'
[INFO] [stderr]   [ 20%] No patch step for 'sparsepp'
[INFO] [stderr]   [ 20%] Built target gfakluge
[INFO] [stderr]   -- The CXX compiler identification is GNU 15.2.0
[INFO] [stderr]   [ 21%] No configure step for 'sparsepp'
[INFO] [stderr]   [ 21%] Completed 'dynamic'
[INFO] [stderr]   [ 22%] No update step for 'ska'
[INFO] [stderr]   [ 23%] Creating directories for 'intervaltree'
[INFO] [stderr]   -- Detecting C compiler ABI info
[INFO] [stderr]   -- The CXX compiler identification is GNU 15.2.0
[INFO] [stderr]   [ 23%] No build step for 'sparsepp'
[INFO] [stderr]   [ 23%] Built target dynamic
[INFO] [stderr]   [ 23%] No patch step for 'ska'
[INFO] [stderr]   [ 23%] No download step for 'intervaltree'
[INFO] [stderr]   [ 24%] Creating directories for 'cgranges'
[INFO] [stderr]   [ 24%] No configure step for 'ska'
[INFO] [stderr]   [ 24%] No update step for 'intervaltree'
[INFO] [stderr]   -- The C compiler identification is GNU 15.2.0
[INFO] [stderr]   -- Detecting CXX compiler ABI info - done
[INFO] [stderr]   [ 24%] No download step for 'cgranges'
[INFO] [stderr]   -- Detecting CXX compiler ABI info
[INFO] [stderr]   [ 24%] No install step for 'sparsepp'
[INFO] [stderr]   [ 24%] No build step for 'ska'
[INFO] [stderr]   -- Check for working CXX compiler: /usr/bin/c++ - skipped
[INFO] [stderr]   -- Detecting CXX compile features
[INFO] [stderr]   -- Detecting CXX compile features - done
[INFO] [stderr]   -- Detecting C compiler ABI info - done
[INFO] [stderr]   [ 24%] No patch step for 'intervaltree'
[INFO] [stderr]   -- The CXX compiler identification is GNU 15.2.0
[INFO] [stderr]   -- Detecting CXX compiler ABI info
[INFO] [stderr]   [ 24%] No install step for 'ska'
[INFO] [stderr]   [ 24%] No update step for 'cgranges'
[INFO] [stderr]   -- Configuring done (1.2s)
[INFO] [stderr]   [ 24%] No configure step for 'intervaltree'
[INFO] [stderr]   -- Check for working C compiler: /usr/bin/cc - skipped
[INFO] [stderr]   -- Detecting C compile features
[INFO] [stderr]   -- Detecting C compile features - done
[INFO] [stderr]   [ 25%] Completed 'ska'
[INFO] [stderr]   -- Generating done (0.0s)
[INFO] [stderr]   -- Build files have been written to: /opt/rustwide/target/release/build/odgi-ffi-c35ce79dfad3c03e/out/build/tayweeargs-prefix/src/tayweeargs-build
[INFO] [stderr]   [ 25%] No patch step for 'cgranges'
[INFO] [stderr]   [ 25%] Completed 'sparsepp'
[INFO] [stderr]   [ 25%] Performing build step for 'tayweeargs'
[INFO] [stderr]   -- Detecting CXX compiler ABI info
[INFO] [stderr]   [ 25%] Built target ska
[INFO] [stderr]   [ 26%] No build step for 'intervaltree'
[INFO] [stderr]   [ 27%] No configure step for 'cgranges'
[INFO] [stderr]   -- Detecting CXX compiler ABI info - done
[INFO] [stderr]   [ 27%] Built target sparsepp
[INFO] [stderr]   [ 27%] Creating directories for 'mmmulti'
[INFO] [stderr]   [ 27%] No build step for 'cgranges'
[INFO] [stderr]   -- Check for working CXX compiler: /usr/bin/c++ - skipped
[INFO] [stderr]   -- Detecting CXX compile features
[INFO] [stderr]   -- Detecting CXX compile features - done
[INFO] [stderr]   [  9%] Building CXX object CMakeFiles/gitlike.dir/examples/gitlike.cxx.o
[INFO] [stderr]   [ 27%] Creating directories for 'ips4o'
[INFO] [stderr]   [ 27%] No download step for 'mmmulti'
[INFO] [stderr]   -- Detecting CXX compiler ABI info - done
[INFO] [stderr]   [ 27%] No install step for 'cgranges'
[INFO] [stderr]   [ 27%] No install step for 'intervaltree'
[INFO] [stderr]   [ 28%] No download step for 'ips4o'
[INFO] [stderr]   -- Detecting C compiler ABI info
[INFO] [stderr]   [ 29%] No update step for 'mmmulti'
[INFO] [stderr]   [ 29%] Completed 'intervaltree'
[INFO] [stderr]   -- Detecting CXX compiler ABI info - done
[INFO] [stderr]   [ 29%] Completed 'cgranges'
[INFO] [stderr]   -- Check for working CXX compiler: /usr/bin/c++ - skipped
[INFO] [stderr]   -- Detecting CXX compile features
[INFO] [stderr]   -- Detecting CXX compile features - done
[INFO] [stderr]   [ 29%] No patch step for 'mmmulti'
[INFO] [stderr]   [ 29%] Built target cgranges
[INFO] [stderr]   [ 30%] No update step for 'ips4o'
[INFO] [stderr]   -- Performing Test CMAKE_HAVE_LIBC_PTHREAD
[INFO] [stderr]   [ 31%] Creating directories for 'atomicqueue'
[INFO] [stderr]   [ 31%] No configure step for 'mmmulti'
[INFO] [stderr]   -- Check for working CXX compiler: /usr/bin/c++ - skipped
[INFO] [stderr]   -- Detecting CXX compile features
[INFO] [stderr]   -- Detecting CXX compile features - done
[INFO] [stderr]   -- Configuring done (1.7s)
[INFO] [stderr]   -- Generating done (0.1s)
[INFO] [stderr]   -- Build files have been written to: /opt/rustwide/target/release/build/odgi-ffi-c35ce79dfad3c03e/out/build/handlegraph-prefix/src/handlegraph-build
[INFO] [stderr]   [ 31%] Built target intervaltree
[INFO] [stderr]   -- Detecting C compiler ABI info - done
[INFO] [stderr]   [ 31%] No download step for 'atomicqueue'
[INFO] [stderr]   [ 31%] No build step for 'mmmulti'
[INFO] [stderr]   [ 31%] No patch step for 'ips4o'
[INFO] [stderr]   [ 31%] Creating directories for 'structures'
[INFO] [stderr]   -- Check for working C compiler: /usr/bin/cc - skipped
[INFO] [stderr]   [ 31%] Performing build step for 'handlegraph'
[INFO] [stderr]   -- Detecting C compile features
[INFO] [stderr]   [ 32%] No install step for 'mmmulti'
[INFO] [stderr]   -- Detecting C compile features - done
[INFO] [stderr]   [ 32%] No update step for 'atomicqueue'
[INFO] [stderr]   -- Compiler is recent enough to support C++11.
[INFO] [stderr]   -- Performing Test HAVE_GCC_STD=C__11__WALL__WEXTRA__DNDEBUG
[INFO] [stderr]   [ 33%] Completed 'mmmulti'
[INFO] [stderr]   [ 33%] No download step for 'structures'
[INFO] [stderr]   [ 33%] No patch step for 'atomicqueue'
[INFO] [stderr]   [ 33%] No configure step for 'ips4o'
[INFO] [stderr]   [ 33%] Built target mmmulti
[INFO] [stderr]   [ 33%] No configure step for 'atomicqueue'
[INFO] [stderr]   [ 18%] Building CXX object CMakeFiles/completion.dir/examples/completion.cxx.o
[INFO] [stderr]   [ 34%] No update step for 'structures'
[INFO] [stderr]   -- Performing Test HAVE_GCC_STD=C__11__WALL__WEXTRA__DNDEBUG - Success
[INFO] [stderr]   -- Performing Test HAVE_GCC_O3__FFAST_MATH__FUNROLL_LOOPS
[INFO] [stderr]   [ 34%] No patch step for 'structures'
[INFO] [stderr]   [ 35%] No build step for 'atomicqueue'
[INFO] [stderr]   -- Performing Test CMAKE_HAVE_LIBC_PTHREAD - Success
[INFO] [stderr]   -- Found Threads: TRUE
[INFO] [stderr]   -- Configuring done (2.1s)
[INFO] [stderr]   [  2%] Building CXX object CMakeFiles/handlegraph_objs.dir/src/deletable_handle_graph.cpp.o
[INFO] [stderr]   [ 35%] No configure step for 'structures'
[INFO] [stderr]   -- Generating done (0.1s)
[INFO] [stderr]   -- Build files have been written to: /opt/rustwide/target/release/build/odgi-ffi-c35ce79dfad3c03e/out/build/libbf-EXT-prefix/src/libbf-EXT-build
[INFO] [stderr]   [ 36%] No build step for 'structures'
[INFO] [stderr]   [ 36%] No build step for 'ips4o'
[INFO] [stderr]   [ 36%] No install step for 'atomicqueue'
[INFO] [stderr]   [ 36%] No install step for 'ips4o'
[INFO] [stderr]   [ 36%] Performing build step for 'libbf-EXT'
[INFO] [stderr]   [ 37%] No install step for 'structures'
[INFO] [stderr]   [ 37%] Completed 'structures'
[INFO] [stderr]   [ 38%] Completed 'ips4o'
[INFO] [stderr]   [ 38%] Completed 'atomicqueue'
[INFO] [stderr]   [ 38%] Built target structures
[INFO] [stderr]   [ 38%] Creating directories for 'picosha256'
[INFO] [stderr]   -- Performing Test HAVE_GCC_O3__FFAST_MATH__FUNROLL_LOOPS - Success
[INFO] [stderr]   [  4%] Building CXX object CMakeFiles/libbf_static.dir/src/bitvector.cpp.o
[INFO] [stderr]   [ 39%] No download step for 'picosha256'
[INFO] [stderr]   [ 39%] Built target atomicqueue
[INFO] [stderr]   [ 39%] Built target ips4o
[INFO] [stderr]   [ 27%] Building CXX object CMakeFiles/argstest.dir/test.cxx.o
[INFO] [stderr]   [ 40%] Creating directories for 'sgd2'
[INFO] [stderr]   [ 40%] No update step for 'picosha256'
[INFO] [stderr]   [ 40%] No download step for 'sgd2'
[INFO] [stderr]   [ 41%] No patch step for 'picosha256'
[INFO] [stderr]   [ 41%] No configure step for 'picosha256'
[INFO] [stderr]   [ 41%] No update step for 'sgd2'
[INFO] [stderr]   -- Performing Test HAVE_GCC_MSSE4.2__MARCH=NATIVE
[INFO] [stderr]   [ 41%] No build step for 'picosha256'
[INFO] [stderr]   [ 41%] No install step for 'picosha256'
[INFO] [stderr]   [ 41%] No patch step for 'sgd2'
[INFO] [stderr]   [ 42%] No configure step for 'sgd2'
[INFO] [stderr]   [ 42%] Completed 'picosha256'
[INFO] [stderr]   [ 42%] No build step for 'sgd2'
[INFO] [stderr]   [ 42%] Built target picosha256
[INFO] [stderr]   [ 42%] No install step for 'sgd2'
[INFO] [stderr]   -- Performing Test HAVE_GCC_MSSE4.2__MARCH=NATIVE - Success
[INFO] [stderr]   -- Performing Test HAVE_CLANG_MSSE4.2__MARCH=NATIVE
[INFO] [stderr]   [  8%] Building CXX object CMakeFiles/libbf_shared.dir/src/bitvector.cpp.o
[INFO] [stderr]   [ 42%] Completed 'sgd2'
[INFO] [stderr]   [ 42%] Built target sgd2
[INFO] [stderr]   [  5%] Building CXX object CMakeFiles/handlegraph_objs.dir/src/dfs.cpp.o
[INFO] [stderr]   -- Performing Test HAVE_CLANG_MSSE4.2__MARCH=NATIVE - Success
[INFO] [stderr]   -- Performing Test HAVE_CXA_DEMANGLE
[INFO] [stderr]   [ 13%] Building CXX object CMakeFiles/libbf_static.dir/src/counter_vector.cpp.o
[INFO] [stderr]   -- Performing Test HAVE_CXA_DEMANGLE - Success
[INFO] [stderr]   -- Compiler supports DEMANGLE.
[INFO] [stderr]   -- Performing Test HAVE_GCC_DHAVE_CXA_DEMANGLE
[INFO] [stderr]   -- Performing Test HAVE_GCC_DHAVE_CXA_DEMANGLE - Success
[INFO] [stderr]   -- Found Git: /usr/bin/git (found version "2.53.0")
[INFO] [stderr]   -- Performing Test HAVE_GCC_WALL
[INFO] [stderr]   -- Performing Test HAVE_GCC_WALL - Success
[INFO] [stderr]   -- Performing Test HAVE_GCC_FOMIT_FRAME_POINTER
[INFO] [stderr]   [ 36%] Building CXX object CMakeFiles/argstest-multiple-inclusion.dir/test/multiple_inclusion_1.cxx.o
[INFO] [stderr]   [ 17%] Building CXX object CMakeFiles/libbf_shared.dir/src/counter_vector.cpp.o
[INFO] [stderr]   [ 21%] Building CXX object CMakeFiles/libbf_static.dir/src/hash.cpp.o
[INFO] [stderr]   -- Performing Test HAVE_GCC_FOMIT_FRAME_POINTER - Success
[INFO] [stderr]   -- Looking for inttypes.h
[INFO] [stderr]   -- Looking for inttypes.h - found
[INFO] [stderr]   -- Looking for memory.h
[INFO] [stderr]   -- Looking for memory.h - found
[INFO] [stderr]   -- Looking for stddef.h
[INFO] [stderr]   -- Looking for stddef.h - found
[INFO] [stderr]   -- Looking for stdint.h
[INFO] [stderr]   -- Looking for stdint.h - found
[INFO] [stderr]   -- Looking for stdlib.h
[INFO] [stderr]   [ 26%] Building CXX object CMakeFiles/libbf_shared.dir/src/hash.cpp.o
[INFO] [stderr]   -- Looking for stdlib.h - found
[INFO] [stderr]   -- Looking for string.h
[INFO] [stderr]   [ 30%] Building CXX object CMakeFiles/libbf_static.dir/src/bloom_filter/a2.cpp.o
[INFO] [stderr]   [ 45%] Building CXX object CMakeFiles/argstest-multiple-inclusion.dir/test/multiple_inclusion_2.cxx.o
[INFO] [stderr]   -- Looking for string.h - found
[INFO] [stderr]   -- Looking for strings.h
[INFO] [stderr]   [  8%] Building CXX object CMakeFiles/handlegraph_objs.dir/src/handle_graph.cpp.o
[INFO] [stderr]   [ 54%] Linking CXX executable gitlike
[INFO] [stderr]   -- Looking for strings.h - found
[INFO] [stderr]   -- Looking for sys/types.h
[INFO] [stderr]   [ 54%] Built target gitlike
[INFO] [stderr]   -- Looking for sys/types.h - found
[INFO] [stderr]   -- Performing Test HAVE_INLINE
[INFO] [stderr]   [ 63%] Building CXX object CMakeFiles/argstest-windows-h.dir/test/windows_h.cxx.o
[INFO] [stderr]   [ 34%] Building CXX object CMakeFiles/libbf_static.dir/src/bloom_filter/basic.cpp.o
[INFO] [stderr]   -- Performing Test HAVE_INLINE - Success
[INFO] [stderr]   -- Performing Test HAVE___INLINE
[INFO] [stderr]   [ 72%] Linking CXX executable completion
[INFO] [stderr]   -- Performing Test HAVE___INLINE - Success
[INFO] [stderr]   -- Performing Test HAVE___INLINE__
[INFO] [stderr]   [ 72%] Built target completion
[INFO] [stderr]   [ 39%] Building CXX object CMakeFiles/libbf_shared.dir/src/bloom_filter/a2.cpp.o
[INFO] [stderr]   [ 42%] Creating directories for 'httplib'
[INFO] [stderr]   [ 43%] No download step for 'httplib'
[INFO] [stderr]   -- Performing Test HAVE___INLINE__ - Success
[INFO] [stderr]   -- Performing Test HAVE___DECLSPEC_DLLEXPORT_
[INFO] [stderr]   [ 43%] No update step for 'httplib'
[INFO] [stderr]   [ 11%] Building CXX object CMakeFiles/handlegraph_objs.dir/src/mutable_handle_graph.cpp.o
[INFO] [stderr]   -- Performing Test HAVE___DECLSPEC_DLLEXPORT_ - Failed
[INFO] [stderr]   -- Performing Test HAVE___DECLSPEC_DLLIMPORT_
[INFO] [stderr]   [ 44%] No patch step for 'httplib'
[INFO] [stderr]   [ 81%] Linking CXX executable argstest-multiple-inclusion
[INFO] [stderr]   [ 44%] No configure step for 'httplib'
[INFO] [stderr]   [ 44%] No build step for 'httplib'
[INFO] [stderr]   -- Performing Test HAVE___DECLSPEC_DLLIMPORT_ - Failed
[INFO] [stderr]   -- Check size of uint8_t
[INFO] [stderr]   [ 44%] No install step for 'httplib'
[INFO] [stderr]   [ 45%] Completed 'httplib'
[INFO] [stderr]   [ 81%] Built target argstest-multiple-inclusion
[INFO] [stderr]   [ 43%] Building CXX object CMakeFiles/libbf_static.dir/src/bloom_filter/bitwise.cpp.o
[INFO] [stderr]   -- Check size of uint8_t - done
[INFO] [stderr]   -- Check size of int32_t
[INFO] [stderr]   [ 45%] Built target httplib
[INFO] [stderr]   [ 45%] Creating directories for 'random_distributions'
[INFO] [stderr]   [ 45%] No download step for 'random_distributions'
[INFO] [stderr]   [ 47%] Building CXX object CMakeFiles/libbf_static.dir/src/bloom_filter/counting.cpp.o
[INFO] [stderr]   -- Check size of int32_t - done
[INFO] [stderr]   -- Looking for PRId32
[INFO] [stderr]   [ 45%] No update step for 'random_distributions'
[INFO] [stderr]   [ 45%] No patch step for 'random_distributions'
[INFO] [stderr]   [ 45%] No configure step for 'random_distributions'
[INFO] [stderr]   [ 46%] No build step for 'random_distributions'
[INFO] [stderr]   [ 47%] No install step for 'random_distributions'
[INFO] [stderr]   -- Looking for PRId32 - found
[INFO] [stderr]   -- Check size of int64_t
[INFO] [stderr]   [ 47%] Completed 'random_distributions'
[INFO] [stderr]   [ 52%] Building CXX object CMakeFiles/libbf_shared.dir/src/bloom_filter/basic.cpp.o
[INFO] [stderr]   [ 47%] Built target random_distributions
[INFO] [stderr]   [ 14%] Building CXX object CMakeFiles/handlegraph_objs.dir/src/path_metadata.cpp.o
[INFO] [stderr]   [ 56%] Building CXX object CMakeFiles/libbf_static.dir/src/bloom_filter/stable.cpp.o
[INFO] [stderr]   -- Check size of int64_t - done
[INFO] [stderr]   -- Looking for PRId64
[INFO] [stderr]   -- Looking for PRId64 - found
[INFO] [stderr]   -- Found PythonInterp: /usr/bin/python3 (found version "3.14.4")
[INFO] [stderr]   -- Performing Test CMAKE_HAVE_LIBC_PTHREAD
[INFO] [stderr]   [ 60%] Building CXX object CMakeFiles/libbf_shared.dir/src/bloom_filter/bitwise.cpp.o
[INFO] [stderr]   -- Performing Test CMAKE_HAVE_LIBC_PTHREAD - Success
[INFO] [stderr]   -- Found Threads: TRUE
[INFO] [stderr]   -- Looking for C++ include cstdio
[INFO] [stderr]   [ 47%] Creating directories for 'dirtyzipf'
[INFO] [stderr]   [ 47%] No download step for 'dirtyzipf'
[INFO] [stderr]   [ 48%] No update step for 'dirtyzipf'
[INFO] [stderr]   [ 48%] No patch step for 'dirtyzipf'
[INFO] [stderr]   [ 48%] No configure step for 'dirtyzipf'
[INFO] [stderr]   [ 48%] No build step for 'dirtyzipf'
[INFO] [stderr]   [ 49%] No install step for 'dirtyzipf'
[INFO] [stderr]   [ 50%] Completed 'dirtyzipf'
[INFO] [stderr]   -- Looking for C++ include cstdio - found
[INFO] [stderr]   [ 65%] Linking CXX static library lib/libbf.a
[INFO] [stderr]   -- Could NOT find Doxygen (missing: DOXYGEN_EXECUTABLE) 
[INFO] [stderr]   [ 50%] Built target dirtyzipf
[INFO] [stderr]   [ 69%] Building CXX object CMakeFiles/libbf_shared.dir/src/bloom_filter/counting.cpp.o
[INFO] [stderr]   -- Configuring done (21.3s)
[INFO] [stderr]   [ 50%] Creating directories for 'xoshiro'
[INFO] [stderr]   [ 69%] Built target libbf_static
[INFO] [stderr]   [ 50%] No download step for 'xoshiro'
[INFO] [stderr]   [ 17%] Building CXX object CMakeFiles/handlegraph_objs.dir/src/mutable_path_metadata.cpp.o
[INFO] [stderr]   [ 51%] No update step for 'xoshiro'
[INFO] [stderr]   [ 51%] No patch step for 'xoshiro'
[INFO] [stderr]   [ 51%] No configure step for 'xoshiro'
[INFO] [stderr]   [ 52%] No build step for 'xoshiro'
[INFO] [stderr]   [ 53%] No install step for 'xoshiro'
[INFO] [stderr]   [ 73%] Building CXX object CMakeFiles/libbf_shared.dir/src/bloom_filter/stable.cpp.o
[INFO] [stderr]   [ 53%] Completed 'xoshiro'
[INFO] [stderr]   [ 53%] Built target xoshiro
[INFO] [stderr]   [ 20%] Building CXX object CMakeFiles/handlegraph_objs.dir/src/path_handle_graph.cpp.o
[INFO] [stderr]   -- Generating done (2.6s)
[INFO] [stderr]   -- Build files have been written to: /opt/rustwide/target/release/build/odgi-ffi-c35ce79dfad3c03e/out/build/sdsl-lite-prefix/src/sdsl-lite-build
[INFO] [stderr]   [ 53%] Performing build step for 'sdsl-lite'
[INFO] [stderr]   [  0%] Building C object external/libdivsufsort/lib/CMakeFiles/divsufsort.dir/divsufsort.c.o
[INFO] [stderr]   [  0%] Building C object external/libdivsufsort/lib/CMakeFiles/divsufsort.dir/sssort.c.o
[INFO] [stderr]   [ 78%] Linking CXX shared library lib/libbf.so
[INFO] [stderr]   [ 22%] Building CXX object CMakeFiles/handlegraph_objs.dir/src/path_position_handle_graph.cpp.o
[INFO] [stderr]   [ 25%] Building CXX object CMakeFiles/handlegraph_objs.dir/src/mutable_path_handle_graph.cpp.o
[INFO] [stderr]   [ 78%] Built target libbf_shared
[INFO] [stderr]   [ 82%] Building CXX object test/CMakeFiles/bf-test.dir/tests.cpp.o
[INFO] [stderr]   [ 90%] Linking CXX executable argstest-windows-h
[INFO] [stderr]   [ 10%] Building C object external/libdivsufsort/lib/CMakeFiles/divsufsort.dir/trsort.c.o
[INFO] [stderr]   [ 90%] Built target argstest-windows-h
[INFO] [stderr]   [ 10%] Building C object external/libdivsufsort/lib/CMakeFiles/divsufsort64.dir/divsufsort.c.o
[INFO] [stderr]   [ 10%] Building C object external/libdivsufsort/lib/CMakeFiles/divsufsort.dir/utils.c.o
[INFO] [stderr]   [ 28%] Building CXX object CMakeFiles/handlegraph_objs.dir/src/ranked_handle_graph.cpp.o
[INFO] [stderr]   [ 10%] Building CXX object external/googletest/googletest/CMakeFiles/gtest.dir/src/gtest-all.cc.o
[INFO] [stderr]   [ 53%] Creating directories for 'atomicbitvector'
[INFO] [stderr]   [ 20%] Building C object external/libdivsufsort/lib/CMakeFiles/divsufsort64.dir/sssort.c.o
[INFO] [stderr]   [ 54%] No download step for 'atomicbitvector'
[INFO] [stderr]   [ 54%] No update step for 'atomicbitvector'
[INFO] [stderr]   [ 55%] No patch step for 'atomicbitvector'
[INFO] [stderr]   [ 55%] No configure step for 'atomicbitvector'
[INFO] [stderr]   [ 55%] No build step for 'atomicbitvector'
[INFO] [stderr]   [ 20%] Linking C static library libdivsufsort.a
[INFO] [stderr]   [ 55%] No install step for 'atomicbitvector'
[INFO] [stderr]   [ 55%] Completed 'atomicbitvector'
[INFO] [stderr]   [ 55%] Built target atomicbitvector
[INFO] [stderr]   [ 20%] Built target divsufsort
[INFO] [stderr]   [ 20%] Building CXX object lib/CMakeFiles/sdsl.dir/bits.cpp.o
[INFO] [stderr]   [ 86%] Building CXX object test/bf/CMakeFiles/bf.dir/bf.cc.o
[INFO] [stderr]   [ 20%] Building CXX object lib/CMakeFiles/sdsl.dir/bp_support_algorithm.cpp.o
[INFO] [stderr]   [ 56%] Creating directories for 'mio'
[INFO] [stderr]   [ 56%] No download step for 'mio'
[INFO] [stderr]   [ 56%] No update step for 'mio'
[INFO] [stderr]   [ 56%] No patch step for 'mio'
[INFO] [stderr]   [ 57%] No configure step for 'mio'
[INFO] [stderr]   [ 57%] No build step for 'mio'
[INFO] [stderr]   [ 20%] Building C object external/libdivsufsort/lib/CMakeFiles/divsufsort64.dir/trsort.c.o
[INFO] [stderr]   [ 57%] No install step for 'mio'
[INFO] [stderr]   [ 57%] Completed 'mio'
[INFO] [stderr]   [ 57%] Built target mio
[INFO] [stderr]   [ 20%] Building CXX object lib/CMakeFiles/sdsl.dir/coder_elias_delta.cpp.o
[INFO] [stderr]   [ 31%] Building CXX object CMakeFiles/handlegraph_objs.dir/src/serializable.cpp.o
[INFO] [stderr]   [ 20%] Building C object external/libdivsufsort/lib/CMakeFiles/divsufsort64.dir/utils.c.o
[INFO] [stderr]   [ 91%] Building CXX object test/bf/CMakeFiles/bf.dir/configuration.cc.o
[INFO] [stderr]   [ 20%] Linking C static library libdivsufsort64.a
[INFO] [stderr]   [ 20%] Built target divsufsort64
[INFO] [stderr]   [ 30%] Building CXX object lib/CMakeFiles/sdsl.dir/coder_elias_gamma.cpp.o
[INFO] [stderr]   [ 30%] Building CXX object lib/CMakeFiles/sdsl.dir/coder_fibonacci.cpp.o
[INFO] [stderr]   [ 34%] Building CXX object CMakeFiles/handlegraph_objs.dir/src/snarl_decomposition.cpp.o
[INFO] [stderr]   [ 30%] Building CXX object lib/CMakeFiles/sdsl.dir/config.cpp.o
[INFO] [stderr]   [ 30%] Building CXX object lib/CMakeFiles/sdsl.dir/construct_config.cpp.o
[INFO] [stderr]   [ 37%] Building CXX object CMakeFiles/handlegraph_objs.dir/src/trivially_serializable.cpp.o
[INFO] [stderr]   [ 95%] Linking CXX executable ../../bin/bf
[INFO] [stderr]   [ 40%] Building CXX object lib/CMakeFiles/sdsl.dir/construct_isa.cpp.o
[INFO] [stderr]   [ 95%] Built target bf
[INFO] [stderr]   [ 40%] Building CXX object CMakeFiles/handlegraph_objs.dir/src/types.cpp.o
[INFO] [stderr]   [ 40%] Building CXX object lib/CMakeFiles/sdsl.dir/construct_lcp.cpp.o
[INFO] [stderr]   [ 42%] Building CXX object CMakeFiles/handlegraph_objs.dir/src/copy_graph.cpp.o
[INFO] [stderr]   [ 45%] Building CXX object CMakeFiles/handlegraph_objs.dir/src/append_graph.cpp.o
[INFO] [stderr]   [ 40%] Building CXX object lib/CMakeFiles/sdsl.dir/construct_lcp_helper.cpp.o
[INFO] [stderr]   [ 40%] Building CXX object lib/CMakeFiles/sdsl.dir/construct_sa.cpp.o
[INFO] [stderr]   [ 50%] Building CXX object lib/CMakeFiles/sdsl.dir/construct_sa_se.cpp.o
[INFO] [stderr]   [ 48%] Building CXX object CMakeFiles/handlegraph_objs.dir/src/are_equivalent.cpp.o
[INFO] [stderr]   [ 50%] Building CXX object lib/CMakeFiles/sdsl.dir/csa_alphabet_strategy.cpp.o
[INFO] [stderr]   [ 50%] Building CXX object lib/CMakeFiles/sdsl.dir/io.cpp.o
[INFO] [stderr]   [100%] Linking CXX executable ../bin/bf-test
[INFO] [stderr]   [100%] Built target bf-test
[INFO] [stderr]   [ 57%] Performing install step for 'libbf-EXT'
[INFO] [stderr]   [ 39%] Built target libbf_static
[INFO] [stderr]   [ 78%] Built target libbf_shared
[INFO] [stderr]   [ 86%] Built target bf-test
[INFO] [stderr]   [ 51%] Building CXX object CMakeFiles/handlegraph_objs.dir/src/find_tips.cpp.o
[INFO] [stderr]   [100%] Built target bf
[INFO] [stderr]   Install the project...
[INFO] [stderr]   -- Install configuration: "Release"
[INFO] [stderr]   -- Installing: /opt/rustwide/target/release/build/odgi-ffi-c35ce79dfad3c03e/out/build/libbf-EXT-prefix/lib/libbf.a
[INFO] [stderr]   -- Installing: /opt/rustwide/target/release/build/odgi-ffi-c35ce79dfad3c03e/out/build/libbf-EXT-prefix/lib/libbf.so
[INFO] [stderr]   -- Installing: /opt/rustwide/target/release/build/odgi-ffi-c35ce79dfad3c03e/out/build/libbf-EXT-prefix/include/bf
[INFO] [stderr]   -- Installing: /opt/rustwide/target/release/build/odgi-ffi-c35ce79dfad3c03e/out/build/libbf-EXT-prefix/include/bf/counter_vector.hpp
[INFO] [stderr]   -- Installing: /opt/rustwide/target/release/build/odgi-ffi-c35ce79dfad3c03e/out/build/libbf-EXT-prefix/include/bf/bloom_filter
[INFO] [stderr]   -- Installing: /opt/rustwide/target/release/build/odgi-ffi-c35ce79dfad3c03e/out/build/libbf-EXT-prefix/include/bf/bloom_filter/basic.hpp
[INFO] [stderr]   -- Installing: /opt/rustwide/target/release/build/odgi-ffi-c35ce79dfad3c03e/out/build/libbf-EXT-prefix/include/bf/bloom_filter/a2.hpp
[INFO] [stderr]   -- Installing: /opt/rustwide/target/release/build/odgi-ffi-c35ce79dfad3c03e/out/build/libbf-EXT-prefix/include/bf/bloom_filter/stable.hpp
[INFO] [stderr]   -- Installing: /opt/rustwide/target/release/build/odgi-ffi-c35ce79dfad3c03e/out/build/libbf-EXT-prefix/include/bf/bloom_filter/bitwise.hpp
[INFO] [stderr]   -- Installing: /opt/rustwide/target/release/build/odgi-ffi-c35ce79dfad3c03e/out/build/libbf-EXT-prefix/include/bf/bloom_filter/counting.hpp
[INFO] [stderr]   -- Installing: /opt/rustwide/target/release/build/odgi-ffi-c35ce79dfad3c03e/out/build/libbf-EXT-prefix/include/bf/hash.hpp
[INFO] [stderr]   -- Installing: /opt/rustwide/target/release/build/odgi-ffi-c35ce79dfad3c03e/out/build/libbf-EXT-prefix/include/bf/object.hpp
[INFO] [stderr]   -- Installing: /opt/rustwide/target/release/build/odgi-ffi-c35ce79dfad3c03e/out/build/libbf-EXT-prefix/include/bf/bloom_filter.hpp
[INFO] [stderr]   -- Installing: /opt/rustwide/target/release/build/odgi-ffi-c35ce79dfad3c03e/out/build/libbf-EXT-prefix/include/bf/all.hpp
[INFO] [stderr]   -- Installing: /opt/rustwide/target/release/build/odgi-ffi-c35ce79dfad3c03e/out/build/libbf-EXT-prefix/include/bf/wrap.hpp
[INFO] [stderr]   -- Installing: /opt/rustwide/target/release/build/odgi-ffi-c35ce79dfad3c03e/out/build/libbf-EXT-prefix/include/bf/h3.hpp
[INFO] [stderr]   -- Installing: /opt/rustwide/target/release/build/odgi-ffi-c35ce79dfad3c03e/out/build/libbf-EXT-prefix/include/bf/bitvector.hpp
[INFO] [stderr]   [ 57%] Completed 'libbf-EXT'
[INFO] [stderr]   [ 57%] Built target libbf-EXT
[INFO] [stderr]   [ 50%] Building CXX object lib/CMakeFiles/sdsl.dir/lcp_support_tree.cpp.o
[INFO] [stderr]   [ 54%] Building CXX object CMakeFiles/handlegraph_objs.dir/src/topological_sort.cpp.o
[INFO] [stderr]   [ 57%] Building CXX object CMakeFiles/handlegraph_objs.dir/src/apply_orientations.cpp.o
[INFO] [stderr]   [ 50%] Linking CXX static library libgtest.a
[INFO] [stderr]   [ 50%] Built target gtest
[INFO] [stderr]   [ 50%] Building CXX object external/googletest/googletest/CMakeFiles/gtest_main.dir/src/gtest_main.cc.o
[INFO] [stderr]   [ 60%] Building CXX object lib/CMakeFiles/sdsl.dir/louds_tree.cpp.o
[INFO] [stderr]   [ 60%] Building CXX object lib/CMakeFiles/sdsl.dir/memory_management.cpp.o
[INFO] [stderr]   [ 60%] Building CXX object lib/CMakeFiles/sdsl.dir/nn_dict_dynamic.cpp.o
[INFO] [stderr]   [ 70%] Linking CXX static library libgtest_main.a
[INFO] [stderr]   [ 70%] Built target gtest_main
[INFO] [stderr]   [ 60%] Building CXX object CMakeFiles/handlegraph_objs.dir/src/is_single_stranded.cpp.o
[INFO] [stderr]   [ 62%] Building CXX object CMakeFiles/handlegraph_objs.dir/src/count_walks.cpp.o
[INFO] [stderr]   [ 65%] Building CXX object CMakeFiles/handlegraph_objs.dir/src/eades_algorithm.cpp.o
[INFO] [stderr]   [ 68%] Building CXX object CMakeFiles/handlegraph_objs.dir/src/dagify.cpp.o
[INFO] [stderr]   [ 71%] Building CXX object CMakeFiles/handlegraph_objs.dir/src/strongly_connected_components.cpp.o
[INFO] [stderr]   [ 74%] Building CXX object CMakeFiles/handlegraph_objs.dir/src/find_shortest_paths.cpp.o
[INFO] [stderr]   [ 77%] Building CXX object CMakeFiles/handlegraph_objs.dir/src/dijkstra.cpp.o
[INFO] [stderr]   [ 80%] Building CXX object CMakeFiles/handlegraph_objs.dir/src/is_acyclic.cpp.o
[INFO] [stderr]   [ 82%] Building CXX object CMakeFiles/handlegraph_objs.dir/src/reverse_complement.cpp.o
[INFO] [stderr]   [ 85%] Building CXX object CMakeFiles/handlegraph_objs.dir/src/split_strands.cpp.o
[INFO] [stderr]   [ 88%] Building CXX object CMakeFiles/handlegraph_objs.dir/src/chop.cpp.o
[INFO] [stderr]   [ 91%] Building CXX object CMakeFiles/handlegraph_objs.dir/src/weakly_connected_components.cpp.o
[INFO] [stderr]   [ 94%] Building CXX object CMakeFiles/handlegraph_objs.dir/src/extend.cpp.o
[INFO] [stderr]   [ 94%] Built target handlegraph_objs
[INFO] [stderr]   [100%] Linking CXX shared library libhandlegraph.so
[INFO] [stderr]   [ 97%] Linking CXX static library libhandlegraph.a
[INFO] [stderr]   [100%] Built target handlegraph_static
[INFO] [stderr]   [100%] Built target handlegraph_shared
[INFO] [stderr]   [ 57%] Performing install step for 'handlegraph'
[INFO] [stderr]   [ 94%] Built target handlegraph_objs
[INFO] [stderr]   [ 97%] Built target handlegraph_static
[INFO] [stderr]   [100%] Built target handlegraph_shared
[INFO] [stderr]   Install the project...
[INFO] [stderr]   -- Install configuration: ""
[INFO] [stderr]   -- Installing: /opt/rustwide/target/release/build/odgi-ffi-c35ce79dfad3c03e/out/build/handlegraph-prefix/lib/libhandlegraph.so
[INFO] [stderr]   -- Installing: /opt/rustwide/target/release/build/odgi-ffi-c35ce79dfad3c03e/out/build/handlegraph-prefix/lib/libhandlegraph.a
[INFO] [stderr]   -- Installing: /opt/rustwide/target/release/build/odgi-ffi-c35ce79dfad3c03e/out/build/handlegraph-prefix/include/handlegraph
[INFO] [stderr]   -- Installing: /opt/rustwide/target/release/build/odgi-ffi-c35ce79dfad3c03e/out/build/handlegraph-prefix/include/handlegraph/mutable_path_metadata.hpp
[INFO] [stderr]   -- Installing: /opt/rustwide/target/release/build/odgi-ffi-c35ce79dfad3c03e/out/build/handlegraph-prefix/include/handlegraph/path_handle_graph.hpp
[INFO] [stderr]   -- Installing: /opt/rustwide/target/release/build/odgi-ffi-c35ce79dfad3c03e/out/build/handlegraph-prefix/include/handlegraph/buildable_snarl_decomposition.hpp
[INFO] [stderr]   -- Installing: /opt/rustwide/target/release/build/odgi-ffi-c35ce79dfad3c03e/out/build/handlegraph-prefix/include/handlegraph/mutable_path_deletable_handle_graph.hpp
[INFO] [stderr]   -- Installing: /opt/rustwide/target/release/build/odgi-ffi-c35ce79dfad3c03e/out/build/handlegraph-prefix/include/handlegraph/mutable_handle_graph.hpp
[INFO] [stderr]   -- Installing: /opt/rustwide/target/release/build/odgi-ffi-c35ce79dfad3c03e/out/build/handlegraph-prefix/include/handlegraph/algorithms
[INFO] [stderr]   -- Installing: /opt/rustwide/target/release/build/odgi-ffi-c35ce79dfad3c03e/out/build/handlegraph-prefix/include/handlegraph/algorithms/apply_orientations.hpp
[INFO] [stderr]   -- Installing: /opt/rustwide/target/release/build/odgi-ffi-c35ce79dfad3c03e/out/build/handlegraph-prefix/include/handlegraph/algorithms/topological_sort.hpp
[INFO] [stderr]   -- Installing: /opt/rustwide/target/release/build/odgi-ffi-c35ce79dfad3c03e/out/build/handlegraph-prefix/include/handlegraph/algorithms/strongly_connected_components.hpp
[INFO] [stderr]   -- Installing: /opt/rustwide/target/release/build/odgi-ffi-c35ce79dfad3c03e/out/build/handlegraph-prefix/include/handlegraph/algorithms/dijkstra.hpp
[INFO] [stderr]   -- Installing: /opt/rustwide/target/release/build/odgi-ffi-c35ce79dfad3c03e/out/build/handlegraph-prefix/include/handlegraph/algorithms/copy_graph.hpp
[INFO] [stderr]   -- Installing: /opt/rustwide/target/release/build/odgi-ffi-c35ce79dfad3c03e/out/build/handlegraph-prefix/include/handlegraph/algorithms/is_single_stranded.hpp
[INFO] [stderr]   -- Installing: /opt/rustwide/target/release/build/odgi-ffi-c35ce79dfad3c03e/out/build/handlegraph-prefix/include/handlegraph/algorithms/dagify.hpp
[INFO] [stderr]   -- Installing: /opt/rustwide/target/release/build/odgi-ffi-c35ce79dfad3c03e/out/build/handlegraph-prefix/include/handlegraph/algorithms/append_graph.hpp
[INFO] [stderr]   -- Installing: /opt/rustwide/target/release/build/odgi-ffi-c35ce79dfad3c03e/out/build/handlegraph-prefix/include/handlegraph/algorithms/count_walks.hpp
[INFO] [stderr]   -- Installing: /opt/rustwide/target/release/build/odgi-ffi-c35ce79dfad3c03e/out/build/handlegraph-prefix/include/handlegraph/algorithms/eades_algorithm.hpp
[INFO] [stderr]   -- Installing: /opt/rustwide/target/release/build/odgi-ffi-c35ce79dfad3c03e/out/build/handlegraph-prefix/include/handlegraph/algorithms/reverse_complement.hpp
[INFO] [stderr]   -- Installing: /opt/rustwide/target/release/build/odgi-ffi-c35ce79dfad3c03e/out/build/handlegraph-prefix/include/handlegraph/algorithms/extend.hpp
[INFO] [stderr]   -- Installing: /opt/rustwide/target/release/build/odgi-ffi-c35ce79dfad3c03e/out/build/handlegraph-prefix/include/handlegraph/algorithms/find_shortest_paths.hpp
[INFO] [stderr]   -- Installing: /opt/rustwide/target/release/build/odgi-ffi-c35ce79dfad3c03e/out/build/handlegraph-prefix/include/handlegraph/algorithms/weakly_connected_components.hpp
[INFO] [stderr]   -- Installing: /opt/rustwide/target/release/build/odgi-ffi-c35ce79dfad3c03e/out/build/handlegraph-prefix/include/handlegraph/algorithms/chop.hpp
[INFO] [stderr]   -- Installing: /opt/rustwide/target/release/build/odgi-ffi-c35ce79dfad3c03e/out/build/handlegraph-prefix/include/handlegraph/algorithms/are_equivalent.hpp
[INFO] [stderr]   -- Installing: /opt/rustwide/target/release/build/odgi-ffi-c35ce79dfad3c03e/out/build/handlegraph-prefix/include/handlegraph/algorithms/is_acyclic.hpp
[INFO] [stderr]   -- Installing: /opt/rustwide/target/release/build/odgi-ffi-c35ce79dfad3c03e/out/build/handlegraph-prefix/include/handlegraph/algorithms/find_tips.hpp
[INFO] [stderr]   -- Installing: /opt/rustwide/target/release/build/odgi-ffi-c35ce79dfad3c03e/out/build/handlegraph-prefix/include/handlegraph/algorithms/internal
[INFO] [stderr]   -- Installing: /opt/rustwide/target/release/build/odgi-ffi-c35ce79dfad3c03e/out/build/handlegraph-prefix/include/handlegraph/algorithms/internal/dfs.hpp
[INFO] [stderr]   -- Installing: /opt/rustwide/target/release/build/odgi-ffi-c35ce79dfad3c03e/out/build/handlegraph-prefix/include/handlegraph/algorithms/split_strands.hpp
[INFO] [stderr]   -- Installing: /opt/rustwide/target/release/build/odgi-ffi-c35ce79dfad3c03e/out/build/handlegraph-prefix/include/handlegraph/mutable_path_mutable_handle_graph.hpp
[INFO] [stderr]   -- Installing: /opt/rustwide/target/release/build/odgi-ffi-c35ce79dfad3c03e/out/build/handlegraph-prefix/include/handlegraph/mutable_path_handle_graph.hpp
[INFO] [stderr]   -- Installing: /opt/rustwide/target/release/build/odgi-ffi-c35ce79dfad3c03e/out/build/handlegraph-prefix/include/handlegraph/serializable.hpp
[INFO] [stderr]   -- Installing: /opt/rustwide/target/release/build/odgi-ffi-c35ce79dfad3c03e/out/build/handlegraph-prefix/include/handlegraph/trivially_serializable.hpp
[INFO] [stderr]   -- Installing: /opt/rustwide/target/release/build/odgi-ffi-c35ce79dfad3c03e/out/build/handlegraph-prefix/include/handlegraph/util.hpp
[INFO] [stderr]   -- Installing: /opt/rustwide/target/release/build/odgi-ffi-c35ce79dfad3c03e/out/build/handlegraph-prefix/include/handlegraph/expanding_overlay_graph.hpp
[INFO] [stderr]   -- Installing: /opt/rustwide/target/release/build/odgi-ffi-c35ce79dfad3c03e/out/build/handlegraph-prefix/include/handlegraph/types.hpp
[INFO] [stderr]   -- Installing: /opt/rustwide/target/release/build/odgi-ffi-c35ce79dfad3c03e/out/build/handlegraph-prefix/include/handlegraph/named_node_back_translation.hpp
[INFO] [stderr]   -- Installing: /opt/rustwide/target/release/build/odgi-ffi-c35ce79dfad3c03e/out/build/handlegraph-prefix/include/handlegraph/path_metadata.hpp
[INFO] [stderr]   -- Installing: /opt/rustwide/target/release/build/odgi-ffi-c35ce79dfad3c03e/out/build/handlegraph-prefix/include/handlegraph/deletable_handle_graph.hpp
[INFO] [stderr]   -- Installing: /opt/rustwide/target/release/build/odgi-ffi-c35ce79dfad3c03e/out/build/handlegraph-prefix/include/handlegraph/serializable_handle_graph.hpp
[INFO] [stderr]   -- Installing: /opt/rustwide/target/release/build/odgi-ffi-c35ce79dfad3c03e/out/build/handlegraph-prefix/include/handlegraph/path_position_handle_graph.hpp
[INFO] [stderr]   -- Installing: /opt/rustwide/target/release/build/odgi-ffi-c35ce79dfad3c03e/out/build/handlegraph-prefix/include/handlegraph/iteratee.hpp
[INFO] [stderr]   -- Installing: /opt/rustwide/target/release/build/odgi-ffi-c35ce79dfad3c03e/out/build/handlegraph-prefix/include/handlegraph/handle_graph.hpp
[INFO] [stderr]   -- Installing: /opt/rustwide/target/release/build/odgi-ffi-c35ce79dfad3c03e/out/build/handlegraph-prefix/include/handlegraph/snarl_decomposition.hpp
[INFO] [stderr]   [ 57%] Completed 'handlegraph'
[INFO] [stderr]   [ 57%] Built target handlegraph
[INFO] [stderr] 
[INFO] [stderr]   --- stderr
[INFO] [stderr]   CMake Deprecation Warning at deps/pybind11/CMakeLists.txt:13 (cmake_minimum_required):
[INFO] [stderr]     Compatibility with CMake < 3.10 will be removed from a future version of
[INFO] [stderr]     CMake.
[INFO] [stderr] 
[INFO] [stderr]     Update the VERSION argument <min> value.  Or, use the <min>...<max> syntax
[INFO] [stderr]     to tell CMake that the project requires at least <min> but has been updated
[INFO] [stderr]     to work with policies introduced by <max> or earlier.
[INFO] [stderr] 
[INFO] [stderr] 
[INFO] [stderr]   fatal: not a git repository (or any parent up to mount point /opt/rustwide)
[INFO] [stderr]   Stopping at filesystem boundary (GIT_DISCOVERY_ACROSS_FILESYSTEM not set).
[INFO] [stderr]   diff: /opt/rustwide/target/release/build/odgi-ffi-c35ce79dfad3c03e/out/odgi-source-for-build/include/odgi_git_version.hpp: No such file or directory
[INFO] [stderr]   CMake Warning:
[INFO] [stderr]     Manually-specified variables were not used by the project:
[INFO] [stderr] 
[INFO] [stderr]       BUILD_TESTS
[INFO] [stderr]       CMAKE_ASM_COMPILER
[INFO] [stderr]       CMAKE_ASM_FLAGS
[INFO] [stderr]       CMAKE_C_COMPILER
[INFO] [stderr]       ODGI_BUILD_DOCS
[INFO] [stderr] 
[INFO] [stderr] 
[INFO] [stderr]   CMake Deprecation Warning at CMakeLists.txt:22 (cmake_minimum_required):
[INFO] [stderr]     Compatibility with CMake < 3.10 will be removed from a future version of
[INFO] [stderr]     CMake.
[INFO] [stderr] 
[INFO] [stderr]     Update the VERSION argument <min> value.  Or, use the <min>...<max> syntax
[INFO] [stderr]     to tell CMake that the project requires at least <min> but has been updated
[INFO] [stderr]     to work with policies introduced by <max> or earlier.
[INFO] [stderr] 
[INFO] [stderr] 
[INFO] [stderr]   CMake Warning (dev) at /usr/share/cmake-4.2/Modules/GNUInstallDirs.cmake:433 (message):
[INFO] [stderr]     Unable to determine default CMAKE_INSTALL_LIBDIR directory because no
[INFO] [stderr]     target architecture is known.  Please enable at least one language before
[INFO] [stderr]     including GNUInstallDirs.
[INFO] [stderr]   Call Stack (most recent call first):
[INFO] [stderr]     /usr/share/cmake-4.2/Modules/GNUInstallDirs.cmake:276 (_GNUInstallDirs_LIBDIR_get_default)
[INFO] [stderr]     /usr/share/cmake-4.2/Modules/GNUInstallDirs.cmake:276 (cmake_language)
[INFO] [stderr]     /usr/share/cmake-4.2/Modules/GNUInstallDirs.cmake:525 (_GNUInstallDirs_cache_path)
[INFO] [stderr]     CMakeLists.txt:24 (include)
[INFO] [stderr]   This warning is for project developers.  Use -Wno-dev to suppress it.
[INFO] [stderr] 
[INFO] [stderr]   CMake Deprecation Warning at CMakeLists.txt:1 (cmake_minimum_required):
[INFO] [stderr]     Compatibility with CMake < 3.10 will be removed from a future version of
[INFO] [stderr]     CMake.
[INFO] [stderr] 
[INFO] [stderr]     Update the VERSION argument <min> value.  Or, use the <min>...<max> syntax
[INFO] [stderr]     to tell CMake that the project requires at least <min> but has been updated
[INFO] [stderr]     to work with policies introduced by <max> or earlier.
[INFO] [stderr] 
[INFO] [stderr] 
[INFO] [stderr]   CMake Warning (dev) at /usr/share/cmake-4.2/Modules/GNUInstallDirs.cmake:433 (message):
[INFO] [stderr]     Unable to determine default CMAKE_INSTALL_LIBDIR directory because no
[INFO] [stderr]     target architecture is known.  Please enable at least one language before
[INFO] [stderr]     including GNUInstallDirs.
[INFO] [stderr]   Call Stack (most recent call first):
[INFO] [stderr]     /usr/share/cmake-4.2/Modules/GNUInstallDirs.cmake:276 (_GNUInstallDirs_LIBDIR_get_default)
[INFO] [stderr]     /usr/share/cmake-4.2/Modules/GNUInstallDirs.cmake:276 (cmake_language)
[INFO] [stderr]     /usr/share/cmake-4.2/Modules/GNUInstallDirs.cmake:525 (_GNUInstallDirs_cache_path)
[INFO] [stderr]     CMakeLists.txt:5 (include)
[INFO] [stderr]   This warning is for project developers.  Use -Wno-dev to suppress it.
[INFO] [stderr] 
[INFO] [stderr]   CMake Warning (dev) at CMakeLists.txt:3 (project):
[INFO] [stderr]     cmake_minimum_required() should be called prior to this top-level project()
[INFO] [stderr]     call.  Please see the cmake-commands(7) manual for usage documentation of
[INFO] [stderr]     both commands.
[INFO] [stderr]   This warning is for project developers.  Use -Wno-dev to suppress it.
[INFO] [stderr] 
[INFO] [stderr]   CMake Deprecation Warning at CMakeLists.txt:7 (cmake_minimum_required):
[INFO] [stderr]     Compatibility with CMake < 3.10 will be removed from a future version of
[INFO] [stderr]     CMake.
[INFO] [stderr] 
[INFO] [stderr]     Update the VERSION argument <min> value.  Or, use the <min>...<max> syntax
[INFO] [stderr]     to tell CMake that the project requires at least <min> but has been updated
[INFO] [stderr]     to work with policies introduced by <max> or earlier.
[INFO] [stderr] 
[INFO] [stderr] 
[INFO] [stderr]   libhandlegraph is root project or external_project
[INFO] [stderr]   git found: /usr/bin/git
[INFO] [stderr]   CMake Deprecation Warning at external/libdivsufsort/CMakeLists.txt:2 (cmake_minimum_required):
[INFO] [stderr]     Compatibility with CMake < 3.10 will be removed from a future version of
[INFO] [stderr]     CMake.
[INFO] [stderr] 
[INFO] [stderr]     Update the VERSION argument <min> value.  Or, use the <min>...<max> syntax
[INFO] [stderr]     to tell CMake that the project requires at least <min> but has been updated
[INFO] [stderr]     to work with policies introduced by <max> or earlier.
[INFO] [stderr] 
[INFO] [stderr] 
[INFO] [stderr]   CMake Deprecation Warning at external/googletest/googletest/CMakeLists.txt:48 (cmake_minimum_required):
[INFO] [stderr]     Compatibility with CMake < 3.10 will be removed from a future version of
[INFO] [stderr]     CMake.
[INFO] [stderr] 
[INFO] [stderr]     Update the VERSION argument <min> value.  Or, use the <min>...<max> syntax
[INFO] [stderr]     to tell CMake that the project requires at least <min> but has been updated
[INFO] [stderr]     to work with policies introduced by <max> or earlier.
[INFO] [stderr] 
[INFO] [stderr] 
[INFO] [stderr]   CMake Warning (dev) at external/googletest/googletest/cmake/internal_utils.cmake:211 (find_package):
[INFO] [stderr]     Policy CMP0148 is not set: The FindPythonInterp and FindPythonLibs modules
[INFO] [stderr]     are removed.  Run "cmake --help-policy CMP0148" for policy details.  Use
[INFO] [stderr]     the cmake_policy command to set the policy and suppress this warning.
[INFO] [stderr] 
[INFO] [stderr]   Call Stack (most recent call first):
[INFO] [stderr]     external/googletest/googletest/CMakeLists.txt:60 (include)
[INFO] [stderr]   This warning is for project developers.  Use -Wno-dev to suppress it.
[INFO] [stderr] 
[INFO] [stderr]   In file included from /opt/rustwide/target/release/build/odgi-ffi-c35ce79dfad3c03e/out/build/sdsl-lite-prefix/src/sdsl-lite-build/lib/../include/sdsl/bp_support_algorithm.hpp:24,
[INFO] [stderr]                    from /opt/rustwide/target/release/build/odgi-ffi-c35ce79dfad3c03e/out/odgi-source-for-build/deps/sdsl-lite/lib/bp_support_algorithm.cpp:1:
[INFO] [stderr]   /opt/rustwide/target/release/build/odgi-ffi-c35ce79dfad3c03e/out/build/sdsl-lite-prefix/src/sdsl-lite-build/lib/../include/sdsl/int_vector.hpp:1402:8: warning: type qualifiers ignored on function return type [-Wignored-qualifiers]
[INFO] [stderr]    1402 | inline auto
[INFO] [stderr]         |        ^~~~
[INFO] [stderr]   /opt/rustwide/target/release/build/odgi-ffi-c35ce79dfad3c03e/out/build/sdsl-lite-prefix/src/sdsl-lite-build/lib/../include/sdsl/int_vector.hpp:1410:8: warning: type qualifiers ignored on function return type [-Wignored-qualifiers]
[INFO] [stderr]    1410 | inline auto
[INFO] [stderr]         |        ^~~~
[INFO] [stderr]   /opt/rustwide/target/release/build/odgi-ffi-c35ce79dfad3c03e/out/build/sdsl-lite-prefix/src/sdsl-lite-build/lib/../include/sdsl/int_vector.hpp:1418:8: warning: type qualifiers ignored on function return type [-Wignored-qualifiers]
[INFO] [stderr]    1418 | inline auto
[INFO] [stderr]         |        ^~~~
[INFO] [stderr]   /opt/rustwide/target/release/build/odgi-ffi-c35ce79dfad3c03e/out/build/sdsl-lite-prefix/src/sdsl-lite-build/lib/../include/sdsl/int_vector.hpp:1426:8: warning: type qualifiers ignored on function return type [-Wignored-qualifiers]
[INFO] [stderr]    1426 | inline auto
[INFO] [stderr]         |        ^~~~
[INFO] [stderr]   /opt/rustwide/target/release/build/odgi-ffi-c35ce79dfad3c03e/out/build/sdsl-lite-prefix/src/sdsl-lite-build/lib/../include/sdsl/int_vector.hpp:1434:8: warning: type qualifiers ignored on function return type [-Wignored-qualifiers]
[INFO] [stderr]    1434 | inline auto
[INFO] [stderr]         |        ^~~~
[INFO] [stderr]   /opt/rustwide/target/release/build/odgi-ffi-c35ce79dfad3c03e/out/build/sdsl-lite-prefix/src/sdsl-lite-build/lib/../include/sdsl/int_vector.hpp:1442:8: warning: type qualifiers ignored on function return type [-Wignored-qualifiers]
[INFO] [stderr]    1442 | inline auto
[INFO] [stderr]         |        ^~~~
[INFO] [stderr]   c++: fatal error: Killed signal terminated program cc1plus
[INFO] [stderr]   compilation terminated.
[INFO] [stderr]   gmake[5]: *** [CMakeFiles/argstest.dir/build.make:79: CMakeFiles/argstest.dir/test.cxx.o] Error 1
[INFO] [stderr]   gmake[4]: *** [CMakeFiles/Makefile2:163: CMakeFiles/argstest.dir/all] Error 2
[INFO] [stderr]   gmake[3]: *** [Makefile:166: all] Error 2
[INFO] [stderr]   gmake[2]: *** [CMakeFiles/tayweeargs.dir/build.make:86: tayweeargs-prefix/src/tayweeargs-stamp/tayweeargs-build] Error 2
[INFO] [stderr]   gmake[1]: *** [CMakeFiles/Makefile2:421: CMakeFiles/tayweeargs.dir/all] Error 2
[INFO] [stderr]   gmake[1]: *** Waiting for unfinished jobs....
[INFO] [stderr]   In file included from /opt/rustwide/target/release/build/odgi-ffi-c35ce79dfad3c03e/out/build/sdsl-lite-prefix/src/sdsl-lite-build/lib/../include/sdsl/coder_elias_delta.hpp:24,
[INFO] [stderr]                    from /opt/rustwide/target/release/build/odgi-ffi-c35ce79dfad3c03e/out/odgi-source-for-build/deps/sdsl-lite/lib/coder_elias_delta.cpp:1:
[INFO] [stderr]   /opt/rustwide/target/release/build/odgi-ffi-c35ce79dfad3c03e/out/build/sdsl-lite-prefix/src/sdsl-lite-build/lib/../include/sdsl/int_vector.hpp:1402:8: warning: type qualifiers ignored on function return type [-Wignored-qualifiers]
[INFO] [stderr]    1402 | inline auto
[INFO] [stderr]         |        ^~~~
[INFO] [stderr]   /opt/rustwide/target/release/build/odgi-ffi-c35ce79dfad3c03e/out/build/sdsl-lite-prefix/src/sdsl-lite-build/lib/../include/sdsl/int_vector.hpp:1410:8: warning: type qualifiers ignored on function return type [-Wignored-qualifiers]
[INFO] [stderr]    1410 | inline auto
[INFO] [stderr]         |        ^~~~
[INFO] [stderr]   /opt/rustwide/target/release/build/odgi-ffi-c35ce79dfad3c03e/out/build/sdsl-lite-prefix/src/sdsl-lite-build/lib/../include/sdsl/int_vector.hpp:1418:8: warning: type qualifiers ignored on function return type [-Wignored-qualifiers]
[INFO] [stderr]    1418 | inline auto
[INFO] [stderr]         |        ^~~~
[INFO] [stderr]   /opt/rustwide/target/release/build/odgi-ffi-c35ce79dfad3c03e/out/build/sdsl-lite-prefix/src/sdsl-lite-build/lib/../include/sdsl/int_vector.hpp:1426:8: warning: type qualifiers ignored on function return type [-Wignored-qualifiers]
[INFO] [stderr]    1426 | inline auto
[INFO] [stderr]         |        ^~~~
[INFO] [stderr]   /opt/rustwide/target/release/build/odgi-ffi-c35ce79dfad3c03e/out/build/sdsl-lite-prefix/src/sdsl-lite-build/lib/../include/sdsl/int_vector.hpp:1434:8: warning: type qualifiers ignored on function return type [-Wignored-qualifiers]
[INFO] [stderr]    1434 | inline auto
[INFO] [stderr]         |        ^~~~
[INFO] [stderr]   /opt/rustwide/target/release/build/odgi-ffi-c35ce79dfad3c03e/out/build/sdsl-lite-prefix/src/sdsl-lite-build/lib/../include/sdsl/int_vector.hpp:1442:8: warning: type qualifiers ignored on function return type [-Wignored-qualifiers]
[INFO] [stderr]    1442 | inline auto
[INFO] [stderr]         |        ^~~~
[INFO] [stderr]   In file included from /opt/rustwide/target/release/build/odgi-ffi-c35ce79dfad3c03e/out/build/sdsl-lite-prefix/src/sdsl-lite-build/lib/../include/sdsl/int_vector.hpp:24:
[INFO] [stderr]   In static member function 'static uint64_t sdsl::bits::read_unary(const uint64_t*, uint8_t)',
[INFO] [stderr]       inlined from 'static uint64_t sdsl::bits::read_unary(const uint64_t*, uint8_t)' at /opt/rustwide/target/release/build/odgi-ffi-c35ce79dfad3c03e/out/build/sdsl-lite-prefix/src/sdsl-lite-build/lib/../include/sdsl/bits.hpp:531:17,
[INFO] [stderr]       inlined from 'sdsl::coder::elias_delta::impl::impl()' at /opt/rustwide/target/release/build/odgi-ffi-c35ce79dfad3c03e/out/build/sdsl-lite-prefix/src/sdsl-lite-build/lib/../include/sdsl/coder_elias_delta.hpp:87:66:
[INFO] [stderr]   /opt/rustwide/target/release/build/odgi-ffi-c35ce79dfad3c03e/out/build/sdsl-lite-prefix/src/sdsl-lite-build/lib/../include/sdsl/bits.hpp:537:18: warning: array subscript 1 is outside array bounds of 'uint64_t [1]' {aka 'long unsigned int [1]'} [-Warray-bounds=]
[INFO] [stderr]     537 |         if (0!=(w=*(++word)))
[INFO] [stderr]         |                ~~^~~~~~~~~~~
[INFO] [stderr]   /opt/rustwide/target/release/build/odgi-ffi-c35ce79dfad3c03e/out/build/sdsl-lite-prefix/src/sdsl-lite-build/lib/../include/sdsl/coder_elias_delta.hpp: In constructor 'sdsl::coder::elias_delta::impl::impl()':
[INFO] [stderr]   /opt/rustwide/target/release/build/odgi-ffi-c35ce79dfad3c03e/out/build/sdsl-lite-prefix/src/sdsl-lite-build/lib/../include/sdsl/coder_elias_delta.hpp:82:35: note: at offset 8 into object 'x' of size 8
[INFO] [stderr]      82 |                     for (uint64_t x=0; x < (1<<8); ++x) {
[INFO] [stderr]         |                                   ^
[INFO] [stderr]   In static member function 'static uint64_t sdsl::bits::read_int(const uint64_t*, uint8_t, uint8_t)',
[INFO] [stderr]       inlined from 'sdsl::coder::elias_delta::impl::impl()' at /opt/rustwide/target/release/build/odgi-ffi-c35ce79dfad3c03e/out/build/sdsl-lite-prefix/src/sdsl-lite-build/lib/../include/sdsl/coder_elias_delta.hpp:94:53:
[INFO] [stderr]   /opt/rustwide/target/release/build/odgi-ffi-c35ce79dfad3c03e/out/build/sdsl-lite-prefix/src/sdsl-lite-build/lib/../include/sdsl/bits.hpp:506:18: warning: array subscript 1 is outside array bounds of 'uint64_t [1]' {aka 'long unsigned int [1]'} [-Warray-bounds=]
[INFO] [stderr]     506 |                ((*(word+1) & bits::lo_set[(offset+len)&0x3F])   // set higher bits zero
[INFO] [stderr]         |                  ^~~~~~~~~
[INFO] [stderr]   /opt/rustwide/target/release/build/odgi-ffi-c35ce79dfad3c03e/out/build/sdsl-lite-prefix/src/sdsl-lite-build/lib/../include/sdsl/coder_elias_delta.hpp: In constructor 'sdsl::coder::elias_delta::impl::impl()':
[INFO] [stderr]   /opt/rustwide/target/release/build/odgi-ffi-c35ce79dfad3c03e/out/build/sdsl-lite-prefix/src/sdsl-lite-build/lib/../include/sdsl/coder_elias_delta.hpp:82:35: note: at offset 8 into object 'x' of size 8
[INFO] [stderr]      82 |                     for (uint64_t x=0; x < (1<<8); ++x) {
[INFO] [stderr]         |                                   ^
[INFO] [stderr]   In static member function 'static uint64_t sdsl::bits::read_int(const uint64_t*, uint8_t, uint8_t)',
[INFO] [stderr]       inlined from 'sdsl::coder::elias_delta::impl::impl()' at /opt/rustwide/target/release/build/odgi-ffi-c35ce79dfad3c03e/out/build/sdsl-lite-prefix/src/sdsl-lite-build/lib/../include/sdsl/coder_elias_delta.hpp:97:60:
[INFO] [stderr]   /opt/rustwide/target/release/build/odgi-ffi-c35ce79dfad3c03e/out/build/sdsl-lite-prefix/src/sdsl-lite-build/lib/../include/sdsl/bits.hpp:506:18: warning: array subscript 1 is outside array bounds of 'uint64_t [1]' {aka 'long unsigned int [1]'} [-Warray-bounds=]
[INFO] [stderr]     506 |                ((*(word+1) & bits::lo_set[(offset+len)&0x3F])   // set higher bits zero
[INFO] [stderr]         |                  ^~~~~~~~~
[INFO] [stderr]   /opt/rustwide/target/release/build/odgi-ffi-c35ce79dfad3c03e/out/build/sdsl-lite-prefix/src/sdsl-lite-build/lib/../include/sdsl/coder_elias_delta.hpp: In constructor 'sdsl::coder::elias_delta::impl::impl()':
[INFO] [stderr]   /opt/rustwide/target/release/build/odgi-ffi-c35ce79dfad3c03e/out/build/sdsl-lite-prefix/src/sdsl-lite-build/lib/../include/sdsl/coder_elias_delta.hpp:82:35: note: at offset 8 into object 'x' of size 8
[INFO] [stderr]      82 |                     for (uint64_t x=0; x < (1<<8); ++x) {
[INFO] [stderr]         |                                   ^
[INFO] [stderr]   In static member function 'static uint64_t sdsl::bits::read_unary(const uint64_t*, uint8_t)',
[INFO] [stderr]       inlined from 'static uint64_t sdsl::bits::read_unary(const uint64_t*, uint8_t)' at /opt/rustwide/target/release/build/odgi-ffi-c35ce79dfad3c03e/out/build/sdsl-lite-prefix/src/sdsl-lite-build/lib/../include/sdsl/bits.hpp:531:17,
[INFO] [stderr]       inlined from 'sdsl::coder::elias_delta::impl::impl()' at /opt/rustwide/target/release/build/odgi-ffi-c35ce79dfad3c03e/out/build/sdsl-lite-prefix/src/sdsl-lite-build/lib/../include/sdsl/coder_elias_delta.hpp:56:62:
[INFO] [stderr]   /opt/rustwide/target/release/build/odgi-ffi-c35ce79dfad3c03e/out/build/sdsl-lite-prefix/src/sdsl-lite-build/lib/../include/sdsl/bits.hpp:537:18: warning: array subscript 1 is outside array bounds of 'uint64_t [1]' {aka 'long unsigned int [1]'} [-Warray-bounds=]
[INFO] [stderr]     537 |         if (0!=(w=*(++word)))
[INFO] [stderr]         |                ~~^~~~~~~~~~~
[INFO] [stderr]   /opt/rustwide/target/release/build/odgi-ffi-c35ce79dfad3c03e/out/build/sdsl-lite-prefix/src/sdsl-lite-build/lib/../include/sdsl/coder_elias_delta.hpp: In constructor 'sdsl::coder::elias_delta::impl::impl()':
[INFO] [stderr]   /opt/rustwide/target/release/build/odgi-ffi-c35ce79dfad3c03e/out/build/sdsl-lite-prefix/src/sdsl-lite-build/lib/../include/sdsl/coder_elias_delta.hpp:51:31: note: at offset 8 into object 'x' of size 8
[INFO] [stderr]      51 |                 for (uint64_t x=0; x < (1<<16); ++x) {
[INFO] [stderr]         |                               ^
[INFO] [stderr]   In static member function 'static uint64_t sdsl::bits::read_int(const uint64_t*, uint8_t, uint8_t)',
[INFO] [stderr]       inlined from 'sdsl::coder::elias_delta::impl::impl()' at /opt/rustwide/target/release/build/odgi-ffi-c35ce79dfad3c03e/out/build/sdsl-lite-prefix/src/sdsl-lite-build/lib/../include/sdsl/coder_elias_delta.hpp:63:49:
[INFO] [stderr]   /opt/rustwide/target/release/build/odgi-ffi-c35ce79dfad3c03e/out/build/sdsl-lite-prefix/src/sdsl-lite-build/lib/../include/sdsl/bits.hpp:506:18: warning: array subscript 1 is outside array bounds of 'uint64_t [1]' {aka 'long unsigned int [1]'} [-Warray-bounds=]
[INFO] [stderr]     506 |                ((*(word+1) & bits::lo_set[(offset+len)&0x3F])   // set higher bits zero
[INFO] [stderr]         |                  ^~~~~~~~~
[INFO] [stderr]   /opt/rustwide/target/release/build/odgi-ffi-c35ce79dfad3c03e/out/build/sdsl-lite-prefix/src/sdsl-lite-build/lib/../include/sdsl/coder_elias_delta.hpp: In constructor 'sdsl::coder::elias_delta::impl::impl()':
[INFO] [stderr]   /opt/rustwide/target/release/build/odgi-ffi-c35ce79dfad3c03e/out/build/sdsl-lite-prefix/src/sdsl-lite-build/lib/../include/sdsl/coder_elias_delta.hpp:51:31: note: at offset 8 into object 'x' of size 8
[INFO] [stderr]      51 |                 for (uint64_t x=0; x < (1<<16); ++x) {
[INFO] [stderr]         |                               ^
[INFO] [stderr]   In static member function 'static uint64_t sdsl::bits::read_int(const uint64_t*, uint8_t, uint8_t)',
[INFO] [stderr]       inlined from 'sdsl::coder::elias_delta::impl::impl()' at /opt/rustwide/target/release/build/odgi-ffi-c35ce79dfad3c03e/out/build/sdsl-lite-prefix/src/sdsl-lite-build/lib/../include/sdsl/coder_elias_delta.hpp:66:56:
[INFO] [stderr]   /opt/rustwide/target/release/build/odgi-ffi-c35ce79dfad3c03e/out/build/sdsl-lite-prefix/src/sdsl-lite-build/lib/../include/sdsl/bits.hpp:506:18: warning: array subscript 1 is outside array bounds of 'uint64_t [1]' {aka 'long unsigned int [1]'} [-Warray-bounds=]
[INFO] [stderr]     506 |                ((*(word+1) & bits::lo_set[(offset+len)&0x3F])   // set higher bits zero
[INFO] [stderr]         |                  ^~~~~~~~~
[INFO] [stderr]   /opt/rustwide/target/release/build/odgi-ffi-c35ce79dfad3c03e/out/build/sdsl-lite-prefix/src/sdsl-lite-build/lib/../include/sdsl/coder_elias_delta.hpp: In constructor 'sdsl::coder::elias_delta::impl::impl()':
[INFO] [stderr]   /opt/rustwide/target/release/build/odgi-ffi-c35ce79dfad3c03e/out/build/sdsl-lite-prefix/src/sdsl-lite-build/lib/../include/sdsl/coder_elias_delta.hpp:51:31: note: at offset 8 into object 'x' of size 8
[INFO] [stderr]      51 |                 for (uint64_t x=0; x < (1<<16); ++x) {
[INFO] [stderr]         |                               ^
[INFO] [stderr]   In file included from /opt/rustwide/target/release/build/odgi-ffi-c35ce79dfad3c03e/out/build/sdsl-lite-prefix/src/sdsl-lite-build/lib/../include/sdsl/int_vector.hpp:24:
[INFO] [stderr]   In static member function 'static void sdsl::bits::write_int(uint64_t*, uint64_t, uint8_t, uint8_t)',
[INFO] [stderr]       inlined from 'static void sdsl::memory_manager::resize(t_vec&, typename t_vec::size_type) [with t_vec = sdsl::int_vector<0>]' at /opt/rustwide/target/release/build/odgi-ffi-c35ce79dfad3c03e/out/build/sdsl-lite-prefix/src/sdsl-lite-build/lib/../include/sdsl/memory_management.hpp:364:36,
[INFO] [stderr]       inlined from 'void sdsl::int_vector<<anonymous> >::bit_resize(size_type) [with unsigned char t_width = 0]' at /opt/rustwide/target/release/build/odgi-ffi-c35ce79dfad3c03e/out/build/sdsl-lite-prefix/src/sdsl-lite-build/lib/../include/sdsl/int_vector.hpp:1327:27,
[INFO] [stderr]       inlined from 'void sdsl::int_vector<<anonymous> >::resize(size_type) [with unsigned char t_width = 0]' at /opt/rustwide/target/release/build/odgi-ffi-c35ce79dfad3c03e/out/build/sdsl-lite-prefix/src/sdsl-lite-build/lib/../include/sdsl/int_vector.hpp:379:23,
[INFO] [stderr]       inlined from 'sdsl::int_vector<<anonymous> >::int_vector(size_type, value_type, uint8_t) [with unsigned char t_width = 0]' at /opt/rustwide/target/release/build/odgi-ffi-c35ce79dfad3c03e/out/build/sdsl-lite-prefix/src/sdsl-lite-build/lib/../include/sdsl/int_vector.hpp:1254:11,
[INFO] [stderr]       inlined from 'sdsl::excess::impl::impl()' at /opt/rustwide/target/release/build/odgi-ffi-c35ce79dfad3c03e/out/build/sdsl-lite-prefix/src/sdsl-lite-build/lib/../include/sdsl/bp_support_algorithm.hpp:114:46:
[INFO] [stderr]   /opt/rustwide/target/release/build/odgi-ffi-c35ce79dfad3c03e/out/build/sdsl-lite-prefix/src/sdsl-lite-build/lib/../include/sdsl/bits.hpp:460:9: warning: '*temp' may be used uninitialized [-Wmaybe-uninitialized]
[INFO] [stderr]     460 |         *word &=
[INFO] [stderr]         |         ^~~~~
[INFO] [stderr]   In file included from /usr/include/c++/15/string:56,
[INFO] [stderr]                    from /usr/include/c++/15/bits/locale_classes.h:42,
[INFO] [stderr]                    from /usr/include/c++/15/bits/ios_base.h:43,
[INFO] [stderr]                    from /usr/include/c++/15/ios:46,
[INFO] [stderr]                    from /usr/include/c++/15/istream:42,
[INFO] [stderr]                    from /usr/include/c++/15/fstream:42,
[INFO] [stderr]                    from /opt/rustwide/target/release/build/odgi-ffi-c35ce79dfad3c03e/out/odgi-source-for-build/deps/libbf/test/bf/bf.cc:2:
[INFO] [stderr]   In member function 'std::__cxx11::basic_string<_CharT, _Traits, _Alloc>::size_type std::__cxx11::basic_string<_CharT, _Traits, _Alloc>::size() const [with _CharT = char; _Traits = std::char_traits<char>; _Alloc = std::allocator<char>]',
[INFO] [stderr]       inlined from 'bool std::operator==(const __cxx11::basic_string<_CharT, _Traits, _Alloc>&, const _CharT*) [with _CharT = char; _Traits = char_traits<char>; _Alloc = allocator<char>]' at /usr/include/c++/15/bits/basic_string.h:4063:24,
[INFO] [stderr]       inlined from 'util::trial<util::nothing> run(const config&)' at /opt/rustwide/target/release/build/odgi-ffi-c35ce79dfad3c03e/out/odgi-source-for-build/deps/libbf/test/bf/bf.cc:36:12:
[INFO] [stderr]   /usr/include/c++/15/bits/basic_string.h:1165:19: warning: using dangling pointer '__sz' to an unnamed temporary [-Wdangling-pointer=]
[INFO] [stderr]    1165 |         size_type __sz = _M_string_length;
[INFO] [stderr]         |                   ^~~~
[INFO] [stderr]   /opt/rustwide/target/release/build/odgi-ffi-c35ce79dfad3c03e/out/odgi-source-for-build/deps/libbf/test/bf/bf.cc: In function 'util::trial<util::nothing> run(const config&)':
[INFO] [stderr]   /opt/rustwide/target/release/build/odgi-ffi-c35ce79dfad3c03e/out/odgi-source-for-build/deps/libbf/test/bf/bf.cc:33:42: note: unnamed temporary defined here
[INFO] [stderr]      33 |   auto const& type = *cfg.as<std::string>("type");
[INFO] [stderr]         |                       ~~~~~~~~~~~~~~~~~~~^~~~~~~~
[INFO] [stderr]   In member function 'std::__cxx11::basic_string<_CharT, _Traits, _Alloc>::pointer std::__cxx11::basic_string<_CharT, _Traits, _Alloc>::_M_data() const [with _CharT = char; _Traits = std::char_traits<char>; _Alloc = std::allocator<char>]',
[INFO] [stderr]       inlined from 'const _CharT* std::__cxx11::basic_string<_CharT, _Traits, _Alloc>::data() const [with _CharT = char; _Traits = std::char_traits<char>; _Alloc = std::allocator<char>]' at /usr/include/c++/15/bits/basic_string.h:2887:23,
[INFO] [stderr]       inlined from 'bool std::operator==(const __cxx11::basic_string<_CharT, _Traits, _Alloc>&, const _CharT*) [with _CharT = char; _Traits = char_traits<char>; _Alloc = allocator<char>]' at /usr/include/c++/15/bits/basic_string.h:4064:29,
[INFO] [stderr]       inlined from 'util::trial<util::nothing> run(const config&)' at /opt/rustwide/target/release/build/odgi-ffi-c35ce79dfad3c03e/out/odgi-source-for-build/deps/libbf/test/bf/bf.cc:36:12:
[INFO] [stderr]   /usr/include/c++/15/bits/basic_string.h:239:28: warning: dangling pointer to an unnamed temporary may be used [-Wdangling-pointer=]
[INFO] [stderr]     239 |       { return _M_dataplus._M_p; }
[INFO] [stderr]         |                            ^~~~
[INFO] [stderr]   /opt/rustwide/target/release/build/odgi-ffi-c35ce79dfad3c03e/out/odgi-source-for-build/deps/libbf/test/bf/bf.cc: In function 'util::trial<util::nothing> run(const config&)':
[INFO] [stderr]   /opt/rustwide/target/release/build/odgi-ffi-c35ce79dfad3c03e/out/odgi-source-for-build/deps/libbf/test/bf/bf.cc:33:42: note: unnamed temporary defined here
[INFO] [stderr]      33 |   auto const& type = *cfg.as<std::string>("type");
[INFO] [stderr]         |                       ~~~~~~~~~~~~~~~~~~~^~~~~~~~
[INFO] [stderr]   In member function 'std::__cxx11::basic_string<_CharT, _Traits, _Alloc>::size_type std::__cxx11::basic_string<_CharT, _Traits, _Alloc>::size() const [with _CharT = char; _Traits = std::char_traits<char>; _Alloc = std::allocator<char>]',
[INFO] [stderr]       inlined from 'bool std::operator==(const __cxx11::basic_string<_CharT, _Traits, _Alloc>&, const _CharT*) [with _CharT = char; _Traits = char_traits<char>; _Alloc = allocator<char>]' at /usr/include/c++/15/bits/basic_string.h:4063:24,
[INFO] [stderr]       inlined from 'util::trial<util::nothing> run(const config&)' at /opt/rustwide/target/release/build/odgi-ffi-c35ce79dfad3c03e/out/odgi-source-for-build/deps/libbf/test/bf/bf.cc:49:19:
[INFO] [stderr]   /usr/include/c++/15/bits/basic_string.h:1165:19: warning: dangling pointer '__sz' to an unnamed temporary may be used [-Wdangling-pointer=]
[INFO] [stderr]    1165 |         size_type __sz = _M_string_length;
[INFO] [stderr]         |                   ^~~~
[INFO] [stderr]   /opt/rustwide/target/release/build/odgi-ffi-c35ce79dfad3c03e/out/odgi-source-for-build/deps/libbf/test/bf/bf.cc: In function 'util::trial<util::nothing> run(const config&)':
[INFO] [stderr]   /opt/rustwide/target/release/build/odgi-ffi-c35ce79dfad3c03e/out/odgi-source-for-build/deps/libbf/test/bf/bf.cc:33:42: note: unnamed temporary defined here
[INFO] [stderr]      33 |   auto const& type = *cfg.as<std::string>("type");
[INFO] [stderr]         |                       ~~~~~~~~~~~~~~~~~~~^~~~~~~~
[INFO] [stderr]   In member function 'std::__cxx11::basic_string<_CharT, _Traits, _Alloc>::pointer std::__cxx11::basic_string<_CharT, _Traits, _Alloc>::_M_data() const [with _CharT = char; _Traits = std::char_traits<char>; _Alloc = std::allocator<char>]',
[INFO] [stderr]       inlined from 'const _CharT* std::__cxx11::basic_string<_CharT, _Traits, _Alloc>::data() const [with _CharT = char; _Traits = std::char_traits<char>; _Alloc = std::allocator<char>]' at /usr/include/c++/15/bits/basic_string.h:2887:23,
[INFO] [stderr]       inlined from 'bool std::operator==(const __cxx11::basic_string<_CharT, _Traits, _Alloc>&, const _CharT*) [with _CharT = char; _Traits = char_traits<char>; _Alloc = allocator<char>]' at /usr/include/c++/15/bits/basic_string.h:4064:29,
[INFO] [stderr]       inlined from 'util::trial<util::nothing> run(const config&)' at /opt/rustwide/target/release/build/odgi-ffi-c35ce79dfad3c03e/out/odgi-source-for-build/deps/libbf/test/bf/bf.cc:49:19:
[INFO] [stderr]   /usr/include/c++/15/bits/basic_string.h:239:28: warning: dangling pointer to an unnamed temporary may be used [-Wdangling-pointer=]
[INFO] [stderr]     239 |       { return _M_dataplus._M_p; }
[INFO] [stderr]         |                            ^~~~
[INFO] [stderr]   /opt/rustwide/target/release/build/odgi-ffi-c35ce79dfad3c03e/out/odgi-source-for-build/deps/libbf/test/bf/bf.cc: In function 'util::trial<util::nothing> run(const config&)':
[INFO] [stderr]   /opt/rustwide/target/release/build/odgi-ffi-c35ce79dfad3c03e/out/odgi-source-for-build/deps/libbf/test/bf/bf.cc:33:42: note: unnamed temporary defined here
[INFO] [stderr]      33 |   auto const& type = *cfg.as<std::string>("type");
[INFO] [stderr]         |                       ~~~~~~~~~~~~~~~~~~~^~~~~~~~
[INFO] [stderr]   In member function 'std::__cxx11::basic_string<_CharT, _Traits, _Alloc>::size_type std::__cxx11::basic_string<_CharT, _Traits, _Alloc>::size() const [with _CharT = char; _Traits = std::char_traits<char>; _Alloc = std::allocator<char>]',
[INFO] [stderr]       inlined from 'bool std::operator==(const __cxx11::basic_string<_CharT, _Traits, _Alloc>&, const _CharT*) [with _CharT = char; _Traits = char_traits<char>; _Alloc = allocator<char>]' at /usr/include/c++/15/bits/basic_string.h:4063:24,
[INFO] [stderr]       inlined from 'util::trial<util::nothing> run(const config&)' at /opt/rustwide/target/release/build/odgi-ffi-c35ce79dfad3c03e/out/odgi-source-for-build/deps/libbf/test/bf/bf.cc:59:19:
[INFO] [stderr]   /usr/include/c++/15/bits/basic_string.h:1165:19: warning: dangling pointer '__sz' to an unnamed temporary may be used [-Wdangling-pointer=]
[INFO] [stderr]    1165 |         size_type __sz = _M_string_length;
[INFO] [stderr]         |                   ^~~~
[INFO] [stderr]   /opt/rustwide/target/release/build/odgi-ffi-c35ce79dfad3c03e/out/odgi-source-for-build/deps/libbf/test/bf/bf.cc: In function 'util::trial<util::nothing> run(const config&)':
[INFO] [stderr]   /opt/rustwide/target/release/build/odgi-ffi-c35ce79dfad3c03e/out/odgi-source-for-build/deps/libbf/test/bf/bf.cc:33:42: note: unnamed temporary defined here
[INFO] [stderr]      33 |   auto const& type = *cfg.as<std::string>("type");
[INFO] [stderr]         |                       ~~~~~~~~~~~~~~~~~~~^~~~~~~~
[INFO] [stderr]   In member function 'std::__cxx11::basic_string<_CharT, _Traits, _Alloc>::pointer std::__cxx11::basic_string<_CharT, _Traits, _Alloc>::_M_data() const [with _CharT = char; _Traits = std::char_traits<char>; _Alloc = std::allocator<char>]',
[INFO] [stderr]       inlined from 'const _CharT* std::__cxx11::basic_string<_CharT, _Traits, _Alloc>::data() const [with _CharT = char; _Traits = std::char_traits<char>; _Alloc = std::allocator<char>]' at /usr/include/c++/15/bits/basic_string.h:2887:23,
[INFO] [stderr]       inlined from 'bool std::operator==(const __cxx11::basic_string<_CharT, _Traits, _Alloc>&, const _CharT*) [with _CharT = char; _Traits = char_traits<char>; _Alloc = allocator<char>]' at /usr/include/c++/15/bits/basic_string.h:4064:29,
[INFO] [stderr]       inlined from 'util::trial<util::nothing> run(const config&)' at /opt/rustwide/target/release/build/odgi-ffi-c35ce79dfad3c03e/out/odgi-source-for-build/deps/libbf/test/bf/bf.cc:59:19:
[INFO] [stderr]   /usr/include/c++/15/bits/basic_string.h:239:28: warning: dangling pointer to an unnamed temporary may be used [-Wdangling-pointer=]
[INFO] [stderr]     239 |       { return _M_dataplus._M_p; }
[INFO] [stderr]         |                            ^~~~
[INFO] [stderr]   /opt/rustwide/target/release/build/odgi-ffi-c35ce79dfad3c03e/out/odgi-source-for-build/deps/libbf/test/bf/bf.cc: In function 'util::trial<util::nothing> run(const config&)':
[INFO] [stderr]   /opt/rustwide/target/release/build/odgi-ffi-c35ce79dfad3c03e/out/odgi-source-for-build/deps/libbf/test/bf/bf.cc:33:42: note: unnamed temporary defined here
[INFO] [stderr]      33 |   auto const& type = *cfg.as<std::string>("type");
[INFO] [stderr]         |                       ~~~~~~~~~~~~~~~~~~~^~~~~~~~
[INFO] [stderr]   In member function 'std::__cxx11::basic_string<_CharT, _Traits, _Alloc>::size_type std::__cxx11::basic_string<_CharT, _Traits, _Alloc>::size() const [with _CharT = char; _Traits = std::char_traits<char>; _Alloc = std::allocator<char>]',
[INFO] [stderr]       inlined from 'bool std::operator==(const __cxx11::basic_string<_CharT, _Traits, _Alloc>&, const _CharT*) [with _CharT = char; _Traits = char_traits<char>; _Alloc = allocator<char>]' at /usr/include/c++/15/bits/basic_string.h:4063:24,
[INFO] [stderr]       inlined from 'util::trial<util::nothing> run(const config&)' at /opt/rustwide/target/release/build/odgi-ffi-c35ce79dfad3c03e/out/odgi-source-for-build/deps/libbf/test/bf/bf.cc:69:19:
[INFO] [stderr]   /usr/include/c++/15/bits/basic_string.h:1165:19: warning: dangling pointer '__sz' to an unnamed temporary may be used [-Wdangling-pointer=]
[INFO] [stderr]    1165 |         size_type __sz = _M_string_length;
[INFO] [stderr]         |                   ^~~~
[INFO] [stderr]   /opt/rustwide/target/release/build/odgi-ffi-c35ce79dfad3c03e/out/odgi-source-for-build/deps/libbf/test/bf/bf.cc: In function 'util::trial<util::nothing> run(const config&)':
[INFO] [stderr]   /opt/rustwide/target/release/build/odgi-ffi-c35ce79dfad3c03e/out/odgi-source-for-build/deps/libbf/test/bf/bf.cc:33:42: note: unnamed temporary defined here
[INFO] [stderr]      33 |   auto const& type = *cfg.as<std::string>("type");
[INFO] [stderr]         |                       ~~~~~~~~~~~~~~~~~~~^~~~~~~~
[INFO] [stderr]   In member function 'std::__cxx11::basic_string<_CharT, _Traits, _Alloc>::pointer std::__cxx11::basic_string<_CharT, _Traits, _Alloc>::_M_data() const [with _CharT = char; _Traits = std::char_traits<char>; _Alloc = std::allocator<char>]',
[INFO] [stderr]       inlined from 'const _CharT* std::__cxx11::basic_string<_CharT, _Traits, _Alloc>::data() const [with _CharT = char; _Traits = std::char_traits<char>; _Alloc = std::allocator<char>]' at /usr/include/c++/15/bits/basic_string.h:2887:23,
[INFO] [stderr]       inlined from 'bool std::operator==(const __cxx11::basic_string<_CharT, _Traits, _Alloc>&, const _CharT*) [with _CharT = char; _Traits = char_traits<char>; _Alloc = allocator<char>]' at /usr/include/c++/15/bits/basic_string.h:4064:29,
[INFO] [stderr]       inlined from 'util::trial<util::nothing> run(const config&)' at /opt/rustwide/target/release/build/odgi-ffi-c35ce79dfad3c03e/out/odgi-source-for-build/deps/libbf/test/bf/bf.cc:69:19:
[INFO] [stderr]   /usr/include/c++/15/bits/basic_string.h:239:28: warning: dangling pointer to an unnamed temporary may be used [-Wdangling-pointer=]
[INFO] [stderr]     239 |       { return _M_dataplus._M_p; }
[INFO] [stderr]         |                            ^~~~
[INFO] [stderr]   /opt/rustwide/target/release/build/odgi-ffi-c35ce79dfad3c03e/out/odgi-source-for-build/deps/libbf/test/bf/bf.cc: In function 'util::trial<util::nothing> run(const config&)':
[INFO] [stderr]   /opt/rustwide/target/release/build/odgi-ffi-c35ce79dfad3c03e/out/odgi-source-for-build/deps/libbf/test/bf/bf.cc:33:42: note: unnamed temporary defined here
[INFO] [stderr]      33 |   auto const& type = *cfg.as<std::string>("type");
[INFO] [stderr]         |                       ~~~~~~~~~~~~~~~~~~~^~~~~~~~
[INFO] [stderr]   In member function 'std::__cxx11::basic_string<_CharT, _Traits, _Alloc>::size_type std::__cxx11::basic_string<_CharT, _Traits, _Alloc>::size() const [with _CharT = char; _Traits = std::char_traits<char>; _Alloc = std::allocator<char>]',
[INFO] [stderr]       inlined from 'bool std::operator==(const __cxx11::basic_string<_CharT, _Traits, _Alloc>&, const _CharT*) [with _CharT = char; _Traits = char_traits<char>; _Alloc = allocator<char>]' at /usr/include/c++/15/bits/basic_string.h:4063:24,
[INFO] [stderr]       inlined from 'util::trial<util::nothing> run(const config&)' at /opt/rustwide/target/release/build/odgi-ffi-c35ce79dfad3c03e/out/odgi-source-for-build/deps/libbf/test/bf/bf.cc:89:19:
[INFO] [stderr]   /usr/include/c++/15/bits/basic_string.h:1165:19: warning: dangling pointer '__sz' to an unnamed temporary may be used [-Wdangling-pointer=]
[INFO] [stderr]    1165 |         size_type __sz = _M_string_length;
[INFO] [stderr]         |                   ^~~~
[INFO] [stderr]   /opt/rustwide/target/release/build/odgi-ffi-c35ce79dfad3c03e/out/odgi-source-for-build/deps/libbf/test/bf/bf.cc: In function 'util::trial<util::nothing> run(const config&)':
[INFO] [stderr]   /opt/rustwide/target/release/build/odgi-ffi-c35ce79dfad3c03e/out/odgi-source-for-build/deps/libbf/test/bf/bf.cc:33:42: note: unnamed temporary defined here
[INFO] [stderr]      33 |   auto const& type = *cfg.as<std::string>("type");
[INFO] [stderr]         |                       ~~~~~~~~~~~~~~~~~~~^~~~~~~~
[INFO] [stderr]   In member function 'std::__cxx11::basic_string<_CharT, _Traits, _Alloc>::pointer std::__cxx11::basic_string<_CharT, _Traits, _Alloc>::_M_data() const [with _CharT = char; _Traits = std::char_traits<char>; _Alloc = std::allocator<char>]',
[INFO] [stderr]       inlined from 'const _CharT* std::__cxx11::basic_string<_CharT, _Traits, _Alloc>::data() const [with _CharT = char; _Traits = std::char_traits<char>; _Alloc = std::allocator<char>]' at /usr/include/c++/15/bits/basic_string.h:2887:23,
[INFO] [stderr]       inlined from 'bool std::operator==(const __cxx11::basic_string<_CharT, _Traits, _Alloc>&, const _CharT*) [with _CharT = char; _Traits = char_traits<char>; _Alloc = allocator<char>]' at /usr/include/c++/15/bits/basic_string.h:4064:29,
[INFO] [stderr]       inlined from 'util::trial<util::nothing> run(const config&)' at /opt/rustwide/target/release/build/odgi-ffi-c35ce79dfad3c03e/out/odgi-source-for-build/deps/libbf/test/bf/bf.cc:89:19:
[INFO] [stderr]   /usr/include/c++/15/bits/basic_string.h:239:28: warning: dangling pointer to an unnamed temporary may be used [-Wdangling-pointer=]
[INFO] [stderr]     239 |       { return _M_dataplus._M_p; }
[INFO] [stderr]         |                            ^~~~
[INFO] [stderr]   /opt/rustwide/target/release/build/odgi-ffi-c35ce79dfad3c03e/out/odgi-source-for-build/deps/libbf/test/bf/bf.cc: In function 'util::trial<util::nothing> run(const config&)':
[INFO] [stderr]   /opt/rustwide/target/release/build/odgi-ffi-c35ce79dfad3c03e/out/odgi-source-for-build/deps/libbf/test/bf/bf.cc:33:42: note: unnamed temporary defined here
[INFO] [stderr]      33 |   auto const& type = *cfg.as<std::string>("type");
[INFO] [stderr]         |                       ~~~~~~~~~~~~~~~~~~~^~~~~~~~
[INFO] [stderr]   In member function 'std::__cxx11::basic_string<_CharT, _Traits, _Alloc>::size_type std::__cxx11::basic_string<_CharT, _Traits, _Alloc>::size() const [with _CharT = char; _Traits = std::char_traits<char>; _Alloc = std::allocator<char>]',
[INFO] [stderr]       inlined from 'bool std::operator==(const __cxx11::basic_string<_CharT, _Traits, _Alloc>&, const _CharT*) [with _CharT = char; _Traits = char_traits<char>; _Alloc = allocator<char>]' at /usr/include/c++/15/bits/basic_string.h:4063:24,
[INFO] [stderr]       inlined from 'util::trial<util::nothing> run(const config&)' at /opt/rustwide/target/release/build/odgi-ffi-c35ce79dfad3c03e/out/odgi-source-for-build/deps/libbf/test/bf/bf.cc:96:19:
[INFO] [stderr]   /usr/include/c++/15/bits/basic_string.h:1165:19: warning: dangling pointer '__sz' to an unnamed temporary may be used [-Wdangling-pointer=]
[INFO] [stderr]    1165 |         size_type __sz = _M_string_length;
[INFO] [stderr]         |                   ^~~~
[INFO] [stderr]   /opt/rustwide/target/release/build/odgi-ffi-c35ce79dfad3c03e/out/odgi-source-for-build/deps/libbf/test/bf/bf.cc: In function 'util::trial<util::nothing> run(const config&)':
[INFO] [stderr]   /opt/rustwide/target/release/build/odgi-ffi-c35ce79dfad3c03e/out/odgi-source-for-build/deps/libbf/test/bf/bf.cc:33:42: note: unnamed temporary defined here
[INFO] [stderr]      33 |   auto const& type = *cfg.as<std::string>("type");
[INFO] [stderr]         |                       ~~~~~~~~~~~~~~~~~~~^~~~~~~~
[INFO] [stderr]   In member function 'std::__cxx11::basic_string<_CharT, _Traits, _Alloc>::pointer std::__cxx11::basic_string<_CharT, _Traits, _Alloc>::_M_data() const [with _CharT = char; _Traits = std::char_traits<char>; _Alloc = std::allocator<char>]',
[INFO] [stderr]       inlined from 'const _CharT* std::__cxx11::basic_string<_CharT, _Traits, _Alloc>::data() const [with _CharT = char; _Traits = std::char_traits<char>; _Alloc = std::allocator<char>]' at /usr/include/c++/15/bits/basic_string.h:2887:23,
[INFO] [stderr]       inlined from 'bool std::operator==(const __cxx11::basic_string<_CharT, _Traits, _Alloc>&, const _CharT*) [with _CharT = char; _Traits = char_traits<char>; _Alloc = allocator<char>]' at /usr/include/c++/15/bits/basic_string.h:4064:29,
[INFO] [stderr]       inlined from 'util::trial<util::nothing> run(const config&)' at /opt/rustwide/target/release/build/odgi-ffi-c35ce79dfad3c03e/out/odgi-source-for-build/deps/libbf/test/bf/bf.cc:96:19:
[INFO] [stderr]   /usr/include/c++/15/bits/basic_string.h:239:28: warning: dangling pointer to an unnamed temporary may be used [-Wdangling-pointer=]
[INFO] [stderr]     239 |       { return _M_dataplus._M_p; }
[INFO] [stderr]         |                            ^~~~
[INFO] [stderr]   /opt/rustwide/target/release/build/odgi-ffi-c35ce79dfad3c03e/out/odgi-source-for-build/deps/libbf/test/bf/bf.cc: In function 'util::trial<util::nothing> run(const config&)':
[INFO] [stderr]   /opt/rustwide/target/release/build/odgi-ffi-c35ce79dfad3c03e/out/odgi-source-for-build/deps/libbf/test/bf/bf.cc:33:42: note: unnamed temporary defined here
[INFO] [stderr]      33 |   auto const& type = *cfg.as<std::string>("type");
[INFO] [stderr]         |                       ~~~~~~~~~~~~~~~~~~~^~~~~~~~
[INFO] [stderr]   In member function 'std::__cxx11::basic_string<_CharT, _Traits, _Alloc>::size_type std::__cxx11::basic_string<_CharT, _Traits, _Alloc>::size() const [with _CharT = char; _Traits = std::char_traits<char>; _Alloc = std::allocator<char>]',
[INFO] [stderr]       inlined from 'bool std::operator==(const __cxx11::basic_string<_CharT, _Traits, _Alloc>&, const _CharT*) [with _CharT = char; _Traits = char_traits<char>; _Alloc = allocator<char>]' at /usr/include/c++/15/bits/basic_string.h:4063:24,
[INFO] [stderr]       inlined from 'util::trial<util::nothing> run(const config&)' at /opt/rustwide/target/release/build/odgi-ffi-c35ce79dfad3c03e/out/odgi-source-for-build/deps/libbf/test/bf/bf.cc:105:19:
[INFO] [stderr]   /usr/include/c++/15/bits/basic_string.h:1165:19: warning: dangling pointer '__sz' to an unnamed temporary may be used [-Wdangling-pointer=]
[INFO] [stderr]    1165 |         size_type __sz = _M_string_length;
[INFO] [stderr]         |                   ^~~~
[INFO] [stderr]   /opt/rustwide/target/release/build/odgi-ffi-c35ce79dfad3c03e/out/odgi-source-for-build/deps/libbf/test/bf/bf.cc: In function 'util::trial<util::nothing> run(const config&)':
[INFO] [stderr]   /opt/rustwide/target/release/build/odgi-ffi-c35ce79dfad3c03e/out/odgi-source-for-build/deps/libbf/test/bf/bf.cc:33:42: note: unnamed temporary defined here
[INFO] [stderr]      33 |   auto const& type = *cfg.as<std::string>("type");
[INFO] [stderr]         |                       ~~~~~~~~~~~~~~~~~~~^~~~~~~~
[INFO] [stderr]   In member function 'std::__cxx11::basic_string<_CharT, _Traits, _Alloc>::pointer std::__cxx11::basic_string<_CharT, _Traits, _Alloc>::_M_data() const [with _CharT = char; _Traits = std::char_traits<char>; _Alloc = std::allocator<char>]',
[INFO] [stderr]       inlined from 'const _CharT* std::__cxx11::basic_string<_CharT, _Traits, _Alloc>::data() const [with _CharT = char; _Traits = std::char_traits<char>; _Alloc = std::allocator<char>]' at /usr/include/c++/15/bits/basic_string.h:2887:23,
[INFO] [stderr]       inlined from 'bool std::operator==(const __cxx11::basic_string<_CharT, _Traits, _Alloc>&, const _CharT*) [with _CharT = char; _Traits = char_traits<char>; _Alloc = allocator<char>]' at /usr/include/c++/15/bits/basic_string.h:4064:29,
[INFO] [stderr]       inlined from 'util::trial<util::nothing> run(const config&)' at /opt/rustwide/target/release/build/odgi-ffi-c35ce79dfad3c03e/out/odgi-source-for-build/deps/libbf/test/bf/bf.cc:105:19:
[INFO] [stderr]   /usr/include/c++/15/bits/basic_string.h:239:28: warning: dangling pointer to an unnamed temporary may be used [-Wdangling-pointer=]
[INFO] [stderr]     239 |       { return _M_dataplus._M_p; }
[INFO] [stderr]         |                            ^~~~
[INFO] [stderr]   /opt/rustwide/target/release/build/odgi-ffi-c35ce79dfad3c03e/out/odgi-source-for-build/deps/libbf/test/bf/bf.cc: In function 'util::trial<util::nothing> run(const config&)':
[INFO] [stderr]   /opt/rustwide/target/release/build/odgi-ffi-c35ce79dfad3c03e/out/odgi-source-for-build/deps/libbf/test/bf/bf.cc:33:42: note: unnamed temporary defined here
[INFO] [stderr]      33 |   auto const& type = *cfg.as<std::string>("type");
[INFO] [stderr]         |                       ~~~~~~~~~~~~~~~~~~~^~~~~~~~
[INFO] [stderr]   In member function 'std::__cxx11::basic_string<_CharT, _Traits, _Alloc>::size_type std::__cxx11::basic_string<_CharT, _Traits, _Alloc>::size() const [with _CharT = char; _Traits = std::char_traits<char>; _Alloc = std::allocator<char>]',
[INFO] [stderr]       inlined from 'bool std::operator==(const __cxx11::basic_string<_CharT, _Traits, _Alloc>&, const _CharT*) [with _CharT = char; _Traits = char_traits<char>; _Alloc = allocator<char>]' at /usr/include/c++/15/bits/basic_string.h:4063:24,
[INFO] [stderr]       inlined from 'util::trial<util::nothing> run(const config&)' at /opt/rustwide/target/release/build/odgi-ffi-c35ce79dfad3c03e/out/odgi-source-for-build/deps/libbf/test/bf/bf.cc:36:12:
[INFO] [stderr]   /usr/include/c++/15/bits/basic_string.h:1165:19: warning: '<unnamed>.util::trial<std::__cxx11::basic_string<char, std::char_traits<char>, std::allocator<char> > >::<unnamed>.util::trial<std::__cxx11::basic_string<char, std::char_traits<char>, std::allocator<char> > >::._anon_101::value_.std::__cxx11::basic_string<char>::_M_string_length' may be used uninitialized [-Wmaybe-uninitialized]
[INFO] [stderr]    1165 |         size_type __sz = _M_string_length;
[INFO] [stderr]         |                   ^~~~
[INFO] [stderr]   /opt/rustwide/target/release/build/odgi-ffi-c35ce79dfad3c03e/out/odgi-source-for-build/deps/libbf/test/bf/bf.cc: In function 'util::trial<util::nothing> run(const config&)':
[INFO] [stderr]   /opt/rustwide/target/release/build/odgi-ffi-c35ce79dfad3c03e/out/odgi-source-for-build/deps/libbf/test/bf/bf.cc:33:42: note: '<anonymous>' declared here
[INFO] [stderr]      33 |   auto const& type = *cfg.as<std::string>("type");
[INFO] [stderr]         |                       ~~~~~~~~~~~~~~~~~~~^~~~~~~~
[INFO] [stderr]   In member function 'std::__cxx11::basic_string<_CharT, _Traits, _Alloc>::pointer std::__cxx11::basic_string<_CharT, _Traits, _Alloc>::_M_data() const [with _CharT = char; _Traits = std::char_traits<char>; _Alloc = std::allocator<char>]',
[INFO] [stderr]       inlined from 'const _CharT* std::__cxx11::basic_string<_CharT, _Traits, _Alloc>::data() const [with _CharT = char; _Traits = std::char_traits<char>; _Alloc = std::allocator<char>]' at /usr/include/c++/15/bits/basic_string.h:2887:23,
[INFO] [stderr]       inlined from 'bool std::operator==(const __cxx11::basic_string<_CharT, _Traits, _Alloc>&, const _CharT*) [with _CharT = char; _Traits = char_traits<char>; _Alloc = allocator<char>]' at /usr/include/c++/15/bits/basic_string.h:4064:29,
[INFO] [stderr]       inlined from 'util::trial<util::nothing> run(const config&)' at /opt/rustwide/target/release/build/odgi-ffi-c35ce79dfad3c03e/out/odgi-source-for-build/deps/libbf/test/bf/bf.cc:36:12:
[INFO] [stderr]   /usr/include/c++/15/bits/basic_string.h:239:28: warning: '<unnamed>.util::trial<std::__cxx11::basic_string<char, std::char_traits<char>, std::allocator<char> > >::<unnamed>.util::trial<std::__cxx11::basic_string<char, std::char_traits<char>, std::allocator<char> > >::._anon_101::value_.std::__cxx11::basic_string<char>::_M_dataplus.std::__cxx11::basic_string<char>::_Alloc_hider::_M_p' may be used uninitialized [-Wmaybe-uninitialized]
[INFO] [stderr]     239 |       { return _M_dataplus._M_p; }
[INFO] [stderr]         |                            ^~~~
[INFO] [stderr]   /opt/rustwide/target/release/build/odgi-ffi-c35ce79dfad3c03e/out/odgi-source-for-build/deps/libbf/test/bf/bf.cc: In function 'util::trial<util::nothing> run(const config&)':
[INFO] [stderr]   /opt/rustwide/target/release/build/odgi-ffi-c35ce79dfad3c03e/out/odgi-source-for-build/deps/libbf/test/bf/bf.cc:33:42: note: '<anonymous>' declared here
[INFO] [stderr]      33 |   auto const& type = *cfg.as<std::string>("type");
[INFO] [stderr]         |                       ~~~~~~~~~~~~~~~~~~~^~~~~~~~
[INFO] [stderr]   In member function 'std::__cxx11::basic_string<_CharT, _Traits, _Alloc>::pointer std::__cxx11::basic_string<_CharT, _Traits, _Alloc>::_M_data() const [with _CharT = char; _Traits = std::char_traits<char>; _Alloc = std::allocator<char>]',
[INFO] [stderr]       inlined from 'const _CharT* std::__cxx11::basic_string<_CharT, _Traits, _Alloc>::data() const [with _CharT = char; _Traits = std::char_traits<char>; _Alloc = std::allocator<char>]' at /usr/include/c++/15/bits/basic_string.h:2887:23,
[INFO] [stderr]       inlined from 'bool std::operator==(const __cxx11::basic_string<_CharT, _Traits, _Alloc>&, const _CharT*) [with _CharT = char; _Traits = char_traits<char>; _Alloc = allocator<char>]' at /usr/include/c++/15/bits/basic_string.h:4064:29,
[INFO] [stderr]       inlined from 'util::trial<util::nothing> run(const config&)' at /opt/rustwide/target/release/build/odgi-ffi-c35ce79dfad3c03e/out/odgi-source-for-build/deps/libbf/test/bf/bf.cc:49:19:
[INFO] [stderr]   /usr/include/c++/15/bits/basic_string.h:239:28: warning: '<unnamed>.util::trial<std::__cxx11::basic_string<char, std::char_traits<char>, std::allocator<char> > >::<unnamed>.util::trial<std::__cxx11::basic_string<char, std::char_traits<char>, std::allocator<char> > >::._anon_101::value_.std::__cxx11::basic_string<char>::_M_dataplus.std::__cxx11::basic_string<char>::_Alloc_hider::_M_p' may be used uninitialized [-Wmaybe-uninitialized]
[INFO] [stderr]     239 |       { return _M_dataplus._M_p; }
[INFO] [stderr]         |                            ^~~~
[INFO] [stderr]   /opt/rustwide/target/release/build/odgi-ffi-c35ce79dfad3c03e/out/odgi-source-for-build/deps/libbf/test/bf/bf.cc: In function 'util::trial<util::nothing> run(const config&)':
[INFO] [stderr]   /opt/rustwide/target/release/build/odgi-ffi-c35ce79dfad3c03e/out/odgi-source-for-build/deps/libbf/test/bf/bf.cc:33:42: note: '<anonymous>' declared here
[INFO] [stderr]      33 |   auto const& type = *cfg.as<std::string>("type");
[INFO] [stderr]         |                       ~~~~~~~~~~~~~~~~~~~^~~~~~~~
[INFO] [stderr]   In member function 'std::__cxx11::basic_string<_CharT, _Traits, _Alloc>::pointer std::__cxx11::basic_string<_CharT, _Traits, _Alloc>::_M_data() const [with _CharT = char; _Traits = std::char_traits<char>; _Alloc = std::allocator<char>]',
[INFO] [stderr]       inlined from 'const _CharT* std::__cxx11::basic_string<_CharT, _Traits, _Alloc>::data() const [with _CharT = char; _Traits = std::char_traits<char>; _Alloc = std::allocator<char>]' at /usr/include/c++/15/bits/basic_string.h:2887:23,
[INFO] [stderr]       inlined from 'bool std::operator==(const __cxx11::basic_string<_CharT, _Traits, _Alloc>&, const _CharT*) [with _CharT = char; _Traits = char_traits<char>; _Alloc = allocator<char>]' at /usr/include/c++/15/bits/basic_string.h:4064:29,
[INFO] [stderr]       inlined from 'util::trial<util::nothing> run(const config&)' at /opt/rustwide/target/release/build/odgi-ffi-c35ce79dfad3c03e/out/odgi-source-for-build/deps/libbf/test/bf/bf.cc:59:19:
[INFO] [stderr]   /usr/include/c++/15/bits/basic_string.h:239:28: warning: '<unnamed>.util::trial<std::__cxx11::basic_string<char, std::char_traits<char>, std::allocator<char> > >::<unnamed>.util::trial<std::__cxx11::basic_string<char, std::char_traits<char>, std::allocator<char> > >::._anon_101::value_.std::__cxx11::basic_string<char>::_M_dataplus.std::__cxx11::basic_string<char>::_Alloc_hider::_M_p' may be used uninitialized [-Wmaybe-uninitialized]
[INFO] [stderr]     239 |       { return _M_dataplus._M_p; }
[INFO] [stderr]         |                            ^~~~
[INFO] [stderr]   /opt/rustwide/target/release/build/odgi-ffi-c35ce79dfad3c03e/out/odgi-source-for-build/deps/libbf/test/bf/bf.cc: In function 'util::trial<util::nothing> run(const config&)':
[INFO] [stderr]   /opt/rustwide/target/release/build/odgi-ffi-c35ce79dfad3c03e/out/odgi-source-for-build/deps/libbf/test/bf/bf.cc:33:42: note: '<anonymous>' declared here
[INFO] [stderr]      33 |   auto const& type = *cfg.as<std::string>("type");
[INFO] [stderr]         |                       ~~~~~~~~~~~~~~~~~~~^~~~~~~~
[INFO] [stderr]   In member function 'std::__cxx11::basic_string<_CharT, _Traits, _Alloc>::pointer std::__cxx11::basic_string<_CharT, _Traits, _Alloc>::_M_data() const [with _CharT = char; _Traits = std::char_traits<char>; _Alloc = std::allocator<char>]',
[INFO] [stderr]       inlined from 'const _CharT* std::__cxx11::basic_string<_CharT, _Traits, _Alloc>::data() const [with _CharT = char; _Traits = std::char_traits<char>; _Alloc = std::allocator<char>]' at /usr/include/c++/15/bits/basic_string.h:2887:23,
[INFO] [stderr]       inlined from 'bool std::operator==(const __cxx11::basic_string<_CharT, _Traits, _Alloc>&, const _CharT*) [with _CharT = char; _Traits = char_traits<char>; _Alloc = allocator<char>]' at /usr/include/c++/15/bits/basic_string.h:4064:29,
[INFO] [stderr]       inlined from 'util::trial<util::nothing> run(const config&)' at /opt/rustwide/target/release/build/odgi-ffi-c35ce79dfad3c03e/out/odgi-source-for-build/deps/libbf/test/bf/bf.cc:89:19:
[INFO] [stderr]   /usr/include/c++/15/bits/basic_string.h:239:28: warning: '<unnamed>.util::trial<std::__cxx11::basic_string<char, std::char_traits<char>, std::allocator<char> > >::<unnamed>.util::trial<std::__cxx11::basic_string<char, std::char_traits<char>, std::allocator<char> > >::._anon_101::value_.std::__cxx11::basic_string<char>::_M_dataplus.std::__cxx11::basic_string<char>::_Alloc_hider::_M_p' may be used uninitialized [-Wmaybe-uninitialized]
[INFO] [stderr]     239 |       { return _M_dataplus._M_p; }
[INFO] [stderr]         |                            ^~~~
[INFO] [stderr]   /opt/rustwide/target/release/build/odgi-ffi-c35ce79dfad3c03e/out/odgi-source-for-build/deps/libbf/test/bf/bf.cc: In function 'util::trial<util::nothing> run(const config&)':
[INFO] [stderr]   /opt/rustwide/target/release/build/odgi-ffi-c35ce79dfad3c03e/out/odgi-source-for-build/deps/libbf/test/bf/bf.cc:33:42: note: '<anonymous>' declared here
[INFO] [stderr]      33 |   auto const& type = *cfg.as<std::string>("type");
[INFO] [stderr]         |                       ~~~~~~~~~~~~~~~~~~~^~~~~~~~
[INFO] [stderr]   In member function 'std::__cxx11::basic_string<_CharT, _Traits, _Alloc>::pointer std::__cxx11::basic_string<_CharT, _Traits, _Alloc>::_M_data() const [with _CharT = char; _Traits = std::char_traits<char>; _Alloc = std::allocator<char>]',
[INFO] [stderr]       inlined from 'const _CharT* std::__cxx11::basic_string<_CharT, _Traits, _Alloc>::data() const [with _CharT = char; _Traits = std::char_traits<char>; _Alloc = std::allocator<char>]' at /usr/include/c++/15/bits/basic_string.h:2887:23,
[INFO] [stderr]       inlined from 'bool std::operator==(const __cxx11::basic_string<_CharT, _Traits, _Alloc>&, const _CharT*) [with _CharT = char; _Traits = char_traits<char>; _Alloc = allocator<char>]' at /usr/include/c++/15/bits/basic_string.h:4064:29,
[INFO] [stderr]       inlined from 'util::trial<util::nothing> run(const config&)' at /opt/rustwide/target/release/build/odgi-ffi-c35ce79dfad3c03e/out/odgi-source-for-build/deps/libbf/test/bf/bf.cc:96:19:
[INFO] [stderr]   /usr/include/c++/15/bits/basic_string.h:239:28: warning: '<unnamed>.util::trial<std::__cxx11::basic_string<char, std::char_traits<char>, std::allocator<char> > >::<unnamed>.util::trial<std::__cxx11::basic_string<char, std::char_traits<char>, std::allocator<char> > >::._anon_101::value_.std::__cxx11::basic_string<char>::_M_dataplus.std::__cxx11::basic_string<char>::_Alloc_hider::_M_p' may be used uninitialized [-Wmaybe-uninitialized]
[INFO] [stderr]     239 |       { return _M_dataplus._M_p; }
[INFO] [stderr]         |                            ^~~~
[INFO] [stderr]   /opt/rustwide/target/release/build/odgi-ffi-c35ce79dfad3c03e/out/odgi-source-for-build/deps/libbf/test/bf/bf.cc: In function 'util::trial<util::nothing> run(const config&)':
[INFO] [stderr]   /opt/rustwide/target/release/build/odgi-ffi-c35ce79dfad3c03e/out/odgi-source-for-build/deps/libbf/test/bf/bf.cc:33:42: note: '<anonymous>' declared here
[INFO] [stderr]      33 |   auto const& type = *cfg.as<std::string>("type");
[INFO] [stderr]         |                       ~~~~~~~~~~~~~~~~~~~^~~~~~~~
[INFO] [stderr]   In member function 'std::__cxx11::basic_string<_CharT, _Traits, _Alloc>::pointer std::__cxx11::basic_string<_CharT, _Traits, _Alloc>::_M_data() const [with _CharT = char; _Traits = std::char_traits<char>; _Alloc = std::allocator<char>]',
[INFO] [stderr]       inlined from 'const _CharT* std::__cxx11::basic_string<_CharT, _Traits, _Alloc>::data() const [with _CharT = char; _Traits = std::char_traits<char>; _Alloc = std::allocator<char>]' at /usr/include/c++/15/bits/basic_string.h:2887:23,
[INFO] [stderr]       inlined from 'bool std::operator==(const __cxx11::basic_string<_CharT, _Traits, _Alloc>&, const _CharT*) [with _CharT = char; _Traits = char_traits<char>; _Alloc = allocator<char>]' at /usr/include/c++/15/bits/basic_string.h:4064:29,
[INFO] [stderr]       inlined from 'util::trial<util::nothing> run(const config&)' at /opt/rustwide/target/release/build/odgi-ffi-c35ce79dfad3c03e/out/odgi-source-for-build/deps/libbf/test/bf/bf.cc:105:19:
[INFO] [stderr]   /usr/include/c++/15/bits/basic_string.h:239:28: warning: '<unnamed>.util::trial<std::__cxx11::basic_string<char, std::char_traits<char>, std::allocator<char> > >::<unnamed>.util::trial<std::__cxx11::basic_string<char, std::char_traits<char>, std::allocator<char> > >::._anon_101::value_.std::__cxx11::basic_string<char>::_M_dataplus.std::__cxx11::basic_string<char>::_Alloc_hider::_M_p' may be used uninitialized [-Wmaybe-uninitialized]
[INFO] [stderr]     239 |       { return _M_dataplus._M_p; }
[INFO] [stderr]         |                            ^~~~
[INFO] [stderr]   /opt/rustwide/target/release/build/odgi-ffi-c35ce79dfad3c03e/out/odgi-source-for-build/deps/libbf/test/bf/bf.cc: In function 'util::trial<util::nothing> run(const config&)':
[INFO] [stderr]   /opt/rustwide/target/release/build/odgi-ffi-c35ce79dfad3c03e/out/odgi-source-for-build/deps/libbf/test/bf/bf.cc:33:42: note: '<anonymous>' declared here
[INFO] [stderr]      33 |   auto const& type = *cfg.as<std::string>("type");
[INFO] [stderr]         |                       ~~~~~~~~~~~~~~~~~~~^~~~~~~~
[INFO] [stderr]   In file included from /opt/rustwide/target/release/build/odgi-ffi-c35ce79dfad3c03e/out/build/sdsl-lite-prefix/src/sdsl-lite-build/lib/../include/sdsl/coder_elias_gamma.hpp:24,
[INFO] [stderr]                    from /opt/rustwide/target/release/build/odgi-ffi-c35ce79dfad3c03e/out/odgi-source-for-build/deps/sdsl-lite/lib/coder_elias_gamma.cpp:1:
[INFO] [stderr]   /opt/rustwide/target/release/build/odgi-ffi-c35ce79dfad3c03e/out/build/sdsl-lite-prefix/src/sdsl-lite-build/lib/../include/sdsl/int_vector.hpp:1402:8: warning: type qualifiers ignored on function return type [-Wignored-qualifiers]
[INFO] [stderr]    1402 | inline auto
[INFO] [stderr]         |        ^~~~
[INFO] [stderr]   /opt/rustwide/target/release/build/odgi-ffi-c35ce79dfad3c03e/out/build/sdsl-lite-prefix/src/sdsl-lite-build/lib/../include/sdsl/int_vector.hpp:1410:8: warning: type qualifiers ignored on function return type [-Wignored-qualifiers]
[INFO] [stderr]    1410 | inline auto
[INFO] [stderr]         |        ^~~~
[INFO] [stderr]   /opt/rustwide/target/release/build/odgi-ffi-c35ce79dfad3c03e/out/build/sdsl-lite-prefix/src/sdsl-lite-build/lib/../include/sdsl/int_vector.hpp:1418:8: warning: type qualifiers ignored on function return type [-Wignored-qualifiers]
[INFO] [stderr]    1418 | inline auto
[INFO] [stderr]         |        ^~~~
[INFO] [stderr]   /opt/rustwide/target/release/build/odgi-ffi-c35ce79dfad3c03e/out/build/sdsl-lite-prefix/src/sdsl-lite-build/lib/../include/sdsl/int_vector.hpp:1426:8: warning: type qualifiers ignored on function return type [-Wignored-qualifiers]
[INFO] [stderr]    1426 | inline auto
[INFO] [stderr]         |        ^~~~
[INFO] [stderr]   /opt/rustwide/target/release/build/odgi-ffi-c35ce79dfad3c03e/out/build/sdsl-lite-prefix/src/sdsl-lite-build/lib/../include/sdsl/int_vector.hpp:1434:8: warning: type qualifiers ignored on function return type [-Wignored-qualifiers]
[INFO] [stderr]    1434 | inline auto
[INFO] [stderr]         |        ^~~~
[INFO] [stderr]   /opt/rustwide/target/release/build/odgi-ffi-c35ce79dfad3c03e/out/build/sdsl-lite-prefix/src/sdsl-lite-build/lib/../include/sdsl/int_vector.hpp:1442:8: warning: type qualifiers ignored on function return type [-Wignored-qualifiers]
[INFO] [stderr]    1442 | inline auto
[INFO] [stderr]         |        ^~~~
[INFO] [stderr]   In file included from /opt/rustwide/target/release/build/odgi-ffi-c35ce79dfad3c03e/out/build/sdsl-lite-prefix/src/sdsl-lite-build/lib/../include/sdsl/coder_fibonacci.hpp:24,
[INFO] [stderr]                    from /opt/rustwide/target/release/build/odgi-ffi-c35ce79dfad3c03e/out/odgi-source-for-build/deps/sdsl-lite/lib/coder_fibonacci.cpp:1:
[INFO] [stderr]   /opt/rustwide/target/release/build/odgi-ffi-c35ce79dfad3c03e/out/build/sdsl-lite-prefix/src/sdsl-lite-build/lib/../include/sdsl/int_vector.hpp:1402:8: warning: type qualifiers ignored on function return type [-Wignored-qualifiers]
[INFO] [stderr]    1402 | inline auto
[INFO] [stderr]         |        ^~~~
[INFO] [stderr]   /opt/rustwide/target/release/build/odgi-ffi-c35ce79dfad3c03e/out/build/sdsl-lite-prefix/src/sdsl-lite-build/lib/../include/sdsl/int_vector.hpp:1410:8: warning: type qualifiers ignored on function return type [-Wignored-qualifiers]
[INFO] [stderr]    1410 | inline auto
[INFO] [stderr]         |        ^~~~
[INFO] [stderr]   /opt/rustwide/target/release/build/odgi-ffi-c35ce79dfad3c03e/out/build/sdsl-lite-prefix/src/sdsl-lite-build/lib/../include/sdsl/int_vector.hpp:1418:8: warning: type qualifiers ignored on function return type [-Wignored-qualifiers]
[INFO] [stderr]    1418 | inline auto
[INFO] [stderr]         |        ^~~~
[INFO] [stderr]   /opt/rustwide/target/release/build/odgi-ffi-c35ce79dfad3c03e/out/build/sdsl-lite-prefix/src/sdsl-lite-build/lib/../include/sdsl/int_vector.hpp:1426:8: warning: type qualifiers ignored on function return type [-Wignored-qualifiers]
[INFO] [stderr]    1426 | inline auto
[INFO] [stderr]         |        ^~~~
[INFO] [stderr]   /opt/rustwide/target/release/build/odgi-ffi-c35ce79dfad3c03e/out/build/sdsl-lite-prefix/src/sdsl-lite-build/lib/../include/sdsl/int_vector.hpp:1434:8: warning: type qualifiers ignored on function return type [-Wignored-qualifiers]
[INFO] [stderr]    1434 | inline auto
[INFO] [stderr]         |        ^~~~
[INFO] [stderr]   /opt/rustwide/target/release/build/odgi-ffi-c35ce79dfad3c03e/out/build/sdsl-lite-prefix/src/sdsl-lite-build/lib/../include/sdsl/int_vector.hpp:1442:8: warning: type qualifiers ignored on function return type [-Wignored-qualifiers]
[INFO] [stderr]    1442 | inline auto
[INFO] [stderr]         |        ^~~~
[INFO] [stderr]   In file included from /opt/rustwide/target/release/build/odgi-ffi-c35ce79dfad3c03e/out/build/sdsl-lite-prefix/src/sdsl-lite-build/lib/../include/sdsl/int_vector.hpp:24:
[INFO] [stderr]   In static member function 'static uint64_t sdsl::bits::read_unary(const uint64_t*, uint8_t)',
[INFO] [stderr]       inlined from 'static uint64_t sdsl::bits::read_unary(const uint64_t*, uint8_t)' at /opt/rustwide/target/release/build/odgi-ffi-c35ce79dfad3c03e/out/build/sdsl-lite-prefix/src/sdsl-lite-build/lib/../include/sdsl/bits.hpp:531:17,
[INFO] [stderr]       inlined from 'sdsl::coder::elias_gamma::impl::impl()' at /opt/rustwide/target/release/build/odgi-ffi-c35ce79dfad3c03e/out/build/sdsl-lite-prefix/src/sdsl-lite-build/lib/../include/sdsl/coder_elias_gamma.hpp:85:62:
[INFO] [stderr]   /opt/rustwide/target/release/build/odgi-ffi-c35ce79dfad3c03e/out/build/sdsl-lite-prefix/src/sdsl-lite-build/lib/../include/sdsl/bits.hpp:537:18: warning: array subscript 1 is outside array bounds of 'uint64_t [1]' {aka 'long unsigned int [1]'} [-Warray-bounds=]
[INFO] [stderr]     537 |         if (0!=(w=*(++word)))
[INFO] [stderr]         |                ~~^~~~~~~~~~~
[INFO] [stderr]   /opt/rustwide/target/release/build/odgi-ffi-c35ce79dfad3c03e/out/build/sdsl-lite-prefix/src/sdsl-lite-build/lib/../include/sdsl/coder_elias_gamma.hpp: In constructor 'sdsl::coder::elias_gamma::impl::impl()':
[INFO] [stderr]   /opt/rustwide/target/release/build/odgi-ffi-c35ce79dfad3c03e/out/build/sdsl-lite-prefix/src/sdsl-lite-build/lib/../include/sdsl/coder_elias_gamma.hpp:80:35: note: at offset 8 into object 'x' of size 8
[INFO] [stderr]      80 |                     for (uint64_t x=0; x < (1<<8); ++x) {
[INFO] [stderr]         |                                   ^
[INFO] [stderr]   In static member function 'static uint64_t sdsl::bits::read_int(const uint64_t*, uint8_t, uint8_t)',
[INFO] [stderr]       inlined from 'sdsl::coder::elias_gamma::impl::impl()' at /opt/rustwide/target/release/build/odgi-ffi-c35ce79dfad3c03e/out/build/sdsl-lite-prefix/src/sdsl-lite-build/lib/../include/sdsl/coder_elias_gamma.hpp:93:60:
[INFO] [stderr]   /opt/rustwide/target/release/build/odgi-ffi-c35ce79dfad3c03e/out/build/sdsl-lite-prefix/src/sdsl-lite-build/lib/../include/sdsl/bits.hpp:506:18: warning: array subscript 1 is outside array bounds of 'uint64_t [1]' {aka 'long unsigned int [1]'} [-Warray-bounds=]
[INFO] [stderr]     506 |                ((*(word+1) & bits::lo_set[(offset+len)&0x3F])   // set higher bits zero
[INFO] [stderr]         |                  ^~~~~~~~~
[INFO] [stderr]   /opt/rustwide/target/release/build/odgi-ffi-c35ce79dfad3c03e/out/build/sdsl-lite-prefix/src/sdsl-lite-build/lib/../include/sdsl/coder_elias_gamma.hpp: In constructor 'sdsl::coder::elias_gamma::impl::impl()':
[INFO] [stderr]   /opt/rustwide/target/release/build/odgi-ffi-c35ce79dfad3c03e/out/build/sdsl-lite-prefix/src/sdsl-lite-build/lib/../include/sdsl/coder_elias_gamma.hpp:80:35: note: at offset 8 into object 'x' of size 8
[INFO] [stderr]      80 |                     for (uint64_t x=0; x < (1<<8); ++x) {
[INFO] [stderr]         |                                   ^
[INFO] [stderr]   In static member function 'static uint64_t sdsl::bits::read_unary(const uint64_t*, uint8_t)',
[INFO] [stderr]       inlined from 'static uint64_t sdsl::bits::read_unary(const uint64_t*, uint8_t)' at /opt/rustwide/target/release/build/odgi-ffi-c35ce79dfad3c03e/out/build/sdsl-lite-prefix/src/sdsl-lite-build/lib/../include/sdsl/bits.hpp:531:17,
[INFO] [stderr]       inlined from 'sdsl::coder::elias_gamma::impl::impl()' at /opt/rustwide/target/release/build/odgi-ffi-c35ce79dfad3c03e/out/build/sdsl-lite-prefix/src/sdsl-lite-build/lib/../include/sdsl/coder_elias_gamma.hpp:56:58:
[INFO] [stderr]   /opt/rustwide/target/release/build/odgi-ffi-c35ce79dfad3c03e/out/build/sdsl-lite-prefix/src/sdsl-lite-build/lib/../include/sdsl/bits.hpp:537:18: warning: array subscript 1 is outside array bounds of 'uint64_t [1]' {aka 'long unsigned int [1]'} [-Warray-bounds=]
[INFO] [stderr]     537 |         if (0!=(w=*(++word)))
[INFO] [stderr]         |                ~~^~~~~~~~~~~
[INFO] [stderr]   /opt/rustwide/target/release/build/odgi-ffi-c35ce79dfad3c03e/out/build/sdsl-lite-prefix/src/sdsl-lite-build/lib/../include/sdsl/coder_elias_gamma.hpp: In constructor 'sdsl::coder::elias_gamma::impl::impl()':
[INFO] [stderr]   /opt/rustwide/target/release/build/odgi-ffi-c35ce79dfad3c03e/out/build/sdsl-lite-prefix/src/sdsl-lite-build/lib/../include/sdsl/coder_elias_gamma.hpp:51:31: note: at offset 8 into object 'x' of size 8
[INFO] [stderr]      51 |                 for (uint64_t x=0; x < (1<<16); ++x) {
[INFO] [stderr]         |                               ^
[INFO] [stderr]   In static member function 'static uint64_t sdsl::bits::read_int(const uint64_t*, uint8_t, uint8_t)',
[INFO] [stderr]       inlined from 'sdsl::coder::elias_gamma::impl::impl()' at /opt/rustwide/target/release/build/odgi-ffi-c35ce79dfad3c03e/out/build/sdsl-lite-prefix/src/sdsl-lite-build/lib/../include/sdsl/coder_elias_gamma.hpp:64:56:
[INFO] [stderr]   /opt/rustwide/target/release/build/odgi-ffi-c35ce79dfad3c03e/out/build/sdsl-lite-prefix/src/sdsl-lite-build/lib/../include/sdsl/bits.hpp:506:18: warning: array subscript 1 is outside array bounds of 'uint64_t [1]' {aka 'long unsigned int [1]'} [-Warray-bounds=]
[INFO] [stderr]     506 |                ((*(word+1) & bits::lo_set[(offset+len)&0x3F])   // set higher bits zero
[INFO] [stderr]         |                  ^~~~~~~~~
[INFO] [stderr]   /opt/rustwide/target/release/build/odgi-ffi-c35ce79dfad3c03e/out/build/sdsl-lite-prefix/src/sdsl-lite-build/lib/../include/sdsl/coder_elias_gamma.hpp: In constructor 'sdsl::coder::elias_gamma::impl::impl()':
[INFO] [stderr]   /opt/rustwide/target/release/build/odgi-ffi-c35ce79dfad3c03e/out/build/sdsl-lite-prefix/src/sdsl-lite-build/lib/../include/sdsl/coder_elias_gamma.hpp:51:31: note: at offset 8 into object 'x' of size 8
[INFO] [stderr]      51 |                 for (uint64_t x=0; x < (1<<16); ++x) {
[INFO] [stderr]         |                               ^
[INFO] [stderr]   In file included from /opt/rustwide/target/release/build/odgi-ffi-c35ce79dfad3c03e/out/odgi-source-for-build/deps/sdsl-lite/external/googletest/googletest/src/gtest-all.cc:43:
[INFO] [stderr]   /opt/rustwide/target/release/build/odgi-ffi-c35ce79dfad3c03e/out/odgi-source-for-build/deps/sdsl-lite/external/googletest/googletest/src/gtest-death-test.cc: In function 'bool testing::internal::StackGrowsDown()':
[INFO] [stderr]   /opt/rustwide/target/release/build/odgi-ffi-c35ce79dfad3c03e/out/odgi-source-for-build/deps/sdsl-lite/external/googletest/googletest/src/gtest-death-test.cc:1008:24: warning: 'dummy' may be used uninitialized [-Wmaybe-uninitialized]
[INFO] [stderr]    1008 |   StackLowerThanAddress(&dummy, &result);
[INFO] [stderr]         |   ~~~~~~~~~~~~~~~~~~~~~^~~~~~~~~~~~~~~~~
[INFO] [stderr]   /opt/rustwide/target/release/build/odgi-ffi-c35ce79dfad3c03e/out/odgi-source-for-build/deps/sdsl-lite/external/googletest/googletest/src/gtest-death-test.cc:998:6: note: by argument 1 of type 'const void*' to 'void testing::internal::StackLowerThanAddress(const void*, bool*)' declared here
[INFO] [stderr]     998 | void StackLowerThanAddress(const void* ptr, bool* result) {
[INFO] [stderr]         |      ^~~~~~~~~~~~~~~~~~~~~
[INFO] [stderr]   /opt/rustwide/target/release/build/odgi-ffi-c35ce79dfad3c03e/out/odgi-source-for-build/deps/sdsl-lite/external/googletest/googletest/src/gtest-death-test.cc:1006:7: note: 'dummy' declared here
[INFO] [stderr]    1006 |   int dummy;
[INFO] [stderr]         |       ^~~~~
[INFO] [stderr]   In file included from /opt/rustwide/target/release/build/odgi-ffi-c35ce79dfad3c03e/out/build/sdsl-lite-prefix/src/sdsl-lite-build/lib/../include/sdsl/construct_isa.hpp:24,
[INFO] [stderr]                    from /opt/rustwide/target/release/build/odgi-ffi-c35ce79dfad3c03e/out/odgi-source-for-build/deps/sdsl-lite/lib/construct_isa.cpp:4:
[INFO] [stderr]   /opt/rustwide/target/release/build/odgi-ffi-c35ce79dfad3c03e/out/build/sdsl-lite-prefix/src/sdsl-lite-build/lib/../include/sdsl/int_vector.hpp:1402:8: warning: type qualifiers ignored on function return type [-Wignored-qualifiers]
[INFO] [stderr]    1402 | inline auto
[INFO] [stderr]         |        ^~~~
[INFO] [stderr]   /opt/rustwide/target/release/build/odgi-ffi-c35ce79dfad3c03e/out/build/sdsl-lite-prefix/src/sdsl-lite-build/lib/../include/sdsl/int_vector.hpp:1410:8: warning: type qualifiers ignored on function return type [-Wignored-qualifiers]
[INFO] [stderr]    1410 | inline auto
[INFO] [stderr]         |        ^~~~
[INFO] [stderr]   /opt/rustwide/target/release/build/odgi-ffi-c35ce79dfad3c03e/out/build/sdsl-lite-prefix/src/sdsl-lite-build/lib/../include/sdsl/int_vector.hpp:1418:8: warning: type qualifiers ignored on function return type [-Wignored-qualifiers]
[INFO] [stderr]    1418 | inline auto
[INFO] [stderr]         |        ^~~~
[INFO] [stderr]   /opt/rustwide/target/release/build/odgi-ffi-c35ce79dfad3c03e/out/build/sdsl-lite-prefix/src/sdsl-lite-build/lib/../include/sdsl/int_vector.hpp:1426:8: warning: type qualifiers ignored on function return type [-Wignored-qualifiers]
[INFO] [stderr]    1426 | inline auto
[INFO] [stderr]         |        ^~~~
[INFO] [stderr]   /opt/rustwide/target/release/build/odgi-ffi-c35ce79dfad3c03e/out/build/sdsl-lite-prefix/src/sdsl-lite-build/lib/../include/sdsl/int_vector.hpp:1434:8: warning: type qualifiers ignored on function return type [-Wignored-qualifiers]
[INFO] [stderr]    1434 | inline auto
[INFO] [stderr]         |        ^~~~
[INFO] [stderr]   /opt/rustwide/target/release/build/odgi-ffi-c35ce79dfad3c03e/out/build/sdsl-lite-prefix/src/sdsl-lite-build/lib/../include/sdsl/int_vector.hpp:1442:8: warning: type qualifiers ignored on function return type [-Wignored-qualifiers]
[INFO] [stderr]    1442 | inline auto
[INFO] [stderr]         |        ^~~~
[INFO] [stderr]   In file included from /opt/rustwide/target/release/build/odgi-ffi-c35ce79dfad3c03e/out/build/sdsl-lite-prefix/src/sdsl-lite-build/lib/../include/sdsl/construct_lcp.hpp:26,
[INFO] [stderr]                    from /opt/rustwide/target/release/build/odgi-ffi-c35ce79dfad3c03e/out/odgi-source-for-build/deps/sdsl-lite/lib/construct_lcp.cpp:6:
[INFO] [stderr]   /opt/rustwide/target/release/build/odgi-ffi-c35ce79dfad3c03e/out/build/sdsl-lite-prefix/src/sdsl-lite-build/lib/../include/sdsl/int_vector.hpp:1402:8: warning: type qualifiers ignored on function return type [-Wignored-qualifiers]
[INFO] [stderr]    1402 | inline auto
[INFO] [stderr]         |        ^~~~
[INFO] [stderr]   /opt/rustwide/target/release/build/odgi-ffi-c35ce79dfad3c03e/out/build/sdsl-lite-prefix/src/sdsl-lite-build/lib/../include/sdsl/int_vector.hpp:1410:8: warning: type qualifiers ignored on function return type [-Wignored-qualifiers]
[INFO] [stderr]    1410 | inline auto
[INFO] [stderr]         |        ^~~~
[INFO] [stderr]   /opt/rustwide/target/release/build/odgi-ffi-c35ce79dfad3c03e/out/build/sdsl-lite-prefix/src/sdsl-lite-build/lib/../include/sdsl/int_vector.hpp:1418:8: warning: type qualifiers ignored on function return type [-Wignored-qualifiers]
[INFO] [stderr]    1418 | inline auto
[INFO] [stderr]         |        ^~~~
[INFO] [stderr]   /opt/rustwide/target/release/build/odgi-ffi-c35ce79dfad3c03e/out/build/sdsl-lite-prefix/src/sdsl-lite-build/lib/../include/sdsl/int_vector.hpp:1426:8: warning: type qualifiers ignored on function return type [-Wignored-qualifiers]
[INFO] [stderr]    1426 | inline auto
[INFO] [stderr]         |        ^~~~
[INFO] [stderr]   /opt/rustwide/target/release/build/odgi-ffi-c35ce79dfad3c03e/out/build/sdsl-lite-prefix/src/sdsl-lite-build/lib/../include/sdsl/int_vector.hpp:1434:8: warning: type qualifiers ignored on function return type [-Wignored-qualifiers]
[INFO] [stderr]    1434 | inline auto
[INFO] [stderr]         |        ^~~~
[INFO] [stderr]   /opt/rustwide/target/release/build/odgi-ffi-c35ce79dfad3c03e/out/build/sdsl-lite-prefix/src/sdsl-lite-build/lib/../include/sdsl/int_vector.hpp:1442:8: warning: type qualifiers ignored on function return type [-Wignored-qualifiers]
[INFO] [stderr]    1442 | inline auto
[INFO] [stderr]         |        ^~~~
[INFO] [stderr]   In file included from /opt/rustwide/target/release/build/odgi-ffi-c35ce79dfad3c03e/out/build/sdsl-lite-prefix/src/sdsl-lite-build/lib/../include/sdsl/construct_lcp_helper.hpp:4,
[INFO] [stderr]                    from /opt/rustwide/target/release/build/odgi-ffi-c35ce79dfad3c03e/out/odgi-source-for-build/deps/sdsl-lite/lib/construct_lcp_helper.cpp:1:
[INFO] [stderr]   /opt/rustwide/target/release/build/odgi-ffi-c35ce79dfad3c03e/out/build/sdsl-lite-prefix/src/sdsl-lite-build/lib/../include/sdsl/int_vector.hpp:1402:8: warning: type qualifiers ignored on function return type [-Wignored-qualifiers]
[INFO] [stderr]    1402 | inline auto
[INFO] [stderr]         |        ^~~~
[INFO] [stderr]   /opt/rustwide/target/release/build/odgi-ffi-c35ce79dfad3c03e/out/build/sdsl-lite-prefix/src/sdsl-lite-build/lib/../include/sdsl/int_vector.hpp:1410:8: warning: type qualifiers ignored on function return type [-Wignored-qualifiers]
[INFO] [stderr]    1410 | inline auto
[INFO] [stderr]         |        ^~~~
[INFO] [stderr]   /opt/rustwide/target/release/build/odgi-ffi-c35ce79dfad3c03e/out/build/sdsl-lite-prefix/src/sdsl-lite-build/lib/../include/sdsl/int_vector.hpp:1418:8: warning: type qualifiers ignored on function return type [-Wignored-qualifiers]
[INFO] [stderr]    1418 | inline auto
[INFO] [stderr]         |        ^~~~
[INFO] [stderr]   /opt/rustwide/target/release/build/odgi-ffi-c35ce79dfad3c03e/out/build/sdsl-lite-prefix/src/sdsl-lite-build/lib/../include/sdsl/int_vector.hpp:1426:8: warning: type qualifiers ignored on function return type [-Wignored-qualifiers]
[INFO] [stderr]    1426 | inline auto
[INFO] [stderr]         |        ^~~~
[INFO] [stderr]   /opt/rustwide/target/release/build/odgi-ffi-c35ce79dfad3c03e/out/build/sdsl-lite-prefix/src/sdsl-lite-build/lib/../include/sdsl/int_vector.hpp:1434:8: warning: type qualifiers ignored on function return type [-Wignored-qualifiers]
[INFO] [stderr]    1434 | inline auto
[INFO] [stderr]         |        ^~~~
[INFO] [stderr]   /opt/rustwide/target/release/build/odgi-ffi-c35ce79dfad3c03e/out/build/sdsl-lite-prefix/src/sdsl-lite-build/lib/../include/sdsl/int_vector.hpp:1442:8: warning: type qualifiers ignored on function return type [-Wignored-qualifiers]
[INFO] [stderr]    1442 | inline auto
[INFO] [stderr]         |        ^~~~
[INFO] [stderr]   In file included from /opt/rustwide/target/release/build/odgi-ffi-c35ce79dfad3c03e/out/build/sdsl-lite-prefix/src/sdsl-lite-build/lib/../include/sdsl/construct_sa.hpp:26,
[INFO] [stderr]                    from /opt/rustwide/target/release/build/odgi-ffi-c35ce79dfad3c03e/out/odgi-source-for-build/deps/sdsl-lite/lib/construct_sa.cpp:1:
[INFO] [stderr]   /opt/rustwide/target/release/build/odgi-ffi-c35ce79dfad3c03e/out/build/sdsl-lite-prefix/src/sdsl-lite-build/lib/../include/sdsl/int_vector.hpp:1402:8: warning: type qualifiers ignored on function return type [-Wignored-qualifiers]
[INFO] [stderr]    1402 | inline auto
[INFO] [stderr]         |        ^~~~
[INFO] [stderr]   /opt/rustwide/target/release/build/odgi-ffi-c35ce79dfad3c03e/out/build/sdsl-lite-prefix/src/sdsl-lite-build/lib/../include/sdsl/int_vector.hpp:1410:8: warning: type qualifiers ignored on function return type [-Wignored-qualifiers]
[INFO] [stderr]    1410 | inline auto
[INFO] [stderr]         |        ^~~~
[INFO] [stderr]   /opt/rustwide/target/release/build/odgi-ffi-c35ce79dfad3c03e/out/build/sdsl-lite-prefix/src/sdsl-lite-build/lib/../include/sdsl/int_vector.hpp:1418:8: warning: type qualifiers ignored on function return type [-Wignored-qualifiers]
[INFO] [stderr]    1418 | inline auto
[INFO] [stderr]         |        ^~~~
[INFO] [stderr]   /opt/rustwide/target/release/build/odgi-ffi-c35ce79dfad3c03e/out/build/sdsl-lite-prefix/src/sdsl-lite-build/lib/../include/sdsl/int_vector.hpp:1426:8: warning: type qualifiers ignored on function return type [-Wignored-qualifiers]
[INFO] [stderr]    1426 | inline auto
[INFO] [stderr]         |        ^~~~
[INFO] [stderr]   /opt/rustwide/target/release/build/odgi-ffi-c35ce79dfad3c03e/out/build/sdsl-lite-prefix/src/sdsl-lite-build/lib/../include/sdsl/int_vector.hpp:1434:8: warning: type qualifiers ignored on function return type [-Wignored-qualifiers]
[INFO] [stderr]    1434 | inline auto
[INFO] [stderr]         |        ^~~~
[INFO] [stderr]   /opt/rustwide/target/release/build/odgi-ffi-c35ce79dfad3c03e/out/build/sdsl-lite-prefix/src/sdsl-lite-build/lib/../include/sdsl/int_vector.hpp:1442:8: warning: type qualifiers ignored on function return type [-Wignored-qualifiers]
[INFO] [stderr]    1442 | inline auto
[INFO] [stderr]         |        ^~~~
[INFO] [stderr]   In file included from /opt/rustwide/target/release/build/odgi-ffi-c35ce79dfad3c03e/out/build/sdsl-lite-prefix/src/sdsl-lite-build/lib/../include/sdsl/construct_sa_se.hpp:5,
[INFO] [stderr]                    from /opt/rustwide/target/release/build/odgi-ffi-c35ce79dfad3c03e/out/odgi-source-for-build/deps/sdsl-lite/lib/construct_sa_se.cpp:1:
[INFO] [stderr]   /opt/rustwide/target/release/build/odgi-ffi-c35ce79dfad3c03e/out/build/sdsl-lite-prefix/src/sdsl-lite-build/lib/../include/sdsl/int_vector.hpp:1402:8: warning: type qualifiers ignored on function return type [-Wignored-qualifiers]
[INFO] [stderr]    1402 | inline auto
[INFO] [stderr]         |        ^~~~
[INFO] [stderr]   /opt/rustwide/target/release/build/odgi-ffi-c35ce79dfad3c03e/out/build/sdsl-lite-prefix/src/sdsl-lite-build/lib/../include/sdsl/int_vector.hpp:1410:8: warning: type qualifiers ignored on function return type [-Wignored-qualifiers]
[INFO] [stderr]    1410 | inline auto
[INFO] [stderr]         |        ^~~~
[INFO] [stderr]   /opt/rustwide/target/release/build/odgi-ffi-c35ce79dfad3c03e/out/build/sdsl-lite-prefix/src/sdsl-lite-build/lib/../include/sdsl/int_vector.hpp:1418:8: warning: type qualifiers ignored on function return type [-Wignored-qualifiers]
[INFO] [stderr]    1418 | inline auto
[INFO] [stderr]         |        ^~~~
[INFO] [stderr]   /opt/rustwide/target/release/build/odgi-ffi-c35ce79dfad3c03e/out/build/sdsl-lite-prefix/src/sdsl-lite-build/lib/../include/sdsl/int_vector.hpp:1426:8: warning: type qualifiers ignored on function return type [-Wignored-qualifiers]
[INFO] [stderr]    1426 | inline auto
[INFO] [stderr]         |        ^~~~
[INFO] [stderr]   /opt/rustwide/target/release/build/odgi-ffi-c35ce79dfad3c03e/out/build/sdsl-lite-prefix/src/sdsl-lite-build/lib/../include/sdsl/int_vector.hpp:1434:8: warning: type qualifiers ignored on function return type [-Wignored-qualifiers]
[INFO] [stderr]    1434 | inline auto
[INFO] [stderr]         |        ^~~~
[INFO] [stderr]   /opt/rustwide/target/release/build/odgi-ffi-c35ce79dfad3c03e/out/build/sdsl-lite-prefix/src/sdsl-lite-build/lib/../include/sdsl/int_vector.hpp:1442:8: warning: type qualifiers ignored on function return type [-Wignored-qualifiers]
[INFO] [stderr]    1442 | inline auto
[INFO] [stderr]         |        ^~~~
[INFO] [stderr]   In file included from /opt/rustwide/target/release/build/odgi-ffi-c35ce79dfad3c03e/out/build/sdsl-lite-prefix/src/sdsl-lite-build/lib/../include/sdsl/csa_alphabet_strategy.hpp:50,
[INFO] [stderr]                    from /opt/rustwide/target/release/build/odgi-ffi-c35ce79dfad3c03e/out/odgi-source-for-build/deps/sdsl-lite/lib/csa_alphabet_strategy.cpp:17:
[INFO] [stderr]   /opt/rustwide/target/release/build/odgi-ffi-c35ce79dfad3c03e/out/build/sdsl-lite-prefix/src/sdsl-lite-build/lib/../include/sdsl/int_vector.hpp:1402:8: warning: type qualifiers ignored on function return type [-Wignored-qualifiers]
[INFO] [stderr]    1402 | inline auto
[INFO] [stderr]         |        ^~~~
[INFO] [stderr]   /opt/rustwide/target/release/build/odgi-ffi-c35ce79dfad3c03e/out/build/sdsl-lite-prefix/src/sdsl-lite-build/lib/../include/sdsl/int_vector.hpp:1410:8: warning: type qualifiers ignored on function return type [-Wignored-qualifiers]
[INFO] [stderr]    1410 | inline auto
[INFO] [stderr]         |        ^~~~
[INFO] [stderr]   /opt/rustwide/target/release/build/odgi-ffi-c35ce79dfad3c03e/out/build/sdsl-lite-prefix/src/sdsl-lite-build/lib/../include/sdsl/int_vector.hpp:1418:8: warning: type qualifiers ignored on function return type [-Wignored-qualifiers]
[INFO] [stderr]    1418 | inline auto
[INFO] [stderr]         |        ^~~~
[INFO] [stderr]   /opt/rustwide/target/release/build/odgi-ffi-c35ce79dfad3c03e/out/build/sdsl-lite-prefix/src/sdsl-lite-build/lib/../include/sdsl/int_vector.hpp:1426:8: warning: type qualifiers ignored on function return type [-Wignored-qualifiers]
[INFO] [stderr]    1426 | inline auto
[INFO] [stderr]         |        ^~~~
[INFO] [stderr]   /opt/rustwide/target/release/build/odgi-ffi-c35ce79dfad3c03e/out/build/sdsl-lite-prefix/src/sdsl-lite-build/lib/../include/sdsl/int_vector.hpp:1434:8: warning: type qualifiers ignored on function return type [-Wignored-qualifiers]
[INFO] [stderr]    1434 | inline auto
[INFO] [stderr]         |        ^~~~
[INFO] [stderr]   /opt/rustwide/target/release/build/odgi-ffi-c35ce79dfad3c03e/out/build/sdsl-lite-prefix/src/sdsl-lite-build/lib/../include/sdsl/int_vector.hpp:1442:8: warning: type qualifiers ignored on function return type [-Wignored-qualifiers]
[INFO] [stderr]    1442 | inline auto
[INFO] [stderr]         |        ^~~~
[INFO] [stderr]   In file included from /opt/rustwide/target/release/build/odgi-ffi-c35ce79dfad3c03e/out/build/sdsl-lite-prefix/src/sdsl-lite-build/lib/../include/sdsl/lcp.hpp:26,
[INFO] [stderr]                    from /opt/rustwide/target/release/build/odgi-ffi-c35ce79dfad3c03e/out/build/sdsl-lite-prefix/src/sdsl-lite-build/lib/../include/sdsl/lcp_support_tree.hpp:4,
[INFO] [stderr]                    from /opt/rustwide/target/release/build/odgi-ffi-c35ce79dfad3c03e/out/odgi-source-for-build/deps/sdsl-lite/lib/lcp_support_tree.cpp:1:
[INFO] [stderr]   /opt/rustwide/target/release/build/odgi-ffi-c35ce79dfad3c03e/out/build/sdsl-lite-prefix/src/sdsl-lite-build/lib/../include/sdsl/int_vector.hpp:1402:8: warning: type qualifiers ignored on function return type [-Wignored-qualifiers]
[INFO] [stderr]    1402 | inline auto
[INFO] [stderr]         |        ^~~~
[INFO] [stderr]   /opt/rustwide/target/release/build/odgi-ffi-c35ce79dfad3c03e/out/build/sdsl-lite-prefix/src/sdsl-lite-build/lib/../include/sdsl/int_vector.hpp:1410:8: warning: type qualifiers ignored on function return type [-Wignored-qualifiers]
[INFO] [stderr]    1410 | inline auto
[INFO] [stderr]         |        ^~~~
[INFO] [stderr]   /opt/rustwide/target/release/build/odgi-ffi-c35ce79dfad3c03e/out/build/sdsl-lite-prefix/src/sdsl-lite-build/lib/../include/sdsl/int_vector.hpp:1418:8: warning: type qualifiers ignored on function return type [-Wignored-qualifiers]
[INFO] [stderr]    1418 | inline auto
[INFO] [stderr]         |        ^~~~
[INFO] [stderr]   /opt/rustwide/target/release/build/odgi-ffi-c35ce79dfad3c03e/out/build/sdsl-lite-prefix/src/sdsl-lite-build/lib/../include/sdsl/int_vector.hpp:1426:8: warning: type qualifiers ignored on function return type [-Wignored-qualifiers]
[INFO] [stderr]    1426 | inline auto
[INFO] [stderr]         |        ^~~~
[INFO] [stderr]   /opt/rustwide/target/release/build/odgi-ffi-c35ce79dfad3c03e/out/build/sdsl-lite-prefix/src/sdsl-lite-build/lib/../include/sdsl/int_vector.hpp:1434:8: warning: type qualifiers ignored on function return type [-Wignored-qualifiers]
[INFO] [stderr]    1434 | inline auto
[INFO] [stderr]         |        ^~~~
[INFO] [stderr]   /opt/rustwide/target/release/build/odgi-ffi-c35ce79dfad3c03e/out/build/sdsl-lite-prefix/src/sdsl-lite-build/lib/../include/sdsl/int_vector.hpp:1442:8: warning: type qualifiers ignored on function return type [-Wignored-qualifiers]
[INFO] [stderr]    1442 | inline auto
[INFO] [stderr]         |        ^~~~
[INFO] [stderr]   In file included from /opt/rustwide/target/release/build/odgi-ffi-c35ce79dfad3c03e/out/build/sdsl-lite-prefix/src/sdsl-lite-build/lib/../include/sdsl/louds_tree.hpp:11,
[INFO] [stderr]                    from /opt/rustwide/target/release/build/odgi-ffi-c35ce79dfad3c03e/out/odgi-source-for-build/deps/sdsl-lite/lib/louds_tree.cpp:1:
[INFO] [stderr]   /opt/rustwide/target/release/build/odgi-ffi-c35ce79dfad3c03e/out/build/sdsl-lite-prefix/src/sdsl-lite-build/lib/../include/sdsl/int_vector.hpp:1402:8: warning: type qualifiers ignored on function return type [-Wignored-qualifiers]
[INFO] [stderr]    1402 | inline auto
[INFO] [stderr]         |        ^~~~
[INFO] [stderr]   /opt/rustwide/target/release/build/odgi-ffi-c35ce79dfad3c03e/out/build/sdsl-lite-prefix/src/sdsl-lite-build/lib/../include/sdsl/int_vector.hpp:1410:8: warning: type qualifiers ignored on function return type [-Wignored-qualifiers]
[INFO] [stderr]    1410 | inline auto
[INFO] [stderr]         |        ^~~~
[INFO] [stderr]   /opt/rustwide/target/release/build/odgi-ffi-c35ce79dfad3c03e/out/build/sdsl-lite-prefix/src/sdsl-lite-build/lib/../include/sdsl/int_vector.hpp:1418:8: warning: type qualifiers ignored on function return type [-Wignored-qualifiers]
[INFO] [stderr]    1418 | inline auto
[INFO] [stderr]         |        ^~~~
[INFO] [stderr]   /opt/rustwide/target/release/build/odgi-ffi-c35ce79dfad3c03e/out/build/sdsl-lite-prefix/src/sdsl-lite-build/lib/../include/sdsl/int_vector.hpp:1426:8: warning: type qualifiers ignored on function return type [-Wignored-qualifiers]
[INFO] [stderr]    1426 | inline auto
[INFO] [stderr]         |        ^~~~
[INFO] [stderr]   /opt/rustwide/target/release/build/odgi-ffi-c35ce79dfad3c03e/out/build/sdsl-lite-prefix/src/sdsl-lite-build/lib/../include/sdsl/int_vector.hpp:1434:8: warning: type qualifiers ignored on function return type [-Wignored-qualifiers]
[INFO] [stderr]    1434 | inline auto
[INFO] [stderr]         |        ^~~~
[INFO] [stderr]   /opt/rustwide/target/release/build/odgi-ffi-c35ce79dfad3c03e/out/build/sdsl-lite-prefix/src/sdsl-lite-build/lib/../include/sdsl/int_vector.hpp:1442:8: warning: type qualifiers ignored on function return type [-Wignored-qualifiers]
[INFO] [stderr]    1442 | inline auto
[INFO] [stderr]         |        ^~~~
[INFO] [stderr]   /opt/rustwide/target/release/build/odgi-ffi-c35ce79dfad3c03e/out/build/sdsl-lite-prefix/src/sdsl-lite-build/lib/../include/sdsl/louds_tree.hpp: In member function 'void sdsl::louds_tree<bit_vec_t, select_1_t, select_0_t>::swap(sdsl::louds_tree<bit_vec_t, select_1_t, select_0_t>&)':
[INFO] [stderr]   /opt/rustwide/target/release/build/odgi-ffi-c35ce79dfad3c03e/out/build/sdsl-lite-prefix/src/sdsl-lite-build/lib/../include/sdsl/louds_tree.hpp:182:51: error: 'class sdsl::louds_tree<bit_vec_t, select_1_t, select_0_t>' has no member named 'm_select1'; did you mean 'm_bv_select1'? [-Wtemplate-body]
[INFO] [stderr]     182 |             util::swap_support(m_bv_select1, tree.m_select1, &m_bv, &(tree.m_bv));
[INFO] [stderr]         |                                                   ^~~~~~~~~
[INFO] [stderr]         |                                                   m_bv_select1
[INFO] [stderr]   /opt/rustwide/target/release/build/odgi-ffi-c35ce79dfad3c03e/out/build/sdsl-lite-prefix/src/sdsl-lite-build/lib/../include/sdsl/louds_tree.hpp:183:51: error: 'class sdsl::louds_tree<bit_vec_t, select_1_t, select_0_t>' has no member named 'm_select0'; did you mean 'm_bv_select0'? [-Wtemplate-body]
[INFO] [stderr]     183 |             util::swap_support(m_bv_select0, tree.m_select0, &m_bv, &(tree.m_bv));
[INFO] [stderr]         |                                                   ^~~~~~~~~
[INFO] [stderr]         |                                                   m_bv_select0
[INFO] [stderr]   gmake[5]: *** [lib/CMakeFiles/sdsl.dir/build.make:289: lib/CMakeFiles/sdsl.dir/louds_tree.cpp.o] Error 1
[INFO] [stderr]   gmake[5]: *** Waiting for unfinished jobs....
[INFO] [stderr]   In file included from /opt/rustwide/target/release/build/odgi-ffi-c35ce79dfad3c03e/out/build/sdsl-lite-prefix/src/sdsl-lite-build/lib/../include/sdsl/nn_dict_dynamic.hpp:25,
[INFO] [stderr]                    from /opt/rustwide/target/release/build/odgi-ffi-c35ce79dfad3c03e/out/odgi-source-for-build/deps/sdsl-lite/lib/nn_dict_dynamic.cpp:1:
[INFO] [stderr]   /opt/rustwide/target/release/build/odgi-ffi-c35ce79dfad3c03e/out/build/sdsl-lite-prefix/src/sdsl-lite-build/lib/../include/sdsl/int_vector.hpp:1402:8: warning: type qualifiers ignored on function return type [-Wignored-qualifiers]
[INFO] [stderr]    1402 | inline auto
[INFO] [stderr]         |        ^~~~
[INFO] [stderr]   /opt/rustwide/target/release/build/odgi-ffi-c35ce79dfad3c03e/out/build/sdsl-lite-prefix/src/sdsl-lite-build/lib/../include/sdsl/int_vector.hpp:1410:8: warning: type qualifiers ignored on function return type [-Wignored-qualifiers]
[INFO] [stderr]    1410 | inline auto
[INFO] [stderr]         |        ^~~~
[INFO] [stderr]   /opt/rustwide/target/release/build/odgi-ffi-c35ce79dfad3c03e/out/build/sdsl-lite-prefix/src/sdsl-lite-build/lib/../include/sdsl/int_vector.hpp:1418:8: warning: type qualifiers ignored on function return type [-Wignored-qualifiers]
[INFO] [stderr]    1418 | inline auto
[INFO] [stderr]         |        ^~~~
[INFO] [stderr]   /opt/rustwide/target/release/build/odgi-ffi-c35ce79dfad3c03e/out/build/sdsl-lite-prefix/src/sdsl-lite-build/lib/../include/sdsl/int_vector.hpp:1426:8: warning: type qualifiers ignored on function return type [-Wignored-qualifiers]
[INFO] [stderr]    1426 | inline auto
[INFO] [stderr]         |        ^~~~
[INFO] [stderr]   /opt/rustwide/target/release/build/odgi-ffi-c35ce79dfad3c03e/out/build/sdsl-lite-prefix/src/sdsl-lite-build/lib/../include/sdsl/int_vector.hpp:1434:8: warning: type qualifiers ignored on function return type [-Wignored-qualifiers]
[INFO] [stderr]    1434 | inline auto
[INFO] [stderr]         |        ^~~~
[INFO] [stderr]   /opt/rustwide/target/release/build/odgi-ffi-c35ce79dfad3c03e/out/build/sdsl-lite-prefix/src/sdsl-lite-build/lib/../include/sdsl/int_vector.hpp:1442:8: warning: type qualifiers ignored on function return type [-Wignored-qualifiers]
[INFO] [stderr]    1442 | inline auto
[INFO] [stderr]         |        ^~~~
[INFO] [stderr]   gmake[4]: *** [CMakeFiles/Makefile2:719: lib/CMakeFiles/sdsl.dir/all] Error 2
[INFO] [stderr]   gmake[3]: *** [Makefile:156: all] Error 2
[INFO] [stderr]   gmake[2]: *** [CMakeFiles/sdsl-lite.dir/build.make:86: sdsl-lite-prefix/src/sdsl-lite-stamp/sdsl-lite-build] Error 2
[INFO] [stderr]   gmake[1]: *** [CMakeFiles/Makefile2:261: CMakeFiles/sdsl-lite.dir/all] Error 2
[INFO] [stderr]   gmake: *** [Makefile:146: all] Error 2
[INFO] [stderr] 
[INFO] [stderr]   thread 'main' (460) panicked at /opt/rustwide/cargo-home/registry/src/index.crates.io-1949cf8c6b5b557f/cmake-0.1.54/src/lib.rs:1119:5:
[INFO] [stderr] 
[INFO] [stderr]   command did not execute successfully, got: exit status: 2
[INFO] [stderr] 
[INFO] [stderr]   build script failed, must exit now
[INFO] [stderr]   stack backtrace:
[INFO] [stderr]      0:     0x6357d7953191 - <<std[70759c8f55707aa4]::sys::backtrace::BacktraceLock>::print::DisplayBacktrace as core[df12db4294e9bfd3]::fmt::Display>::fmt
[INFO] [stderr]      1:     0x6357d796928a - core[df12db4294e9bfd3]::fmt::write
[INFO] [stderr]      2:     0x6357d79598ac - <std[70759c8f55707aa4]::sys::stdio::unix::Stderr as core[df12db4294e9bfd3]::io::write::Write>::write_fmt
[INFO] [stderr]      3:     0x6357d792ff76 - std[70759c8f55707aa4]::panicking::default_hook::{closure#0}
[INFO] [stderr]      4:     0x6357d794c2d1 - std[70759c8f55707aa4]::panicking::default_hook
[INFO] [stderr]      5:     0x6357d794c5fb - std[70759c8f55707aa4]::panicking::panic_with_hook
[INFO] [stderr]      6:     0x6357d7930022 - std[70759c8f55707aa4]::panicking::panic_handler::{closure#0}
[INFO] [stderr]      7:     0x6357d79287a9 - std[70759c8f55707aa4]::sys::backtrace::__rust_end_short_backtrace::<std[70759c8f55707aa4]::panicking::panic_handler::{closure#0}, !>
[INFO] [stderr]      8:     0x6357d7930a9d - __rustc[8fa7c3cbc660c2b3]::rust_begin_unwind
[INFO] [stderr]      9:     0x6357d7969aac - core[df12db4294e9bfd3]::panicking::panic_fmt
[INFO] [stderr]     10:     0x6357d78ad7e7 - cmake[9192c2a8e5c64914]::fail
[INFO] [stderr]     11:     0x6357d78ad473 - cmake[9192c2a8e5c64914]::run
[INFO] [stderr]     12:     0x6357d78b32c4 - <cmake[9192c2a8e5c64914]::Config>::build
[INFO] [stderr]     13:     0x6357d766458c - build_script_build[1343d4418b014d5c]::main
[INFO] [stderr]     14:     0x6357d7666dd3 - <fn() as core[df12db4294e9bfd3]::ops::function::FnOnce<()>>::call_once
[INFO] [stderr]     15:     0x6357d7663dee - std[70759c8f55707aa4]::sys::backtrace::__rust_begin_short_backtrace::<fn(), ()>
[INFO] [stderr]     16:     0x6357d76641f9 - std[70759c8f55707aa4]::rt::lang_start::<()>::{closure#0}
[INFO] [stderr]     17:     0x6357d794b589 - std[70759c8f55707aa4]::rt::lang_start_internal
[INFO] [stderr]     18:     0x6357d7663761 - std[70759c8f55707aa4]::rt::lang_start::<()>
[INFO] [stderr]     19:     0x6357d7666f85 - main
[INFO] [stderr]     20:     0x708ec48f8601 - <unknown>
[INFO] [stderr]     21:     0x708ec48f8718 - __libc_start_main
[INFO] [stderr]     22:     0x6357d765dc35 - _start
[INFO] [stderr]     23:                0x0 - <unknown>
[INFO] running `Command { std: "docker" "inspect" "d3559d81ac822da6ab28205ea49ed4b9512fbdf28b8cdb6d787b5f806d7a4a55", kill_on_drop: false }`
[INFO] running `Command { std: "docker" "rm" "-f" "d3559d81ac822da6ab28205ea49ed4b9512fbdf28b8cdb6d787b5f806d7a4a55", kill_on_drop: false }`
[INFO] [stdout] d3559d81ac822da6ab28205ea49ed4b9512fbdf28b8cdb6d787b5f806d7a4a55
