[INFO] fetching crate odbc-tools 1.1.1...
[INFO] testing odbc-tools-1.1.1 against 1.99.0-beta.8+cargoflags=--release for beta-release-1.100-2
[INFO] extracting crate odbc-tools 1.1.1 into /workspace/builds/worker-3-tc1/source
[INFO] started tweaking crates.io crate odbc-tools 1.1.1
[INFO] finished tweaking crates.io crate odbc-tools 1.1.1
[INFO] tweaked toml for crates.io crate odbc-tools 1.1.1 written to /workspace/builds/worker-3-tc1/source/Cargo.toml
[INFO] validating manifest of crates.io crate odbc-tools 1.1.1 on toolchain 1.99.0-beta.8
[INFO] running `Command { std: CARGO_HOME="/workspace/cargo-home" RUSTUP_HOME="/workspace/rustup-home" "/workspace/cargo-home/bin/cargo" "+1.99.0-beta.8" "metadata" "--manifest-path" "Cargo.toml" "--no-deps", kill_on_drop: false }`
[INFO] crate crates.io crate odbc-tools 1.1.1 already has a lockfile, it will not be regenerated
[INFO] running `Command { std: CARGO_HOME="/workspace/cargo-home" RUSTUP_HOME="/workspace/rustup-home" "/workspace/cargo-home/bin/cargo" "+1.99.0-beta.8" "fetch" "--manifest-path" "Cargo.toml", kill_on_drop: false }`
[INFO] [stderr]     Updating crates.io index
[INFO] [stderr]  Downloading crates ...
[INFO] [stderr]   Downloaded structopt v0.3.8
[INFO] [stderr]   Downloaded structopt-derive v0.4.1
[INFO] [stderr]   Downloaded ansi_term v0.11.0
[INFO] [stderr]   Downloaded quote v1.0.2
[INFO] [stderr]   Downloaded proc-macro2 v1.0.8
[INFO] [stderr]   Downloaded proc-macro-error-attr v0.4.5
[INFO] [stderr]   Downloaded vec_map v0.8.1
[INFO] [stderr]   Downloaded autocfg v1.0.0
[INFO] [stderr]   Downloaded odbc-avro v0.2.1
[INFO] [stderr]   Downloaded syn-mid v0.4.0
[INFO] [stderr]   Downloaded hermit-abi v0.1.6
[INFO] [stderr]   Downloaded odbc-sys v0.6.3
[INFO] [stderr]   Downloaded ensure v0.2.2
[INFO] [stderr]   Downloaded adler32 v1.0.4
[INFO] [stderr]   Downloaded tap v0.3.1
[INFO] [stderr]   Downloaded failure_derive v0.1.6
[INFO] [stderr]   Downloaded cotton v0.0.3
[INFO] [stderr]   Downloaded problem v5.3.0
[INFO] [stderr]   Downloaded proc-macro-error v0.4.5
[INFO] [stderr]   Downloaded itoa v0.4.4
[INFO] [stderr]   Downloaded num v0.2.1
[INFO] [stderr]   Downloaded thread_local v1.0.1
[INFO] [stderr]   Downloaded either v1.5.3
[INFO] [stderr]   Downloaded rustversion v1.0.1
[INFO] [stderr]   Downloaded odbc-iter v0.2.5
[INFO] [stderr]   Downloaded num-integer v0.1.42
[INFO] [stderr]   Downloaded num-iter v0.1.40
[INFO] [stderr]   Downloaded byteorder v1.3.2
[INFO] [stderr]   Downloaded memchr v2.3.0
[INFO] [stderr]   Downloaded odbc v0.13.0
[INFO] [stderr]   Downloaded time v0.1.42
[INFO] [stderr]   Downloaded synstructure v0.12.3
[INFO] [stderr]   Downloaded rustc-demangle v0.1.16
[INFO] [stderr]   Downloaded generic-array v0.12.3
[INFO] [stderr]   Downloaded unicode-width v0.1.7
[INFO] [stderr]   Downloaded num-rational v0.2.3
[INFO] [stderr]   Downloaded error-context v0.1.2
[INFO] [stderr]   Downloaded ryu v1.0.2
[INFO] [stderr]   Downloaded num-complex v0.2.4
[INFO] [stderr]   Downloaded log v0.4.8
[INFO] [stderr]   Downloaded libflate v0.1.27
[INFO] [stderr]   Downloaded crc32fast v1.2.0
[INFO] [stderr]   Downloaded failure v0.1.6
[INFO] [stderr]   Downloaded typenum v1.11.2
[INFO] [stderr]   Downloaded serde_derive v1.0.104
[INFO] [stderr]   Downloaded rust_decimal v1.1.0
[INFO] [stderr]   Downloaded num-traits v0.2.11
[INFO] [stderr]   Downloaded bytes v0.5.3
[INFO] [stderr]   Downloaded odbc-safe v0.4.1
[INFO] [stderr]   Downloaded rle-decode-fast v1.0.1
[INFO] [stderr]   Downloaded cc v1.0.50
[INFO] [stderr]   Downloaded heck v0.3.1
[INFO] [stderr]   Downloaded avro-rs v0.6.6
[INFO] [stderr]   Downloaded backtrace v0.3.42
[INFO] [stderr]   Downloaded serde_json v1.0.45
[INFO] [stderr]   Downloaded serde v1.0.104
[INFO] [stderr]   Downloaded num-bigint v0.2.5
[INFO] [stderr]   Downloaded unicode-segmentation v1.6.0
[INFO] [stderr]   Downloaded syn v1.0.14
[INFO] [stderr]   Downloaded clap v2.33.0
[INFO] [stderr]   Downloaded aho-corasick v0.7.6
[INFO] [stderr]   Downloaded chrono v0.4.10
[INFO] [stderr]   Downloaded regex v1.3.3
[INFO] [stderr]   Downloaded regex-syntax v0.6.13
[INFO] [stderr]   Downloaded libc v0.2.66
[INFO] [stderr]   Downloaded backtrace-sys v0.1.32
[INFO] running `Command { std: "docker" "create" "-v" "/var/lib/crater-agent-workspace/builds/worker-3-tc1/source:/opt/rustwide/workdir:ro,Z" "-v" "/var/lib/crater-agent-workspace/builds/worker-3-tc1/target:/opt/rustwide/target:rw,Z" "-v" "/var/lib/crater-agent-workspace/cargo-home:/opt/rustwide/cargo-home:ro,Z" "-v" "/var/lib/crater-agent-workspace/rustup-home:/opt/rustwide/rustup-home:ro,Z" "-m" "1610612736" "--network" "none" "ghcr.io/rust-lang/crates-build-env/linux@sha256:77db811e55d90add9212f6832c23229e3de5f1c1f9905e8cb07319ea15df73ac" "sleep" "infinity", kill_on_drop: false }`
[INFO] [stdout] 56246d4477fabbb4ef2cc613ceeb37f4c34323d7015cbbf760246a8c98ed1825
[INFO] running `Command { std: "docker" "start" "56246d4477fabbb4ef2cc613ceeb37f4c34323d7015cbbf760246a8c98ed1825", kill_on_drop: false }`
[INFO] running `Command { std: "docker" "inspect" "56246d4477fabbb4ef2cc613ceeb37f4c34323d7015cbbf760246a8c98ed1825", kill_on_drop: false }`
[INFO] running `Command { std: "docker" "exec" "-e" "SOURCE_DIR=/opt/rustwide/workdir" "-e" "CARGO_HOME=/opt/rustwide/cargo-home" "-e" "RUSTUP_HOME=/opt/rustwide/rustup-home" "-e" "CARGO_TARGET_DIR=/opt/rustwide/target" "-w" "/opt/rustwide/workdir" "--user" "0:0" "56246d4477fabbb4ef2cc613ceeb37f4c34323d7015cbbf760246a8c98ed1825" "/opt/rustwide/cargo-home/bin/cargo" "+1.99.0-beta.8" "metadata" "--no-deps" "--format-version=1", kill_on_drop: false }`
[INFO] running `Command { std: "docker" "inspect" "56246d4477fabbb4ef2cc613ceeb37f4c34323d7015cbbf760246a8c98ed1825", kill_on_drop: false }`
[INFO] running `Command { std: "docker" "exec" "-e" "SOURCE_DIR=/opt/rustwide/workdir" "-e" "CARGO_HOME=/opt/rustwide/cargo-home" "-e" "RUSTUP_HOME=/opt/rustwide/rustup-home" "-e" "CARGO_TARGET_DIR=/opt/rustwide/target" "-e" "CARGO_INCREMENTAL=0" "-e" "RUST_BACKTRACE=full" "-e" "RUSTFLAGS=--cap-lints=warn" "-e" "RUSTDOCFLAGS=--cap-lints=warn" "-w" "/opt/rustwide/workdir" "--user" "0:0" "56246d4477fabbb4ef2cc613ceeb37f4c34323d7015cbbf760246a8c98ed1825" "/opt/rustwide/cargo-home/bin/cargo" "+1.99.0-beta.8" "build" "--frozen" "--message-format=json" "--release", kill_on_drop: false }`
[INFO] [stderr]    Compiling autocfg v1.0.0
[INFO] [stderr]    Compiling proc-macro2 v1.0.8
[INFO] [stderr]    Compiling unicode-xid v0.2.0
[INFO] [stderr]    Compiling syn v1.0.14
[INFO] [stderr]    Compiling libc v0.2.66
[INFO] [stderr]    Compiling cc v1.0.50
[INFO] [stderr]    Compiling log v0.4.8
[INFO] [stderr]    Compiling serde v1.0.104
[INFO] [stderr]    Compiling ryu v1.0.2
[INFO] [stderr]    Compiling memchr v2.3.0
[INFO] [stderr]    Compiling lazy_static v1.4.0
[INFO] [stderr]    Compiling odbc-sys v0.6.3
[INFO] [stderr]    Compiling typenum v1.11.2
[INFO] [stderr]    Compiling rustc-demangle v0.1.16
[INFO] [stderr]    Compiling bitflags v1.2.1
[INFO] [stderr]    Compiling num-traits v0.2.11
[INFO] [stderr]    Compiling num-integer v0.1.42
[INFO] [stderr]    Compiling num-bigint v0.2.5
[INFO] [stderr]    Compiling num-iter v0.1.40
[INFO] [stderr]    Compiling num-complex v0.2.4
[INFO] [stderr]    Compiling num-rational v0.2.3
[INFO] [stderr]    Compiling crc32fast v1.2.0
[INFO] [stderr]    Compiling byteorder v1.3.2
[INFO] [stderr]    Compiling failure_derive v0.1.6
[INFO] [stderr]    Compiling time v0.1.42
[INFO] [stderr]    Compiling quote v1.0.2
[INFO] [stderr]    Compiling backtrace-sys v0.1.32
[INFO] [stderr]    Compiling itoa v0.4.4
[INFO] [stderr]    Compiling unicode-width v0.1.7
[INFO] [stderr]    Compiling unicode-segmentation v1.6.0
[INFO] [stderr]    Compiling generic-array v0.12.3
[INFO] [stderr]    Compiling textwrap v0.11.0
[INFO] [stderr]    Compiling aho-corasick v0.7.6
[INFO] [stderr]    Compiling heck v0.3.1
[INFO] [stderr]    Compiling chrono v0.4.10
[INFO] [stderr]    Compiling odbc-safe v0.4.1
[INFO] [stderr]    Compiling atty v0.2.14
[INFO] [stderr]    Compiling thread_local v1.0.1
[INFO] [stderr]    Compiling bytes v0.5.3
[INFO] [stderr]    Compiling strsim v0.8.0
[INFO] [stderr]    Compiling rle-decode-fast v1.0.1
[INFO] [stderr]    Compiling regex-syntax v0.6.13
[INFO] [stderr]    Compiling vec_map v0.8.1
[INFO] [stderr]    Compiling adler32 v1.0.4
[INFO] [stderr]    Compiling take_mut v0.2.2
[INFO] [stderr]    Compiling num v0.2.1
[INFO] [stderr]    Compiling ansi_term v0.11.0
[INFO] [stderr]    Compiling clap v2.33.0
[INFO] [stderr]    Compiling libflate v0.1.27
[INFO] [stderr]    Compiling backtrace v0.3.42
[INFO] [stderr]    Compiling odbc v0.13.0
[INFO] [stderr]    Compiling digest v0.8.1
[INFO] [stderr]    Compiling rand v0.4.6
[INFO] [stderr]    Compiling regex v1.3.3
[INFO] [stderr]    Compiling syn-mid v0.4.0
[INFO] [stderr]    Compiling synstructure v0.12.3
[INFO] [stderr]    Compiling either v1.5.3
[INFO] [stderr]    Compiling error-context v0.1.2
[INFO] [stderr]    Compiling itertools v0.8.2
[INFO] [stderr]    Compiling problem v5.3.0
[INFO] [stderr]    Compiling tap v0.3.1
[INFO] [stderr]    Compiling boolinator v2.4.0
[INFO] [stderr]    Compiling ensure v0.2.2
[INFO] [stderr]    Compiling rustversion v1.0.1
[INFO] [stderr]    Compiling serde_derive v1.0.104
[INFO] [stderr]    Compiling proc-macro-error v0.4.5
[INFO] [stderr]    Compiling proc-macro-error-attr v0.4.5
[INFO] [stderr]    Compiling structopt-derive v0.4.1
[INFO] [stderr]    Compiling failure v0.1.6
[INFO] [stderr]    Compiling structopt v0.3.8
[INFO] [stderr]    Compiling cotton v0.0.3
[INFO] [stderr]    Compiling serde_json v1.0.45
[INFO] [stderr]    Compiling rust_decimal v1.1.0
[INFO] [stderr]    Compiling avro-rs v0.6.6
[INFO] [stderr]    Compiling odbc-iter v0.2.5
[INFO] [stderr]    Compiling odbc-avro v0.2.1
[INFO] [stderr]    Compiling odbc-tools v1.1.1 (/opt/rustwide/workdir)
[INFO] [stdout] error: linking with `cc` failed: exit status: 1
[INFO] [stdout]   |
[INFO] [stdout]   = note:  "cc" "-m64" "/opt/rustwide/target/release/deps/rustczISSc8/symbols.o" "<2 object files omitted>" "-Wl,--as-needed" "-Wl,-Bstatic" "/opt/rustwide/target/release/deps/{libodbc_iter-732d32abc1da343a,libserde_json-256c62381187e235,libryu-6824524415bd5a0e,libitoa-c9f4b8fe951e4ac9,librust_decimal-67b98163612f9817,libserde-f6667521fef3297f,libnum-a2c367f73af5849f,libnum_rational-112089f4b6de0be0,libnum_iter-d97444f59859172f,libnum_complex-54ddec929420926b,libnum_bigint-77625c704ef528f4,libregex-10acff5ea116a1bd,libthread_local-9456af524bef5229,libregex_syntax-4b72c027e77c24f7,libaho_corasick-9edc09e219b5ca27,libmemchr-3639ebd85ac3d169,libodbc-8cae9a072af1c9c8,libodbc_safe-0796e7b3594c4753,libodbc_sys-28babcabf9989fd3,liberror_context-1500cf380ea411a0,libcotton-09bc06e8c8abb71e,libtap-205fb9e902731322,libitertools-ef49765ae55f2abc,libeither-1a310a4d94a60acb,libboolinator-8765e0b3500b03db,libstructopt-7a35831054e21945,liblazy_static-480433dca0d17907,libclap-54ec8569f77f0e97,libvec_map-bffd01e937617676,libtextwrap-554c40f6e3be9ac4,libunicode_width-b1a411dc4117eea8,libstrsim-a9397c47b6022ed0,libbitflags-a7685ea2c2c46ab3,libatty-d6e0f67043c35a3d,libproblem-f75304c2aa10deb4,libbacktrace-6964afa5ee1852c3,libbacktrace_sys-e8eeab982e1230b4,librustc_demangle-6f503c0c870134b9,libchrono-479303a31dff968e,libnum_integer-1f1b7378979c4955,libnum_traits-95a2b0f6d4b49263,libtime-ead9812d1a1d5418,liblibc-709bd232e9dd8899,libansi_term-b862d686b521bf39,liblog-d08bb5cac237ae71,libcfg_if-6ffcd2bb3ed34b7c}.rlib" "<sysroot>/lib/rustlib/x86_64-unknown-linux-gnu/lib/{libstd-*,libpanic_unwind-*,libobject-*,libmemchr-*,libaddr2line-*,libgimli-*,libcfg_if-*,librustc_demangle-*,libstd_detect-*,libhashbrown-*,librustc_std_workspace_alloc-*,libminiz_oxide-*,libadler2-*,libunwind-*,liblibc-*,librustc_std_workspace_core-*,liballoc-*,libcore-*,libcompiler_builtins-*}.rlib" "-Wl,-Bdynamic" "-lodbc" "-lutil" "-lgcc_s" "-lutil" "-lrt" "-lpthread" "-lm" "-ldl" "-lc" "-L" "/opt/rustwide/target/release/deps/rustczISSc8/raw-dylibs" "-B<sysroot>/lib/rustlib/x86_64-unknown-linux-gnu/bin/gcc-ld" "-fuse-ld=lld" "-Wl,--eh-frame-hdr" "-Wl,-z,noexecstack" "-L" "/opt/rustwide/target/release/build/backtrace-sys-21b719f46ebd8950/out" "-L" "<sysroot>/lib/rustlib/x86_64-unknown-linux-gnu/lib" "-o" "/opt/rustwide/target/release/deps/odbc_drivers-e63ea7b8b8b98f1c" "-Wl,--gc-sections" "-pie" "-Wl,-z,relro,-z,now" "-Wl,-O1" "-Wl,--strip-debug" "-nodefaultlibs"
[INFO] [stdout]   = note: some arguments are omitted. use `--verbose` to show all linker arguments
[INFO] [stdout]   = note: rust-lld: error: unable to find library -lodbc
[INFO] [stdout]           collect2: error: ld returned 1 exit status
[INFO] [stdout]           
[INFO] [stdout] 
[INFO] [stdout] 
[INFO] [stderr] error: could not compile `odbc-tools` (bin "odbc-drivers") due to 1 previous error
[INFO] [stderr] warning: build failed, waiting for other jobs to finish...
[INFO] [stdout] error: linking with `cc` failed: exit status: 1
[INFO] [stdout]   |
[INFO] [stdout]   = note:  "cc" "-m64" "/opt/rustwide/target/release/deps/rustc4eHoEM/symbols.o" "<10 object files omitted>" "-Wl,--as-needed" "-Wl,-Bstatic" "/opt/rustwide/target/release/deps/{libodbc_iter-732d32abc1da343a,libserde_json-256c62381187e235,libryu-6824524415bd5a0e,libitoa-c9f4b8fe951e4ac9,librust_decimal-67b98163612f9817,libserde-f6667521fef3297f,libnum-a2c367f73af5849f,libnum_rational-112089f4b6de0be0,libnum_iter-d97444f59859172f,libnum_complex-54ddec929420926b,libnum_bigint-77625c704ef528f4,libregex-10acff5ea116a1bd,libthread_local-9456af524bef5229,libregex_syntax-4b72c027e77c24f7,libaho_corasick-9edc09e219b5ca27,libmemchr-3639ebd85ac3d169,libodbc-8cae9a072af1c9c8,libodbc_safe-0796e7b3594c4753,libodbc_sys-28babcabf9989fd3,liberror_context-1500cf380ea411a0,libcotton-09bc06e8c8abb71e,libtap-205fb9e902731322,libitertools-ef49765ae55f2abc,libeither-1a310a4d94a60acb,libboolinator-8765e0b3500b03db,libstructopt-7a35831054e21945,liblazy_static-480433dca0d17907,libclap-54ec8569f77f0e97,libvec_map-bffd01e937617676,libtextwrap-554c40f6e3be9ac4,libunicode_width-b1a411dc4117eea8,libstrsim-a9397c47b6022ed0,libbitflags-a7685ea2c2c46ab3,libatty-d6e0f67043c35a3d,libproblem-f75304c2aa10deb4,libbacktrace-6964afa5ee1852c3,libbacktrace_sys-e8eeab982e1230b4,librustc_demangle-6f503c0c870134b9,libchrono-479303a31dff968e,libnum_integer-1f1b7378979c4955,libnum_traits-95a2b0f6d4b49263,libtime-ead9812d1a1d5418,liblibc-709bd232e9dd8899,libansi_term-b862d686b521bf39,liblog-d08bb5cac237ae71,libcfg_if-6ffcd2bb3ed34b7c}.rlib" "<sysroot>/lib/rustlib/x86_64-unknown-linux-gnu/lib/{libstd-*,libpanic_unwind-*,libobject-*,libmemchr-*,libaddr2line-*,libgimli-*,libcfg_if-*,librustc_demangle-*,libstd_detect-*,libhashbrown-*,librustc_std_workspace_alloc-*,libminiz_oxide-*,libadler2-*,libunwind-*,liblibc-*,librustc_std_workspace_core-*,liballoc-*,libcore-*,libcompiler_builtins-*}.rlib" "-Wl,-Bdynamic" "-lodbc" "-lutil" "-lgcc_s" "-lutil" "-lrt" "-lpthread" "-lm" "-ldl" "-lc" "-L" "/opt/rustwide/target/release/deps/rustc4eHoEM/raw-dylibs" "-B<sysroot>/lib/rustlib/x86_64-unknown-linux-gnu/bin/gcc-ld" "-fuse-ld=lld" "-Wl,--eh-frame-hdr" "-Wl,-z,noexecstack" "-L" "/opt/rustwide/target/release/build/backtrace-sys-21b719f46ebd8950/out" "-L" "<sysroot>/lib/rustlib/x86_64-unknown-linux-gnu/lib" "-o" "/opt/rustwide/target/release/deps/odbc_script-ffe627d2e11f8b77" "-Wl,--gc-sections" "-pie" "-Wl,-z,relro,-z,now" "-Wl,-O1" "-Wl,--strip-debug" "-nodefaultlibs"
[INFO] [stdout]   = note: some arguments are omitted. use `--verbose` to show all linker arguments
[INFO] [stdout]   = note: rust-lld: error: unable to find library -lodbc
[INFO] [stdout]           collect2: error: ld returned 1 exit status
[INFO] [stdout]           
[INFO] [stdout] 
[INFO] [stdout] 
[INFO] [stderr] error: could not compile `odbc-tools` (bin "odbc-script") due to 1 previous error
[INFO] [stdout] error: linking with `cc` failed: exit status: 1
[INFO] [stdout]   |
[INFO] [stdout]   = note:  "cc" "-m64" "/opt/rustwide/target/release/deps/rustcoW1rDs/symbols.o" "<17 object files omitted>" "-Wl,--as-needed" "-Wl,-Bstatic" "/opt/rustwide/target/release/deps/{libodbc_avro-51e0e1009c342863,libensure-dee23f4c61611032,libavro_rs-3e0b2f1abb82304f,libdigest-820dd1b62c561550,libgeneric_array-cfc0747dc0980d68,libtypenum-0e0889e13385aa05,librand-ed78e25e59a38000,liblibflate-e1bf69cf4508b0f9,libtake_mut-33a2f7969700b798,librle_decode_fast-cbab72e5545ac61d,libcrc32fast-d2fe86eaba1c2f5b,libadler32-fb945f2dfb5c2ba0,libfailure-1c960c2bda294ff0,libodbc_iter-732d32abc1da343a,libserde_json-256c62381187e235,libryu-6824524415bd5a0e,libitoa-c9f4b8fe951e4ac9,librust_decimal-67b98163612f9817,libserde-f6667521fef3297f,libnum-a2c367f73af5849f,libnum_rational-112089f4b6de0be0,libnum_iter-d97444f59859172f,libnum_complex-54ddec929420926b,libnum_bigint-77625c704ef528f4,libregex-10acff5ea116a1bd,libthread_local-9456af524bef5229,libregex_syntax-4b72c027e77c24f7,libaho_corasick-9edc09e219b5ca27,libmemchr-3639ebd85ac3d169,libodbc-8cae9a072af1c9c8,libodbc_safe-0796e7b3594c4753,libodbc_sys-28babcabf9989fd3,liberror_context-1500cf380ea411a0,libcotton-09bc06e8c8abb71e,libtap-205fb9e902731322,libitertools-ef49765ae55f2abc,libeither-1a310a4d94a60acb,libboolinator-8765e0b3500b03db,libstructopt-7a35831054e21945,liblazy_static-480433dca0d17907,libclap-54ec8569f77f0e97,libvec_map-bffd01e937617676,libtextwrap-554c40f6e3be9ac4,libunicode_width-b1a411dc4117eea8,libstrsim-a9397c47b6022ed0,libbitflags-a7685ea2c2c46ab3,libatty-d6e0f67043c35a3d,libproblem-f75304c2aa10deb4,libbacktrace-6964afa5ee1852c3,libbacktrace_sys-e8eeab982e1230b4,librustc_demangle-6f503c0c870134b9,libchrono-479303a31dff968e,libnum_integer-1f1b7378979c4955,libnum_traits-95a2b0f6d4b49263,libtime-ead9812d1a1d5418,liblibc-709bd232e9dd8899,libansi_term-b862d686b521bf39,liblog-d08bb5cac237ae71,libcfg_if-6ffcd2bb3ed34b7c}.rlib" "<sysroot>/lib/rustlib/x86_64-unknown-linux-gnu/lib/{libstd-*,libpanic_unwind-*,libobject-*,libmemchr-*,libaddr2line-*,libgimli-*,libcfg_if-*,librustc_demangle-*,libstd_detect-*,libhashbrown-*,librustc_std_workspace_alloc-*,libminiz_oxide-*,libadler2-*,libunwind-*,liblibc-*,librustc_std_workspace_core-*,liballoc-*,libcore-*,libcompiler_builtins-*}.rlib" "-Wl,-Bdynamic" "-lodbc" "-lutil" "-lgcc_s" "-lutil" "-lrt" "-lpthread" "-lm" "-ldl" "-lc" "-L" "/opt/rustwide/target/release/deps/rustcoW1rDs/raw-dylibs" "-B<sysroot>/lib/rustlib/x86_64-unknown-linux-gnu/bin/gcc-ld" "-fuse-ld=lld" "-Wl,--eh-frame-hdr" "-Wl,-z,noexecstack" "-L" "/opt/rustwide/target/release/build/backtrace-sys-21b719f46ebd8950/out" "-L" "<sysroot>/lib/rustlib/x86_64-unknown-linux-gnu/lib" "-o" "/opt/rustwide/target/release/deps/odbc_query-db90c0c9a060b4da" "-Wl,--gc-sections" "-pie" "-Wl,-z,relro,-z,now" "-Wl,-O1" "-Wl,--strip-debug" "-nodefaultlibs"
[INFO] [stdout]   = note: some arguments are omitted. use `--verbose` to show all linker arguments
[INFO] [stdout]   = note: rust-lld: error: unable to find library -lodbc
[INFO] [stdout]           collect2: error: ld returned 1 exit status
[INFO] [stdout]           
[INFO] [stdout] 
[INFO] [stdout] 
[INFO] [stderr] error: could not compile `odbc-tools` (bin "odbc-query") due to 1 previous error
[INFO] running `Command { std: "docker" "inspect" "56246d4477fabbb4ef2cc613ceeb37f4c34323d7015cbbf760246a8c98ed1825", kill_on_drop: false }`
[INFO] running `Command { std: "docker" "rm" "-f" "56246d4477fabbb4ef2cc613ceeb37f4c34323d7015cbbf760246a8c98ed1825", kill_on_drop: false }`
[INFO] [stdout] 56246d4477fabbb4ef2cc613ceeb37f4c34323d7015cbbf760246a8c98ed1825
