[INFO] fetching crate odbc-api 29.2.0...
[INFO] testing odbc-api-29.2.0 against 1.100.0-beta.1+cargoflags=--release for beta-release-1.100-2
[INFO] extracting crate odbc-api 29.2.0 into /workspace/builds/worker-5-tc2/source
[INFO] started tweaking crates.io crate odbc-api 29.2.0
[INFO] removed 0 missing tests
[INFO] finished tweaking crates.io crate odbc-api 29.2.0
[INFO] tweaked toml for crates.io crate odbc-api 29.2.0 written to /workspace/builds/worker-5-tc2/source/Cargo.toml
[INFO] validating manifest of crates.io crate odbc-api 29.2.0 on toolchain 1.100.0-beta.1
[INFO] running `Command { std: CARGO_HOME="/workspace/cargo-home" RUSTUP_HOME="/workspace/rustup-home" "/workspace/cargo-home/bin/cargo" "+1.100.0-beta.1" "metadata" "--manifest-path" "Cargo.toml" "--no-deps", kill_on_drop: false }`
[INFO] crate crates.io crate odbc-api 29.2.0 already has a lockfile, it will not be regenerated
[INFO] running `Command { std: CARGO_HOME="/workspace/cargo-home" RUSTUP_HOME="/workspace/rustup-home" "/workspace/cargo-home/bin/cargo" "+1.100.0-beta.1" "fetch" "--manifest-path" "Cargo.toml", kill_on_drop: false }`
[INFO] running `Command { std: "docker" "create" "-v" "/var/lib/crater-agent-workspace/builds/worker-5-tc2/source:/opt/rustwide/workdir:ro,Z" "-v" "/var/lib/crater-agent-workspace/builds/worker-5-tc2/target:/opt/rustwide/target:rw,Z" "-v" "/var/lib/crater-agent-workspace/cargo-home:/opt/rustwide/cargo-home:ro,Z" "-v" "/var/lib/crater-agent-workspace/rustup-home:/opt/rustwide/rustup-home:ro,Z" "-m" "1610612736" "--network" "none" "ghcr.io/rust-lang/crates-build-env/linux@sha256:77db811e55d90add9212f6832c23229e3de5f1c1f9905e8cb07319ea15df73ac" "sleep" "infinity", kill_on_drop: false }`
[INFO] [stdout] 96b5b5d90b54102b8aec4e8d45a46897641de463af09fb7e0c9825994560e9a7
[INFO] running `Command { std: "docker" "start" "96b5b5d90b54102b8aec4e8d45a46897641de463af09fb7e0c9825994560e9a7", kill_on_drop: false }`
[INFO] running `Command { std: "docker" "inspect" "96b5b5d90b54102b8aec4e8d45a46897641de463af09fb7e0c9825994560e9a7", kill_on_drop: false }`
[INFO] running `Command { std: "docker" "exec" "-e" "SOURCE_DIR=/opt/rustwide/workdir" "-e" "CARGO_HOME=/opt/rustwide/cargo-home" "-e" "RUSTUP_HOME=/opt/rustwide/rustup-home" "-e" "CARGO_TARGET_DIR=/opt/rustwide/target" "-w" "/opt/rustwide/workdir" "--user" "0:0" "96b5b5d90b54102b8aec4e8d45a46897641de463af09fb7e0c9825994560e9a7" "/opt/rustwide/cargo-home/bin/cargo" "+1.100.0-beta.1" "metadata" "--no-deps" "--format-version=1", kill_on_drop: false }`
[INFO] running `Command { std: "docker" "inspect" "96b5b5d90b54102b8aec4e8d45a46897641de463af09fb7e0c9825994560e9a7", kill_on_drop: false }`
[INFO] running `Command { std: "docker" "exec" "-e" "SOURCE_DIR=/opt/rustwide/workdir" "-e" "CARGO_HOME=/opt/rustwide/cargo-home" "-e" "RUSTUP_HOME=/opt/rustwide/rustup-home" "-e" "CARGO_TARGET_DIR=/opt/rustwide/target" "-e" "CARGO_INCREMENTAL=0" "-e" "RUST_BACKTRACE=full" "-e" "RUSTFLAGS=--cap-lints=warn" "-e" "RUSTDOCFLAGS=--cap-lints=warn" "-w" "/opt/rustwide/workdir" "--user" "0:0" "96b5b5d90b54102b8aec4e8d45a46897641de463af09fb7e0c9825994560e9a7" "/opt/rustwide/cargo-home/bin/cargo" "+1.100.0-beta.1" "build" "--frozen" "--message-format=json" "--release", kill_on_drop: false }`
[INFO] [stderr]    Compiling odbc-sys v0.31.0
[INFO] [stderr]    Compiling widestring v1.2.1
[INFO] [stderr]    Compiling num-traits v0.2.19
[INFO] [stderr]    Compiling syn v3.0.6
[INFO] [stderr]    Compiling atoi v3.1.0
[INFO] [stderr]    Compiling thiserror-impl v2.0.21
[INFO] [stderr]    Compiling thiserror v2.0.21
[INFO] [stderr]    Compiling odbc-api v29.2.0 (/opt/rustwide/workdir)
[INFO] [stderr]     Finished `release` profile [optimized] target(s) in 4.51s
[INFO] running `Command { std: "docker" "inspect" "96b5b5d90b54102b8aec4e8d45a46897641de463af09fb7e0c9825994560e9a7", kill_on_drop: false }`
[INFO] running `Command { std: "docker" "exec" "-e" "SOURCE_DIR=/opt/rustwide/workdir" "-e" "CARGO_HOME=/opt/rustwide/cargo-home" "-e" "RUSTUP_HOME=/opt/rustwide/rustup-home" "-e" "CARGO_TARGET_DIR=/opt/rustwide/target" "-e" "CARGO_INCREMENTAL=0" "-e" "RUST_BACKTRACE=full" "-e" "RUSTFLAGS=--cap-lints=warn" "-e" "RUSTDOCFLAGS=--cap-lints=warn" "-w" "/opt/rustwide/workdir" "--user" "0:0" "96b5b5d90b54102b8aec4e8d45a46897641de463af09fb7e0c9825994560e9a7" "/opt/rustwide/cargo-home/bin/cargo" "+1.100.0-beta.1" "test" "--frozen" "--no-run" "--message-format=json" "--release", kill_on_drop: false }`
[INFO] [stderr]    Compiling memchr v2.8.0
[INFO] [stderr]    Compiling serde_core v1.0.228
[INFO] [stderr]    Compiling crossbeam-utils v0.8.21
[INFO] [stderr]    Compiling libc v0.2.183
[INFO] [stderr]    Compiling zerocopy v0.8.48
[INFO] [stderr]    Compiling serde v1.0.228
[INFO] [stderr]    Compiling regex-syntax v0.8.10
[INFO] [stderr]    Compiling num-traits v0.2.19
[INFO] [stderr]    Compiling cc v1.2.58
[INFO] [stderr]    Compiling serde_json v1.0.149
[INFO] [stderr]    Compiling log v0.4.34
[INFO] [stderr]    Compiling either v1.15.0
[INFO] [stderr]    Compiling rayon-core v1.13.0
[INFO] [stderr]    Compiling syn v2.0.119
[INFO] [stderr]    Compiling syn v3.0.6
[INFO] [stderr]    Compiling ciborium-io v0.2.2
[INFO] [stderr]    Compiling rustix v1.1.4
[INFO] [stderr]    Compiling getrandom v0.4.2
[INFO] [stderr]    Compiling cfg-if v1.0.4
[INFO] [stderr]    Compiling plotters-backend v0.3.7
[INFO] [stderr]    Compiling itertools v0.13.0
[INFO] [stderr]    Compiling clap_builder v4.6.0
[INFO] [stderr]    Compiling cast v0.3.0
[INFO] [stderr]    Compiling bitflags v2.11.0
[INFO] [stderr]    Compiling futures-core v0.3.32
[INFO] [stderr]    Compiling anstream v1.0.0
[INFO] [stderr]    Compiling anyhow v1.0.104
[INFO] [stderr]    Compiling oorandom v11.1.5
[INFO] [stderr]    Compiling plotters-svg v0.3.7
[INFO] [stderr]    Compiling jiff v0.2.23
[INFO] [stderr]    Compiling aho-corasick v1.1.4
[INFO] [stderr]    Compiling crossbeam-epoch v0.9.18
[INFO] [stderr]    Compiling csv-core v0.1.13
[INFO] [stderr]    Compiling ryu v1.0.23
[INFO] [stderr]    Compiling anes v0.1.6
[INFO] [stderr]    Compiling crossbeam-deque v0.8.6
[INFO] [stderr]    Compiling plotters v0.3.7
[INFO] [stderr]    Compiling alloca v0.4.0
[INFO] [stderr]    Compiling page_size v0.6.0
[INFO] [stderr]    Compiling atoi v3.1.0
[INFO] [stderr]    Compiling once_cell v1.21.4
[INFO] [stderr]    Compiling testing_logger v0.1.1
[INFO] [stderr]    Compiling stdext v0.3.3
[INFO] [stderr]    Compiling criterion-plot v0.8.2
[INFO] [stderr]    Compiling regex-automata v0.4.14
[INFO] [stderr]    Compiling rayon v1.11.0
[INFO] [stderr]    Compiling tempfile v3.27.0
[INFO] [stderr]    Compiling test-case-core v3.4.0
[INFO] [stderr]    Compiling clap v4.6.0
[INFO] [stderr]    Compiling csv v1.4.0
[INFO] [stderr]    Compiling zerocopy-derive v0.8.48
[INFO] [stderr]    Compiling serde_derive v1.0.228
[INFO] [stderr]    Compiling regex v1.12.3
[INFO] [stderr]    Compiling thiserror-impl v2.0.21
[INFO] [stderr]    Compiling tokio-macros v2.7.0
[INFO] [stderr]    Compiling test-case-macros v3.4.0
[INFO] [stderr]    Compiling async-stream-impl v0.3.6
[INFO] [stderr]    Compiling test-case v3.4.0
[INFO] [stderr]    Compiling async-stream v0.3.6
[INFO] [stderr]    Compiling tokio v1.53.1
[INFO] [stderr]    Compiling env_filter v2.0.0
[INFO] [stderr]    Compiling env_logger v0.11.11
[INFO] [stderr]    Compiling thiserror v2.0.21
[INFO] [stderr]    Compiling odbc-api v29.2.0 (/opt/rustwide/workdir)
[INFO] [stderr]    Compiling tinytemplate v1.2.1
[INFO] [stderr]    Compiling tokio-stream v0.1.19
[INFO] [stderr]    Compiling half v2.7.1
[INFO] [stderr]    Compiling ciborium-ll v0.2.2
[INFO] [stderr]    Compiling ciborium v0.2.2
[INFO] [stderr]    Compiling criterion v0.8.2
[INFO] [stdout] error: linking with `cc` failed: exit status: 1
[INFO] [stdout]   |
[INFO] [stdout]   = note:  "cc" "-m64" "/opt/rustwide/target/release/build/odbc-api/032260a97563c632/out/rustcoXmdDT/symbols.o" "<2 object files omitted>" "-Wl,--as-needed" "-Wl,-Bstatic" "/opt/rustwide/target/release/build/testing_logger/29b429947c94ffff/out/libtesting_logger-29b429947c94ffff.rlib" "<sysroot>/lib/rustlib/x86_64-unknown-linux-gnu/lib/{libtest-*,libgetopts-*,librustc_std_workspace_std-*}.rlib" "/opt/rustwide/target/release/build/odbc-api/b3b8e2f124fbee3f/out/libodbc_api-b3b8e2f124fbee3f.rlib" "/opt/rustwide/target/release/build/widestring/396936e5aa9586e3/out/libwidestring-396936e5aa9586e3.rlib" "/opt/rustwide/target/release/build/thiserror/2078f8348fc76bca/out/libthiserror-2078f8348fc76bca.rlib" "/opt/rustwide/target/release/build/odbc-sys/0b10a5753b194e09/out/libodbc_sys-0b10a5753b194e09.rlib" "/opt/rustwide/target/release/build/atoi/09efcadf71dd1d98/out/libatoi-09efcadf71dd1d98.rlib" "/opt/rustwide/target/release/build/num-traits/c4bb5d617fe10b48/out/libnum_traits-c4bb5d617fe10b48.rlib" "/opt/rustwide/target/release/build/log/d8c2df6ef41c90a5/out/liblog-d8c2df6ef41c90a5.rlib" "<sysroot>/lib/rustlib/x86_64-unknown-linux-gnu/lib/{libstd-*,libpanic_unwind-*,libobject-*,libmemchr-*,libaddr2line-*,libgimli-*,libcfg_if-*,librustc_demangle-*,libstd_detect-*,libhashbrown-*,librustc_std_workspace_alloc-*,libminiz_oxide-*,libadler2-*,libunwind-*,liblibc-*,librustc_std_workspace_core-*,liballoc-*,libcore-*,libcompiler_builtins-*}.rlib" "-Wl,-Bdynamic" "-lodbc" "-lgcc_s" "-lutil" "-lrt" "-lpthread" "-lm" "-ldl" "-lc" "-L" "/opt/rustwide/target/release/build/odbc-api/032260a97563c632/out/rustcoXmdDT/raw-dylibs" "-B<sysroot>/lib/rustlib/x86_64-unknown-linux-gnu/bin/gcc-ld" "-fuse-ld=lld" "-Wl,--eh-frame-hdr" "-Wl,-z,noexecstack" "-L" "/opt/rustwide/target/release/build/alloca/d962af5d77692d20/out" "-L" "<sysroot>/lib/rustlib/x86_64-unknown-linux-gnu/lib" "-o" "/opt/rustwide/target/release/build/odbc-api/032260a97563c632/out/logging-032260a97563c632" "-Wl,--gc-sections" "-pie" "-Wl,-z,relro,-z,now" "-Wl,-O1" "-Wl,--strip-debug" "-nodefaultlibs"
[INFO] [stdout]   = note: some arguments are omitted. use `--verbose` to show all linker arguments
[INFO] [stdout]   = note: rust-lld: error: unable to find library -lodbc
[INFO] [stdout]           collect2: error: ld returned 1 exit status
[INFO] [stdout]           
[INFO] [stdout] 
[INFO] [stdout] 
[INFO] [stderr] error: could not compile `odbc-api` (test "logging") due to 1 previous error
[INFO] [stderr] warning: build failed, waiting for other jobs to finish...
[INFO] [stdout] error: linking with `cc` failed: exit status: 1
[INFO] [stdout]   |
[INFO] [stdout]   = note:  "cc" "-m64" "/opt/rustwide/target/release/build/odbc-api/3f640235c5e494f2/out/rustcdw6Ojg/symbols.o" "<2 object files omitted>" "-Wl,--as-needed" "-Wl,-Bstatic" "/opt/rustwide/target/release/build/env_logger/4eb3762d40824f1b/out/libenv_logger-4eb3762d40824f1b.rlib" "/opt/rustwide/target/release/build/jiff/dcaeee4d763f038e/out/libjiff-dcaeee4d763f038e.rlib" "/opt/rustwide/target/release/build/anstream/59dd996a54aa79b5/out/libanstream-59dd996a54aa79b5.rlib" "/opt/rustwide/target/release/build/anstyle-query/b45e303465962535/out/libanstyle_query-b45e303465962535.rlib" "/opt/rustwide/target/release/build/is_terminal_polyfill/d4b89543c4de780e/out/libis_terminal_polyfill-d4b89543c4de780e.rlib" "/opt/rustwide/target/release/build/colorchoice/fd7c3d86e50e55dc/out/libcolorchoice-fd7c3d86e50e55dc.rlib" "/opt/rustwide/target/release/build/anstyle-parse/5d41ba8ec76e50fb/out/libanstyle_parse-5d41ba8ec76e50fb.rlib" "/opt/rustwide/target/release/build/utf8parse/fd39fdebeec71100/out/libutf8parse-fd39fdebeec71100.rlib" "/opt/rustwide/target/release/build/env_filter/7af1dddfcc55d78c/out/libenv_filter-7af1dddfcc55d78c.rlib" "/opt/rustwide/target/release/build/regex/0da5d0e5d84f2aa2/out/libregex-0da5d0e5d84f2aa2.rlib" "/opt/rustwide/target/release/build/regex-automata/66f008efd31296b0/out/libregex_automata-66f008efd31296b0.rlib" "/opt/rustwide/target/release/build/aho-corasick/aebaa5ccb17bdab0/out/libaho_corasick-aebaa5ccb17bdab0.rlib" "/opt/rustwide/target/release/build/memchr/178a35e34abea88f/out/libmemchr-178a35e34abea88f.rlib" "/opt/rustwide/target/release/build/regex-syntax/4aa37b1a9e9a3c9b/out/libregex_syntax-4aa37b1a9e9a3c9b.rlib" "/opt/rustwide/target/release/build/anstyle/bd06819c7e2cd060/out/libanstyle-bd06819c7e2cd060.rlib" "<sysroot>/lib/rustlib/x86_64-unknown-linux-gnu/lib/{libtest-*,libgetopts-*,librustc_std_workspace_std-*}.rlib" "/opt/rustwide/target/release/build/test-case/8cd9baf27ee94ecf/out/libtest_case-8cd9baf27ee94ecf.rlib" "/opt/rustwide/target/release/build/odbc-api/b3b8e2f124fbee3f/out/libodbc_api-b3b8e2f124fbee3f.rlib" "/opt/rustwide/target/release/build/widestring/396936e5aa9586e3/out/libwidestring-396936e5aa9586e3.rlib" "/opt/rustwide/target/release/build/thiserror/2078f8348fc76bca/out/libthiserror-2078f8348fc76bca.rlib" "/opt/rustwide/target/release/build/odbc-sys/0b10a5753b194e09/out/libodbc_sys-0b10a5753b194e09.rlib" "/opt/rustwide/target/release/build/atoi/09efcadf71dd1d98/out/libatoi-09efcadf71dd1d98.rlib" "/opt/rustwide/target/release/build/num-traits/c4bb5d617fe10b48/out/libnum_traits-c4bb5d617fe10b48.rlib" "/opt/rustwide/target/release/build/log/d8c2df6ef41c90a5/out/liblog-d8c2df6ef41c90a5.rlib" "<sysroot>/lib/rustlib/x86_64-unknown-linux-gnu/lib/{libstd-*,libpanic_unwind-*,libobject-*,libmemchr-*,libaddr2line-*,libgimli-*,libcfg_if-*,librustc_demangle-*,libstd_detect-*,libhashbrown-*,librustc_std_workspace_alloc-*,libminiz_oxide-*,libadler2-*,libunwind-*,liblibc-*,librustc_std_workspace_core-*,liballoc-*,libcore-*,libcompiler_builtins-*}.rlib" "-Wl,-Bdynamic" "-lodbc" "-lgcc_s" "-lutil" "-lrt" "-lpthread" "-lm" "-ldl" "-lc" "-L" "/opt/rustwide/target/release/build/odbc-api/3f640235c5e494f2/out/rustcdw6Ojg/raw-dylibs" "-B<sysroot>/lib/rustlib/x86_64-unknown-linux-gnu/bin/gcc-ld" "-fuse-ld=lld" "-Wl,--eh-frame-hdr" "-Wl,-z,noexecstack" "-L" "/opt/rustwide/target/release/build/alloca/d962af5d77692d20/out" "-L" "<sysroot>/lib/rustlib/x86_64-unknown-linux-gnu/lib" "-o" "/opt/rustwide/target/release/build/odbc-api/3f640235c5e494f2/out/connection_pooling-3f640235c5e494f2" "-Wl,--gc-sections" "-pie" "-Wl,-z,relro,-z,now" "-Wl,-O1" "-Wl,--strip-debug" "-nodefaultlibs"
[INFO] [stdout]   = note: some arguments are omitted. use `--verbose` to show all linker arguments
[INFO] [stdout]   = note: rust-lld: error: unable to find library -lodbc
[INFO] [stdout]           collect2: error: ld returned 1 exit status
[INFO] [stdout]           
[INFO] [stdout] 
[INFO] [stdout] 
[INFO] [stderr] error: could not compile `odbc-api` (test "connection_pooling") due to 1 previous error
[INFO] [stdout] error: linking with `cc` failed: exit status: 1
[INFO] [stdout]   |
[INFO] [stdout]   = note:  "cc" "-m64" "/opt/rustwide/target/release/build/odbc-api/5ab38fa770b65b18/out/rustcwYy1wz/symbols.o" "<9 object files omitted>" "-Wl,--as-needed" "-Wl,-Bstatic" "<sysroot>/lib/rustlib/x86_64-unknown-linux-gnu/lib/{libtest-*,libgetopts-*,librustc_std_workspace_std-*}.rlib" "/opt/rustwide/target/release/build/widestring/396936e5aa9586e3/out/libwidestring-396936e5aa9586e3.rlib" "/opt/rustwide/target/release/build/thiserror/2078f8348fc76bca/out/libthiserror-2078f8348fc76bca.rlib" "/opt/rustwide/target/release/build/odbc-sys/0b10a5753b194e09/out/libodbc_sys-0b10a5753b194e09.rlib" "/opt/rustwide/target/release/build/atoi/09efcadf71dd1d98/out/libatoi-09efcadf71dd1d98.rlib" "/opt/rustwide/target/release/build/num-traits/c4bb5d617fe10b48/out/libnum_traits-c4bb5d617fe10b48.rlib" "/opt/rustwide/target/release/build/log/d8c2df6ef41c90a5/out/liblog-d8c2df6ef41c90a5.rlib" "<sysroot>/lib/rustlib/x86_64-unknown-linux-gnu/lib/{libstd-*,libpanic_unwind-*,libobject-*,libmemchr-*,libaddr2line-*,libgimli-*,libcfg_if-*,librustc_demangle-*,libstd_detect-*,libhashbrown-*,librustc_std_workspace_alloc-*,libminiz_oxide-*,libadler2-*,libunwind-*,liblibc-*,librustc_std_workspace_core-*,liballoc-*,libcore-*,libcompiler_builtins-*}.rlib" "-Wl,-Bdynamic" "-lodbc" "-lgcc_s" "-lutil" "-lrt" "-lpthread" "-lm" "-ldl" "-lc" "-L" "/opt/rustwide/target/release/build/odbc-api/5ab38fa770b65b18/out/rustcwYy1wz/raw-dylibs" "-B<sysroot>/lib/rustlib/x86_64-unknown-linux-gnu/bin/gcc-ld" "-fuse-ld=lld" "-Wl,--eh-frame-hdr" "-Wl,-z,noexecstack" "-L" "/opt/rustwide/target/release/build/alloca/d962af5d77692d20/out" "-L" "<sysroot>/lib/rustlib/x86_64-unknown-linux-gnu/lib" "-o" "/opt/rustwide/target/release/build/odbc-api/5ab38fa770b65b18/out/odbc_api-5ab38fa770b65b18" "-Wl,--gc-sections" "-pie" "-Wl,-z,relro,-z,now" "-Wl,-O1" "-Wl,--strip-debug" "-nodefaultlibs"
[INFO] [stdout]   = note: some arguments are omitted. use `--verbose` to show all linker arguments
[INFO] [stdout]   = note: rust-lld: error: unable to find library -lodbc
[INFO] [stdout]           collect2: error: ld returned 1 exit status
[INFO] [stdout]           
[INFO] [stdout] 
[INFO] [stdout] 
[INFO] [stderr] error: could not compile `odbc-api` (lib test) due to 1 previous error
[INFO] [stdout] error: linking with `cc` failed: exit status: 1
[INFO] [stdout]   |
[INFO] [stdout]   = note:  "cc" "-m64" "/opt/rustwide/target/release/build/odbc-api/f82631b19195c82e/out/rustcfvBOHL/symbols.o" "<17 object files omitted>" "-Wl,--as-needed" "-Wl,-Bstatic" "<sysroot>/lib/rustlib/x86_64-unknown-linux-gnu/lib/{libtest-*,libgetopts-*,librustc_std_workspace_std-*}.rlib" "/opt/rustwide/target/release/build/tokio-stream/8c86d50978758ccc/out/libtokio_stream-8c86d50978758ccc.rlib" "/opt/rustwide/target/release/build/tokio/728b56268fef7112/out/libtokio-728b56268fef7112.rlib" "/opt/rustwide/target/release/build/tempfile/3342848bd0e53206/out/libtempfile-3342848bd0e53206.rlib" "/opt/rustwide/target/release/build/getrandom/3eda7683d1fd5971/out/libgetrandom-3eda7683d1fd5971.rlib" "/opt/rustwide/target/release/build/libc/c9e046903fda19dd/out/liblibc-c9e046903fda19dd.rlib" "/opt/rustwide/target/release/build/cfg-if/6d8dca19095bb388/out/libcfg_if-6d8dca19095bb388.rlib" "/opt/rustwide/target/release/build/fastrand/5dc4782a6c638eb6/out/libfastrand-5dc4782a6c638eb6.rlib" "/opt/rustwide/target/release/build/once_cell/f61ec7ca8a011f5c/out/libonce_cell-f61ec7ca8a011f5c.rlib" "/opt/rustwide/target/release/build/rustix/4b27a1495f3bf07d/out/librustix-4b27a1495f3bf07d.rlib" "/opt/rustwide/target/release/build/bitflags/016c3cd31b27cafa/out/libbitflags-016c3cd31b27cafa.rlib" "/opt/rustwide/target/release/build/linux-raw-sys/6cd558001fb913e0/out/liblinux_raw_sys-6cd558001fb913e0.rlib" "/opt/rustwide/target/release/build/async-stream/8ccbc9cc0b64adfa/out/libasync_stream-8ccbc9cc0b64adfa.rlib" "/opt/rustwide/target/release/build/pin-project-lite/9a89bb36c0c56875/out/libpin_project_lite-9a89bb36c0c56875.rlib" "/opt/rustwide/target/release/build/futures-core/7a56e2b755152ce5/out/libfutures_core-7a56e2b755152ce5.rlib" "/opt/rustwide/target/release/build/test-case/8cd9baf27ee94ecf/out/libtest_case-8cd9baf27ee94ecf.rlib" "/opt/rustwide/target/release/build/stdext/5a13fb59661d6850/out/libstdext-5a13fb59661d6850.rlib" "/opt/rustwide/target/release/build/odbc-api/b3b8e2f124fbee3f/out/libodbc_api-b3b8e2f124fbee3f.rlib" "/opt/rustwide/target/release/build/widestring/396936e5aa9586e3/out/libwidestring-396936e5aa9586e3.rlib" "/opt/rustwide/target/release/build/thiserror/2078f8348fc76bca/out/libthiserror-2078f8348fc76bca.rlib" "/opt/rustwide/target/release/build/odbc-sys/0b10a5753b194e09/out/libodbc_sys-0b10a5753b194e09.rlib" "/opt/rustwide/target/release/build/atoi/09efcadf71dd1d98/out/libatoi-09efcadf71dd1d98.rlib" "/opt/rustwide/target/release/build/num-traits/c4bb5d617fe10b48/out/libnum_traits-c4bb5d617fe10b48.rlib" "/opt/rustwide/target/release/build/log/d8c2df6ef41c90a5/out/liblog-d8c2df6ef41c90a5.rlib" "<sysroot>/lib/rustlib/x86_64-unknown-linux-gnu/lib/{libstd-*,libpanic_unwind-*,libobject-*,libmemchr-*,libaddr2line-*,libgimli-*,libcfg_if-*,librustc_demangle-*,libstd_detect-*,libhashbrown-*,librustc_std_workspace_alloc-*,libminiz_oxide-*,libadler2-*,libunwind-*,liblibc-*,librustc_std_workspace_core-*,liballoc-*,libcore-*,libcompiler_builtins-*}.rlib" "-Wl,-Bdynamic" "-lodbc" "-lgcc_s" "-lutil" "-lrt" "-lpthread" "-lm" "-ldl" "-lc" "-L" "/opt/rustwide/target/release/build/odbc-api/f82631b19195c82e/out/rustcfvBOHL/raw-dylibs" "-B<sysroot>/lib/rustlib/x86_64-unknown-linux-gnu/bin/gcc-ld" "-fuse-ld=lld" "-Wl,--eh-frame-hdr" "-Wl,-z,noexecstack" "-L" "/opt/rustwide/target/release/build/alloca/d962af5d77692d20/out" "-L" "<sysroot>/lib/rustlib/x86_64-unknown-linux-gnu/lib" "-o" "/opt/rustwide/target/release/build/odbc-api/f82631b19195c82e/out/integration-f82631b19195c82e" "-Wl,--gc-sections" "-pie" "-Wl,-z,relro,-z,now" "-Wl,-O1" "-Wl,--strip-debug" "-nodefaultlibs"
[INFO] [stdout]   = note: some arguments are omitted. use `--verbose` to show all linker arguments
[INFO] [stdout]   = note: rust-lld: error: unable to find library -lodbc
[INFO] [stdout]           collect2: error: ld returned 1 exit status
[INFO] [stdout]           
[INFO] [stdout] 
[INFO] [stdout] 
[INFO] [stderr] error: could not compile `odbc-api` (test "integration") due to 1 previous error
[INFO] running `Command { std: "docker" "inspect" "96b5b5d90b54102b8aec4e8d45a46897641de463af09fb7e0c9825994560e9a7", kill_on_drop: false }`
[INFO] running `Command { std: "docker" "rm" "-f" "96b5b5d90b54102b8aec4e8d45a46897641de463af09fb7e0c9825994560e9a7", kill_on_drop: false }`
[INFO] [stdout] 96b5b5d90b54102b8aec4e8d45a46897641de463af09fb7e0c9825994560e9a7
