[INFO] fetching crate oculante 0.9.6...
[INFO] testing oculante-0.9.6 against 1.99.0-beta.8+cargoflags=--release for beta-release-1.100-2
[INFO] extracting crate oculante 0.9.6 into /workspace/builds/worker-5-tc1/source
[INFO] removed /workspace/builds/worker-5-tc1/source/.cargo/config.toml
[INFO] started tweaking crates.io crate oculante 0.9.6
[INFO] finished tweaking crates.io crate oculante 0.9.6
[INFO] tweaked toml for crates.io crate oculante 0.9.6 written to /workspace/builds/worker-5-tc1/source/Cargo.toml
[INFO] validating manifest of crates.io crate oculante 0.9.6 on toolchain 1.99.0-beta.8
[INFO] running `Command { std: CARGO_HOME="/workspace/cargo-home" RUSTUP_HOME="/workspace/rustup-home" "/workspace/cargo-home/bin/cargo" "+1.99.0-beta.8" "metadata" "--manifest-path" "Cargo.toml" "--no-deps", kill_on_drop: false }`
[INFO] crate crates.io crate oculante 0.9.6 already has a lockfile, it will not be regenerated
[INFO] running `Command { std: CARGO_HOME="/workspace/cargo-home" RUSTUP_HOME="/workspace/rustup-home" "/workspace/cargo-home/bin/cargo" "+1.99.0-beta.8" "fetch" "--manifest-path" "Cargo.toml", kill_on_drop: false }`
[INFO] [stderr]     Updating crates.io index
[INFO] [stderr]  Downloading crates ...
[INFO] [stderr]   Downloaded zune-png v0.5.2
[INFO] [stderr]   Downloaded zip v8.5.0
[INFO] [stderr]   Downloaded windres v0.2.2
[INFO] [stderr]   Downloaded find-winsdk v0.2.0
[INFO] [stderr]   Downloaded concat-string v1.0.1
[INFO] [stderr]   Downloaded wgpu-naga-bridge v29.0.1
[INFO] [stderr]   Downloaded winres v0.1.12
[INFO] [stderr]   Downloaded winreg v0.5.1
[INFO] [stderr]   Downloaded value-bag v1.12.0
[INFO] [stderr]   Downloaded xml v1.2.1
[INFO] [stderr]   Downloaded webp-animation v0.9.0
[INFO] [stderr]   Downloaded webbrowser v1.2.0
[INFO] [stderr]   Downloaded gcd v2.3.0
[INFO] [stderr]   Downloaded wgpu-types v29.0.1
[INFO] [stderr]   Downloaded fastrand v2.4.0
[INFO] [stderr]   Downloaded turbojpeg v1.4.0
[INFO] [stderr]   Downloaded self_update v0.42.0
[INFO] [stderr]   Downloaded usvg v0.46.0
[INFO] [stderr]   Downloaded kurbo v0.13.0
[INFO] [stderr]   Downloaded wgpu v29.0.1
[INFO] [stderr]   Downloaded rfd v0.14.1
[INFO] [stderr]   Downloaded lzma-rust2 v0.16.2
[INFO] [stderr]   Downloaded ashpd v0.8.1
[INFO] [stderr]   Downloaded toml_edit v0.25.10+spec-1.1.0
[INFO] [stderr]   Downloaded phf_macros v0.10.0
[INFO] [stderr]   Downloaded fn-util v0.1.0
[INFO] [stderr]   Downloaded async-signal v0.2.13
[INFO] [stderr]   Downloaded quickexif v0.1.5
[INFO] [stderr]   Downloaded resvg v0.46.0
[INFO] [stderr]   Downloaded quantette v0.3.0
[INFO] [stderr]   Downloaded crevice_notan-derive v0.10.0
[INFO] [stderr]   Downloaded notan_utils v0.14.0
[INFO] [stderr]   Downloaded notan_text v0.14.0
[INFO] [stderr]   Downloaded notan_math v0.14.0
[INFO] [stderr]   Downloaded notan_glyph v0.14.0
[INFO] [stderr]   Downloaded open v5.3.3
[INFO] [stderr]   Downloaded notan_macro v0.14.0
[INFO] [stderr]   Downloaded quickraw v0.1.6
[INFO] [stderr]   Downloaded crevice_notan v0.14.1
[INFO] [stderr]   Downloaded shaderc v0.10.1
[INFO] [stderr]   Downloaded notan_graphics v0.14.0
[INFO] [stderr]   Downloaded wgpu-core v29.0.1
[INFO] [stderr]   Downloaded notan_core v0.14.0
[INFO] [stderr]   Downloaded byte-tools v0.2.0
[INFO] [stderr]   Downloaded block-buffer v0.3.3
[INFO] [stderr]   Downloaded notan_input v0.14.0
[INFO] [stderr]   Downloaded psd v0.3.5
[INFO] [stderr]   Downloaded generic-array v0.9.1
[INFO] [stderr]   Downloaded platter2 v0.1.6
[INFO] [stderr]   Downloaded digest v0.7.6
[INFO] [stderr]   Downloaded notan_backend v0.14.0
[INFO] [stderr]   Downloaded glyph_brush_layout v0.2.4
[INFO] [stderr]   Downloaded sha2 v0.7.1
[INFO] [stderr]   Downloaded notan_app v0.14.0
[INFO] [stderr]   Downloaded notan_egui v0.14.0
[INFO] [stderr]   Downloaded notan_draw v0.14.0
[INFO] [stderr]   Downloaded notan_winit v0.14.0
[INFO] [stderr]   Downloaded lyon_algorithms v1.0.19
[INFO] [stderr]   Downloaded glyph_brush v0.7.12
[INFO] [stderr]   Downloaded glyph_brush_draw_cache v0.1.6
[INFO] [stderr]   Downloaded xi-unicode v0.3.0
[INFO] [stderr]   Downloaded wgpu-hal v29.0.1
[INFO] [stderr]   Downloaded notan_glow v0.14.0
[INFO] [stderr]   Downloaded mouse_position v0.1.4
[INFO] [stderr]   Downloaded oklab v1.1.2
[INFO] [stderr]   Downloaded notan_web v0.14.0
[INFO] [stderr]   Downloaded sorted-vec v0.8.10
[INFO] [stderr]   Downloaded init_with v1.1.0
[INFO] [stderr]   Downloaded divrem v1.0.0
[INFO] [stderr]   Downloaded lutgen-palettes v0.4.1
[INFO] [stderr]   Downloaded elapsed v0.1.2
[INFO] [stderr]   Downloaded four-cc v0.4.0
[INFO] [stderr]   Downloaded bpaf_derive v0.5.23
[INFO] [stderr]   Downloaded libavif v0.14.0
[INFO] [stderr]   Downloaded libavif-image v0.14.0
[INFO] [stderr]   Downloaded scan_fmt v0.2.6
[INFO] [stderr]   Downloaded jxl-grid v0.4.2
[INFO] [stderr]   Downloaded jxl-threadpool v0.1.2
[INFO] [stderr]   Downloaded jxl-image v0.9.0
[INFO] [stderr]   Downloaded nasm-rs v0.2.5
[INFO] [stderr]   Downloaded jxl-coding v0.4.1
[INFO] [stderr]   Downloaded ktx2 v0.3.0
[INFO] [stderr]   Downloaded jxl-oxide v0.8.1
[INFO] [stderr]   Downloaded erydanos v0.2.18
[INFO] [stderr]   Downloaded lcms2 v6.1.1
[INFO] [stderr]   Downloaded jxl-vardct v0.7.0
[INFO] [stderr]   Downloaded jxl-bitstream v0.4.1
[INFO] [stderr]   Downloaded jxl-frame v0.9.0
[INFO] [stderr]   Downloaded jpeg2k v0.10.1
[INFO] [stderr]   Downloaded img-parts v0.4.0
[INFO] [stderr]   Downloaded jxl-modular v0.7.1
[INFO] [stderr]   Downloaded jxl-color v0.7.1
[INFO] [stderr]   Downloaded wbmp v0.1.2
[INFO] [stderr]   Downloaded rustdct v0.7.1
[INFO] [stderr]   Downloaded colorutils-rs v0.7.6
[INFO] [stderr]   Downloaded kiddo v4.2.1
[INFO] [stderr]   Downloaded lexical-sort v0.3.1
[INFO] [stderr]   Downloaded gif-dispose v5.0.1
[INFO] [stderr]   Downloaded yeslogic-fontconfig-sys v6.0.0
[INFO] [stderr]   Downloaded pcx v0.2.5
[INFO] [stderr]   Downloaded jxl-render v0.8.2
[INFO] [stderr]   Downloaded pathfinder_simd v0.5.5
[INFO] [stderr]   Downloaded libblur v0.14.10
[INFO] [stderr]   Downloaded fruitbasket v0.10.0
[INFO] [stderr]   Downloaded image-extras v0.1.0
[INFO] [stderr]   Downloaded jxl-oxide-common v0.1.0
[INFO] [stderr]   Downloaded jxl-image v0.11.0
[INFO] [stderr]   Downloaded jxl-grid v0.5.3
[INFO] [stderr]   Downloaded dds-rs v0.7.0
[INFO] [stderr]   Downloaded jxl-bitstream v0.5.1
[INFO] [stderr]   Downloaded jxl-coding v0.5.0
[INFO] [stderr]   Downloaded imara-diff v0.1.8
[INFO] [stderr]   Downloaded jxl-oxide v0.10.2
[INFO] [stderr]   Downloaded jxl-vardct v0.9.0
[INFO] [stderr]   Downloaded bpaf v0.9.24
[INFO] [stderr]   Downloaded byteordered v0.6.0
[INFO] [stderr]   Downloaded file-format v0.29.0
[INFO] [stderr]   Downloaded jxl-frame v0.11.1
[INFO] [stderr]   Downloaded dark-light v3.0.0
[INFO] [stderr]   Downloaded egui_plot v0.31.0
[INFO] [stderr]   Downloaded egui_extras v0.31.1
[INFO] [stderr]   Downloaded dicom-transfer-syntax-registry v0.9.1
[INFO] [stderr]   Downloaded jxl-modular v0.9.1
[INFO] [stderr]   Downloaded dicom-encoding v0.9.1
[INFO] [stderr]   Downloaded jxl-color v0.9.0
[INFO] [stderr]   Downloaded jpeg-encoder v0.6.1
[INFO] [stderr]   Downloaded faccess v0.2.4
[INFO] [stderr]   Downloaded cmd_lib_macros v2.0.0
[INFO] [stderr]   Downloaded dicom-parser v0.9.1
[INFO] [stderr]   Downloaded async-net v1.8.0
[INFO] [stderr]   Downloaded dicom-pixeldata v0.9.0
[INFO] [stderr]   Downloaded safe-transmute v0.11.3
[INFO] [stderr]   Downloaded winreg v0.56.0
[INFO] [stderr]   Downloaded avif-decode v1.0.2
[INFO] [stderr]   Downloaded icns v0.3.1
[INFO] [stderr]   Downloaded smol v1.3.0
[INFO] [stderr]   Downloaded yuv v0.1.10
[INFO] [stderr]   Downloaded ase-swatch v0.1.0
[INFO] [stderr]   Downloaded bitreader v0.3.11
[INFO] [stderr]   Downloaded aom-decode v0.2.13
[INFO] [stderr]   Downloaded structure-macro-impl v0.1.2
[INFO] [stderr]   Downloaded proc-macro-hack v0.4.3
[INFO] [stderr]   Downloaded proc-macro-hack-impl v0.4.3
[INFO] [stderr]   Downloaded structure v0.1.2
[INFO] [stderr]   Downloaded imageproc v0.26.1
[INFO] [stderr]   Downloaded jxl-render v0.10.1
[INFO] [stderr]   Downloaded avif-parse v2.1.0
[INFO] [stderr]   Downloaded bincode v0.8.0
[INFO] [stderr]   Downloaded dicom-object v0.9.1
[INFO] [stderr]   Downloaded zip v5.1.1
[INFO] [stderr]   Downloaded avif-parse v1.4.0
[INFO] [stderr]   Downloaded fallible_collections v0.5.1
[INFO] [stderr]   Downloaded cmd_lib v2.0.0
[INFO] [stderr]   Downloaded basis-universal v0.3.1
[INFO] [stderr]   Downloaded lodepng v3.12.2
[INFO] [stderr]   Downloaded dicom-core v0.9.1
[INFO] [stderr]   Downloaded fixed v1.31.0
[INFO] [stderr]   Downloaded egui-notify v0.19.0
[INFO] [stderr]   Downloaded fast_image_resize v5.5.0
[INFO] [stderr]   Downloaded any_ascii v0.1.7
[INFO] [stderr]   Downloaded spirv_cross v0.23.1
[INFO] [stderr]   Downloaded naga v29.0.1
[INFO] [stderr]   Downloaded openjp2 v0.6.1
[INFO] [stderr]   Downloaded lcms2-sys v4.0.6
[INFO] [stderr]   Downloaded dicom-dictionary-std v0.9.0
[INFO] [stderr]   Downloaded notan v0.14.0
[INFO] [stderr]   Downloaded nalgebra v0.34.2
[INFO] [stderr]   Downloaded epaint_default_fonts v0.31.1
[INFO] [stderr]   Downloaded turbojpeg-sys v1.1.1
[INFO] [stderr]   Downloaded libheif-sys v5.2.0+1.21.2
[INFO] [stderr]   Downloaded orbclient v0.3.51
[INFO] [stderr]   Downloaded libavif-sys v0.17.0+libavif.1.0.4
[INFO] [stderr]   Downloaded libdav1d-sys v0.7.1+libdav1d.1.4.3
[INFO] [stderr]   Downloaded libheif-rs v2.7.0
[INFO] [stderr]   Downloaded glsl-to-spirv v0.1.7
[INFO] [stderr]   Downloaded basis-universal-sys v0.3.1
[INFO] [stderr]   Downloaded lutgen v0.11.2
[INFO] [stderr]   Downloaded libaom-sys v0.17.2+libaom.3.11.0
[INFO] [stderr]   Downloaded shaderc-sys v0.10.1
[INFO] running `Command { std: "docker" "create" "-v" "/var/lib/crater-agent-workspace/builds/worker-5-tc1/source:/opt/rustwide/workdir:ro,Z" "-v" "/var/lib/crater-agent-workspace/builds/worker-5-tc1/target:/opt/rustwide/target:rw,Z" "-v" "/var/lib/crater-agent-workspace/cargo-home:/opt/rustwide/cargo-home:ro,Z" "-v" "/var/lib/crater-agent-workspace/rustup-home:/opt/rustwide/rustup-home:ro,Z" "-m" "1610612736" "--network" "none" "ghcr.io/rust-lang/crates-build-env/linux@sha256:77db811e55d90add9212f6832c23229e3de5f1c1f9905e8cb07319ea15df73ac" "sleep" "infinity", kill_on_drop: false }`
[INFO] [stdout] 5209bfa5eca33073956fe02440a2a7c835d162f7900232c9b9fb40c73ad10df3
[INFO] running `Command { std: "docker" "start" "5209bfa5eca33073956fe02440a2a7c835d162f7900232c9b9fb40c73ad10df3", kill_on_drop: false }`
[INFO] running `Command { std: "docker" "inspect" "5209bfa5eca33073956fe02440a2a7c835d162f7900232c9b9fb40c73ad10df3", kill_on_drop: false }`
[INFO] running `Command { std: "docker" "exec" "-e" "SOURCE_DIR=/opt/rustwide/workdir" "-e" "CARGO_HOME=/opt/rustwide/cargo-home" "-e" "RUSTUP_HOME=/opt/rustwide/rustup-home" "-e" "CARGO_TARGET_DIR=/opt/rustwide/target" "-w" "/opt/rustwide/workdir" "--user" "0:0" "5209bfa5eca33073956fe02440a2a7c835d162f7900232c9b9fb40c73ad10df3" "/opt/rustwide/cargo-home/bin/cargo" "+1.99.0-beta.8" "metadata" "--no-deps" "--format-version=1", kill_on_drop: false }`
[INFO] running `Command { std: "docker" "inspect" "5209bfa5eca33073956fe02440a2a7c835d162f7900232c9b9fb40c73ad10df3", kill_on_drop: false }`
[INFO] running `Command { std: "docker" "exec" "-e" "SOURCE_DIR=/opt/rustwide/workdir" "-e" "CARGO_HOME=/opt/rustwide/cargo-home" "-e" "RUSTUP_HOME=/opt/rustwide/rustup-home" "-e" "CARGO_TARGET_DIR=/opt/rustwide/target" "-e" "CARGO_INCREMENTAL=0" "-e" "RUST_BACKTRACE=full" "-e" "RUSTFLAGS=--cap-lints=warn" "-e" "RUSTDOCFLAGS=--cap-lints=warn" "-w" "/opt/rustwide/workdir" "--user" "0:0" "5209bfa5eca33073956fe02440a2a7c835d162f7900232c9b9fb40c73ad10df3" "/opt/rustwide/cargo-home/bin/cargo" "+1.99.0-beta.8" "build" "--frozen" "--message-format=json" "--release", kill_on_drop: false }`
[INFO] [stderr]    Compiling proc-macro2 v1.0.106
[INFO] [stderr]    Compiling quote v1.0.45
[INFO] [stderr]    Compiling unicode-ident v1.0.24
[INFO] [stderr]    Compiling libc v0.2.184
[INFO] [stderr]    Compiling cfg-if v1.0.4
[INFO] [stderr]    Compiling autocfg v1.5.0
[INFO] [stderr]    Compiling libm v0.2.16
[INFO] [stderr]    Compiling shlex v1.3.0
[INFO] [stderr]    Compiling find-msvc-tools v0.1.9
[INFO] [stderr]    Compiling once_cell v1.21.4
[INFO] [stderr]    Compiling log v0.4.29
[INFO] [stderr]    Compiling pkg-config v0.3.32
[INFO] [stderr]    Compiling smallvec v1.15.1
[INFO] [stderr]    Compiling num-traits v0.2.19
[INFO] [stderr]    Compiling bitflags v2.11.0
[INFO] [stderr]    Compiling pin-project-lite v0.2.17
[INFO] [stderr]    Compiling crossbeam-utils v0.8.21
[INFO] [stderr]    Compiling memchr v2.8.0
[INFO] [stderr]    Compiling zerocopy v0.8.48
[INFO] [stderr]    Compiling either v1.15.0
[INFO] [stderr]    Compiling arrayvec v0.7.6
[INFO] [stderr]    Compiling syn v2.0.117
[INFO] [stderr]    Compiling version_check v0.9.5
[INFO] [stderr]    Compiling crossbeam-epoch v0.9.18
[INFO] [stderr]    Compiling serde v1.0.228
[INFO] [stderr]    Compiling rayon-core v1.13.0
[INFO] [stderr]    Compiling foldhash v0.2.0
[INFO] [stderr]    Compiling crossbeam-deque v0.8.6
[INFO] [stderr]    Compiling allocator-api2 v0.2.21
[INFO] [stderr]    Compiling stable_deref_trait v1.2.1
[INFO] [stderr]    Compiling simd-adler32 v0.3.9
[INFO] [stderr]    Compiling equivalent v1.0.2
[INFO] [stderr]    Compiling jobserver v0.1.34
[INFO] [stderr]    Compiling crc32fast v1.5.0
[INFO] [stderr]    Compiling futures-core v0.3.32
[INFO] [stderr]    Compiling cfg_aliases v0.2.1
[INFO] [stderr]    Compiling tracing-core v0.1.36
[INFO] [stderr]    Compiling slab v0.4.12
[INFO] [stderr]    Compiling cc v1.2.59
[INFO] [stderr]    Compiling hashbrown v0.16.1
[INFO] [stderr]    Compiling rayon v1.11.0
[INFO] [stderr]    Compiling adler2 v2.0.1
[INFO] [stderr]    Compiling libloading v0.8.9
[INFO] [stderr]    Compiling miniz_oxide v0.8.9
[INFO] [stderr]    Compiling rustix v1.1.4
[INFO] [stderr]    Compiling linux-raw-sys v0.12.1
[INFO] [stderr]    Compiling zlib-rs v0.6.3
[INFO] [stderr]    Compiling indexmap v2.13.1
[INFO] [stderr]    Compiling num-integer v0.1.46
[INFO] [stderr]    Compiling futures-io v0.3.32
[INFO] [stderr]    Compiling serde_core v1.0.228
[INFO] [stderr]    Compiling dlib v0.5.3
[INFO] [stderr]    Compiling core_maths v0.1.1
[INFO] [stderr]    Compiling anyhow v1.0.102
[INFO] [stderr]    Compiling thiserror v2.0.18
[INFO] [stderr]    Compiling ttf-parser v0.25.1
[INFO] [stderr]    Compiling getrandom v0.3.4
[INFO] [stderr]    Compiling cmake v0.1.58
[INFO] [stderr]    Compiling wayland-sys v0.31.11
[INFO] [stderr]    Compiling futures-sink v0.3.32
[INFO] [stderr]    Compiling scopeguard v1.2.0
[INFO] [stderr]    Compiling parking_lot_core v0.9.12
[INFO] [stderr]    Compiling lock_api v0.4.14
[INFO] [stderr]    Compiling num-bigint v0.4.6
[INFO] [stderr]    Compiling itertools v0.14.0
[INFO] [stderr]    Compiling bytemuck_derive v1.10.2
[INFO] [stderr]    Compiling zerocopy-derive v0.8.48
[INFO] [stderr]    Compiling serde_derive v1.0.228
[INFO] [stderr]    Compiling tracing-attributes v0.1.31
[INFO] [stderr]    Compiling flate2 v1.1.9
[INFO] [stderr]    Compiling profiling-procmacros v1.0.17
[INFO] [stderr]    Compiling thiserror-impl v2.0.18
[INFO] [stderr]    Compiling bytemuck v1.25.0
[INFO] [stderr]    Compiling profiling v1.0.17
[INFO] [stderr]    Compiling typenum v1.19.0
[INFO] [stderr]    Compiling num-rational v0.4.2
[INFO] [stderr]    Compiling rgb v0.8.53
[INFO] [stderr]    Compiling equator-macro v0.4.2
[INFO] [stderr]    Compiling tracing v0.1.44
[INFO] [stderr]    Compiling owned_ttf_parser v0.25.1
[INFO] [stderr]    Compiling parking_lot v0.12.5
[INFO] [stderr]    Compiling futures-channel v0.3.32
[INFO] [stderr]    Compiling fdeflate v0.3.7
[INFO] [stderr]    Compiling paste v1.0.15
[INFO] [stderr]    Compiling byteorder v1.5.0
[INFO] [stderr]    Compiling ab_glyph_rasterizer v0.1.10
[INFO] [stderr]    Compiling equator v0.4.2
[INFO] [stderr]    Compiling ab_glyph v0.2.32
[INFO] [stderr]    Compiling synstructure v0.13.2
[INFO] [stderr]    Compiling quick-error v2.0.1
[INFO] [stderr]    Compiling aligned-vec v0.6.4
[INFO] [stderr]    Compiling futures-macro v0.3.32
[INFO] [stderr]    Compiling wayland-backend v0.3.15
[INFO] [stderr]    Compiling nom v8.0.0
[INFO] [stderr]    Compiling zmij v1.0.21
[INFO] [stderr]    Compiling futures-task v0.3.32
[INFO] [stderr]    Compiling syn v1.0.109
[INFO] [stderr]    Compiling imgref v1.12.0
[INFO] [stderr]    Compiling weezl v0.1.12
[INFO] [stderr]    Compiling zerofrom-derive v0.1.7
[INFO] [stderr]    Compiling v_frame v0.3.9
[INFO] [stderr]    Compiling futures-util v0.3.32
[INFO] [stderr]    Compiling as-slice v0.2.1
[INFO] [stderr]    Compiling built v0.8.0
[INFO] [stderr]    Compiling zune-core v0.5.1
[INFO] [stderr]    Compiling scoped-tls v1.0.1
[INFO] [stderr]    Compiling av-scenechange v0.14.1
[INFO] [stderr]    Compiling color_quant v1.1.0
[INFO] [stderr]    Compiling unicase v2.9.0
[INFO] [stderr]    Compiling downcast-rs v1.2.1
[INFO] [stderr]    Compiling itoa v1.0.18
[INFO] [stderr]    Compiling winnow v1.0.1
[INFO] [stderr]    Compiling rav1e v0.8.1
[INFO] [stderr]    Compiling aligned v0.4.3
[INFO] [stderr]    Compiling zerofrom v0.1.7
[INFO] [stderr]    Compiling yoke-derive v0.8.2
[INFO] [stderr]    Compiling arg_enum_proc_macro v0.3.4
[INFO] [stderr]    Compiling quick-xml v0.39.2
[INFO] [stderr]    Compiling core2 v0.4.0
[INFO] [stderr]    Compiling wayland-client v0.31.14
[INFO] [stderr]    Compiling pastey v0.1.1
[INFO] [stderr]    Compiling thiserror v1.0.69
[INFO] [stderr]    Compiling y4m v0.8.0
[INFO] [stderr]    Compiling wayland-scanner v0.31.10
[INFO] [stderr]    Compiling av1-grain v0.2.5
[INFO] [stderr]    Compiling toml_parser v1.1.2+spec-1.1.0
[INFO] [stderr]    Compiling bitstream-io v4.9.0
[INFO] [stderr]    Compiling half v2.7.1
[INFO] [stderr]    Compiling ppv-lite86 v0.2.21
[INFO] [stderr]    Compiling yoke v0.8.2
[INFO] [stderr]    Compiling zune-jpeg v0.5.15
[INFO] [stderr]    Compiling thiserror-impl v1.0.69
[INFO] [stderr]    Compiling fax_derive v0.2.0
[INFO] [stderr]    Compiling num-derive v0.4.2
[INFO] [stderr]    Compiling maybe-rayon v0.1.1
[INFO] [stderr]    Compiling zune-inflate v0.2.54
[INFO] [stderr]    Compiling simd_helpers v0.1.0
[INFO] [stderr]    Compiling byteorder-lite v0.1.0
[INFO] [stderr]    Compiling bytes v1.11.1
[INFO] [stderr]    Compiling heck v0.5.0
[INFO] [stderr]    Compiling new_debug_unreachable v1.0.6
[INFO] [stderr]    Compiling noop_proc_macro v0.3.0
[INFO] [stderr]    Compiling foldhash v0.1.5
[INFO] [stderr]    Compiling image-webp v0.2.4
[INFO] [stderr]    Compiling fax v0.2.6
[INFO] [stderr]    Compiling hashbrown v0.15.5
[INFO] [stderr]    Compiling gif v0.14.1
[INFO] [stderr]    Compiling loop9 v0.1.5
[INFO] [stderr]    Compiling polling v3.11.0
[INFO] [stderr]    Compiling zerovec-derive v0.11.3
[INFO] [stderr]    Compiling link-cplusplus v1.0.12
[INFO] [stderr]    Compiling generic-array v0.14.7
[INFO] [stderr]    Compiling getrandom v0.2.17
[INFO] [stderr]    Compiling avif-serialize v0.8.8
[INFO] [stderr]    Compiling pxfm v0.1.28
[INFO] [stderr]    Compiling bit_field v0.10.3
[INFO] [stderr]    Compiling lebe v0.5.3
[INFO] [stderr]    Compiling khronos_api v3.1.0
[INFO] [stderr]    Compiling bitflags v1.3.2
[INFO] [stderr]    Compiling percent-encoding v2.3.2
[INFO] [stderr]    Compiling mint v0.5.9
[INFO] [stderr]    Compiling zerovec v0.11.6
[INFO] [stderr]    Compiling exr v1.74.0
[INFO] [stderr]    Compiling tiff v0.11.3
[INFO] [stderr]    Compiling glam v0.29.3
[INFO] [stderr]    Compiling png v0.18.1
[INFO] [stderr]    Compiling qoi v0.4.1
[INFO] [stderr]    Compiling displaydoc v0.2.5
[INFO] [stderr]    Compiling ahash v0.8.12
[INFO] [stderr]    Compiling parking v2.2.1
[INFO] [stderr]    Compiling roxmltree v0.20.0
[INFO] [stderr]    Compiling moxcms v0.8.1
[INFO] [stderr]    Compiling shaderc-sys v0.10.1
[INFO] [stderr]    Compiling approx v0.5.1
[INFO] [stderr]    Compiling concurrent-queue v2.5.0
[INFO] [stderr]    Compiling rustversion v1.0.22
[INFO] [stderr]    Compiling raw-window-handle v0.6.2
[INFO] [stderr]    Compiling lazy_static v1.5.0
[INFO] [stderr]    Compiling fastrand v2.4.0
[INFO] [stderr]    Compiling subtle v2.6.1
[INFO] [stderr]    Compiling xml-rs v0.8.28
[INFO] [stderr]    Compiling gl_generator v0.14.0
[INFO] [stderr]    Compiling ravif v0.13.0
[INFO] [stderr]    Compiling rand_core v0.6.4
[INFO] [stderr]    Compiling wayland-protocols v0.32.12
[INFO] [stderr] error: could not compile `rav1e` (lib)
[INFO] [stderr] 
[INFO] [stderr] Caused by:
[INFO] [stderr]   process didn't exit successfully: `/opt/rustwide/rustup-home/toolchains/1.99.0-beta.8-x86_64-unknown-linux-gnu/bin/rustc --crate-name rav1e --edition=2021 /opt/rustwide/cargo-home/registry/src/index.crates.io-1949cf8c6b5b557f/rav1e-0.8.1/src/lib.rs --error-format=json --json=diagnostic-rendered-ansi,artifacts,future-incompat --crate-type lib --emit=dep-info,metadata,link -C opt-level=3 -C linker-plugin-lto -C codegen-units=1 --cfg 'feature="threading"' --check-cfg 'cfg(docsrs,test)' --check-cfg 'cfg(feature, values("aom-sys", "asm", "av-metrics", "backtrace", "bench", "binaries", "byteorder", "capi", "cc", "channel-api", "check_asm", "clap", "clap_complete", "console", "crossbeam", "dav1d-sys", "decode_test", "decode_test_dav1d", "default", "desync_finder", "dump_ivf", "dump_lookahead_data", "fern", "git_version", "image", "ivf", "nasm-rs", "nom", "quick_test", "scan_fmt", "serde", "serde-big-array", "serialize", "signal-hook", "signal_support", "threading", "toml", "tracing", "tracing-chrome", "tracing-subscriber", "unstable", "wasm", "wasm-bindgen", "y4m"))' -C metadata=527d373abfc98c7e -C extra-filename=-884ea2c534a19e42 --out-dir /opt/rustwide/target/release/deps -C strip=symbols -L dependency=/opt/rustwide/target/release/deps --extern aligned_vec=/opt/rustwide/target/release/deps/libaligned_vec-819a295763bb6d84.rmeta --extern arg_enum_proc_macro=/opt/rustwide/target/release/deps/libarg_enum_proc_macro-41c622128e0ec246.so --extern arrayvec=/opt/rustwide/target/release/deps/libarrayvec-f1ee5a378fdf6661.rmeta --extern av_scenechange=/opt/rustwide/target/release/deps/libav_scenechange-13edd6b49e212fa2.rmeta --extern av1_grain=/opt/rustwide/target/release/deps/libav1_grain-fde8d48f2479a3c8.rmeta --extern bitstream_io=/opt/rustwide/target/release/deps/libbitstream_io-85af604e021511df.rmeta --extern cfg_if=/opt/rustwide/target/release/deps/libcfg_if-f1fea801a6ce64dc.rmeta --extern itertools=/opt/rustwide/target/release/deps/libitertools-50722ee220c9e82f.rmeta --extern libc=/opt/rustwide/target/release/deps/liblibc-4cf49c0c82cbd756.rmeta --extern log=/opt/rustwide/target/release/deps/liblog-e03b63faec97a175.rmeta --extern rayon=/opt/rustwide/target/release/deps/libmaybe_rayon-b0251bbc14eea885.rmeta --extern debug_unreachable=/opt/rustwide/target/release/deps/libdebug_unreachable-d87e0525974ad843.rmeta --extern noop_proc_macro=/opt/rustwide/target/release/deps/libnoop_proc_macro-7bf0eb43575631ae.so --extern num_derive=/opt/rustwide/target/release/deps/libnum_derive-8dcefd88af9c0a81.so --extern num_traits=/opt/rustwide/target/release/deps/libnum_traits-0f1d7b4b9404339c.rmeta --extern paste=/opt/rustwide/target/release/deps/libpaste-5fae598cb015cc04.so --extern profiling=/opt/rustwide/target/release/deps/libprofiling-a570d4068765b36d.rmeta --extern simd_helpers=/opt/rustwide/target/release/deps/libsimd_helpers-bfe0a50151aad03a.so --extern thiserror=/opt/rustwide/target/release/deps/libthiserror-effe0b0046dc7056.rmeta --extern v_frame=/opt/rustwide/target/release/deps/libv_frame-de6b2c0347f304e5.rmeta --cap-lints allow --cap-lints=warn` (signal: 9, SIGKILL: kill)
[INFO] [stderr] warning: build failed, waiting for other jobs to finish...
[INFO] [stderr] error: could not compile `glam` (lib)
[INFO] [stderr] 
[INFO] [stderr] Caused by:
[INFO] [stderr]   process didn't exit successfully: `/opt/rustwide/rustup-home/toolchains/1.99.0-beta.8-x86_64-unknown-linux-gnu/bin/rustc --crate-name glam --edition=2021 /opt/rustwide/cargo-home/registry/src/index.crates.io-1949cf8c6b5b557f/glam-0.29.3/src/lib.rs --error-format=json --json=diagnostic-rendered-ansi,artifacts,future-incompat --crate-type lib --emit=dep-info,metadata,link -C opt-level=3 -C linker-plugin-lto -C codegen-units=1 --cfg 'feature="bytemuck"' --cfg 'feature="default"' --cfg 'feature="mint"' --cfg 'feature="std"' --check-cfg 'cfg(docsrs,test)' --check-cfg 'cfg(feature, values("approx", "bytecheck", "bytemuck", "core-simd", "cuda", "debug-glam-assert", "default", "fast-math", "glam-assert", "libm", "mint", "nostd-libm", "rand", "rkyv", "scalar-math", "serde", "std"))' -C metadata=48ea328eee2c3dc2 -C extra-filename=-e79bfff5723b2aae --out-dir /opt/rustwide/target/release/deps -C strip=symbols -L dependency=/opt/rustwide/target/release/deps --extern bytemuck=/opt/rustwide/target/release/deps/libbytemuck-a915ce0692951d05.rmeta --extern mint=/opt/rustwide/target/release/deps/libmint-a63cadc30d2860d1.rmeta --cap-lints allow --cap-lints=warn` (signal: 9, SIGKILL: kill)
[INFO] [stderr] error: could not compile `wayland-protocols` (lib)
[INFO] [stderr] 
[INFO] [stderr] Caused by:
[INFO] [stderr]   process didn't exit successfully: `/opt/rustwide/rustup-home/toolchains/1.99.0-beta.8-x86_64-unknown-linux-gnu/bin/rustc --crate-name wayland_protocols --edition=2021 /opt/rustwide/cargo-home/registry/src/index.crates.io-1949cf8c6b5b557f/wayland-protocols-0.32.12/src/lib.rs --error-format=json --json=diagnostic-rendered-ansi,artifacts,future-incompat --crate-type lib --emit=dep-info,metadata,link -C opt-level=3 -C linker-plugin-lto -C codegen-units=1 --cfg 'feature="client"' --cfg 'feature="staging"' --cfg 'feature="unstable"' --cfg 'feature="wayland-client"' --check-cfg 'cfg(docsrs,test)' --check-cfg 'cfg(feature, values("client", "server", "staging", "unstable", "wayland-client", "wayland-server"))' -C metadata=51c259f4aec79753 -C extra-filename=-9f82c1df70622c74 --out-dir /opt/rustwide/target/release/deps -C strip=symbols -L dependency=/opt/rustwide/target/release/deps --extern bitflags=/opt/rustwide/target/release/deps/libbitflags-627716346f450d6f.rmeta --extern wayland_backend=/opt/rustwide/target/release/deps/libwayland_backend-e07ba34b3bf4d599.rmeta --extern wayland_client=/opt/rustwide/target/release/deps/libwayland_client-427e672fd93be723.rmeta --extern wayland_scanner=/opt/rustwide/target/release/deps/libwayland_scanner-b1136661115d80c9.so --cap-lints allow --cap-lints=warn` (signal: 9, SIGKILL: kill)
[INFO] [stderr] error: could not compile `ravif` (lib)
[INFO] [stderr] 
[INFO] [stderr] Caused by:
[INFO] [stderr]   process didn't exit successfully: `/opt/rustwide/rustup-home/toolchains/1.99.0-beta.8-x86_64-unknown-linux-gnu/bin/rustc --crate-name ravif --edition=2024 /opt/rustwide/cargo-home/registry/src/index.crates.io-1949cf8c6b5b557f/ravif-0.13.0/src/lib.rs --error-format=json --json=diagnostic-rendered-ansi,artifacts,future-incompat --crate-type lib --emit=dep-info,metadata,link -C opt-level=3 -C linker-plugin-lto -C codegen-units=1 --cfg 'feature="threading"' --check-cfg 'cfg(docsrs,test)' --check-cfg 'cfg(feature, values("asm", "default", "threading"))' -C metadata=a340778ee1098026 -C extra-filename=-bf19cc021e9960a7 --out-dir /opt/rustwide/target/release/deps -C strip=symbols -L dependency=/opt/rustwide/target/release/deps --extern avif_serialize=/opt/rustwide/target/release/deps/libavif_serialize-501bdae3da1a68a3.rmeta --extern imgref=/opt/rustwide/target/release/deps/libimgref-10c1e4d71fabc92c.rmeta --extern loop9=/opt/rustwide/target/release/deps/libloop9-8dc4e636a8ef7f6f.rmeta --extern quick_error=/opt/rustwide/target/release/deps/libquick_error-513ae5828a04c417.rmeta --extern rav1e=/opt/rustwide/target/release/deps/librav1e-884ea2c534a19e42.rmeta --extern rayon=/opt/rustwide/target/release/deps/librayon-4e987eae9bdf644b.rmeta --extern rgb=/opt/rustwide/target/release/deps/librgb-269388abff74a180.rmeta --cap-lints allow --cap-lints=warn` (signal: 9, SIGKILL: kill)
[INFO] [stderr] error: could not compile `moxcms` (lib)
[INFO] [stderr] 
[INFO] [stderr] Caused by:
[INFO] [stderr]   process didn't exit successfully: `/opt/rustwide/rustup-home/toolchains/1.99.0-beta.8-x86_64-unknown-linux-gnu/bin/rustc --crate-name moxcms --edition=2024 /opt/rustwide/cargo-home/registry/src/index.crates.io-1949cf8c6b5b557f/moxcms-0.8.1/src/lib.rs --error-format=json --json=diagnostic-rendered-ansi,artifacts,future-incompat --crate-type lib --emit=dep-info,metadata,link -C opt-level=3 -C linker-plugin-lto -C codegen-units=1 --cfg 'feature="avx"' --cfg 'feature="avx_luts"' --cfg 'feature="avx_shaper_fixed_point_paths"' --cfg 'feature="avx_shaper_paths"' --cfg 'feature="default"' --cfg 'feature="lut"' --cfg 'feature="neon"' --cfg 'feature="neon_luts"' --cfg 'feature="neon_shaper_fixed_point_paths"' --cfg 'feature="neon_shaper_paths"' --cfg 'feature="sse"' --cfg 'feature="sse_luts"' --cfg 'feature="sse_shaper_fixed_point_paths"' --cfg 'feature="sse_shaper_paths"' --check-cfg 'cfg(docsrs,test)' --check-cfg 'cfg(feature, values("any_to_any", "avx", "avx512", "avx512_shaper_fixed_point_paths", "avx512_shaper_optimized_paths", "avx_luts", "avx_shaper_fixed_point_paths", "avx_shaper_optimized_paths", "avx_shaper_paths", "default", "extended_range", "in_place", "lut", "neon", "neon_luts", "neon_shaper_fixed_point_paths", "neon_shaper_optimized_paths", "neon_shaper_paths", "options", "sse", "sse_luts", "sse_shaper_fixed_point_paths", "sse_shaper_optimized_paths", "sse_shaper_paths"))' -C metadata=4063043c9a1abe01 -C extra-filename=-533aac6111040a9a --out-dir /opt/rustwide/target/release/deps -C strip=symbols -L dependency=/opt/rustwide/target/release/deps --extern num_traits=/opt/rustwide/target/release/deps/libnum_traits-0f1d7b4b9404339c.rmeta --extern pxfm=/opt/rustwide/target/release/deps/libpxfm-7c8ccd47e584e8b8.rmeta --cap-lints allow --cap-lints=warn` (signal: 9, SIGKILL: kill)
[INFO] [stderr] warning: shaderc-sys@0.10.1: shaderc: searching for native shaderc libraries on system;  use '--features build-from-source' to force building from source code
[INFO] [stderr] warning: shaderc-sys@0.10.1: shaderc: cannot find native shaderc library on system; falling back to build from source
[INFO] [stderr] error: failed to run custom build command for `shaderc-sys v0.10.1`
[INFO] [stderr] note: To improve backtraces for build dependencies, set the CARGO_PROFILE_RELEASE_BUILD_OVERRIDE_DEBUG=true environment variable to enable debug information generation.
[INFO] [stderr] 
[INFO] [stderr] Caused by:
[INFO] [stderr]   process didn't exit successfully: `/opt/rustwide/target/release/build/shaderc-sys-fcd9841311240d79/build-script-build` (exit status: 101)
[INFO] [stderr]   --- stdout
[INFO] [stderr]   cargo:rerun-if-env-changed=SHADERC_NO_PKG_CONFIG
[INFO] [stderr]   cargo:rerun-if-env-changed=PKG_CONFIG_x86_64-unknown-linux-gnu
[INFO] [stderr]   cargo:rerun-if-env-changed=PKG_CONFIG_x86_64_unknown_linux_gnu
[INFO] [stderr]   cargo:rerun-if-env-changed=HOST_PKG_CONFIG
[INFO] [stderr]   cargo:rerun-if-env-changed=PKG_CONFIG
[INFO] [stderr]   cargo:rerun-if-env-changed=SHADERC_STATIC
[INFO] [stderr]   cargo:rerun-if-env-changed=SHADERC_DYNAMIC
[INFO] [stderr]   cargo:rerun-if-env-changed=PKG_CONFIG_ALL_STATIC
[INFO] [stderr]   cargo:rerun-if-env-changed=PKG_CONFIG_ALL_DYNAMIC
[INFO] [stderr]   cargo:rerun-if-env-changed=PKG_CONFIG_PATH_x86_64-unknown-linux-gnu
[INFO] [stderr]   cargo:rerun-if-env-changed=PKG_CONFIG_PATH_x86_64_unknown_linux_gnu
[INFO] [stderr]   cargo:rerun-if-env-changed=HOST_PKG_CONFIG_PATH
[INFO] [stderr]   cargo:rerun-if-env-changed=PKG_CONFIG_PATH
[INFO] [stderr]   cargo:rerun-if-env-changed=PKG_CONFIG_LIBDIR_x86_64-unknown-linux-gnu
[INFO] [stderr]   cargo:rerun-if-env-changed=PKG_CONFIG_LIBDIR_x86_64_unknown_linux_gnu
[INFO] [stderr]   cargo:rerun-if-env-changed=HOST_PKG_CONFIG_LIBDIR
[INFO] [stderr]   cargo:rerun-if-env-changed=PKG_CONFIG_LIBDIR
[INFO] [stderr]   cargo:rerun-if-env-changed=PKG_CONFIG_SYSROOT_DIR_x86_64-unknown-linux-gnu
[INFO] [stderr]   cargo:rerun-if-env-changed=PKG_CONFIG_SYSROOT_DIR_x86_64_unknown_linux_gnu
[INFO] [stderr]   cargo:rerun-if-env-changed=HOST_PKG_CONFIG_SYSROOT_DIR
[INFO] [stderr]   cargo:rerun-if-env-changed=PKG_CONFIG_SYSROOT_DIR
[INFO] [stderr]   cargo:warning=shaderc: searching for native shaderc libraries on system;  use '--features build-from-source' to force building from source code
[INFO] [stderr]   cargo:warning=shaderc: cannot find native shaderc library on system; falling back to build from source
[INFO] [stderr]   CMAKE_TOOLCHAIN_FILE_x86_64-unknown-linux-gnu = None
[INFO] [stderr]   CMAKE_TOOLCHAIN_FILE_x86_64_unknown_linux_gnu = None
[INFO] [stderr]   HOST_CMAKE_TOOLCHAIN_FILE = None
[INFO] [stderr]   CMAKE_TOOLCHAIN_FILE = None
[INFO] [stderr]   CMAKE_PREFIX_PATH_x86_64-unknown-linux-gnu = None
[INFO] [stderr]   CMAKE_PREFIX_PATH_x86_64_unknown_linux_gnu = None
[INFO] [stderr]   HOST_CMAKE_PREFIX_PATH = None
[INFO] [stderr]   CMAKE_PREFIX_PATH = None
[INFO] [stderr]   CMAKE_x86_64-unknown-linux-gnu = None
[INFO] [stderr]   CMAKE_x86_64_unknown_linux_gnu = None
[INFO] [stderr]   HOST_CMAKE = None
[INFO] [stderr]   CMAKE = None
[INFO] [stderr]   -- The C compiler identification is GNU 15.2.0
[INFO] [stderr]   -- The CXX compiler identification is GNU 15.2.0
[INFO] [stderr]   -- Detecting C compiler ABI info
[INFO] [stderr]   -- Detecting C compiler ABI info - done
[INFO] [stderr]   -- Check for working C compiler: /usr/bin/cc - skipped
[INFO] [stderr]   -- Detecting C compile features
[INFO] [stderr]   -- Detecting C compile features - done
[INFO] [stderr]   -- Detecting CXX compiler ABI info
[INFO] [stderr]   -- Detecting CXX compiler ABI info - done
[INFO] [stderr]   -- Check for working CXX compiler: /usr/bin/c++ - skipped
[INFO] [stderr]   -- Detecting CXX compile features
[INFO] [stderr]   -- Detecting CXX compile features - done
[INFO] [stderr]   -- Found Python3: /usr/bin/python3 (found version "3.14.4") found components: Interpreter
[INFO] [stderr]   -- optimizer enabled
[INFO] [stderr]   -- Performing Test CMAKE_HAVE_LIBC_PTHREAD
[INFO] [stderr]   -- Performing Test CMAKE_HAVE_LIBC_PTHREAD - Success
[INFO] [stderr]   -- Found Threads: TRUE
[INFO] [stderr]   -- Shaderc: build type is "Release".
[INFO] [stderr]   -- Configuring Shaderc to avoid building tests.
[INFO] [stderr]   -- Configuring Shaderc to build examples.
[INFO] [stderr]   -- Configuring Shaderc to build executables.
[INFO] [stderr]   -- Configuring Shaderc to check copyrights.
[INFO] [stderr]   -- asciidoctor was not found - no documentation will be generated
[INFO] [stderr]   -- Found Python: /usr/bin/python3 (found version "3.14.4") found components: Interpreter
[INFO] [stderr]   -- Performing Test COMPILER_SUPPORTS_FALLTHROUGH_WARNING
[INFO] [stderr]   -- Performing Test COMPILER_SUPPORTS_FALLTHROUGH_WARNING - Success
[INFO] [stderr]   -- Performing Test COMPILER_SUPPORTS_EXTRA_SEMI_WARNING
[INFO] [stderr]   -- Performing Test COMPILER_SUPPORTS_EXTRA_SEMI_WARNING - Success
[INFO] [stderr]   -- Performing Test COMPILER_SUPPORTS_PIC
[INFO] [stderr]   -- Performing Test COMPILER_SUPPORTS_PIC - Success
[INFO] [stderr]   -- Configuring done (8.2s)
[INFO] [stderr]   -- Generating done (0.6s)
[INFO] [stderr]   -- Build files have been written to: /opt/rustwide/target/release/build/shaderc-sys-7310cd8483887086/out/build
[INFO] [stderr]   [1/412] Building CXX object glslang/glslang/CMakeFiles/GenericCodeGen.dir/stub.cpp.o
[INFO] [stderr]   [2/412] Update build-version.inc in the SPIRV-Tools build directory (if necessary).
[INFO] [stderr]   [3/412] Generate language specific header for OpenCLDebugInfo100.
[INFO] [stderr]   [4/412] Building CXX object glslang/glslang/CMakeFiles/MachineIndependent.dir/stub.cpp.o
[INFO] [stderr]   [5/412] Generate tables based on the SPIR-V XML registry.
[INFO] [stderr]   [6/412] Update build-version.inc in the Shaderc build directory (if necessary).
[INFO] [stderr]   [7/412] Generating SPIRV-Tools.pc
[INFO] [stderr]   [8/412] Generate language specific header for DebugInfo.
[INFO] [stderr]   [9/412] Building CXX object glslang/glslang/OSDependent/Unix/CMakeFiles/OSDependent.dir/__/__/stub.cpp.o
[INFO] [stderr]   [10/412] Generating SPIRV-Tools-shared.pc
[INFO] [stderr]   [11/412] Linking CXX static library glslang/glslang/libGenericCodeGen.a
[INFO] [stderr]   [12/412] Linking CXX static library glslang/glslang/libMachineIndependent.a
[INFO] [stderr]   [13/412] cd /opt/rustwide/target/release/build/shaderc-sys-7310cd8483887086/out/build/shaderc && /usr/bin/cmake -DCHANGES_FILE=/opt/rustwide/cargo-home/registry/src/index.crates.io-1949cf8c6b5b557f/shaderc-sys-0.10.1/build/shaderc/CHANGES -DTEMPLATE_FILE=/opt/rustwide/cargo-home/registry/src/index.crates.io-1949cf8c6b5b557f/shaderc-sys-0.10.1/build/shaderc/cmake/shaderc_static.pc.in -DOUT_FILE=/opt/rustwide/target/release/build/shaderc-sys-7310cd8483887086/out/build/shaderc/shaderc_static.pc -DCMAKE_INSTALL_PREFIX=/opt/rustwide/target/release/build/shaderc-sys-7310cd8483887086/out -DCMAKE_INSTALL_LIBDIR=lib -DCMAKE_INSTALL_INCLUDEDIR=include -DLIBS=-lshaderc\ \ -lshaderc_util -P /opt/rustwide/cargo-home/registry/src/index.crates.io-1949cf8c6b5b557f/shaderc-sys-0.10.1/build/shaderc/cmake/write_pkg_config.cmake
[INFO] [stderr]   [14/412] cd /opt/rustwide/target/release/build/shaderc-sys-7310cd8483887086/out/build/shaderc && /usr/bin/cmake -DCHANGES_FILE=/opt/rustwide/cargo-home/registry/src/index.crates.io-1949cf8c6b5b557f/shaderc-sys-0.10.1/build/shaderc/CHANGES -DTEMPLATE_FILE=/opt/rustwide/cargo-home/registry/src/index.crates.io-1949cf8c6b5b557f/shaderc-sys-0.10.1/build/shaderc/cmake/shaderc.pc.in -DOUT_FILE=/opt/rustwide/target/release/build/shaderc-sys-7310cd8483887086/out/build/shaderc/shaderc.pc -DCMAKE_INSTALL_PREFIX=/opt/rustwide/target/release/build/shaderc-sys-7310cd8483887086/out -DCMAKE_INSTALL_LIBDIR=lib -DCMAKE_INSTALL_INCLUDEDIR=include -DLIBS=-lshaderc_shared -P /opt/rustwide/cargo-home/registry/src/index.crates.io-1949cf8c6b5b557f/shaderc-sys-0.10.1/build/shaderc/cmake/write_pkg_config.cmake
[INFO] [stderr]   [15/412] Generate language specific header for NonSemanticShaderDebugInfo100.
[INFO] [stderr]   [16/412] cd /opt/rustwide/target/release/build/shaderc-sys-7310cd8483887086/out/build/shaderc && /usr/bin/cmake -DCHANGES_FILE=/opt/rustwide/cargo-home/registry/src/index.crates.io-1949cf8c6b5b557f/shaderc-sys-0.10.1/build/shaderc/CHANGES -DTEMPLATE_FILE=/opt/rustwide/cargo-home/registry/src/index.crates.io-1949cf8c6b5b557f/shaderc-sys-0.10.1/build/shaderc/cmake/shaderc_combined.pc.in -DOUT_FILE=/opt/rustwide/target/release/build/shaderc-sys-7310cd8483887086/out/build/shaderc/shaderc_combined.pc -DCMAKE_INSTALL_PREFIX=/opt/rustwide/target/release/build/shaderc-sys-7310cd8483887086/out -DCMAKE_INSTALL_LIBDIR=lib -DCMAKE_INSTALL_INCLUDEDIR=include -DLIBS=-lshaderc_combined -P /opt/rustwide/cargo-home/registry/src/index.crates.io-1949cf8c6b5b557f/shaderc-sys-0.10.1/build/shaderc/cmake/write_pkg_config.cmake
[INFO] [stderr]   [17/412] Check copyright
[INFO] [stderr]   [18/412] Linking CXX static library glslang/glslang/OSDependent/Unix/libOSDependent.a
[INFO] [stderr]   [19/412] Generate grammar tables
[INFO] [stderr]   [20/412] Building CXX object glslang/glslang/CMakeFiles/glslang-default-resource-limits.dir/ResourceLimits/resource_limits_c.cpp.o
[INFO] [stderr]   [21/412] Building CXX object spirv-tools/source/CMakeFiles/SPIRV-Tools-static.dir/util/bit_vector.cpp.o
[INFO] [stderr]   [22/412] Building CXX object spirv-tools/source/CMakeFiles/SPIRV-Tools-static.dir/ext_inst.cpp.o
[INFO] [stderr]   [23/412] Building CXX object glslang/glslang/CMakeFiles/glslang-default-resource-limits.dir/ResourceLimits/ResourceLimits.cpp.o
[INFO] [stderr]   [24/412] Building CXX object spirv-tools/source/CMakeFiles/SPIRV-Tools-static.dir/util/string_utils.cpp.o
[INFO] [stderr]   [25/412] Building CXX object spirv-tools/source/CMakeFiles/SPIRV-Tools-static.dir/assembly_grammar.cpp.o
[INFO] [stderr]   [26/412] Building CXX object spirv-tools/source/CMakeFiles/SPIRV-Tools-static.dir/diagnostic.cpp.o
[INFO] [stderr]   [27/412] Building CXX object spirv-tools/source/CMakeFiles/SPIRV-Tools-static.dir/extensions.cpp.o
[INFO] [stderr]   [28/412] Building CXX object spirv-tools/source/CMakeFiles/SPIRV-Tools-static.dir/libspirv.cpp.o
[INFO] [stderr]   [29/412] Building CXX object spirv-tools/source/CMakeFiles/SPIRV-Tools-static.dir/binary.cpp.o
[INFO] [stderr]   [30/412] Building CXX object spirv-tools/source/CMakeFiles/SPIRV-Tools-static.dir/software_version.cpp.o
[INFO] [stderr]   [31/412] Building CXX object spirv-tools/source/CMakeFiles/SPIRV-Tools-static.dir/spirv_endian.cpp.o
[INFO] [stderr]   [32/412] Building CXX object spirv-tools/source/CMakeFiles/SPIRV-Tools-static.dir/opcode.cpp.o
[INFO] [stderr]   [33/412] Building CXX object spirv-tools/source/CMakeFiles/SPIRV-Tools-static.dir/spirv_optimizer_options.cpp.o
[INFO] [stderr]   [34/412] Building CXX object spirv-tools/source/CMakeFiles/SPIRV-Tools-static.dir/print.cpp.o
[INFO] [stderr]   [35/412] Building CXX object spirv-tools/source/CMakeFiles/SPIRV-Tools-static.dir/spirv_fuzzer_options.cpp.o
[INFO] [stderr]   [36/412] Building CXX object spirv-tools/source/CMakeFiles/SPIRV-Tools-static.dir/spirv_reducer_options.cpp.o
[INFO] [stderr]   [37/412] Building CXX object spirv-tools/source/CMakeFiles/SPIRV-Tools-static.dir/operand.cpp.o
[INFO] [stderr]   [38/412] Building CXX object spirv-tools/source/CMakeFiles/SPIRV-Tools-static.dir/spirv_validator_options.cpp.o
[INFO] [stderr]   [39/412] Building CXX object spirv-tools/source/CMakeFiles/SPIRV-Tools-static.dir/parsed_operand.cpp.o
[INFO] [stderr]   [40/412] Building CXX object spirv-tools/source/CMakeFiles/SPIRV-Tools-static.dir/spirv_target_env.cpp.o
[INFO] [stderr]   [41/412] Building CXX object spirv-tools/source/CMakeFiles/SPIRV-Tools-static.dir/disassemble.cpp.o
[INFO] [stderr]   [42/412] Building CXX object spirv-tools/source/CMakeFiles/SPIRV-Tools-static.dir/name_mapper.cpp.o
[INFO] [stderr]   [43/412] Building CXX object spirv-tools/source/CMakeFiles/SPIRV-Tools-static.dir/table.cpp.o
[INFO] [stderr]   [44/412] Building CXX object spirv-tools/source/CMakeFiles/SPIRV-Tools-static.dir/to_string.cpp.o
[INFO] [stderr]   [45/412] Building CXX object spirv-tools/source/CMakeFiles/SPIRV-Tools-static.dir/table2.cpp.o
[INFO] [stderr]   [46/412] Building CXX object spirv-tools/source/CMakeFiles/SPIRV-Tools-static.dir/util/parse_number.cpp.o
[INFO] [stderr]   [47/412] Building CXX object spirv-tools/source/CMakeFiles/SPIRV-Tools-static.dir/text_handler.cpp.o
[INFO] [stderr]   [48/412] Building CXX object spirv-tools/source/CMakeFiles/SPIRV-Tools-static.dir/val/validate_adjacency.cpp.o
[INFO] [stderr]   [49/412] Building CXX object spirv-tools/source/CMakeFiles/SPIRV-Tools-static.dir/text.cpp.o
[INFO] [stderr]   [50/412] Building CXX object spirv-tools/source/CMakeFiles/SPIRV-Tools-static.dir/val/validate_barriers.cpp.o
[INFO] [stderr]   [51/412] Building CXX object spirv-tools/source/CMakeFiles/SPIRV-Tools-static.dir/val/validate_atomics.cpp.o
[INFO] [stderr]   [52/412] Building CXX object spirv-tools/source/CMakeFiles/SPIRV-Tools-static.dir/val/validate_annotation.cpp.o
[INFO] [stderr]   [53/412] Building CXX object spirv-tools/source/CMakeFiles/SPIRV-Tools-static.dir/val/validate_arithmetics.cpp.o
[INFO] [stderr]   [54/412] Building CXX object spirv-tools/source/CMakeFiles/SPIRV-Tools-static.dir/val/validate_bitwise.cpp.o
[INFO] [stderr]   [55/412] Building CXX object spirv-tools/source/CMakeFiles/SPIRV-Tools-static.dir/val/validate.cpp.o
[INFO] [stderr]   [56/412] Building CXX object spirv-tools/source/CMakeFiles/SPIRV-Tools-static.dir/val/validate_capability.cpp.o
[INFO] [stderr]   [57/412] Building CXX object spirv-tools/source/CMakeFiles/SPIRV-Tools-static.dir/val/validate_composites.cpp.o
[INFO] [stderr]   [58/412] Building CXX object spirv-tools/source/CMakeFiles/SPIRV-Tools-static.dir/val/validate_constants.cpp.o
[INFO] [stderr]   [59/412] Building CXX object spirv-tools/source/CMakeFiles/SPIRV-Tools-static.dir/val/validate_debug.cpp.o
[INFO] [stderr]   [60/412] Building CXX object spirv-tools/source/CMakeFiles/SPIRV-Tools-static.dir/val/validate_conversion.cpp.o
[INFO] [stderr]   [61/412] Building CXX object spirv-tools/source/CMakeFiles/SPIRV-Tools-static.dir/val/validate_derivatives.cpp.o
[INFO] [stderr]   [62/412] Building CXX object spirv-tools/source/CMakeFiles/SPIRV-Tools-static.dir/val/validate_builtins.cpp.o
[INFO] [stderr]   FAILED: [code=1] spirv-tools/source/CMakeFiles/SPIRV-Tools-static.dir/val/validate_builtins.cpp.o 
[INFO] [stderr]   /usr/bin/c++ -DSPIRV_COLOR_TERMINAL -DSPIRV_TIMER_ENABLED -I/opt/rustwide/cargo-home/registry/src/index.crates.io-1949cf8c6b5b557f/shaderc-sys-0.10.1/build/spirv-tools -I/opt/rustwide/cargo-home/registry/src/index.crates.io-1949cf8c6b5b557f/shaderc-sys-0.10.1/build/spirv-tools/include -I/opt/rustwide/target/release/build/shaderc-sys-7310cd8483887086/out/build/spirv-tools -I/opt/rustwide/cargo-home/registry/src/index.crates.io-1949cf8c6b5b557f/shaderc-sys-0.10.1/build/spirv-headers/include -ffunction-sections -fdata-sections -fPIC -m64 -w -O3 -DNDEBUG -std=c++17 -fPIC -fno-rtti -Wall -Wextra -Wnon-virtual-dtor -Wno-missing-field-initializers -Wno-long-long -Wshadow -Wundef -Wconversion -Wno-sign-conversion -fno-exceptions -MD -MT spirv-tools/source/CMakeFiles/SPIRV-Tools-static.dir/val/validate_builtins.cpp.o -MF spirv-tools/source/CMakeFiles/SPIRV-Tools-static.dir/val/validate_builtins.cpp.o.d -o spirv-tools/source/CMakeFiles/SPIRV-Tools-static.dir/val/validate_builtins.cpp.o -c /opt/rustwide/cargo-home/registry/src/index.crates.io-1949cf8c6b5b557f/shaderc-sys-0.10.1/build/spirv-tools/source/val/validate_builtins.cpp
[INFO] [stderr]   c++: fatal error: Killed signal terminated program cc1plus
[INFO] [stderr]   compilation terminated.
[INFO] [stderr]   [63/412] Building CXX object spirv-tools/source/CMakeFiles/SPIRV-Tools-static.dir/val/validate_execution_limitations.cpp.o
[INFO] [stderr]   [64/412] Building CXX object spirv-tools/source/CMakeFiles/SPIRV-Tools-static.dir/val/validate_function.cpp.o
[INFO] [stderr]   [65/412] Building CXX object spirv-tools/source/CMakeFiles/SPIRV-Tools-static.dir/val/validate_id.cpp.o
[INFO] [stderr]   [66/412] Building CXX object spirv-tools/source/CMakeFiles/SPIRV-Tools-static.dir/val/validate_cfg.cpp.o
[INFO] [stderr]   [67/412] Building CXX object spirv-tools/source/CMakeFiles/SPIRV-Tools-static.dir/val/validate_image.cpp.o
[INFO] [stderr]   [68/412] Building CXX object spirv-tools/source/CMakeFiles/SPIRV-Tools-static.dir/val/validate_decorations.cpp.o
[INFO] [stderr]   [69/412] Building CXX object spirv-tools/source/CMakeFiles/SPIRV-Tools-static.dir/val/validate_extensions.cpp.o
[INFO] [stderr]   ninja: build stopped: subcommand failed.
[INFO] [stderr] 
[INFO] [stderr]   --- stderr
[INFO] [stderr]   running: cd "/opt/rustwide/target/release/build/shaderc-sys-7310cd8483887086/out/build" && CMAKE_PREFIX_PATH="" LC_ALL="C" "cmake" "/opt/rustwide/cargo-home/registry/src/index.crates.io-1949cf8c6b5b557f/shaderc-sys-0.10.1/build" "-B" "/opt/rustwide/target/release/build/shaderc-sys-7310cd8483887086/out/build" "-G" "Ninja" "-DCMAKE_INSTALL_LIBDIR=lib" "-DCMAKE_POSITION_INDEPENDENT_CODE=ON" "-DENABLE_SPVREMAPPER=OFF" "-DENABLE_GLSLANG_BINARIES=OFF" "-DSHADERC_SKIP_TESTS=ON" "-DSPIRV_SKIP_EXECUTABLES=ON" "-DSPIRV_WERROR=OFF" "-DCMAKE_INSTALL_PREFIX=/opt/rustwide/target/release/build/shaderc-sys-7310cd8483887086/out" "-DCMAKE_C_FLAGS= -ffunction-sections -fdata-sections -fPIC -m64 -w" "-DCMAKE_C_COMPILER=/usr/bin/cc" "-DCMAKE_CXX_FLAGS= -ffunction-sections -fdata-sections -fPIC -m64 -w" "-DCMAKE_CXX_COMPILER=/usr/bin/c++" "-DCMAKE_ASM_FLAGS= -ffunction-sections -fdata-sections -fPIC -m64 -w" "-DCMAKE_ASM_COMPILER=/usr/bin/cc" "-DCMAKE_BUILD_TYPE=Release"
[INFO] [stderr]   CMake Warning:
[INFO] [stderr]     Manually-specified variables were not used by the project:
[INFO] [stderr] 
[INFO] [stderr]       CMAKE_ASM_COMPILER
[INFO] [stderr]       CMAKE_ASM_FLAGS
[INFO] [stderr] 
[INFO] [stderr] 
[INFO] [stderr]   running: cd "/opt/rustwide/target/release/build/shaderc-sys-7310cd8483887086/out/build" && LC_ALL="C" "cmake" "--build" "/opt/rustwide/target/release/build/shaderc-sys-7310cd8483887086/out/build" "--target" "install" "--config" "Release" "--parallel" "8"
[INFO] [stderr] 
[INFO] [stderr]   thread 'main' (2581) panicked at /opt/rustwide/cargo-home/registry/src/index.crates.io-1949cf8c6b5b557f/cmake-0.1.58/src/lib.rs:1132:5:
[INFO] [stderr] 
[INFO] [stderr]   command did not execute successfully, got: exit status: 1
[INFO] [stderr] 
[INFO] [stderr]   build script failed, must exit now
[INFO] [stderr]   stack backtrace:
[INFO] [stderr]      0:     0x58b7ce070fc1 - <unknown>
[INFO] [stderr]      1:     0x58b7ce08555a - <unknown>
[INFO] [stderr]      2:     0x58b7ce076b2c - <unknown>
[INFO] [stderr]      3:     0x58b7ce04f9d6 - <unknown>
[INFO] [stderr]      4:     0x58b7ce06b831 - <unknown>
[INFO] [stderr]      5:     0x58b7ce06b9eb - <unknown>
[INFO] [stderr]      6:     0x58b7ce04fa82 - <unknown>
[INFO] [stderr]      7:     0x58b7ce048589 - <unknown>
[INFO] [stderr]      8:     0x58b7ce05029d - <unknown>
[INFO] [stderr]      9:     0x58b7ce085ccc - <unknown>
[INFO] [stderr]     10:     0x58b7cdfdd947 - <unknown>
[INFO] [stderr]     11:     0x58b7cdfdd5d3 - <unknown>
[INFO] [stderr]     12:     0x58b7cdfe35a5 - <unknown>
[INFO] [stderr]     13:     0x58b7cdf9337f - <unknown>
[INFO] [stderr]     14:     0x58b7cdf92a98 - <unknown>
[INFO] [stderr]     15:     0x58b7cdf95f20 - <unknown>
[INFO] [stderr]     16:     0x58b7cdf96d73 - <unknown>
[INFO] [stderr]     17:     0x58b7cdf8bbc6 - <unknown>
[INFO] [stderr]     18:     0x58b7cdf90d19 - <unknown>
[INFO] [stderr]     19:     0x58b7ce06aaf9 - <unknown>
[INFO] [stderr]     20:     0x58b7cdf8f571 - <unknown>
[INFO] [stderr]     21:     0x58b7cdf96e75 - <unknown>
[INFO] [stderr]     22:     0x7e38255cd601 - <unknown>
[INFO] [stderr]     23:     0x7e38255cd718 - __libc_start_main
[INFO] [stderr]     24:     0x58b7cdf89b95 - <unknown>
[INFO] [stderr]     25:                0x0 - <unknown>
[INFO] running `Command { std: "docker" "inspect" "5209bfa5eca33073956fe02440a2a7c835d162f7900232c9b9fb40c73ad10df3", kill_on_drop: false }`
[INFO] running `Command { std: "docker" "rm" "-f" "5209bfa5eca33073956fe02440a2a7c835d162f7900232c9b9fb40c73ad10df3", kill_on_drop: false }`
[INFO] [stdout] 5209bfa5eca33073956fe02440a2a7c835d162f7900232c9b9fb40c73ad10df3
