[INFO] fetching crate observed 0.27.0...
[INFO] testing observed-0.27.0 against 1.100.0-beta.1+cargoflags=--release for beta-release-1.100-2
[INFO] extracting crate observed 0.27.0 into /workspace/builds/worker-4-tc2/source
[INFO] started tweaking crates.io crate observed 0.27.0
[INFO] removed 0 missing tests
[INFO] finished tweaking crates.io crate observed 0.27.0
[INFO] tweaked toml for crates.io crate observed 0.27.0 written to /workspace/builds/worker-4-tc2/source/Cargo.toml
[INFO] validating manifest of crates.io crate observed 0.27.0 on toolchain 1.100.0-beta.1
[INFO] running `Command { std: CARGO_HOME="/workspace/cargo-home" RUSTUP_HOME="/workspace/rustup-home" "/workspace/cargo-home/bin/cargo" "+1.100.0-beta.1" "metadata" "--manifest-path" "Cargo.toml" "--no-deps", kill_on_drop: false }`
[INFO] crate crates.io crate observed 0.27.0 already has a lockfile, it will not be regenerated
[INFO] running `Command { std: CARGO_HOME="/workspace/cargo-home" RUSTUP_HOME="/workspace/rustup-home" "/workspace/cargo-home/bin/cargo" "+1.100.0-beta.1" "fetch" "--manifest-path" "Cargo.toml", kill_on_drop: false }`
[INFO] running `Command { std: "docker" "create" "-v" "/var/lib/crater-agent-workspace/builds/worker-4-tc2/source:/opt/rustwide/workdir:ro,Z" "-v" "/var/lib/crater-agent-workspace/builds/worker-4-tc2/target:/opt/rustwide/target:rw,Z" "-v" "/var/lib/crater-agent-workspace/cargo-home:/opt/rustwide/cargo-home:ro,Z" "-v" "/var/lib/crater-agent-workspace/rustup-home:/opt/rustwide/rustup-home:ro,Z" "-m" "1610612736" "--network" "none" "ghcr.io/rust-lang/crates-build-env/linux@sha256:77db811e55d90add9212f6832c23229e3de5f1c1f9905e8cb07319ea15df73ac" "sleep" "infinity", kill_on_drop: false }`
[INFO] [stdout] b9c24abab0f653cccf87730d40a77f3c910fe448ddf36c03a525f0bd9bb2674f
[INFO] running `Command { std: "docker" "start" "b9c24abab0f653cccf87730d40a77f3c910fe448ddf36c03a525f0bd9bb2674f", kill_on_drop: false }`
[INFO] running `Command { std: "docker" "inspect" "b9c24abab0f653cccf87730d40a77f3c910fe448ddf36c03a525f0bd9bb2674f", kill_on_drop: false }`
[INFO] running `Command { std: "docker" "exec" "-e" "SOURCE_DIR=/opt/rustwide/workdir" "-e" "CARGO_HOME=/opt/rustwide/cargo-home" "-e" "RUSTUP_HOME=/opt/rustwide/rustup-home" "-e" "CARGO_TARGET_DIR=/opt/rustwide/target" "-w" "/opt/rustwide/workdir" "--user" "0:0" "b9c24abab0f653cccf87730d40a77f3c910fe448ddf36c03a525f0bd9bb2674f" "/opt/rustwide/cargo-home/bin/cargo" "+1.100.0-beta.1" "metadata" "--no-deps" "--format-version=1", kill_on_drop: false }`
[INFO] running `Command { std: "docker" "inspect" "b9c24abab0f653cccf87730d40a77f3c910fe448ddf36c03a525f0bd9bb2674f", kill_on_drop: false }`
[INFO] running `Command { std: "docker" "exec" "-e" "SOURCE_DIR=/opt/rustwide/workdir" "-e" "CARGO_HOME=/opt/rustwide/cargo-home" "-e" "RUSTUP_HOME=/opt/rustwide/rustup-home" "-e" "CARGO_TARGET_DIR=/opt/rustwide/target" "-e" "CARGO_INCREMENTAL=0" "-e" "RUST_BACKTRACE=full" "-e" "RUSTFLAGS=--cap-lints=warn" "-e" "RUSTDOCFLAGS=--cap-lints=warn" "-w" "/opt/rustwide/workdir" "--user" "0:0" "b9c24abab0f653cccf87730d40a77f3c910fe448ddf36c03a525f0bd9bb2674f" "/opt/rustwide/cargo-home/bin/cargo" "+1.100.0-beta.1" "build" "--frozen" "--message-format=json" "--release", kill_on_drop: false }`
[INFO] [stderr]    Compiling thread_aware_core v0.1.1
[INFO] [stderr]    Compiling typeid v1.0.3
[INFO] [stderr]    Compiling futures-core v0.3.34
[INFO] [stderr]    Compiling rustc-hash v2.1.3
[INFO] [stderr]    Compiling data_privacy_core v0.1.2
[INFO] [stderr]    Compiling smallvec v1.16.0
[INFO] [stderr]    Compiling thread_local v1.1.10
[INFO] [stderr]    Compiling syn v3.0.5
[INFO] [stderr]    Compiling syn v2.0.119
[INFO] [stderr]    Compiling performables v0.2.0
[INFO] [stderr]    Compiling pin-project-internal v1.1.13
[INFO] [stderr]    Compiling thread_aware_macros_impl v0.12.0
[INFO] [stderr]    Compiling data_privacy_macros_impl v0.13.0
[INFO] [stderr]    Compiling ohno_macros_impl v0.5.2
[INFO] [stderr]    Compiling observed_macros_impl v0.26.0
[INFO] [stderr]    Compiling pin-project v1.1.13
[INFO] [stderr]    Compiling thread_aware_macros v0.12.0
[INFO] [stderr]    Compiling data_privacy_macros v0.13.0
[INFO] [stderr]    Compiling ohno_macros v0.5.2
[INFO] [stderr]    Compiling observed_macros v0.26.0
[INFO] [stderr]    Compiling ohno v0.5.2
[INFO] [stderr]    Compiling data_privacy v0.13.0
[INFO] [stderr]    Compiling thread_aware v0.12.0
[INFO] [stderr]    Compiling tick v0.7.1
[INFO] [stderr]    Compiling observed v0.27.0 (/opt/rustwide/workdir)
[INFO] [stderr]     Finished `release` profile [optimized] target(s) in 16.17s
[INFO] running `Command { std: "docker" "inspect" "b9c24abab0f653cccf87730d40a77f3c910fe448ddf36c03a525f0bd9bb2674f", kill_on_drop: false }`
[INFO] running `Command { std: "docker" "exec" "-e" "SOURCE_DIR=/opt/rustwide/workdir" "-e" "CARGO_HOME=/opt/rustwide/cargo-home" "-e" "RUSTUP_HOME=/opt/rustwide/rustup-home" "-e" "CARGO_TARGET_DIR=/opt/rustwide/target" "-e" "CARGO_INCREMENTAL=0" "-e" "RUST_BACKTRACE=full" "-e" "RUSTFLAGS=--cap-lints=warn" "-e" "RUSTDOCFLAGS=--cap-lints=warn" "-w" "/opt/rustwide/workdir" "--user" "0:0" "b9c24abab0f653cccf87730d40a77f3c910fe448ddf36c03a525f0bd9bb2674f" "/opt/rustwide/cargo-home/bin/cargo" "+1.100.0-beta.1" "test" "--frozen" "--no-run" "--message-format=json" "--release", kill_on_drop: false }`
[INFO] [stderr]    Compiling serde_core v1.0.229
[INFO] [stderr]    Compiling getrandom v0.3.4
[INFO] [stderr]    Compiling syn v3.0.5
[INFO] [stderr]    Compiling syn v2.0.119
[INFO] [stderr]    Compiling thiserror v2.0.20
[INFO] [stderr]    Compiling cc v1.4.5
[INFO] [stderr]    Compiling clap_builder v4.6.6
[INFO] [stderr]    Compiling itertools v0.13.0
[INFO] [stderr]    Compiling rand_core v0.9.5
[INFO] [stderr]    Compiling chrono v0.4.45
[INFO] [stderr]    Compiling cpu-time v1.0.0
[INFO] [stderr]    Compiling page_size v0.6.0
[INFO] [stderr]    Compiling alloca v0.4.0
[INFO] [stderr]    Compiling clap v4.6.6
[INFO] [stderr]    Compiling criterion-plot v0.8.2
[INFO] [stderr]    Compiling serde_json v1.0.151
[INFO] [stderr]    Compiling thread_aware_macros_impl v0.12.0
[INFO] [stderr]    Compiling data_privacy_macros_impl v0.13.0
[INFO] [stderr]    Compiling ohno_macros_impl v0.5.2
[INFO] [stderr]    Compiling observed_macros_impl v0.26.0
[INFO] [stderr]    Compiling zerocopy-derive v0.8.57
[INFO] [stderr]    Compiling pin-project-internal v1.1.13
[INFO] [stderr]    Compiling pin-project v1.1.13
[INFO] [stderr]    Compiling serde_derive v1.0.229
[INFO] [stderr]    Compiling zerocopy v0.8.57
[INFO] [stderr]    Compiling futures-macro v0.3.34
[INFO] [stderr]    Compiling thiserror-impl v2.0.20
[INFO] [stderr]    Compiling tokio-macros v2.7.2
[INFO] [stderr]    Compiling thread_aware_macros v0.12.0
[INFO] [stderr]    Compiling ohno_macros v0.5.2
[INFO] [stderr]    Compiling thread_aware v0.12.0
[INFO] [stderr]    Compiling data_privacy_macros v0.13.0
[INFO] [stderr]    Compiling tick v0.7.1
[INFO] [stderr]    Compiling data_privacy v0.13.0
[INFO] [stderr]    Compiling tokio v1.53.1
[INFO] [stderr]    Compiling futures-util v0.3.34
[INFO] [stderr]    Compiling ohno v0.5.2
[INFO] [stderr]    Compiling observed_macros v0.26.0
[INFO] [stderr]    Compiling observed v0.27.0 (/opt/rustwide/workdir)
[INFO] [stderr]    Compiling opentelemetry v0.33.0
[INFO] [stderr]    Compiling serde v1.0.229
[INFO] [stderr]    Compiling folo_utils v0.1.13
[INFO] [stderr]    Compiling tinytemplate v1.2.1
[INFO] [stderr]    Compiling futures-executor v0.3.34
[INFO] [stderr]    Compiling all_the_time v0.6.6
[INFO] [stderr]    Compiling alloc_tracker v0.7.6
[INFO] [stderr]    Compiling ppv-lite86 v0.2.21
[INFO] [stderr]    Compiling half v2.7.1
[INFO] [stderr]    Compiling ciborium-ll v0.2.2
[INFO] [stderr]    Compiling ciborium v0.2.2
[INFO] [stderr]    Compiling rand_chacha v0.9.0
[INFO] [stderr]    Compiling rand v0.9.5
[INFO] [stderr]    Compiling criterion v0.8.2
[INFO] [stderr]    Compiling opentelemetry_sdk v0.33.0
[INFO] [stderr]    Compiling opentelemetry-stdout v0.33.0
[INFO] [stdout] error: couldn't find file `tests/../examples/support/otel.rs`
[INFO] [stdout]   --> tests/otel_log_record.rs:22:1
[INFO] [stdout]    |
[INFO] [stdout] 22 | mod otel;
[INFO] [stdout]    | ^^^^^^^^^
[INFO] [stdout] 
[INFO] [stdout] 
[INFO] [stderr] error: could not compile `observed` (test "otel_log_record") due to 1 previous error
[INFO] [stderr] warning: build failed, waiting for other jobs to finish...
[INFO] [stdout] error[E0432]: unresolved import `ohno::assert_error_message`
[INFO] [stdout]    --> src/error.rs:158:9
[INFO] [stdout]     |
[INFO] [stdout] 158 |     use ohno::assert_error_message;
[INFO] [stdout]     |         ^^^^^^--------------------
[INFO] [stdout]     |               |
[INFO] [stdout]     |               no `assert_error_message` in the root
[INFO] [stdout] 
[INFO] [stdout] 
[INFO] [stdout] error[E0432]: unresolved import `ohno::assert_error_message`
[INFO] [stdout]    --> src/sink/core.rs:569:9
[INFO] [stdout]     |
[INFO] [stdout] 569 |     use ohno::assert_error_message;
[INFO] [stdout]     |         ^^^^^^--------------------
[INFO] [stdout]     |               |
[INFO] [stdout]     |               no `assert_error_message` in the root
[INFO] [stdout] 
[INFO] [stdout] 
[INFO] [stdout] error[E0599]: no associated function or constant named `new_frozen` found for struct `tick::SimpleClock` in the current scope
[INFO] [stdout]    --> src/interop.rs:178:26
[INFO] [stdout]     |
[INFO] [stdout] 178 |             SimpleClock::new_frozen(),
[INFO] [stdout]     |                          ^^^^^^^^^^ associated function or constant not found in `tick::SimpleClock`
[INFO] [stdout]     |
[INFO] [stdout] note: if you're trying to build a new `tick::SimpleClock`, consider using `tick::SimpleClock::new_system` which returns `tick::SimpleClock`
[INFO] [stdout]    --> /opt/rustwide/cargo-home/registry/src/index.crates.io-1949cf8c6b5b557f/tick-0.7.1/src/simple_clock.rs:62:5
[INFO] [stdout]     |
[INFO] [stdout]  62 |     pub fn new_system() -> Self {
[INFO] [stdout]     |     ^^^^^^^^^^^^^^^^^^^^^^^^^^^
[INFO] [stdout] 
[INFO] [stdout] 
[INFO] [stdout] error[E0599]: no associated function or constant named `new_frozen` found for struct `tick::SimpleClock` in the current scope
[INFO] [stdout]    --> src/sink/core.rs:643:26
[INFO] [stdout]     |
[INFO] [stdout] 643 |             SimpleClock::new_frozen(),
[INFO] [stdout]     |                          ^^^^^^^^^^ associated function or constant not found in `tick::SimpleClock`
[INFO] [stdout]     |
[INFO] [stdout] note: if you're trying to build a new `tick::SimpleClock`, consider using `tick::SimpleClock::new_system` which returns `tick::SimpleClock`
[INFO] [stdout]    --> /opt/rustwide/cargo-home/registry/src/index.crates.io-1949cf8c6b5b557f/tick-0.7.1/src/simple_clock.rs:62:5
[INFO] [stdout]     |
[INFO] [stdout]  62 |     pub fn new_system() -> Self {
[INFO] [stdout]     |     ^^^^^^^^^^^^^^^^^^^^^^^^^^^
[INFO] [stdout] 
[INFO] [stdout] 
[INFO] [stdout] error[E0599]: no associated function or constant named `new_frozen` found for struct `tick::SimpleClock` in the current scope
[INFO] [stdout]    --> src/sink/core.rs:748:26
[INFO] [stdout]     |
[INFO] [stdout] 748 |             SimpleClock::new_frozen(),
[INFO] [stdout]     |                          ^^^^^^^^^^ associated function or constant not found in `tick::SimpleClock`
[INFO] [stdout]     |
[INFO] [stdout] note: if you're trying to build a new `tick::SimpleClock`, consider using `tick::SimpleClock::new_system` which returns `tick::SimpleClock`
[INFO] [stdout]    --> /opt/rustwide/cargo-home/registry/src/index.crates.io-1949cf8c6b5b557f/tick-0.7.1/src/simple_clock.rs:62:5
[INFO] [stdout]     |
[INFO] [stdout]  62 |     pub fn new_system() -> Self {
[INFO] [stdout]     |     ^^^^^^^^^^^^^^^^^^^^^^^^^^^
[INFO] [stdout] 
[INFO] [stdout] 
[INFO] [stdout] error[E0599]: no associated function or constant named `new_frozen` found for struct `tick::SimpleClock` in the current scope
[INFO] [stdout]    --> src/sink/core.rs:770:26
[INFO] [stdout]     |
[INFO] [stdout] 770 |             SimpleClock::new_frozen(),
[INFO] [stdout]     |                          ^^^^^^^^^^ associated function or constant not found in `tick::SimpleClock`
[INFO] [stdout]     |
[INFO] [stdout] note: if you're trying to build a new `tick::SimpleClock`, consider using `tick::SimpleClock::new_system` which returns `tick::SimpleClock`
[INFO] [stdout]    --> /opt/rustwide/cargo-home/registry/src/index.crates.io-1949cf8c6b5b557f/tick-0.7.1/src/simple_clock.rs:62:5
[INFO] [stdout]     |
[INFO] [stdout]  62 |     pub fn new_system() -> Self {
[INFO] [stdout]     |     ^^^^^^^^^^^^^^^^^^^^^^^^^^^
[INFO] [stdout] 
[INFO] [stdout] 
[INFO] [stdout] error[E0599]: no associated function or constant named `new_frozen` found for struct `tick::SimpleClock` in the current scope
[INFO] [stdout]    --> src/sink/core.rs:788:26
[INFO] [stdout]     |
[INFO] [stdout] 788 |             SimpleClock::new_frozen(),
[INFO] [stdout]     |                          ^^^^^^^^^^ associated function or constant not found in `tick::SimpleClock`
[INFO] [stdout]     |
[INFO] [stdout] note: if you're trying to build a new `tick::SimpleClock`, consider using `tick::SimpleClock::new_system` which returns `tick::SimpleClock`
[INFO] [stdout]    --> /opt/rustwide/cargo-home/registry/src/index.crates.io-1949cf8c6b5b557f/tick-0.7.1/src/simple_clock.rs:62:5
[INFO] [stdout]     |
[INFO] [stdout]  62 |     pub fn new_system() -> Self {
[INFO] [stdout]     |     ^^^^^^^^^^^^^^^^^^^^^^^^^^^
[INFO] [stdout] 
[INFO] [stdout] 
[INFO] [stdout] Some errors have detailed explanations: E0432, E0599.
[INFO] [stdout] 
[INFO] [stdout] For more information about an error, try `rustc --explain E0432`.
[INFO] [stdout] 
[INFO] [stderr] error: could not compile `observed` (lib test) due to 7 previous errors
[INFO] running `Command { std: "docker" "inspect" "b9c24abab0f653cccf87730d40a77f3c910fe448ddf36c03a525f0bd9bb2674f", kill_on_drop: false }`
[INFO] running `Command { std: "docker" "rm" "-f" "b9c24abab0f653cccf87730d40a77f3c910fe448ddf36c03a525f0bd9bb2674f", kill_on_drop: false }`
[INFO] [stdout] b9c24abab0f653cccf87730d40a77f3c910fe448ddf36c03a525f0bd9bb2674f
