[INFO] fetching crate objstore_s3_light 0.1.0-alpha.3...
[INFO] testing objstore_s3_light-0.1.0-alpha.3 against 1.100.0-beta.1+cargoflags=--release for beta-release-1.100-2
[INFO] extracting crate objstore_s3_light 0.1.0-alpha.3 into /workspace/builds/worker-4-tc2/source
[INFO] started tweaking crates.io crate objstore_s3_light 0.1.0-alpha.3
[INFO] finished tweaking crates.io crate objstore_s3_light 0.1.0-alpha.3
[INFO] tweaked toml for crates.io crate objstore_s3_light 0.1.0-alpha.3 written to /workspace/builds/worker-4-tc2/source/Cargo.toml
[INFO] validating manifest of crates.io crate objstore_s3_light 0.1.0-alpha.3 on toolchain 1.100.0-beta.1
[INFO] running `Command { std: CARGO_HOME="/workspace/cargo-home" RUSTUP_HOME="/workspace/rustup-home" "/workspace/cargo-home/bin/cargo" "+1.100.0-beta.1" "metadata" "--manifest-path" "Cargo.toml" "--no-deps", kill_on_drop: false }`
[INFO] crate crates.io crate objstore_s3_light 0.1.0-alpha.3 already has a lockfile, it will not be regenerated
[INFO] running `Command { std: CARGO_HOME="/workspace/cargo-home" RUSTUP_HOME="/workspace/rustup-home" "/workspace/cargo-home/bin/cargo" "+1.100.0-beta.1" "fetch" "--manifest-path" "Cargo.toml", kill_on_drop: false }`
[INFO] running `Command { std: "docker" "create" "-v" "/var/lib/crater-agent-workspace/builds/worker-4-tc2/source:/opt/rustwide/workdir:ro,Z" "-v" "/var/lib/crater-agent-workspace/builds/worker-4-tc2/target:/opt/rustwide/target:rw,Z" "-v" "/var/lib/crater-agent-workspace/cargo-home:/opt/rustwide/cargo-home:ro,Z" "-v" "/var/lib/crater-agent-workspace/rustup-home:/opt/rustwide/rustup-home:ro,Z" "-m" "1610612736" "--network" "none" "ghcr.io/rust-lang/crates-build-env/linux@sha256:77db811e55d90add9212f6832c23229e3de5f1c1f9905e8cb07319ea15df73ac" "sleep" "infinity", kill_on_drop: false }`
[INFO] [stdout] ea6734163962d82974bd9f5051b24a9ffd1bae24d7117ae1de9ffc044a7516ae
[INFO] running `Command { std: "docker" "start" "ea6734163962d82974bd9f5051b24a9ffd1bae24d7117ae1de9ffc044a7516ae", kill_on_drop: false }`
[INFO] running `Command { std: "docker" "inspect" "ea6734163962d82974bd9f5051b24a9ffd1bae24d7117ae1de9ffc044a7516ae", kill_on_drop: false }`
[INFO] running `Command { std: "docker" "exec" "-e" "SOURCE_DIR=/opt/rustwide/workdir" "-e" "CARGO_HOME=/opt/rustwide/cargo-home" "-e" "RUSTUP_HOME=/opt/rustwide/rustup-home" "-e" "CARGO_TARGET_DIR=/opt/rustwide/target" "-w" "/opt/rustwide/workdir" "--user" "0:0" "ea6734163962d82974bd9f5051b24a9ffd1bae24d7117ae1de9ffc044a7516ae" "/opt/rustwide/cargo-home/bin/cargo" "+1.100.0-beta.1" "metadata" "--no-deps" "--format-version=1", kill_on_drop: false }`
[INFO] running `Command { std: "docker" "inspect" "ea6734163962d82974bd9f5051b24a9ffd1bae24d7117ae1de9ffc044a7516ae", kill_on_drop: false }`
[INFO] running `Command { std: "docker" "exec" "-e" "SOURCE_DIR=/opt/rustwide/workdir" "-e" "CARGO_HOME=/opt/rustwide/cargo-home" "-e" "RUSTUP_HOME=/opt/rustwide/rustup-home" "-e" "CARGO_TARGET_DIR=/opt/rustwide/target" "-e" "CARGO_INCREMENTAL=0" "-e" "RUST_BACKTRACE=full" "-e" "RUSTFLAGS=--cap-lints=warn" "-e" "RUSTDOCFLAGS=--cap-lints=warn" "-w" "/opt/rustwide/workdir" "--user" "0:0" "ea6734163962d82974bd9f5051b24a9ffd1bae24d7117ae1de9ffc044a7516ae" "/opt/rustwide/cargo-home/bin/cargo" "+1.100.0-beta.1" "build" "--frozen" "--message-format=json" "--release", kill_on_drop: false }`
[INFO] [stderr]    Compiling proc-macro2 v1.0.101
[INFO] [stderr]    Compiling libc v0.2.175
[INFO] [stderr]    Compiling stable_deref_trait v1.2.0
[INFO] [stderr]    Compiling typenum v1.20.1
[INFO] [stderr]    Compiling serde v1.0.228
[INFO] [stderr]    Compiling litemap v0.8.0
[INFO] [stderr]    Compiling writeable v0.6.1
[INFO] [stderr]    Compiling icu_normalizer_data v2.0.0
[INFO] [stderr]    Compiling icu_properties_data v2.0.1
[INFO] [stderr]    Compiling zeroize v1.8.1
[INFO] [stderr]    Compiling aws-lc-rs v1.17.0
[INFO] [stderr]    Compiling rustls v0.23.31
[INFO] [stderr]    Compiling rustls-pki-types v1.12.0
[INFO] [stderr]    Compiling cmov v0.5.4
[INFO] [stderr]    Compiling const-oid v0.10.2
[INFO] [stderr]    Compiling serde_json v1.0.143
[INFO] [stderr]    Compiling cfg-if v1.0.3
[INFO] [stderr]    Compiling deranged v0.5.3
[INFO] [stderr]    Compiling ctutils v0.4.2
[INFO] [stderr]    Compiling rustls-native-certs v0.8.3
[INFO] [stderr]    Compiling mio v1.0.4
[INFO] [stderr]    Compiling quote v1.0.40
[INFO] [stderr]    Compiling syn v2.0.106
[INFO] [stderr]    Compiling jobserver v0.1.34
[INFO] [stderr]    Compiling socket2 v0.6.0
[INFO] [stderr]    Compiling time-core v0.1.5
[INFO] [stderr]    Compiling hybrid-array v0.4.12
[INFO] [stderr]    Compiling cc v1.2.63
[INFO] [stderr]    Compiling generic-array v0.14.7
[INFO] [stderr]    Compiling num-conv v0.1.0
[INFO] [stderr]    Compiling bitflags v2.11.1
[INFO] [stderr]    Compiling crypto-common v0.2.2
[INFO] [stderr]    Compiling block-buffer v0.12.0
[INFO] [stderr]    Compiling crypto-common v0.1.6
[INFO] [stderr]    Compiling block-buffer v0.10.4
[INFO] [stderr]    Compiling digest v0.10.7
[INFO] [stderr]    Compiling time v0.3.42
[INFO] [stderr]    Compiling cmake v0.1.58
[INFO] [stderr]    Compiling sha2 v0.10.9
[INFO] [stderr]    Compiling digest v0.11.3
[INFO] [stderr]    Compiling aws-lc-sys v0.41.0
[INFO] [stderr]    Compiling sha2 v0.11.0
[INFO] [stderr]    Compiling md-5 v0.11.0
[INFO] [stderr]    Compiling hmac v0.13.0
[INFO] [stderr]    Compiling synstructure v0.13.2
[INFO] [stderr]    Compiling zerofrom-derive v0.1.6
[INFO] [stderr]    Compiling yoke-derive v0.8.0
[INFO] [stderr]    Compiling zerovec-derive v0.11.1
[INFO] [stderr]    Compiling displaydoc v0.2.5
[INFO] [stderr]    Compiling serde_derive v1.0.228
[INFO] [stderr]    Compiling tokio-macros v2.5.0
[INFO] [stderr]    Compiling futures-macro v0.3.31
[INFO] [stderr]    Compiling zerofrom v0.1.6
[INFO] [stderr]    Compiling yoke v0.8.0
[INFO] [stderr]    Compiling tokio v1.47.1
[INFO] [stderr]    Compiling tracing-attributes v0.1.30
[INFO] [stderr]    Compiling zerovec v0.11.4
[INFO] [stderr]    Compiling zerotrie v0.2.2
[INFO] [stderr]    Compiling async-trait v0.1.89
[INFO] [stderr]    Compiling futures-util v0.3.31
[INFO] [stderr]    Compiling tracing v0.1.41
[INFO] [stderr]    Compiling tinystr v0.8.1
[INFO] [stderr]    Compiling potential_utf v0.1.3
[INFO] [stderr]    Compiling icu_locale_core v2.0.0
[INFO] [stderr]    Compiling icu_collections v2.0.0
[INFO] [stderr]    Compiling icu_provider v2.0.0
[INFO] [stderr]    Compiling icu_normalizer v2.0.0
[INFO] [stderr]    Compiling icu_properties v2.0.1
[INFO] [stderr]    Compiling futures-executor v0.3.31
[INFO] [stderr]    Compiling futures v0.3.31
[INFO] [stderr]    Compiling jiff v0.2.15
[INFO] [stderr]    Compiling quick-xml v0.39.4
[INFO] [stderr]    Compiling idna_adapter v1.2.1
[INFO] [stderr]    Compiling idna v1.1.0
[INFO] [stderr]    Compiling url v2.5.7
[INFO] [stderr]    Compiling hyper v1.7.0
[INFO] [stderr]    Compiling tower v0.5.2
[INFO] [stderr]    Compiling hyper-util v0.1.16
[INFO] [stderr]    Compiling tower-http v0.6.11
[INFO] [stderr]    Compiling tokio-util v0.7.16
[INFO] [stderr]    Compiling serde_path_to_error v0.1.17
[INFO] [stderr]    Compiling rusty-s3 v0.9.1
[INFO] [stderr]    Compiling objstore v0.1.0-alpha.3
[INFO] [stderr]    Compiling rustls-webpki v0.103.4
[INFO] [stderr]    Compiling tokio-rustls v0.26.2
[INFO] [stderr]    Compiling rustls-platform-verifier v0.7.0
[INFO] [stderr]    Compiling hyper-rustls v0.27.7
[INFO] [stderr]    Compiling reqwest v0.13.4
[INFO] [stderr]    Compiling objstore_s3_light v0.1.0-alpha.3 (/opt/rustwide/workdir)
[INFO] [stderr] warning: unused dependency `sha2`
[INFO] [stderr]   --> Cargo.toml:41:15
[INFO] [stderr]    |
[INFO] [stderr] 41 | [dependencies.sha2]
[INFO] [stderr]    |               ^^^^^
[INFO] [stderr]    |
[INFO] [stderr]    = note: `cargo::unused_dependencies` is set to `warn` by default
[INFO] [stderr] help: consider removing the dependency on `sha2`
[INFO] [stderr] warning: `objstore_s3_light` (manifest) generated 1 warning
[INFO] [stderr]     Finished `release` profile [optimized] target(s) in 3m 44s
[INFO] running `Command { std: "docker" "inspect" "ea6734163962d82974bd9f5051b24a9ffd1bae24d7117ae1de9ffc044a7516ae", kill_on_drop: false }`
[INFO] running `Command { std: "docker" "exec" "-e" "SOURCE_DIR=/opt/rustwide/workdir" "-e" "CARGO_HOME=/opt/rustwide/cargo-home" "-e" "RUSTUP_HOME=/opt/rustwide/rustup-home" "-e" "CARGO_TARGET_DIR=/opt/rustwide/target" "-e" "CARGO_INCREMENTAL=0" "-e" "RUST_BACKTRACE=full" "-e" "RUSTFLAGS=--cap-lints=warn" "-e" "RUSTDOCFLAGS=--cap-lints=warn" "-w" "/opt/rustwide/workdir" "--user" "0:0" "ea6734163962d82974bd9f5051b24a9ffd1bae24d7117ae1de9ffc044a7516ae" "/opt/rustwide/cargo-home/bin/cargo" "+1.100.0-beta.1" "test" "--frozen" "--no-run" "--message-format=json" "--release", kill_on_drop: false }`
[INFO] [stderr]    Compiling diff v0.1.13
[INFO] [stderr]    Compiling pretty_assertions v1.4.1
[INFO] [stderr]    Compiling objstore_s3_light v0.1.0-alpha.3 (/opt/rustwide/workdir)
[INFO] [stdout] error[E0433]: cannot find module or crate `objstore_test` in this scope
[INFO] [stdout]     --> src/store.rs:1947:9
[INFO] [stdout]      |
[INFO] [stdout] 1947 |         objstore_test::test_objstore(&store).await;
[INFO] [stdout]      |         ^^^^^^^^^^^^^ use of unresolved module or unlinked crate `objstore_test`
[INFO] [stdout]      |
[INFO] [stdout]      = help: if you wanted to use a crate named `objstore_test`, use `cargo add objstore_test` to add it to your `Cargo.toml`
[INFO] [stdout] 
[INFO] [stdout] 
[INFO] [stdout] error[E0433]: cannot find module or crate `objstore_test` in this scope
[INFO] [stdout]     --> src/store.rs:1948:9
[INFO] [stdout]      |
[INFO] [stdout] 1948 |         objstore_test::test_empty_stream_put(&store, "empty-stream").await;
[INFO] [stdout]      |         ^^^^^^^^^^^^^ use of unresolved module or unlinked crate `objstore_test`
[INFO] [stdout]      |
[INFO] [stdout]      = help: if you wanted to use a crate named `objstore_test`, use `cargo add objstore_test` to add it to your `Cargo.toml`
[INFO] [stdout] 
[INFO] [stdout] 
[INFO] [stdout] error[E0433]: cannot find module or crate `objstore_test` in this scope
[INFO] [stdout]     --> src/store.rs:1956:9
[INFO] [stdout]      |
[INFO] [stdout] 1956 |         objstore_test::test_objstore(&store).await;
[INFO] [stdout]      |         ^^^^^^^^^^^^^ use of unresolved module or unlinked crate `objstore_test`
[INFO] [stdout]      |
[INFO] [stdout]      = help: if you wanted to use a crate named `objstore_test`, use `cargo add objstore_test` to add it to your `Cargo.toml`
[INFO] [stdout] 
[INFO] [stdout] 
[INFO] [stdout] error[E0433]: cannot find module or crate `objstore_test` in this scope
[INFO] [stdout]     --> src/store.rs:1957:9
[INFO] [stdout]      |
[INFO] [stdout] 1957 |         objstore_test::test_empty_stream_put(&store, "empty-stream").await;
[INFO] [stdout]      |         ^^^^^^^^^^^^^ use of unresolved module or unlinked crate `objstore_test`
[INFO] [stdout]      |
[INFO] [stdout]      = help: if you wanted to use a crate named `objstore_test`, use `cargo add objstore_test` to add it to your `Cargo.toml`
[INFO] [stdout] 
[INFO] [stdout] 
[INFO] [stdout] For more information about this error, try `rustc --explain E0433`.
[INFO] [stdout] 
[INFO] [stderr] error: could not compile `objstore_s3_light` (lib test) due to 4 previous errors
[INFO] [stderr] warning: unused dependency `sha2`
[INFO] [stderr]   --> Cargo.toml:41:15
[INFO] [stderr]    |
[INFO] [stderr] 41 | [dependencies.sha2]
[INFO] [stderr]    |               ^^^^^
[INFO] [stderr]    |
[INFO] [stderr]    = note: `cargo::unused_dependencies` is set to `warn` by default
[INFO] [stderr] help: consider removing the dependency on `sha2`
[INFO] [stderr] help: to still use for development builds, move to `dev-dependencies`
[INFO] [stderr] warning: `objstore_s3_light` (manifest) generated 1 warning
[INFO] running `Command { std: "docker" "inspect" "ea6734163962d82974bd9f5051b24a9ffd1bae24d7117ae1de9ffc044a7516ae", kill_on_drop: false }`
[INFO] running `Command { std: "docker" "rm" "-f" "ea6734163962d82974bd9f5051b24a9ffd1bae24d7117ae1de9ffc044a7516ae", kill_on_drop: false }`
[INFO] [stdout] ea6734163962d82974bd9f5051b24a9ffd1bae24d7117ae1de9ffc044a7516ae
