[INFO] fetching crate oauth2-broker 0.1.3...
[INFO] testing oauth2-broker-0.1.3 against 1.100.0-beta.1+cargoflags=--release for beta-release-1.100-2
[INFO] extracting crate oauth2-broker 0.1.3 into /workspace/builds/worker-3-tc2/source
[INFO] removed /workspace/builds/worker-3-tc2/source/rust-toolchain.toml
[INFO] started tweaking crates.io crate oauth2-broker 0.1.3
[INFO] removed 0 missing examples
[INFO] removed 0 missing tests
[INFO] finished tweaking crates.io crate oauth2-broker 0.1.3
[INFO] tweaked toml for crates.io crate oauth2-broker 0.1.3 written to /workspace/builds/worker-3-tc2/source/Cargo.toml
[INFO] validating manifest of crates.io crate oauth2-broker 0.1.3 on toolchain 1.100.0-beta.1
[INFO] running `Command { std: CARGO_HOME="/workspace/cargo-home" RUSTUP_HOME="/workspace/rustup-home" "/workspace/cargo-home/bin/cargo" "+1.100.0-beta.1" "metadata" "--manifest-path" "Cargo.toml" "--no-deps", kill_on_drop: false }`
[INFO] crate crates.io crate oauth2-broker 0.1.3 already has a lockfile, it will not be regenerated
[INFO] running `Command { std: CARGO_HOME="/workspace/cargo-home" RUSTUP_HOME="/workspace/rustup-home" "/workspace/cargo-home/bin/cargo" "+1.100.0-beta.1" "fetch" "--manifest-path" "Cargo.toml", kill_on_drop: false }`
[INFO] running `Command { std: "docker" "create" "-v" "/var/lib/crater-agent-workspace/builds/worker-3-tc2/source:/opt/rustwide/workdir:ro,Z" "-v" "/var/lib/crater-agent-workspace/builds/worker-3-tc2/target:/opt/rustwide/target:rw,Z" "-v" "/var/lib/crater-agent-workspace/cargo-home:/opt/rustwide/cargo-home:ro,Z" "-v" "/var/lib/crater-agent-workspace/rustup-home:/opt/rustwide/rustup-home:ro,Z" "-m" "1610612736" "--network" "none" "ghcr.io/rust-lang/crates-build-env/linux@sha256:77db811e55d90add9212f6832c23229e3de5f1c1f9905e8cb07319ea15df73ac" "sleep" "infinity", kill_on_drop: false }`
[INFO] [stdout] 90664a1aae17041f83d3a935f4921a51b7872d915eaddbddaf6ca30a2e558818
[INFO] running `Command { std: "docker" "start" "90664a1aae17041f83d3a935f4921a51b7872d915eaddbddaf6ca30a2e558818", kill_on_drop: false }`
[INFO] running `Command { std: "docker" "inspect" "90664a1aae17041f83d3a935f4921a51b7872d915eaddbddaf6ca30a2e558818", kill_on_drop: false }`
[INFO] running `Command { std: "docker" "exec" "-e" "SOURCE_DIR=/opt/rustwide/workdir" "-e" "CARGO_HOME=/opt/rustwide/cargo-home" "-e" "RUSTUP_HOME=/opt/rustwide/rustup-home" "-e" "CARGO_TARGET_DIR=/opt/rustwide/target" "-w" "/opt/rustwide/workdir" "--user" "0:0" "90664a1aae17041f83d3a935f4921a51b7872d915eaddbddaf6ca30a2e558818" "/opt/rustwide/cargo-home/bin/cargo" "+1.100.0-beta.1" "metadata" "--no-deps" "--format-version=1", kill_on_drop: false }`
[INFO] running `Command { std: "docker" "inspect" "90664a1aae17041f83d3a935f4921a51b7872d915eaddbddaf6ca30a2e558818", kill_on_drop: false }`
[INFO] running `Command { std: "docker" "exec" "-e" "SOURCE_DIR=/opt/rustwide/workdir" "-e" "CARGO_HOME=/opt/rustwide/cargo-home" "-e" "RUSTUP_HOME=/opt/rustwide/rustup-home" "-e" "CARGO_TARGET_DIR=/opt/rustwide/target" "-e" "CARGO_INCREMENTAL=0" "-e" "RUST_BACKTRACE=full" "-e" "RUSTFLAGS=--cap-lints=warn" "-e" "RUSTDOCFLAGS=--cap-lints=warn" "-w" "/opt/rustwide/workdir" "--user" "0:0" "90664a1aae17041f83d3a935f4921a51b7872d915eaddbddaf6ca30a2e558818" "/opt/rustwide/cargo-home/bin/cargo" "+1.100.0-beta.1" "build" "--frozen" "--message-format=json" "--release", kill_on_drop: false }`
[INFO] [stderr]    Compiling quote v1.0.42
[INFO] [stderr]    Compiling libc v0.2.177
[INFO] [stderr]    Compiling bytes v1.11.0
[INFO] [stderr]    Compiling itoa v1.0.15
[INFO] [stderr]    Compiling smallvec v1.15.1
[INFO] [stderr]    Compiling find-msvc-tools v0.1.5
[INFO] [stderr]    Compiling writeable v0.6.2
[INFO] [stderr]    Compiling once_cell v1.21.3
[INFO] [stderr]    Compiling cc v1.2.46
[INFO] [stderr]    Compiling litemap v0.8.1
[INFO] [stderr]    Compiling typenum v1.19.0
[INFO] [stderr]    Compiling icu_normalizer_data v2.1.1
[INFO] [stderr]    Compiling icu_properties_data v2.1.1
[INFO] [stderr]    Compiling zerocopy v0.8.27
[INFO] [stderr]    Compiling rustls-pki-types v1.13.0
[INFO] [stderr]    Compiling syn v2.0.110
[INFO] [stderr]    Compiling tracing-core v0.1.35
[INFO] [stderr]    Compiling http v1.3.1
[INFO] [stderr]    Compiling hashbrown v0.16.0
[INFO] [stderr]    Compiling crossbeam-utils v0.8.21
[INFO] [stderr]    Compiling mio v1.1.0
[INFO] [stderr]    Compiling socket2 v0.6.1
[INFO] [stderr]    Compiling getrandom v0.2.16
[INFO] [stderr]    Compiling ring v0.17.14
[INFO] [stderr]    Compiling futures-task v0.3.31
[INFO] [stderr]    Compiling futures-util v0.3.31
[INFO] [stderr]    Compiling indexmap v2.12.0
[INFO] [stderr]    Compiling tokio v1.48.0
[INFO] [stderr]    Compiling http-body v1.0.1
[INFO] [stderr]    Compiling generic-array v0.14.7
[INFO] [stderr]    Compiling ppv-lite86 v0.2.21
[INFO] [stderr]    Compiling tracing v0.1.43
[INFO] [stderr]    Compiling synstructure v0.13.2
[INFO] [stderr]    Compiling slab v0.4.11
[INFO] [stderr]    Compiling rustls v0.23.35
[INFO] [stderr]    Compiling num-traits v0.2.19
[INFO] [stderr]    Compiling form_urlencoded v1.2.2
[INFO] [stderr]    Compiling futures-channel v0.3.31
[INFO] [stderr]    Compiling ryu v1.0.20
[INFO] [stderr]    Compiling getrandom v0.3.4
[INFO] [stderr]    Compiling block-buffer v0.10.4
[INFO] [stderr]    Compiling crypto-common v0.1.7
[INFO] [stderr]    Compiling concurrent-queue v2.5.0
[INFO] [stderr]    Compiling rand_core v0.6.4
[INFO] [stderr]    Compiling sync_wrapper v1.0.2
[INFO] [stderr]    Compiling parking v2.2.1
[INFO] [stderr]    Compiling serde_json v1.0.145
[INFO] [stderr]    Compiling ipnet v2.11.0
[INFO] [stderr]    Compiling event-listener v5.4.1
[INFO] [stderr]    Compiling rand_chacha v0.3.1
[INFO] [stderr]    Compiling rand_core v0.9.3
[INFO] [stderr]    Compiling digest v0.10.7
[INFO] [stderr]    Compiling zerofrom-derive v0.1.6
[INFO] [stderr]    Compiling yoke-derive v0.8.1
[INFO] [stderr]    Compiling zerovec-derive v0.11.2
[INFO] [stderr]    Compiling displaydoc v0.2.5
[INFO] [stderr]    Compiling serde_derive v1.0.228
[INFO] [stderr]    Compiling zerofrom v0.1.6
[INFO] [stderr]    Compiling thiserror-impl v1.0.69
[INFO] [stderr]    Compiling yoke v0.8.1
[INFO] [stderr]    Compiling zerotrie v0.2.3
[INFO] [stderr]    Compiling webpki-roots v1.0.4
[INFO] [stderr]    Compiling zerovec v0.11.5
[INFO] [stderr]    Compiling iri-string v0.7.9
[INFO] [stderr]    Compiling bitflags v2.10.0
[INFO] [stderr]    Compiling thiserror v2.0.17
[INFO] [stderr]    Compiling memchr v2.7.6
[INFO] [stderr]    Compiling time-core v0.1.6
[INFO] [stderr]    Compiling num-conv v0.1.0
[INFO] [stderr]    Compiling iana-time-zone v0.1.64
[INFO] [stderr]    Compiling thiserror v1.0.69
[INFO] [stderr]    Compiling time-macros v0.2.24
[INFO] [stderr]    Compiling tinystr v0.8.2
[INFO] [stderr]    Compiling icu_locale_core v2.1.1
[INFO] [stderr]    Compiling potential_utf v0.1.4
[INFO] [stderr]    Compiling icu_collections v2.1.1
[INFO] [stderr]    Compiling icu_provider v2.1.1
[INFO] [stderr]    Compiling tokio-util v0.7.17
[INFO] [stderr]    Compiling tower v0.5.2
[INFO] [stderr]    Compiling icu_normalizer v2.1.1
[INFO] [stderr]    Compiling icu_properties v2.1.1
[INFO] [stderr]    Compiling serde v1.0.228
[INFO] [stderr]    Compiling h2 v0.4.12
[INFO] [stderr]    Compiling tower-http v0.6.6
[INFO] [stderr]    Compiling deranged v0.5.5
[INFO] [stderr]    Compiling chrono v0.4.42
[INFO] [stderr]    Compiling idna_adapter v1.2.1
[INFO] [stderr]    Compiling idna v1.1.0
[INFO] [stderr]    Compiling serde_urlencoded v0.7.1
[INFO] [stderr]    Compiling url v2.5.7
[INFO] [stderr]    Compiling sha2 v0.10.9
[INFO] [stderr]    Compiling hyper v1.8.1
[INFO] [stderr]    Compiling thiserror-impl v2.0.17
[INFO] [stderr]    Compiling event-listener-strategy v0.5.4
[INFO] [stderr]    Compiling rand v0.8.5
[INFO] [stderr]    Compiling rand_chacha v0.9.0
[INFO] [stderr]    Compiling parking_lot_core v0.9.12
[INFO] [stderr]    Compiling http-body-util v0.1.3
[INFO] [stderr]    Compiling serde_path_to_error v0.1.20
[INFO] [stderr]    Compiling parking_lot v0.12.5
[INFO] [stderr]    Compiling time v0.3.44
[INFO] [stderr]    Compiling rand v0.9.2
[INFO] [stderr]    Compiling hyper-util v0.1.18
[INFO] [stderr]    Compiling oauth2 v5.0.0
[INFO] [stderr]    Compiling async-lock v3.4.1
[INFO] [stderr]    Compiling rustls-webpki v0.103.8
[INFO] [stderr]    Compiling tokio-rustls v0.26.4
[INFO] [stderr]    Compiling hyper-rustls v0.27.7
[INFO] [stderr]    Compiling reqwest v0.12.24
[INFO] [stderr]    Compiling oauth2-broker v0.1.3 (/opt/rustwide/workdir)
[INFO] [stderr]     Finished `release` profile [optimized] target(s) in 2m 14s
[INFO] running `Command { std: "docker" "inspect" "90664a1aae17041f83d3a935f4921a51b7872d915eaddbddaf6ca30a2e558818", kill_on_drop: false }`
[INFO] running `Command { std: "docker" "exec" "-e" "SOURCE_DIR=/opt/rustwide/workdir" "-e" "CARGO_HOME=/opt/rustwide/cargo-home" "-e" "RUSTUP_HOME=/opt/rustwide/rustup-home" "-e" "CARGO_TARGET_DIR=/opt/rustwide/target" "-e" "CARGO_INCREMENTAL=0" "-e" "RUST_BACKTRACE=full" "-e" "RUSTFLAGS=--cap-lints=warn" "-e" "RUSTDOCFLAGS=--cap-lints=warn" "-w" "/opt/rustwide/workdir" "--user" "0:0" "90664a1aae17041f83d3a935f4921a51b7872d915eaddbddaf6ca30a2e558818" "/opt/rustwide/cargo-home/bin/cargo" "+1.100.0-beta.1" "test" "--frozen" "--no-run" "--message-format=json" "--release", kill_on_drop: false }`
[INFO] [stderr]    Compiling syn v2.0.110
[INFO] [stderr]    Compiling num-traits v0.2.19
[INFO] [stderr]    Compiling signal-hook-registry v1.4.6
[INFO] [stderr]    Compiling tracing-core v0.1.35
[INFO] [stderr]    Compiling time-macros v0.2.24
[INFO] [stderr]    Compiling crossbeam-utils v0.8.21
[INFO] [stderr]    Compiling minimal-lexical v0.2.1
[INFO] [stderr]    Compiling rustls v0.23.35
[INFO] [stderr]    Compiling nom v7.1.3
[INFO] [stderr]    Compiling concurrent-queue v2.5.0
[INFO] [stderr]    Compiling event-listener v5.4.1
[INFO] [stderr]    Compiling oid-registry v0.7.1
[INFO] [stderr]    Compiling openssl-probe v0.1.6
[INFO] [stderr]    Compiling aho-corasick v1.1.4
[INFO] [stderr]    Compiling num-integer v0.1.46
[INFO] [stderr]    Compiling event-listener-strategy v0.5.4
[INFO] [stderr]    Compiling rustls-native-certs v0.8.2
[INFO] [stderr]    Compiling thread_local v1.1.9
[INFO] [stderr]    Compiling regex-syntax v0.8.8
[INFO] [stderr]    Compiling num-bigint v0.4.6
[INFO] [stderr]    Compiling owo-colors v4.2.3
[INFO] [stderr]    Compiling tracing-subscriber v0.3.20
[INFO] [stderr]    Compiling async-lock v3.4.1
[INFO] [stderr]    Compiling rusticata-macros v4.1.0
[INFO] [stderr]    Compiling data-encoding v2.9.0
[INFO] [stderr]    Compiling eyre v0.6.12
[INFO] [stderr]    Compiling color-spantrace v0.3.0
[INFO] [stderr]    Compiling regex-automata v0.4.13
[INFO] [stderr]    Compiling synstructure v0.13.2
[INFO] [stderr]    Compiling serde_derive v1.0.228
[INFO] [stderr]    Compiling displaydoc v0.2.5
[INFO] [stderr]    Compiling zerofrom-derive v0.1.6
[INFO] [stderr]    Compiling yoke-derive v0.8.1
[INFO] [stderr]    Compiling zerovec-derive v0.11.2
[INFO] [stderr]    Compiling tokio-macros v2.6.0
[INFO] [stderr]    Compiling tracing-attributes v0.1.31
[INFO] [stderr]    Compiling zerofrom v0.1.6
[INFO] [stderr]    Compiling yoke v0.8.1
[INFO] [stderr]    Compiling zerotrie v0.2.3
[INFO] [stderr]    Compiling thiserror-impl v1.0.69
[INFO] [stderr]    Compiling zerovec v0.11.5
[INFO] [stderr]    Compiling futures-macro v0.3.31
[INFO] [stderr]    Compiling tracing v0.1.43
[INFO] [stderr]    Compiling asn1-rs-derive v0.5.1
[INFO] [stderr]    Compiling tinystr v0.8.2
[INFO] [stderr]    Compiling potential_utf v0.1.4
[INFO] [stderr]    Compiling icu_locale_core v2.1.1
[INFO] [stderr]    Compiling icu_collections v2.1.1
[INFO] [stderr]    Compiling thiserror v1.0.69
[INFO] [stderr]    Compiling futures-util v0.3.31
[INFO] [stderr]    Compiling serde v1.0.228
[INFO] [stderr]    Compiling asn1-rs-impl v0.2.0
[INFO] [stderr]    Compiling thiserror-impl v2.0.17
[INFO] [stderr]    Compiling bytes v1.11.0
[INFO] [stderr]    Compiling time v0.3.44
[INFO] [stderr]    Compiling chrono v0.4.42
[INFO] [stderr]    Compiling http v1.3.1
[INFO] [stderr]    Compiling tokio v1.48.0
[INFO] [stderr]    Compiling icu_provider v2.1.1
[INFO] [stderr]    Compiling http-body v1.0.1
[INFO] [stderr]    Compiling icu_properties v2.1.1
[INFO] [stderr]    Compiling icu_normalizer v2.1.1
[INFO] [stderr]    Compiling asn1-rs v0.6.2
[INFO] [stderr]    Compiling idna_adapter v1.2.1
[INFO] [stderr]    Compiling idna v1.1.0
[INFO] [stderr]    Compiling url v2.5.7
[INFO] [stderr]    Compiling der-parser v9.0.0
[INFO] [stderr]    Compiling http-body-util v0.1.3
[INFO] [stderr]    Compiling x509-parser v0.16.0
[INFO] [stderr]    Compiling yasna v0.5.2
[INFO] [stderr]    Compiling tokio-util v0.7.17
[INFO] [stderr]    Compiling tokio-rustls v0.26.4
[INFO] [stderr]    Compiling tower v0.5.2
[INFO] [stderr]    Compiling h2 v0.4.12
[INFO] [stderr]    Compiling tower-http v0.6.6
[INFO] [stderr]    Compiling headers-core v0.3.0
[INFO] [stderr]    Compiling thiserror v2.0.17
[INFO] [stderr]    Compiling serde_urlencoded v0.7.1
[INFO] [stderr]    Compiling tracing-error v0.2.1
[INFO] [stderr]    Compiling regex v1.12.2
[INFO] [stderr]    Compiling async-trait v0.1.89
[INFO] [stderr]    Compiling object v0.37.3
[INFO] [stderr]    Compiling sha1 v0.10.6
[INFO] [stderr]    Compiling pem v3.0.6
[INFO] [stderr]    Compiling rustc-demangle v0.1.26
[INFO] [stderr]    Compiling tabwriter v1.4.1
[INFO] [stderr]    Compiling rcgen v0.13.2
[INFO] [stderr]    Compiling oauth2 v5.0.0
[INFO] [stderr]    Compiling tls-detect v0.1.0
[INFO] [stderr]    Compiling headers v0.4.1
[INFO] [stderr]    Compiling serde_regex v1.1.0
[INFO] [stderr]    Compiling assert-json-diff v2.0.2
[INFO] [stderr]    Compiling async-object-pool v0.2.0
[INFO] [stderr]    Compiling rustls-pemfile v2.2.0
[INFO] [stderr]    Compiling if-addrs v0.10.2
[INFO] [stderr]    Compiling hyper v1.8.1
[INFO] [stderr]    Compiling path-tree v0.8.3
[INFO] [stderr]    Compiling backtrace v0.3.76
[INFO] [stderr]    Compiling futures-timer v3.0.3
[INFO] [stderr]    Compiling similar v2.7.0
[INFO] [stderr]    Compiling stringmetrics v2.2.2
[INFO] [stderr]    Compiling color-eyre v0.6.5
[INFO] [stderr]    Compiling hyper-util v0.1.18
[INFO] [stderr]    Compiling hyper-rustls v0.27.7
[INFO] [stderr]    Compiling reqwest v0.12.24
[INFO] [stderr]    Compiling httpmock v0.8.2
[INFO] [stderr]    Compiling oauth2-broker v0.1.3 (/opt/rustwide/workdir)
[INFO] [stdout] error[E0432]: unresolved import `oauth2_broker::_preludet`
[INFO] [stdout]  --> tests/store_inmemory.rs:5:2
[INFO] [stdout]   |
[INFO] [stdout] 5 |     _preludet::*,
[INFO] [stdout]   |     ^^^^^^^^^ could not find `_preludet` in `oauth2_broker`
[INFO] [stdout] 
[INFO] [stdout] 
[INFO] [stdout] error[E0432]: unresolved import `oauth2_broker::_preludet`
[INFO] [stdout]  --> tests/token_http_client_it.rs:3:2
[INFO] [stdout]   |
[INFO] [stdout] 3 |     _preludet::*,
[INFO] [stdout]   |     ^^^^^^^^^ could not find `_preludet` in `oauth2_broker`
[INFO] [stdout] 
[INFO] [stdout] 
[INFO] [stdout] error[E0432]: unresolved import `oauth2_broker::_preludet`
[INFO] [stdout]  --> tests/flows_refresh_it.rs:7:2
[INFO] [stdout]   |
[INFO] [stdout] 7 |     _preludet::*,
[INFO] [stdout]   |     ^^^^^^^^^ could not find `_preludet` in `oauth2_broker`
[INFO] [stdout] 
[INFO] [stdout] 
[INFO] [stdout] error[E0432]: unresolved import `oauth2_broker::_preludet`
[INFO] [stdout]  --> tests/flows_client_credentials_it.rs:7:2
[INFO] [stdout]   |
[INFO] [stdout] 7 |     _preludet::*,
[INFO] [stdout]   |     ^^^^^^^^^ could not find `_preludet` in `oauth2_broker`
[INFO] [stdout] 
[INFO] [stdout] 
[INFO] [stdout] error[E0432]: unresolved import `oauth2_broker::_preludet`
[INFO] [stdout]  --> tests/mock_provider.rs:3:2
[INFO] [stdout]   |
[INFO] [stdout] 3 |     _preludet::*,
[INFO] [stdout]   |     ^^^^^^^^^ could not find `_preludet` in `oauth2_broker`
[INFO] [stdout] 
[INFO] [stdout] 
[INFO] [stdout] For more information about this error, try `rustc --explain E0432`.
[INFO] [stdout] 
[INFO] [stderr] error: could not compile `oauth2-broker` (test "store_inmemory") due to 1 previous error
[INFO] [stderr] warning: build failed, waiting for other jobs to finish...
[INFO] [stdout] error[E0107]: enum takes 2 generic arguments but 1 generic argument was supplied
[INFO] [stdout]   --> tests/flows_client_credentials_it.rs:99:24
[INFO] [stdout]    |
[INFO] [stdout] 99 |     let (first, second): (Result<TokenRecord>, Result<TokenRecord>) = tokio::join!(
[INFO] [stdout]    |                           ^^^^^^ ----------- supplied 1 generic argument
[INFO] [stdout]    |                           |
[INFO] [stdout]    |                           expected 2 generic arguments
[INFO] [stdout]    |
[INFO] [stdout] help: add missing generic argument
[INFO] [stdout]    |
[INFO] [stdout] 99 |     let (first, second): (Result<TokenRecord, E>, Result<TokenRecord>) = tokio::join!(
[INFO] [stdout]    |                                             +++
[INFO] [stdout] 
[INFO] [stdout] 
[INFO] [stdout] error[E0107]: enum takes 2 generic arguments but 1 generic argument was supplied
[INFO] [stdout]   --> tests/flows_client_credentials_it.rs:99:45
[INFO] [stdout]    |
[INFO] [stdout] 99 |     let (first, second): (Result<TokenRecord>, Result<TokenRecord>) = tokio::join!(
[INFO] [stdout]    |                                                ^^^^^^ ----------- supplied 1 generic argument
[INFO] [stdout]    |                                                |
[INFO] [stdout]    |                                                expected 2 generic arguments
[INFO] [stdout]    |
[INFO] [stdout] help: add missing generic argument
[INFO] [stdout]    |
[INFO] [stdout] 99 |     let (first, second): (Result<TokenRecord>, Result<TokenRecord, E>) = tokio::join!(
[INFO] [stdout]    |                                                                  +++
[INFO] [stdout] 
[INFO] [stdout] 
[INFO] [stdout] For more information about this error, try `rustc --explain E0432`.
[INFO] [stdout] 
[INFO] [stdout] error[E0277]: the trait bound `FakeTransportError: std::error::Error` is not satisfied
[INFO] [stdout]   --> tests/token_http_client_it.rs:42:24
[INFO] [stdout]    |
[INFO] [stdout] 42 |     type TransportError = FakeTransportError;
[INFO] [stdout]    |                           ^^^^^^^^^^^^^^^^^^ unsatisfied trait bound
[INFO] [stdout]    |
[INFO] [stdout] help: the trait `std::error::Error` is not implemented for `FakeTransportError`
[INFO] [stdout]   --> tests/token_http_client_it.rs:19:1
[INFO] [stdout]    |
[INFO] [stdout] 19 | enum FakeTransportError {
[INFO] [stdout]    | ^^^^^^^^^^^^^^^^^^^^^^^
[INFO] [stdout] note: required by a bound in `oauth2_broker::http::TokenHttpClient::TransportError`
[INFO] [stdout]   --> src/http.rs:35:47
[INFO] [stdout]    |
[INFO] [stdout] 30 | pub trait TokenHttpClient
[INFO] [stdout] ...
[INFO] [stdout] 35 |     type TransportError: 'static + Send + Sync + StdError;
[INFO] [stdout]    |                                                  ^^^^^^^^ required by this bound in `TokenHttpClient::TransportError`
[INFO] [stdout] 
[INFO] [stdout] 
[INFO] [stdout] error[E0277]: the trait bound `FakeTransportError: std::error::Error` is not satisfied
[INFO] [stdout]    --> tests/token_http_client_it.rs:54:15
[INFO] [stdout]     |
[INFO] [stdout]  54 |     type Error = HttpClientError<FakeTransportError>;
[INFO] [stdout]     |                  ^^^^^^^^^^^^^^^^^^^^^^^^^^^^^^^^^^^ unsatisfied trait bound
[INFO] [stdout]     |
[INFO] [stdout] help: the trait `std::error::Error` is not implemented for `FakeTransportError`
[INFO] [stdout]    --> tests/token_http_client_it.rs:19:1
[INFO] [stdout]     |
[INFO] [stdout]  19 | enum FakeTransportError {
[INFO] [stdout]     | ^^^^^^^^^^^^^^^^^^^^^^^
[INFO] [stdout] help: the trait `std::error::Error` is conditionally implemented for `HttpClientError<RE>`
[INFO] [stdout]    --> /opt/rustwide/cargo-home/registry/src/index.crates.io-1949cf8c6b5b557f/oauth2-5.0.0/src/lib.rs:596:17
[INFO] [stdout]     |
[INFO] [stdout] 596 | #[derive(Debug, thiserror::Error)]
[INFO] [stdout]     |                 ^^^^^^^^^^^^^^^^
[INFO] [stdout] ...
[INFO] [stdout] 599 |     RE: Error + 'static,
[INFO] [stdout]     |         ----- unsatisfied requirement introduced here: `FakeTransportError: std::error::Error`
[INFO] [stdout]     = note: required for `HttpClientError<FakeTransportError>` to implement `std::error::Error`
[INFO] [stdout] note: required by a bound in `oauth2_broker::oauth::oauth2::AsyncHttpClient::Error`
[INFO] [stdout]    --> /opt/rustwide/cargo-home/registry/src/index.crates.io-1949cf8c6b5b557f/oauth2-5.0.0/src/endpoint.rs:25:17
[INFO] [stdout]     |
[INFO] [stdout]  23 | pub trait AsyncHttpClient<'c> {
[INFO] [stdout]  24 |     /// Error type returned by HTTP client.
[INFO] [stdout]  25 |     type Error: Error + 'static;
[INFO] [stdout]     |                 ^^^^^ required by this bound in `AsyncHttpClient::Error`
[INFO] [stdout]     = note: this error originates in the derive macro `thiserror::Error` (in Nightly builds, run with -Z macro-backtrace for more info)
[INFO] [stdout] 
[INFO] [stdout] 
[INFO] [stderr] error: could not compile `oauth2-broker` (test "mock_provider") due to 1 previous error
[INFO] [stdout] error[E0277]: the trait bound `FakeTransportError: std::error::Error` is not satisfied
[INFO] [stdout]    --> tests/token_http_client_it.rs:84:2
[INFO] [stdout]     |
[INFO] [stdout]  84 | /     fn map_transport_error(
[INFO] [stdout]  85 | |         &self,
[INFO] [stdout]  86 | |         strategy: &dyn ProviderStrategy,
[INFO] [stdout]  87 | |         grant: GrantType,
[INFO] [stdout]  88 | |         meta: Option<&ResponseMetadata>,
[INFO] [stdout]  89 | |         err: HttpClientError<FakeTransportError>,
[INFO] [stdout]  90 | |     ) -> Error {
[INFO] [stdout]     | |______________^ unsatisfied trait bound
[INFO] [stdout]     |
[INFO] [stdout] help: the trait `std::error::Error` is not implemented for `FakeTransportError`
[INFO] [stdout]    --> tests/token_http_client_it.rs:19:1
[INFO] [stdout]     |
[INFO] [stdout]  19 | enum FakeTransportError {
[INFO] [stdout]     | ^^^^^^^^^^^^^^^^^^^^^^^
[INFO] [stdout] note: required by a bound in `HttpClientError`
[INFO] [stdout]    --> /opt/rustwide/cargo-home/registry/src/index.crates.io-1949cf8c6b5b557f/oauth2-5.0.0/src/lib.rs:599:9
[INFO] [stdout]     |
[INFO] [stdout] 597 | pub enum HttpClientError<RE>
[INFO] [stdout] 598 | where
[INFO] [stdout] 599 |     RE: Error + 'static,
[INFO] [stdout]     |         ^^^^^ required by this bound in `HttpClientError`
[INFO] [stdout] 
[INFO] [stdout] 
[INFO] [stdout] error[E0277]: the trait bound `FakeTransportError: std::error::Error` is not satisfied
[INFO] [stdout]   --> tests/token_http_client_it.rs:83:6
[INFO] [stdout]    |
[INFO] [stdout] 83 | impl TransportErrorMapper<FakeTransportError> for RecordingTransportErrorMapper {
[INFO] [stdout]    |      ^^^^^^^^^^^^^^^^^^^^^^^^^^^^^^^^^^^^^^^^ unsatisfied trait bound
[INFO] [stdout]    |
[INFO] [stdout] help: the trait `std::error::Error` is not implemented for `FakeTransportError`
[INFO] [stdout]   --> tests/token_http_client_it.rs:19:1
[INFO] [stdout]    |
[INFO] [stdout] 19 | enum FakeTransportError {
[INFO] [stdout]    | ^^^^^^^^^^^^^^^^^^^^^^^
[INFO] [stdout] note: required by a bound in `TransportErrorMapper`
[INFO] [stdout]   --> src/oauth.rs:36:29
[INFO] [stdout]    |
[INFO] [stdout] 33 | pub trait TransportErrorMapper<E>
[INFO] [stdout] ...
[INFO] [stdout] 36 |     E: 'static + Send + Sync + StdError,
[INFO] [stdout]    |                                ^^^^^^^^ required by this bound in `TransportErrorMapper`
[INFO] [stdout] 
[INFO] [stdout] 
[INFO] [stdout] Some errors have detailed explanations: E0277, E0432.
[INFO] [stdout] 
[INFO] [stdout] For more information about an error, try `rustc --explain E0277`.
[INFO] [stdout] 
[INFO] [stderr] error: could not compile `oauth2-broker` (test "token_http_client_it") due to 5 previous errors
[INFO] [stdout] error[E0107]: enum takes 2 generic arguments but 1 generic argument was supplied
[INFO] [stdout]    --> tests/flows_refresh_it.rs:156:24
[INFO] [stdout]     |
[INFO] [stdout] 156 |     let (first, second): (Result<TokenRecord>, Result<TokenRecord>) = tokio::join!(
[INFO] [stdout]     |                           ^^^^^^ ----------- supplied 1 generic argument
[INFO] [stdout]     |                           |
[INFO] [stdout]     |                           expected 2 generic arguments
[INFO] [stdout]     |
[INFO] [stdout] help: add missing generic argument
[INFO] [stdout]     |
[INFO] [stdout] 156 |     let (first, second): (Result<TokenRecord, E>, Result<TokenRecord>) = tokio::join!(
[INFO] [stdout]     |                                             +++
[INFO] [stdout] 
[INFO] [stdout] 
[INFO] [stdout] error[E0107]: enum takes 2 generic arguments but 1 generic argument was supplied
[INFO] [stdout]    --> tests/flows_refresh_it.rs:156:45
[INFO] [stdout]     |
[INFO] [stdout] 156 |     let (first, second): (Result<TokenRecord>, Result<TokenRecord>) = tokio::join!(
[INFO] [stdout]     |                                                ^^^^^^ ----------- supplied 1 generic argument
[INFO] [stdout]     |                                                |
[INFO] [stdout]     |                                                expected 2 generic arguments
[INFO] [stdout]     |
[INFO] [stdout] help: add missing generic argument
[INFO] [stdout]     |
[INFO] [stdout] 156 |     let (first, second): (Result<TokenRecord>, Result<TokenRecord, E>) = tokio::join!(
[INFO] [stdout]     |                                                                  +++
[INFO] [stdout] 
[INFO] [stdout] 
[INFO] [stdout] Some errors have detailed explanations: E0107, E0432.
[INFO] [stdout] 
[INFO] [stdout] For more information about an error, try `rustc --explain E0107`.
[INFO] [stdout] 
[INFO] [stderr] error: could not compile `oauth2-broker` (test "flows_client_credentials_it") due to 3 previous errors
[INFO] [stdout] Some errors have detailed explanations: E0107, E0432.
[INFO] [stdout] 
[INFO] [stdout] For more information about an error, try `rustc --explain E0107`.
[INFO] [stdout] 
[INFO] [stderr] error: could not compile `oauth2-broker` (test "flows_refresh_it") due to 3 previous errors
[INFO] running `Command { std: "docker" "inspect" "90664a1aae17041f83d3a935f4921a51b7872d915eaddbddaf6ca30a2e558818", kill_on_drop: false }`
[INFO] running `Command { std: "docker" "rm" "-f" "90664a1aae17041f83d3a935f4921a51b7872d915eaddbddaf6ca30a2e558818", kill_on_drop: false }`
[INFO] [stdout] 90664a1aae17041f83d3a935f4921a51b7872d915eaddbddaf6ca30a2e558818
