[INFO] fetching crate nym-directory-attestation 1.22.2...
[INFO] testing nym-directory-attestation-1.22.2 against 1.99.0-beta.8+cargoflags=--release for beta-release-1.100-2
[INFO] extracting crate nym-directory-attestation 1.22.2 into /workspace/builds/worker-4-tc1/source
[INFO] started tweaking crates.io crate nym-directory-attestation 1.22.2
[INFO] finished tweaking crates.io crate nym-directory-attestation 1.22.2
[INFO] tweaked toml for crates.io crate nym-directory-attestation 1.22.2 written to /workspace/builds/worker-4-tc1/source/Cargo.toml
[INFO] validating manifest of crates.io crate nym-directory-attestation 1.22.2 on toolchain 1.99.0-beta.8
[INFO] running `Command { std: CARGO_HOME="/workspace/cargo-home" RUSTUP_HOME="/workspace/rustup-home" "/workspace/cargo-home/bin/cargo" "+1.99.0-beta.8" "metadata" "--manifest-path" "Cargo.toml" "--no-deps", kill_on_drop: false }`
[INFO] crate crates.io crate nym-directory-attestation 1.22.2 already has a lockfile, it will not be regenerated
[INFO] running `Command { std: CARGO_HOME="/workspace/cargo-home" RUSTUP_HOME="/workspace/rustup-home" "/workspace/cargo-home/bin/cargo" "+1.99.0-beta.8" "fetch" "--manifest-path" "Cargo.toml", kill_on_drop: false }`
[INFO] [stderr]     Updating crates.io index
[INFO] [stderr]  Downloading crates ...
[INFO] [stderr]   Downloaded nym-contracts-common v1.22.2
[INFO] [stderr]   Downloaded vergen v8.3.1
[INFO] [stderr]   Downloaded cw-storage-plus v2.0.0
[INFO] [stderr]   Downloaded ed25519-consensus v2.1.0
[INFO] [stderr]   Downloaded cw-controllers v2.0.0
[INFO] [stderr]   Downloaded cosmwasm-core v2.3.3
[INFO] [stderr]   Downloaded cosmwasm-schema-derive v2.2.2
[INFO] [stderr]   Downloaded pem v0.8.3
[INFO] [stderr]   Downloaded subtle-ng v2.5.0
[INFO] [stderr]   Downloaded cosmwasm-derive v2.3.3
[INFO] [stderr]   Downloaded nym-lthash v1.22.2
[INFO] [stderr]   Downloaded nym-pemstore v1.22.2
[INFO] [stderr]   Downloaded cosmwasm-schema v2.2.2
[INFO] [stderr]   Downloaded humantime-serde v1.1.1
[INFO] [stderr]   Downloaded nym-directory-contract-common v1.22.2
[INFO] [stderr]   Downloaded prost-derive v0.13.5
[INFO] [stderr]   Downloaded flex-error v0.4.4
[INFO] [stderr]   Downloaded serde-json-wasm v1.0.1
[INFO] [stderr]   Downloaded nym-crypto v1.22.2
[INFO] [stderr]   Downloaded cosmrs v0.22.0
[INFO] [stderr]   Downloaded prost v0.13.5
[INFO] [stderr]   Downloaded cw-utils v2.0.0
[INFO] [stderr]   Downloaded nym-mixnet-contract-common v1.22.2
[INFO] [stderr]   Downloaded ed25519-zebra v4.0.3
[INFO] [stderr]   Downloaded bip32 v0.5.3
[INFO] [stderr]   Downloaded bnum v0.11.0
[INFO] [stderr]   Downloaded tendermint-proto v0.40.4
[INFO] [stderr]   Downloaded tendermint v0.40.4
[INFO] [stderr]   Downloaded blake3 v1.8.3
[INFO] [stderr]   Downloaded cosmwasm-std v2.2.2
[INFO] [stderr]   Downloaded cosmos-sdk-proto v0.27.0
[INFO] [stderr]   Downloaded ark-bls12-381 v0.4.0
[INFO] [stderr]   Downloaded curve25519-dalek-ng v4.1.1
[INFO] [stderr]   Downloaded cosmwasm-crypto v2.3.3
[INFO] [stderr]   Downloaded secp256k1-sys v0.8.2
[INFO] running `Command { std: "docker" "create" "-v" "/var/lib/crater-agent-workspace/builds/worker-4-tc1/source:/opt/rustwide/workdir:ro,Z" "-v" "/var/lib/crater-agent-workspace/builds/worker-4-tc1/target:/opt/rustwide/target:rw,Z" "-v" "/var/lib/crater-agent-workspace/cargo-home:/opt/rustwide/cargo-home:ro,Z" "-v" "/var/lib/crater-agent-workspace/rustup-home:/opt/rustwide/rustup-home:ro,Z" "-m" "1610612736" "--network" "none" "ghcr.io/rust-lang/crates-build-env/linux@sha256:77db811e55d90add9212f6832c23229e3de5f1c1f9905e8cb07319ea15df73ac" "sleep" "infinity", kill_on_drop: false }`
[INFO] [stdout] 34981fc5eff670200a6c437f7369fc61479f8c673c0defe43a09bc0cebd7d401
[INFO] running `Command { std: "docker" "start" "34981fc5eff670200a6c437f7369fc61479f8c673c0defe43a09bc0cebd7d401", kill_on_drop: false }`
[INFO] running `Command { std: "docker" "inspect" "34981fc5eff670200a6c437f7369fc61479f8c673c0defe43a09bc0cebd7d401", kill_on_drop: false }`
[INFO] running `Command { std: "docker" "exec" "-e" "SOURCE_DIR=/opt/rustwide/workdir" "-e" "CARGO_HOME=/opt/rustwide/cargo-home" "-e" "RUSTUP_HOME=/opt/rustwide/rustup-home" "-e" "CARGO_TARGET_DIR=/opt/rustwide/target" "-w" "/opt/rustwide/workdir" "--user" "0:0" "34981fc5eff670200a6c437f7369fc61479f8c673c0defe43a09bc0cebd7d401" "/opt/rustwide/cargo-home/bin/cargo" "+1.99.0-beta.8" "metadata" "--no-deps" "--format-version=1", kill_on_drop: false }`
[INFO] running `Command { std: "docker" "inspect" "34981fc5eff670200a6c437f7369fc61479f8c673c0defe43a09bc0cebd7d401", kill_on_drop: false }`
[INFO] running `Command { std: "docker" "exec" "-e" "SOURCE_DIR=/opt/rustwide/workdir" "-e" "CARGO_HOME=/opt/rustwide/cargo-home" "-e" "RUSTUP_HOME=/opt/rustwide/rustup-home" "-e" "CARGO_TARGET_DIR=/opt/rustwide/target" "-e" "CARGO_INCREMENTAL=0" "-e" "RUST_BACKTRACE=full" "-e" "RUSTFLAGS=--cap-lints=warn" "-e" "RUSTDOCFLAGS=--cap-lints=warn" "-w" "/opt/rustwide/workdir" "--user" "0:0" "34981fc5eff670200a6c437f7369fc61479f8c673c0defe43a09bc0cebd7d401" "/opt/rustwide/cargo-home/bin/cargo" "+1.99.0-beta.8" "build" "--frozen" "--message-format=json" "--release", kill_on_drop: false }`
[INFO] [stderr]    Compiling syn v2.0.117
[INFO] [stderr]    Compiling subtle v2.6.1
[INFO] [stderr]    Compiling serde_core v1.0.229
[INFO] [stderr]    Compiling zerocopy v0.8.50
[INFO] [stderr]    Compiling getrandom v0.2.17
[INFO] [stderr]    Compiling serde v1.0.229
[INFO] [stderr]    Compiling syn v1.0.109
[INFO] [stderr]    Compiling either v1.16.0
[INFO] [stderr]    Compiling num-integer v0.1.46
[INFO] [stderr]    Compiling rand_core v0.6.4
[INFO] [stderr]    Compiling rayon v1.12.0
[INFO] [stderr]    Compiling ff v0.13.1
[INFO] [stderr]    Compiling group v0.13.0
[INFO] [stderr]    Compiling num-bigint v0.4.6
[INFO] [stderr]    Compiling serde_json v1.0.151
[INFO] [stderr]    Compiling itertools v0.10.5
[INFO] [stderr]    Compiling schemars v0.8.22
[INFO] [stderr]    Compiling semver v1.0.28
[INFO] [stderr]    Compiling camino v1.2.2
[INFO] [stderr]    Compiling rustc_version v0.4.1
[INFO] [stderr]    Compiling curve25519-dalek v4.1.3
[INFO] [stderr]    Compiling thiserror v1.0.69
[INFO] [stderr]    Compiling rmp v0.8.15
[INFO] [stderr]    Compiling hybrid-array v0.4.15
[INFO] [stderr]    Compiling cosmwasm-core v2.3.3
[INFO] [stderr]    Compiling cargo-platform v0.1.9
[INFO] [stderr]    Compiling serde_derive_internals v0.29.1
[INFO] [stderr]    Compiling rmp-serde v1.3.1
[INFO] [stderr]    Compiling vergen v8.3.1
[INFO] [stderr]    Compiling time-macros v0.2.32
[INFO] [stderr]    Compiling serde-json-wasm v1.0.1
[INFO] [stderr]    Compiling ppv-lite86 v0.2.21
[INFO] [stderr]    Compiling ahash v0.8.12
[INFO] [stderr]    Compiling bnum v0.11.0
[INFO] [stderr]    Compiling hashbrown v0.13.2
[INFO] [stderr]    Compiling hashbrown v0.14.5
[INFO] [stderr]    Compiling rand_chacha v0.3.1
[INFO] [stderr]    Compiling rand v0.8.6
[INFO] [stderr]    Compiling ark-serialize-derive v0.4.2
[INFO] [stderr]    Compiling zeroize_derive v1.5.0
[INFO] [stderr]    Compiling thiserror-impl v1.0.69
[INFO] [stderr]    Compiling curve25519-dalek-derive v0.1.1
[INFO] [stderr]    Compiling ark-ff-asm v0.4.2
[INFO] [stderr]    Compiling derivative v2.2.0
[INFO] [stderr]    Compiling ark-ff-macros v0.4.2
[INFO] [stderr]    Compiling zeroize v1.9.0
[INFO] [stderr]    Compiling generic-array v0.14.7
[INFO] [stderr]    Compiling der v0.7.10
[INFO] [stderr]    Compiling schemars_derive v0.8.22
[INFO] [stderr]    Compiling ark-std v0.4.0
[INFO] [stderr]    Compiling derive_more-impl v1.0.0
[INFO] [stderr]    Compiling cosmwasm-derive v2.3.3
[INFO] [stderr]    Compiling bech32 v0.11.1
[INFO] [stderr]    Compiling block-buffer v0.10.4
[INFO] [stderr]    Compiling crypto-common v0.1.7
[INFO] [stderr]    Compiling crypto-bigint v0.5.5
[INFO] [stderr]    Compiling digest v0.10.7
[INFO] [stderr]    Compiling signature v2.2.0
[INFO] [stderr]    Compiling sha2 v0.10.9
[INFO] [stderr]    Compiling sec1 v0.7.3
[INFO] [stderr]    Compiling hmac v0.12.1
[INFO] [stderr]    Compiling rfc6979 v0.4.0
[INFO] [stderr]    Compiling spki v0.7.3
[INFO] [stderr]    Compiling ark-serialize v0.4.2
[INFO] [stderr]    Compiling ed25519 v2.2.3
[INFO] [stderr]    Compiling ark-ff v0.4.2
[INFO] [stderr]    Compiling derive_more v1.0.0
[INFO] [stderr]    Compiling num_threads v0.1.7
[INFO] [stderr]    Compiling deranged v0.5.8
[INFO] [stderr]    Compiling powerfmt v0.2.0
[INFO] [stderr]    Compiling time v0.3.54
[INFO] [stderr]    Compiling elliptic-curve v0.13.8
[INFO] [stderr]    Compiling ed25519-zebra v4.0.3
[INFO] [stderr]    Compiling ecdsa v0.16.9
[INFO] [stderr]    Compiling primeorder v0.13.6
[INFO] [stderr]    Compiling cargo_metadata v0.18.1
[INFO] [stderr]    Compiling bs58 v0.5.1
[INFO] [stderr]    Compiling k256 v0.13.4
[INFO] [stderr]    Compiling p256 v0.13.2
[INFO] [stderr]    Compiling cosmwasm-schema-derive v2.2.2
[INFO] [stderr]    Compiling crypto-common v0.2.2
[INFO] [stderr]    Compiling block-buffer v0.12.0
[INFO] [stderr]    Compiling thiserror-impl v2.0.19
[INFO] [stderr]    Compiling darling_core v0.23.0
[INFO] [stderr]    Compiling digest v0.11.3
[INFO] [stderr]    Compiling thiserror v2.0.19
[INFO] [stderr]    Compiling cosmwasm-schema v2.2.2
[INFO] [stderr]    Compiling prost-derive v0.13.5
[INFO] [stderr]    Compiling digest v0.9.0
[INFO] [stderr]    Compiling subtle-encoding v0.5.1
[INFO] [stderr]    Compiling curve25519-dalek v5.0.0
[INFO] [stderr]    Compiling bytes v1.12.1
[INFO] [stderr]    Compiling serde_bytes v0.11.19
[INFO] [stderr]    Compiling futures-core v0.3.32
[INFO] [stderr]    Compiling regex-automata v0.4.14
[INFO] [stderr]    Compiling nym-contracts-common v1.22.2
[INFO] [stderr]    Compiling block-buffer v0.9.0
[INFO] [stderr]    Compiling flex-error v0.4.4
[INFO] [stderr]    Compiling serde_repr v0.1.21
[INFO] [stderr]    Compiling prost v0.13.5
[INFO] [stderr]    Compiling base16ct v1.0.0
[INFO] [stderr]    Compiling futures-task v0.3.32
[INFO] [stderr]    Compiling subtle-ng v2.5.0
[INFO] [stderr]    Compiling byteorder v1.5.0
[INFO] [stderr]    Compiling sha2 v0.9.9
[INFO] [stderr]    Compiling futures-util v0.3.32
[INFO] [stderr]    Compiling tendermint-proto v0.40.4
[INFO] [stderr]    Compiling ark-poly v0.4.2
[INFO] [stderr]    Compiling curve25519-dalek-ng v4.1.1
[INFO] [stderr]    Compiling darling_macro v0.23.0
[INFO] [stderr]    Compiling darling v0.23.0
[INFO] [stderr]    Compiling serdect v0.4.3
[INFO] [stderr]    Compiling blake3 v1.8.3
[INFO] [stderr]    Compiling ark-ec v0.4.2
[INFO] [stderr]    Compiling futures-channel v0.3.32
[INFO] [stderr]    Compiling ripemd v0.1.3
[INFO] [stderr]    Compiling regex v1.12.3
[INFO] [stderr]    Compiling tracing-attributes v0.1.31
[INFO] [stderr]    Compiling signature v3.0.0
[INFO] [stderr]    Compiling ark-bls12-381 v0.4.0
[INFO] [stderr]    Compiling humantime v2.3.0
[INFO] [stderr]    Compiling cosmwasm-crypto v2.3.3
[INFO] [stderr]    Compiling eyre v0.6.12
[INFO] [stderr]    Compiling futures-io v0.3.32
[INFO] [stderr]    Compiling futures v0.3.32
[INFO] [stderr]    Compiling tracing v0.1.44
[INFO] [stderr]    Compiling humantime-serde v1.1.1
[INFO] [stderr]    Compiling pem v0.8.3
[INFO] [stderr]    Compiling ed25519 v3.0.0
[INFO] [stderr]    Compiling ed25519-consensus v2.1.0
[INFO] [stderr]    Compiling serde_with_macros v3.21.0
[INFO] [stderr]    Compiling sha2 v0.11.0
[INFO] [stderr]    Compiling indenter v0.3.4
[INFO] [stderr]    Compiling cosmwasm-std v2.2.2
[INFO] [stderr]    Compiling ed25519-dalek v3.0.0
[INFO] [stderr]    Compiling serde_with v3.21.0
[INFO] [stderr]    Compiling nym-pemstore v1.22.2
[INFO] [stderr]    Compiling bip32 v0.5.3
[INFO] [stderr]    Compiling x25519-dalek v3.0.0
[INFO] [stderr]    Compiling nym-crypto v1.22.2
[INFO] [stderr]    Compiling async-trait v0.1.91
[INFO] [stderr]    Compiling nym-lthash v1.22.2
[INFO] [stderr]    Compiling cw-storage-plus v2.0.0
[INFO] [stderr]    Compiling cw-utils v2.0.0
[INFO] [stderr]    Compiling cw-controllers v2.0.0
[INFO] [stderr]    Compiling nym-mixnet-contract-common v1.22.2
[INFO] [stderr]    Compiling cosmos-sdk-proto v0.27.0
[INFO] [stderr]    Compiling tendermint v0.40.4
[INFO] [stderr]    Compiling nym-directory-contract-common v1.22.2
[INFO] [stderr]    Compiling cosmrs v0.22.0
[INFO] [stderr]    Compiling nym-directory-attestation v1.22.2 (/opt/rustwide/workdir)
[INFO] [stderr]     Finished `release` profile [optimized] target(s) in 3m 15s
[INFO] running `Command { std: "docker" "inspect" "34981fc5eff670200a6c437f7369fc61479f8c673c0defe43a09bc0cebd7d401", kill_on_drop: false }`
[INFO] running `Command { std: "docker" "exec" "-e" "SOURCE_DIR=/opt/rustwide/workdir" "-e" "CARGO_HOME=/opt/rustwide/cargo-home" "-e" "RUSTUP_HOME=/opt/rustwide/rustup-home" "-e" "CARGO_TARGET_DIR=/opt/rustwide/target" "-e" "CARGO_INCREMENTAL=0" "-e" "RUST_BACKTRACE=full" "-e" "RUSTFLAGS=--cap-lints=warn" "-e" "RUSTDOCFLAGS=--cap-lints=warn" "-w" "/opt/rustwide/workdir" "--user" "0:0" "34981fc5eff670200a6c437f7369fc61479f8c673c0defe43a09bc0cebd7d401" "/opt/rustwide/cargo-home/bin/cargo" "+1.99.0-beta.8" "test" "--frozen" "--no-run" "--message-format=json" "--release", kill_on_drop: false }`
[INFO] [stderr]    Compiling nym-directory-attestation v1.22.2 (/opt/rustwide/workdir)
[INFO] [stdout] error[E0433]: cannot find module or crate `nym_test_utils` in this scope
[INFO] [stdout]   --> src/producer.rs:29:9
[INFO] [stdout]    |
[INFO] [stdout] 29 |     use nym_test_utils::helpers::dummy_ed25519_keypair;
[INFO] [stdout]    |         ^^^^^^^^^^^^^^ use of unresolved module or unlinked crate `nym_test_utils`
[INFO] [stdout]    |
[INFO] [stdout]    = help: if you wanted to use a crate named `nym_test_utils`, use `cargo add nym_test_utils` to add it to your `Cargo.toml`
[INFO] [stdout] 
[INFO] [stdout] 
[INFO] [stdout] error[E0433]: cannot find module or crate `nym_test_utils` in this scope
[INFO] [stdout]    --> src/snapshot.rs:186:9
[INFO] [stdout]     |
[INFO] [stdout] 186 |     use nym_test_utils::helpers::dummy_ed25519_keypair;
[INFO] [stdout]     |         ^^^^^^^^^^^^^^ use of unresolved module or unlinked crate `nym_test_utils`
[INFO] [stdout]     |
[INFO] [stdout]     = help: if you wanted to use a crate named `nym_test_utils`, use `cargo add nym_test_utils` to add it to your `Cargo.toml`
[INFO] [stdout] 
[INFO] [stdout] 
[INFO] [stdout] error[E0433]: cannot find module or crate `nym_test_utils` in this scope
[INFO] [stdout]    --> src/subset.rs:267:9
[INFO] [stdout]     |
[INFO] [stdout] 267 |     use nym_test_utils::helpers::dummy_ed25519_keypair;
[INFO] [stdout]     |         ^^^^^^^^^^^^^^ use of unresolved module or unlinked crate `nym_test_utils`
[INFO] [stdout]     |
[INFO] [stdout]     = help: if you wanted to use a crate named `nym_test_utils`, use `cargo add nym_test_utils` to add it to your `Cargo.toml`
[INFO] [stdout] 
[INFO] [stdout] 
[INFO] [stdout] For more information about this error, try `rustc --explain E0433`.
[INFO] [stdout] 
[INFO] [stderr] error: could not compile `nym-directory-attestation` (lib test) due to 3 previous errors
[INFO] running `Command { std: "docker" "inspect" "34981fc5eff670200a6c437f7369fc61479f8c673c0defe43a09bc0cebd7d401", kill_on_drop: false }`
[INFO] running `Command { std: "docker" "rm" "-f" "34981fc5eff670200a6c437f7369fc61479f8c673c0defe43a09bc0cebd7d401", kill_on_drop: false }`
[INFO] [stdout] 34981fc5eff670200a6c437f7369fc61479f8c673c0defe43a09bc0cebd7d401
