[INFO] fetching crate nym-api-requests 1.22.2...
[INFO] testing nym-api-requests-1.22.2 against 1.100.0-beta.1+cargoflags=--release for beta-release-1.100-2
[INFO] extracting crate nym-api-requests 1.22.2 into /workspace/builds/worker-6-tc2/source
[INFO] started tweaking crates.io crate nym-api-requests 1.22.2
[INFO] finished tweaking crates.io crate nym-api-requests 1.22.2
[INFO] tweaked toml for crates.io crate nym-api-requests 1.22.2 written to /workspace/builds/worker-6-tc2/source/Cargo.toml
[INFO] validating manifest of crates.io crate nym-api-requests 1.22.2 on toolchain 1.100.0-beta.1
[INFO] running `Command { std: CARGO_HOME="/workspace/cargo-home" RUSTUP_HOME="/workspace/rustup-home" "/workspace/cargo-home/bin/cargo" "+1.100.0-beta.1" "metadata" "--manifest-path" "Cargo.toml" "--no-deps", kill_on_drop: false }`
[INFO] crate crates.io crate nym-api-requests 1.22.2 already has a lockfile, it will not be regenerated
[INFO] running `Command { std: CARGO_HOME="/workspace/cargo-home" RUSTUP_HOME="/workspace/rustup-home" "/workspace/cargo-home/bin/cargo" "+1.100.0-beta.1" "fetch" "--manifest-path" "Cargo.toml", kill_on_drop: false }`
[INFO] [stderr] warning: `package.homepage` is redundant with `package.documentation`
[INFO] [stderr]    --> Cargo.toml:151:12
[INFO] [stderr]     |
[INFO] [stderr] 149 | documentation = "https://nymtech.net"
[INFO] [stderr]     |                 ---------------------
[INFO] [stderr] 150 | edition = "2021"
[INFO] [stderr] 151 | homepage = "https://nymtech.net"
[INFO] [stderr]     |            ^^^^^^^^^^^^^^^^^^^^^
[INFO] [stderr]     |
[INFO] [stderr]     = note: `cargo::redundant_homepage` is set to `warn` by default
[INFO] [stderr] help: consider removing `package.homepage`
[INFO] [stderr] warning: `nym-api-requests` (manifest) generated 1 warning
[INFO] running `Command { std: "docker" "create" "-v" "/var/lib/crater-agent-workspace/builds/worker-6-tc2/source:/opt/rustwide/workdir:ro,Z" "-v" "/var/lib/crater-agent-workspace/builds/worker-6-tc2/target:/opt/rustwide/target:rw,Z" "-v" "/var/lib/crater-agent-workspace/cargo-home:/opt/rustwide/cargo-home:ro,Z" "-v" "/var/lib/crater-agent-workspace/rustup-home:/opt/rustwide/rustup-home:ro,Z" "-m" "1610612736" "--network" "none" "ghcr.io/rust-lang/crates-build-env/linux@sha256:77db811e55d90add9212f6832c23229e3de5f1c1f9905e8cb07319ea15df73ac" "sleep" "infinity", kill_on_drop: false }`
[INFO] [stdout] 27402e86543c696bdceed5d72169d6cf19e47f3348095ee5646f7b60434266ac
[INFO] running `Command { std: "docker" "start" "27402e86543c696bdceed5d72169d6cf19e47f3348095ee5646f7b60434266ac", kill_on_drop: false }`
[INFO] running `Command { std: "docker" "inspect" "27402e86543c696bdceed5d72169d6cf19e47f3348095ee5646f7b60434266ac", kill_on_drop: false }`
[INFO] running `Command { std: "docker" "exec" "-e" "SOURCE_DIR=/opt/rustwide/workdir" "-e" "CARGO_HOME=/opt/rustwide/cargo-home" "-e" "RUSTUP_HOME=/opt/rustwide/rustup-home" "-e" "CARGO_TARGET_DIR=/opt/rustwide/target" "-w" "/opt/rustwide/workdir" "--user" "0:0" "27402e86543c696bdceed5d72169d6cf19e47f3348095ee5646f7b60434266ac" "/opt/rustwide/cargo-home/bin/cargo" "+1.100.0-beta.1" "metadata" "--no-deps" "--format-version=1", kill_on_drop: false }`
[INFO] running `Command { std: "docker" "inspect" "27402e86543c696bdceed5d72169d6cf19e47f3348095ee5646f7b60434266ac", kill_on_drop: false }`
[INFO] running `Command { std: "docker" "exec" "-e" "SOURCE_DIR=/opt/rustwide/workdir" "-e" "CARGO_HOME=/opt/rustwide/cargo-home" "-e" "RUSTUP_HOME=/opt/rustwide/rustup-home" "-e" "CARGO_TARGET_DIR=/opt/rustwide/target" "-e" "CARGO_INCREMENTAL=0" "-e" "RUST_BACKTRACE=full" "-e" "RUSTFLAGS=--cap-lints=warn" "-e" "RUSTDOCFLAGS=--cap-lints=warn" "-w" "/opt/rustwide/workdir" "--user" "0:0" "27402e86543c696bdceed5d72169d6cf19e47f3348095ee5646f7b60434266ac" "/opt/rustwide/cargo-home/bin/cargo" "+1.100.0-beta.1" "build" "--frozen" "--message-format=json" "--release", kill_on_drop: false }`
[INFO] [stderr] warning: `package.homepage` is redundant with `package.documentation`
[INFO] [stderr]    --> Cargo.toml:151:12
[INFO] [stderr]     |
[INFO] [stderr] 149 | documentation = "https://nymtech.net"
[INFO] [stderr]     |                 ---------------------
[INFO] [stderr] 150 | edition = "2021"
[INFO] [stderr] 151 | homepage = "https://nymtech.net"
[INFO] [stderr]     |            ^^^^^^^^^^^^^^^^^^^^^
[INFO] [stderr]     |
[INFO] [stderr]     = note: `cargo::redundant_homepage` is set to `warn` by default
[INFO] [stderr] help: consider removing `package.homepage`
[INFO] [stderr] warning: `nym-api-requests` (manifest) generated 1 warning
[INFO] [stderr]    Compiling subtle v2.6.1
[INFO] [stderr]    Compiling generic-array v0.14.7
[INFO] [stderr]    Compiling portable-atomic v1.13.1
[INFO] [stderr]    Compiling syn v2.0.117
[INFO] [stderr]    Compiling syn v3.0.3
[INFO] [stderr]    Compiling getrandom v0.2.17
[INFO] [stderr]    Compiling num-traits v0.2.19
[INFO] [stderr]    Compiling getrandom v0.4.2
[INFO] [stderr]    Compiling libc v0.2.186
[INFO] [stderr]    Compiling serde_core v1.0.229
[INFO] [stderr]    Compiling rand_core v0.6.4
[INFO] [stderr]    Compiling memchr v2.8.1
[INFO] [stderr]    Compiling zerocopy v0.8.50
[INFO] [stderr]    Compiling pem-rfc7468 v0.7.0
[INFO] [stderr]    Compiling once_cell v1.21.4
[INFO] [stderr]    Compiling serde_json v1.0.151
[INFO] [stderr]    Compiling base16ct v0.2.0
[INFO] [stderr]    Compiling ff v0.13.1
[INFO] [stderr]    Compiling group v0.13.0
[INFO] [stderr]    Compiling either v1.16.0
[INFO] [stderr]    Compiling jobserver v0.1.34
[INFO] [stderr]    Compiling num-integer v0.1.46
[INFO] [stderr]    Compiling smallvec v1.15.1
[INFO] [stderr]    Compiling cc v1.2.63
[INFO] [stderr]    Compiling ctutils v0.4.2
[INFO] [stderr]    Compiling crossbeam-epoch v0.9.18
[INFO] [stderr]    Compiling semver v1.0.28
[INFO] [stderr]    Compiling chacha20 v0.10.2
[INFO] [stderr]    Compiling indexmap v1.9.3
[INFO] [stderr]    Compiling rustc_version v0.4.1
[INFO] [stderr]    Compiling paste v1.0.15
[INFO] [stderr]    Compiling rand v0.10.2
[INFO] [stderr]    Compiling num-conv v0.2.2
[INFO] [stderr]    Compiling schemars v0.8.22
[INFO] [stderr]    Compiling time-core v0.1.9
[INFO] [stderr]    Compiling hax-lib v0.3.7
[INFO] [stderr]    Compiling syn v1.0.109
[INFO] [stderr]    Compiling anyhow v1.0.104
[INFO] [stderr]    Compiling thiserror v2.0.19
[INFO] [stderr]    Compiling const-oid v0.10.2
[INFO] [stderr]    Compiling indexmap v2.14.0
[INFO] [stderr]    Compiling serde_derive v1.0.229
[INFO] [stderr]    Compiling thiserror-impl v2.0.19
[INFO] [stderr]    Compiling synstructure v0.13.2
[INFO] [stderr]    Compiling ppv-lite86 v0.2.21
[INFO] [stderr]    Compiling serde_derive_internals v0.29.1
[INFO] [stderr]    Compiling crossbeam-deque v0.8.6
[INFO] [stderr]    Compiling rand_chacha v0.3.1
[INFO] [stderr]    Compiling tracing-core v0.1.36
[INFO] [stderr]    Compiling rand v0.8.6
[INFO] [stderr]    Compiling ahash v0.8.12
[INFO] [stderr]    Compiling litemap v0.8.2
[INFO] [stderr]    Compiling zeroize_derive v1.5.0
[INFO] [stderr]    Compiling thiserror-impl v1.0.69
[INFO] [stderr]    Compiling zerofrom-derive v0.1.7
[INFO] [stderr]    Compiling zeroize v1.9.0
[INFO] [stderr]    Compiling yoke-derive v0.8.2
[INFO] [stderr]    Compiling der v0.7.10
[INFO] [stderr]    Compiling hybrid-array v0.4.15
[INFO] [stderr]    Compiling crypto-common v0.1.7
[INFO] [stderr]    Compiling block-buffer v0.10.4
[INFO] [stderr]    Compiling digest v0.10.7
[INFO] [stderr]    Compiling crypto-bigint v0.5.5
[INFO] [stderr]    Compiling sha2 v0.10.9
[INFO] [stderr]    Compiling hmac v0.12.1
[INFO] [stderr]    Compiling signature v2.2.0
[INFO] [stderr]    Compiling hkdf v0.12.4
[INFO] [stderr]    Compiling rfc6979 v0.4.0
[INFO] [stderr]    Compiling zerofrom v0.1.8
[INFO] [stderr]    Compiling curve25519-dalek-derive v0.1.1
[INFO] [stderr]    Compiling zerovec-derive v0.11.3
[INFO] [stderr]    Compiling yoke v0.8.2
[INFO] [stderr]    Compiling schemars_derive v0.8.22
[INFO] [stderr]    Compiling serde v1.0.229
[INFO] [stderr]    Compiling displaydoc v0.2.6
[INFO] [stderr]    Compiling spki v0.7.3
[INFO] [stderr]    Compiling zerovec v0.11.6
[INFO] [stderr]    Compiling pkcs8 v0.10.2
[INFO] [stderr]    Compiling hax-lib-macros v0.3.7
[INFO] [stderr]    Compiling crypto-common v0.2.2
[INFO] [stderr]    Compiling sec1 v0.7.3
[INFO] [stderr]    Compiling bytes v1.12.1
[INFO] [stderr]    Compiling elliptic-curve v0.13.8
[INFO] [stderr]    Compiling libcrux-secrets v0.0.6
[INFO] [stderr]    Compiling tinystr v0.8.3
[INFO] [stderr]    Compiling tracing-attributes v0.1.31
[INFO] [stderr]    Compiling writeable v0.6.3
[INFO] [stderr]    Compiling libcrux-traits v0.0.8
[INFO] [stderr]    Compiling ecdsa v0.16.9
[INFO] [stderr]    Compiling primeorder v0.13.6
[INFO] [stderr]    Compiling icu_locale_core v2.2.0
[INFO] [stderr]    Compiling potential_utf v0.1.5
[INFO] [stderr]    Compiling zerotrie v0.2.4
[INFO] [stderr]    Compiling rayon-core v1.13.0
[INFO] [stderr]    Compiling k256 v0.13.4
[INFO] [stderr]    Compiling p256 v0.13.2
[INFO] [stderr]    Compiling icu_properties_data v2.2.0
[INFO] [stderr]    Compiling icu_normalizer_data v2.2.0
[INFO] [stderr]    Compiling tracing v0.1.44
[INFO] [stderr]    Compiling icu_collections v2.2.0
[INFO] [stderr]    Compiling rayon v1.12.0
[INFO] [stderr]    Compiling block-buffer v0.12.0
[INFO] [stderr]    Compiling icu_provider v2.2.0
[INFO] [stderr]    Compiling libcrux-macros v0.0.3
[INFO] [stderr]    Compiling digest v0.11.3
[INFO] [stderr]    Compiling num-bigint v0.4.6
[INFO] [stderr]    Compiling ark-serialize-derive v0.4.2
[INFO] [stderr]    Compiling ed25519 v2.2.3
[INFO] [stderr]    Compiling icu_normalizer v2.2.0
[INFO] [stderr]    Compiling icu_properties v2.2.0
[INFO] [stderr]    Compiling ark-ff-macros v0.4.2
[INFO] [stderr]    Compiling libcrux-hacl-rs v0.0.5
[INFO] [stderr]    Compiling ark-ff-asm v0.4.2
[INFO] [stderr]    Compiling derivative v2.2.0
[INFO] [stderr]    Compiling cmake v0.1.58
[INFO] [stderr]    Compiling itertools v0.10.5
[INFO] [stderr]    Compiling ark-std v0.4.0
[INFO] [stderr]    Compiling ark-serialize v0.4.2
[INFO] [stderr]    Compiling cfg-if v1.0.4
[INFO] [stderr]    Compiling camino v1.2.2
[INFO] [stderr]    Compiling aws-lc-sys v0.41.0
[INFO] [stderr]    Compiling thiserror v1.0.69
[INFO] [stderr]    Compiling idna_adapter v1.2.2
[INFO] [stderr]    Compiling hashbrown v0.13.2
[INFO] [stderr]    Compiling tokio-macros v2.7.0
[INFO] [stderr]    Compiling futures-macro v0.3.32
[INFO] [stderr]    Compiling aho-corasick v1.1.4
[INFO] [stderr]    Compiling curve25519-dalek v4.1.3
[INFO] [stderr]    Compiling mio v1.2.1
[INFO] [stderr]    Compiling socket2 v0.6.4
[INFO] [stderr]    Compiling ark-ff v0.4.2
[INFO] [stderr]    Compiling regex-syntax v0.8.10
[INFO] [stderr]    Compiling futures-util v0.3.32
[INFO] [stderr]    Compiling tokio v1.53.1
[INFO] [stderr]    Compiling cargo-platform v0.1.9
[INFO] [stderr]    Compiling idna v1.1.0
[INFO] [stderr]    Compiling regex-automata v0.4.14
[INFO] [stderr]    Compiling form_urlencoded v1.2.2
[INFO] [stderr]    Compiling vergen v8.3.1
[INFO] [stderr]    Compiling bs58 v0.5.1
[INFO] [stderr]    Compiling powerfmt v0.2.0
[INFO] [stderr]    Compiling byteorder v1.5.0
[INFO] [stderr]    Compiling num_threads v0.1.7
[INFO] [stderr]    Compiling deranged v0.5.8
[INFO] [stderr]    Compiling hashbrown v0.14.5
[INFO] [stderr]    Compiling url v2.5.8
[INFO] [stderr]    Compiling regex v1.12.3
[INFO] [stderr]    Compiling cargo_metadata v0.18.1
[INFO] [stderr]    Compiling time v0.3.54
[INFO] [stderr]    Compiling ark-poly v0.4.2
[INFO] [stderr]    Compiling futures-channel v0.3.32
[INFO] [stderr]    Compiling der v0.8.0
[INFO] [stderr]    Compiling ark-ec v0.4.2
[INFO] [stderr]    Compiling rustls-pki-types v1.15.1
[INFO] [stderr]    Compiling time-macros v0.2.32
[INFO] [stderr]    Compiling ring v0.17.14
[INFO] [stderr]    Compiling libcrux-intrinsics v0.0.8
[INFO] [stderr]    Compiling aws-lc-rs v1.17.0
[INFO] [stderr]    Compiling derive_more-impl v1.0.0
[INFO] [stderr]    Compiling ark-bls12-381 v0.4.0
[INFO] [stderr]    Compiling ed25519-zebra v4.0.3
[INFO] [stderr]    Compiling libcrux-sha2 v0.0.8
[INFO] [stderr]    Compiling http v1.4.2
[INFO] [stderr]    Compiling tls_codec_derive v0.5.0
[INFO] [stderr]    Compiling utoipa-gen v5.5.0
[INFO] [stderr]    Compiling rmp v0.8.15
[INFO] [stderr]    Compiling pkg-config v0.3.33
[INFO] [stderr]    Compiling cosmwasm-core v2.3.3
[INFO] [stderr]    Compiling cosmwasm-crypto v2.3.3
[INFO] [stderr]    Compiling zstd-sys v2.0.16+zstd.1.5.7
[INFO] [stderr]    Compiling rmp-serde v1.3.1
[INFO] [stderr]    Compiling tls_codec v0.5.0
[INFO] [stderr]    Compiling derive_more v1.0.0
[INFO] [stderr]    Compiling spki v0.8.0
[INFO] [stderr]    Compiling signature v3.0.0
[INFO] [stderr]    Compiling serde-json-wasm v1.0.1
[INFO] [stderr]    Compiling inout v0.1.4
[INFO] [stderr]    Compiling subtle-encoding v0.5.1
[INFO] [stderr]    Compiling cosmwasm-derive v2.3.3
[INFO] [stderr]    Compiling serde_bytes v0.11.19
[INFO] [stderr]    Compiling libcrux-platform v0.0.3
[INFO] [stderr]    Compiling bnum v0.11.0
[INFO] [stderr]    Compiling base16ct v1.0.0
[INFO] [stderr]    Compiling bech32 v0.11.1
[INFO] [stderr]    Compiling libcrux-sha3 v0.0.10
[INFO] [stderr]    Compiling static_assertions v1.1.0
[INFO] [stderr]    Compiling serdect v0.4.3
[INFO] [stderr]    Compiling cipher v0.4.4
[INFO] [stderr]    Compiling pkcs8 v0.11.0
[INFO] [stderr]    Compiling inout v0.2.2
[INFO] [stderr]    Compiling universal-hash v0.5.1
[INFO] [stderr]    Compiling cosmwasm-schema-derive v2.2.2
[INFO] [stderr]    Compiling rustls v0.23.42
[INFO] [stderr]    Compiling num-bigint-dig v0.8.6
[INFO] [stderr]    Compiling cosmwasm-schema v2.2.2
[INFO] [stderr]    Compiling utoipa v5.5.0
[INFO] [stderr]    Compiling cosmwasm-std v2.2.2
[INFO] [stderr]    Compiling polyval v0.6.2
[INFO] [stderr]    Compiling cipher v0.5.2
[INFO] [stderr]    Compiling ipnet v2.12.0
[INFO] [stderr]    Compiling curve25519-dalek v5.0.0
[INFO] [stderr]    Compiling num-iter v0.1.45
[INFO] [stderr]    Compiling keccak v0.2.0
[INFO] [stderr]    Compiling zstd-safe v7.2.4
[INFO] [stderr]    Compiling hashbrown v0.17.1
[INFO] [stderr]    Compiling alloc-no-stdlib v2.0.4
[INFO] [stderr]    Compiling libcrux-ml-kem v0.0.10
[INFO] [stderr]    Compiling winnow v1.0.3
[INFO] [stderr]    Compiling toml_parser v1.1.2+spec-1.1.0
[INFO] [stderr]    Compiling alloc-stdlib v0.2.2
[INFO] [stderr]    Compiling sha3 v0.11.0
[INFO] [stderr]    Compiling aes v0.9.3
[INFO] [stderr]    Compiling ghash v0.5.1
[INFO] [stderr]    Compiling aes v0.8.4
[INFO] [stderr]    Compiling ctr v0.9.2
[INFO] [stderr]    Compiling http-body v1.0.1
[INFO] [stderr]    Compiling libcrux-p256 v0.0.8
[INFO] [stderr]    Compiling libcrux-curve25519 v0.0.8
[INFO] [stderr]    Compiling pkcs1 v0.7.5
[INFO] [stderr]    Compiling module-lattice v0.2.3
[INFO] [stderr]    Compiling aead v0.5.2
[INFO] [stderr]    Compiling libcrux-aes v0.0.9
[INFO] [stderr]    Compiling toml_datetime v1.1.1+spec-1.1.0
[INFO] [stderr]    Compiling libcrux-ml-dsa v0.0.10
[INFO] [stderr]    Compiling pem v0.8.3
[INFO] [stderr]    Compiling toml_edit v0.25.12+spec-1.1.0
[INFO] [stderr]    Compiling aes-gcm v0.10.3
[INFO] [stderr]    Compiling ml-dsa v0.1.0-rc.11
[INFO] [stderr]    Compiling libcrux-ecdh v0.0.8
[INFO] [stderr]    Compiling rsa v0.9.10
[INFO] [stderr]    Compiling aes-keywrap v0.9.0
[INFO] [stderr]    Compiling brotli-decompressor v5.0.1
[INFO] [stderr]    Compiling libcrux-hmac v0.0.8
[INFO] [stderr]    Compiling tokio-util v0.7.19
[INFO] [stderr]    Compiling libcrux-poly1305 v0.0.6
[INFO] [stderr]    Compiling hmac-sha256 v1.1.14
[INFO] [stderr]    Compiling hmac-sha512 v1.1.12
[INFO] [stderr]    Compiling ct-codecs v1.1.7
[INFO] [stderr]    Compiling ed25519-compact v2.3.0
[INFO] [stderr]    Compiling blake2b_simd v1.0.4
[INFO] [stderr]    Compiling superboring v0.1.11
[INFO] [stderr]    Compiling libcrux-chacha20poly1305 v0.0.9
[INFO] [stderr]    Compiling libcrux-hkdf v0.0.8
[INFO] [stderr]    Compiling libcrux-kem v0.0.9
[INFO] [stderr]    Compiling brotli v8.0.3
[INFO] [stderr]    Compiling proc-macro-crate v3.5.0
[INFO] [stderr]    Compiling nym-pemstore v1.22.2
[INFO] [stderr]    Compiling cw-storage-plus v2.0.0
[INFO] [stderr]    Compiling ed25519 v3.0.0
[INFO] [stderr]    Compiling libcrux-ed25519 v0.0.9
[INFO] [stderr]    Compiling sha2 v0.11.0
[INFO] [stderr]    Compiling p384 v0.13.1
[INFO] [stderr]    Compiling coarsetime v0.1.37
[INFO] [stderr]    Compiling binstring v0.1.7
[INFO] [stderr]    Compiling hmac-sha1-compact v1.1.7
[INFO] [stderr]    Compiling compression-core v0.4.32
[INFO] [stderr]    Compiling eyre v0.6.12
[INFO] [stderr]    Compiling itertools v0.14.0
[INFO] [stderr]    Compiling tinyvec v1.12.0
[INFO] [stderr]    Compiling jwt-simple v0.12.16
[INFO] [stderr]    Compiling ed25519-dalek v3.0.0
[INFO] [stderr]    Compiling libcrux-psq v0.0.10
[INFO] [stderr]    Compiling hyper v1.10.1
[INFO] [stderr]    Compiling parking_lot_core v0.9.12
[INFO] [stderr]    Compiling x25519-dalek v3.0.0
[INFO] [stderr]    Compiling cw-utils v2.0.0
[INFO] [stderr]    Compiling prefix-trie v0.8.4
[INFO] [stderr]    Compiling webpki-roots v1.0.7
[INFO] [stderr]    Compiling async-trait v0.1.91
[INFO] [stderr]    Compiling sync_wrapper v1.0.2
[INFO] [stderr]    Compiling uuid v1.24.0
[INFO] [stderr]    Compiling indenter v0.3.4
[INFO] [stderr]    Compiling dotenvy v0.15.7
[INFO] [stderr]    Compiling data-encoding v2.11.0
[INFO] [stderr]    Compiling tower v0.5.3
[INFO] [stderr]    Compiling hickory-proto v0.26.2
[INFO] [stderr]    Compiling nym-network-defaults v1.22.2
[INFO] [stderr]    Compiling h2 v0.4.14
[INFO] [stderr]    Compiling rustls-native-certs v0.8.4
[INFO] [stderr]    Compiling hyper-util v0.1.20
[INFO] [stderr]    Compiling nym-crypto v1.22.2
[INFO] [stderr]    Compiling parking_lot v0.12.5
[INFO] [stderr]    Compiling prost-derive v0.13.5
[INFO] [stderr]    Compiling http-body-util v0.1.4
[INFO] [stderr]    Compiling nym-bin-common v1.22.2
[INFO] [stderr]    Compiling bincode v1.3.3
[INFO] [stderr]    Compiling digest v0.9.0
[INFO] [stderr]    Compiling crossbeam-channel v0.5.15
[INFO] [stderr]    Compiling tagptr v0.2.0
[INFO] [stderr]    Compiling bitflags v2.12.1
[INFO] [stderr]    Compiling nym-http-api-client-macro v1.22.2
[INFO] [stderr]    Compiling prost v0.13.5
[INFO] [stderr]    Compiling moka v0.12.15
[INFO] [stderr]    Compiling zstd v0.13.3
[INFO] [stderr]    Compiling darling_core v0.23.0
[INFO] [stderr]    Compiling compression-codecs v0.4.38
[INFO] [stderr]    Compiling async-compression v0.4.42
[INFO] [stderr]    Compiling flex-error v0.4.4
[INFO] [stderr]    Compiling nym-contracts-common v1.22.2
[INFO] [stderr]    Compiling block-buffer v0.9.0
[INFO] [stderr]    Compiling serde_repr v0.1.21
[INFO] [stderr]    Compiling tower-http v0.6.11
[INFO] [stderr]    Compiling ff v0.14.0
[INFO] [stderr]    Compiling const-str v0.5.7
[INFO] [stderr]    Compiling resolv-conf v0.7.6
[INFO] [stderr]    Compiling subtle-ng v2.5.0
[INFO] [stderr]    Compiling siphasher v1.0.3
[INFO] [stderr]    Compiling curve25519-dalek-ng v4.1.1
[INFO] [stderr]    Compiling phf_shared v0.13.1
[INFO] [stderr]    Compiling serde_yaml v0.9.34+deprecated
[INFO] [stderr]    Compiling pest v2.8.6
[INFO] [stderr]    Compiling strum_macros v0.28.0
[INFO] [stderr]    Compiling group v0.14.0
[INFO] [stderr]    Compiling darling_macro v0.23.0
[INFO] [stderr]    Compiling sha2 v0.9.9
[INFO] [stderr]    Compiling tendermint-proto v0.40.4
[INFO] [stderr]    Compiling nym-http-api-common v1.22.2
[INFO] [stderr]    Compiling webpki-roots v0.26.11
[INFO] [stderr]    Compiling arc-swap v1.9.2
[INFO] [stderr]    Compiling serde_spanned v0.6.9
[INFO] [stderr]    Compiling serde_plain v1.0.2
[INFO] [stderr]    Compiling toml_datetime v0.6.11
[INFO] [stderr]    Compiling ripemd v0.1.3
[INFO] [stderr]    Compiling toml_write v0.1.2
[INFO] [stderr]    Compiling inventory v0.3.24
[INFO] [stderr]    Compiling fastrand v2.4.1
[INFO] [stderr]    Compiling toml_edit v0.22.27
[INFO] [stderr]    Compiling phf_generator v0.13.1
[INFO] [stderr]    Compiling ed25519-consensus v2.1.0
[INFO] [stderr]    Compiling strum v0.28.0
[INFO] [stderr]    Compiling darling v0.23.0
[INFO] [stderr]    Compiling pairing v0.24.0
[INFO] [stderr]    Compiling pest_meta v2.8.6
[INFO] [stderr]    Compiling cw20 v2.0.0
[INFO] [stderr]    Compiling futures v0.3.32
[INFO] [stderr]    Compiling serdect v0.3.0
[INFO] [stderr]    Compiling humantime v2.3.0
[INFO] [stderr]    Compiling humantime-serde v1.1.1
[INFO] [stderr]    Compiling nym-bls12_381-fork v0.9.0-forked
[INFO] [stderr]    Compiling toml v0.8.23
[INFO] [stderr]    Compiling cw3 v2.0.0
[INFO] [stderr]    Compiling pest_generator v2.8.6
[INFO] [stderr]    Compiling serde_with_macros v3.21.0
[INFO] [stderr]    Compiling phf_macros v0.13.1
[INFO] [stderr]    Compiling cw4 v2.0.0
[INFO] [stderr]    Compiling num_enum_derive v0.7.6
[INFO] [stderr]    Compiling peg-runtime v0.8.6
[INFO] [stderr]    Compiling ucd-trie v0.1.7
[INFO] [stderr]    Compiling peg-macros v0.8.6
[INFO] [stderr]    Compiling dirs-sys v0.5.0
[INFO] [stderr]    Compiling num_enum v0.7.6
[INFO] [stderr]    Compiling nym-multisig-contract-common v1.22.2
[INFO] [stderr]    Compiling phf v0.13.1
[INFO] [stderr]    Compiling serde_with v3.21.0
[INFO] [stderr]    Compiling pest_derive v2.8.6
[INFO] [stderr]    Compiling nym-compact-ecash v1.22.2
[INFO] [stderr]    Compiling cw2 v2.0.0
[INFO] [stderr]    Compiling tendermint v0.40.4
[INFO] [stderr]    Compiling cw-controllers v2.0.0
[INFO] [stderr]    Compiling sec1 v0.8.1
[INFO] [stderr]    Compiling crypto-bigint v0.7.5
[INFO] [stderr]    Compiling nym-ecash-time v1.22.2
[INFO] [stderr]    Compiling pin-project-internal v1.1.13
[INFO] [stderr]    Compiling quick-error v2.0.1
[INFO] [stderr]    Compiling handlebars v3.5.5
[INFO] [stderr]    Compiling pin-project v1.1.13
[INFO] [stderr]    Compiling peg v0.8.6
[INFO] [stderr]    Compiling nym-mixnet-contract-common v1.22.2
[INFO] [stderr]    Compiling tendermint-config v0.40.4
[INFO] [stderr]    Compiling elliptic-curve v0.14.1
[INFO] [stderr]    Compiling nym-serde-helpers v1.22.2
[INFO] [stderr]    Compiling nym-coconut-dkg-common v1.22.2
[INFO] [stderr]    Compiling cosmos-sdk-proto v0.27.0
[INFO] [stderr]    Compiling rustls-webpki v0.103.13
[INFO] [stderr]    Compiling celes v2.8.2
[INFO] [stderr]    Compiling nym-kkt-ciphersuite v1.22.2
[INFO] [stderr]    Compiling dirs v6.0.0
[INFO] [stderr]    Compiling bip32 v0.5.3
[INFO] [stderr]    Compiling nym-noise-keys v1.22.2
[INFO] [stderr]    Compiling nym-wireguard-types v1.22.2
[INFO] [stderr]    Compiling nym-exit-policy v1.22.2
[INFO] [stderr]    Compiling rs_merkle v1.5.0
[INFO] [stderr]    Compiling cosmrs v0.22.0
[INFO] [stderr]    Compiling nym-config v1.22.2
[INFO] [stderr]    Compiling nym-directory-contract-common v1.22.2
[INFO] [stderr]    Compiling nym-ecash-signer-check-types v1.22.2
[INFO] [stderr]    Compiling tendermint-rpc v0.40.4
[INFO] [stderr]    Compiling tokio-rustls v0.26.4
[INFO] [stderr]    Compiling hyper-rustls v0.27.9
[INFO] [stderr]    Compiling hickory-net v0.26.2
[INFO] [stderr]    Compiling rustls-platform-verifier v0.7.0
[INFO] [stderr]    Compiling reqwest v0.13.4
[INFO] [stderr]    Compiling hickory-resolver v0.26.2
[INFO] [stderr]    Compiling ecdsa v0.17.0
[INFO] [stderr]    Compiling nym-http-api-client v1.22.2
[INFO] [stderr]    Compiling nym-upgrade-mode-check v1.22.2
[INFO] [stderr]    Compiling nym-credentials-interface v1.22.2
[INFO] [stderr]    Compiling nym-ticketbooks-merkle v1.22.2
[INFO] [stderr]    Compiling nym-node-requests v1.22.2
[INFO] [stderr]    Compiling nym-api-requests v1.22.2 (/opt/rustwide/workdir)
[INFO] [stderr] warning: unused dependency `ecdsa`
[INFO] [stderr]   --> Cargo.toml:13:15
[INFO] [stderr]    |
[INFO] [stderr] 13 | [dependencies.ecdsa]
[INFO] [stderr]    |               ^^^^^^
[INFO] [stderr]    |
[INFO] [stderr]    = note: `cargo::unused_dependencies` is set to `warn` by default
[INFO] [stderr] help: consider removing the dependency on `ecdsa`
[INFO] [stderr] warning: `nym-api-requests` (manifest) generated 1 warning
[INFO] [stderr]     Finished `release` profile [optimized] target(s) in 14m 17s
[INFO] running `Command { std: "docker" "inspect" "27402e86543c696bdceed5d72169d6cf19e47f3348095ee5646f7b60434266ac", kill_on_drop: false }`
[INFO] running `Command { std: "docker" "exec" "-e" "SOURCE_DIR=/opt/rustwide/workdir" "-e" "CARGO_HOME=/opt/rustwide/cargo-home" "-e" "RUSTUP_HOME=/opt/rustwide/rustup-home" "-e" "CARGO_TARGET_DIR=/opt/rustwide/target" "-e" "CARGO_INCREMENTAL=0" "-e" "RUST_BACKTRACE=full" "-e" "RUSTFLAGS=--cap-lints=warn" "-e" "RUSTDOCFLAGS=--cap-lints=warn" "-w" "/opt/rustwide/workdir" "--user" "0:0" "27402e86543c696bdceed5d72169d6cf19e47f3348095ee5646f7b60434266ac" "/opt/rustwide/cargo-home/bin/cargo" "+1.100.0-beta.1" "test" "--frozen" "--no-run" "--message-format=json" "--release", kill_on_drop: false }`
[INFO] [stderr] warning: `package.homepage` is redundant with `package.documentation`
[INFO] [stderr]    --> Cargo.toml:151:12
[INFO] [stderr]     |
[INFO] [stderr] 149 | documentation = "https://nymtech.net"
[INFO] [stderr]     |                 ---------------------
[INFO] [stderr] 150 | edition = "2021"
[INFO] [stderr] 151 | homepage = "https://nymtech.net"
[INFO] [stderr]     |            ^^^^^^^^^^^^^^^^^^^^^
[INFO] [stderr]     |
[INFO] [stderr]     = note: `cargo::redundant_homepage` is set to `warn` by default
[INFO] [stderr] help: consider removing `package.homepage`
[INFO] [stderr] warning: `nym-api-requests` (manifest) generated 1 warning
[INFO] [stderr]    Compiling nym-api-requests v1.22.2 (/opt/rustwide/workdir)
[INFO] [stdout] error[E0433]: cannot find module or crate `nym_test_utils` in this scope
[INFO] [stdout]    --> src/ecash/models.rs:793:9
[INFO] [stdout]     |
[INFO] [stdout] 793 |     use nym_test_utils::helpers::deterministic_rng;
[INFO] [stdout]     |         ^^^^^^^^^^^^^^ use of unresolved module or unlinked crate `nym_test_utils`
[INFO] [stdout]     |
[INFO] [stdout]     = help: if you wanted to use a crate named `nym_test_utils`, use `cargo add nym_test_utils` to add it to your `Cargo.toml`
[INFO] [stdout] 
[INFO] [stdout] 
[INFO] [stdout] error[E0433]: cannot find module or crate `nym_test_utils` in this scope
[INFO] [stdout]    --> src/models/described/v3.rs:286:9
[INFO] [stdout]     |
[INFO] [stdout] 286 |     use nym_test_utils::helpers::{u64_seeded_rng, Rng010};
[INFO] [stdout]     |         ^^^^^^^^^^^^^^ use of unresolved module or unlinked crate `nym_test_utils`
[INFO] [stdout]     |
[INFO] [stdout]     = help: if you wanted to use a crate named `nym_test_utils`, use `cargo add nym_test_utils` to add it to your `Cargo.toml`
[INFO] [stdout] 
[INFO] [stdout] 
[INFO] [stdout] error[E0433]: cannot find module or crate `nym_test_utils` in this scope
[INFO] [stdout]    --> src/models/network_monitor.rs:209:13
[INFO] [stdout]     |
[INFO] [stdout] 209 |         use nym_test_utils::helpers::deterministic_rng;
[INFO] [stdout]     |             ^^^^^^^^^^^^^^ use of unresolved module or unlinked crate `nym_test_utils`
[INFO] [stdout]     |
[INFO] [stdout]     = help: if you wanted to use a crate named `nym_test_utils`, use `cargo add nym_test_utils` to add it to your `Cargo.toml`
[INFO] [stdout] 
[INFO] [stdout] 
[INFO] [stdout] error[E0599]: the associated function or constant `new` exists for struct `nym_crypto::asymmetric::ed25519::KeyPair`, but its trait bounds were not satisfied
[INFO] [stdout]    --> src/ecash/models.rs:819:38
[INFO] [stdout]     |
[INFO] [stdout] 819 |         let keys = ed25519::KeyPair::new(&mut rng);
[INFO] [stdout]     |                                      ^^^ associated function or constant cannot be called on `nym_crypto::asymmetric::ed25519::KeyPair` due to unsatisfied trait bounds
[INFO] [stdout]     |
[INFO] [stdout]    ::: /opt/rustwide/cargo-home/registry/src/index.crates.io-1949cf8c6b5b557f/nym-crypto-1.22.2/src/asymmetric/ed25519/mod.rs:63:1
[INFO] [stdout]     |
[INFO] [stdout]  63 | pub struct KeyPair {
[INFO] [stdout]     | ------------------ doesn't satisfy 5 bounds
[INFO] [stdout]     |
[INFO] [stdout] note: if you're trying to build a new `nym_crypto::asymmetric::ed25519::KeyPair` consider using one of the following associated functions:
[INFO] [stdout]       nym_crypto::asymmetric::ed25519::KeyPair::from_secret
[INFO] [stdout]       nym_crypto::asymmetric::ed25519::KeyPair::from_bytes
[INFO] [stdout]    --> /opt/rustwide/cargo-home/registry/src/index.crates.io-1949cf8c6b5b557f/nym-crypto-1.22.2/src/asymmetric/ed25519/mod.rs:89:5
[INFO] [stdout]     |
[INFO] [stdout]  89 |     pub fn from_secret(secret: ed25519_dalek::SecretKey, index: u32) -> Self {
[INFO] [stdout]     |     ^^^^^^^^^^^^^^^^^^^^^^^^^^^^^^^^^^^^^^^^^^^^^^^^^^^^^^^^^^^^^^^^^^^^^^^^
[INFO] [stdout] ...
[INFO] [stdout] 107 |     pub fn from_bytes(priv_bytes: &[u8], pub_bytes: &[u8]) -> Result<Self, Ed25519RecoveryError> {
[INFO] [stdout]     |     ^^^^^^^^^^^^^^^^^^^^^^^^^^^^^^^^^^^^^^^^^^^^^^^^^^^^^^^^^^^^^^^^^^^^^^^^^^^^^^^^^^^^^^^^^^^^
[INFO] [stdout]     = note: the following trait bounds were not satisfied:
[INFO] [stdout]             `nym_crypto::asymmetric::ed25519::KeyPair: FixedOutput`
[INFO] [stdout]             which is required by `nym_crypto::asymmetric::ed25519::KeyPair: sha2::Digest`
[INFO] [stdout]             `nym_crypto::asymmetric::ed25519::KeyPair: std::default::Default`
[INFO] [stdout]             which is required by `nym_crypto::asymmetric::ed25519::KeyPair: sha2::Digest`
[INFO] [stdout]             `nym_crypto::asymmetric::ed25519::KeyPair: sha2::digest::Update`
[INFO] [stdout]             which is required by `nym_crypto::asymmetric::ed25519::KeyPair: sha2::Digest`
[INFO] [stdout]             `nym_crypto::asymmetric::ed25519::KeyPair: HashMarker`
[INFO] [stdout]             which is required by `nym_crypto::asymmetric::ed25519::KeyPair: sha2::Digest`
[INFO] [stdout]             `&nym_crypto::asymmetric::ed25519::KeyPair: FixedOutput`
[INFO] [stdout]             which is required by `&nym_crypto::asymmetric::ed25519::KeyPair: sha2::Digest`
[INFO] [stdout]             `&nym_crypto::asymmetric::ed25519::KeyPair: std::default::Default`
[INFO] [stdout]             which is required by `&nym_crypto::asymmetric::ed25519::KeyPair: sha2::Digest`
[INFO] [stdout]             `&nym_crypto::asymmetric::ed25519::KeyPair: sha2::digest::Update`
[INFO] [stdout]             which is required by `&nym_crypto::asymmetric::ed25519::KeyPair: sha2::Digest`
[INFO] [stdout]             `&nym_crypto::asymmetric::ed25519::KeyPair: HashMarker`
[INFO] [stdout]             which is required by `&nym_crypto::asymmetric::ed25519::KeyPair: sha2::Digest`
[INFO] [stdout]             `&mut nym_crypto::asymmetric::ed25519::KeyPair: FixedOutput`
[INFO] [stdout]             which is required by `&mut nym_crypto::asymmetric::ed25519::KeyPair: sha2::Digest`
[INFO] [stdout]             `&mut nym_crypto::asymmetric::ed25519::KeyPair: std::default::Default`
[INFO] [stdout]             which is required by `&mut nym_crypto::asymmetric::ed25519::KeyPair: sha2::Digest`
[INFO] [stdout]             `&mut nym_crypto::asymmetric::ed25519::KeyPair: sha2::digest::Update`
[INFO] [stdout]             which is required by `&mut nym_crypto::asymmetric::ed25519::KeyPair: sha2::Digest`
[INFO] [stdout]             `&mut nym_crypto::asymmetric::ed25519::KeyPair: HashMarker`
[INFO] [stdout]             which is required by `&mut nym_crypto::asymmetric::ed25519::KeyPair: sha2::Digest`
[INFO] [stdout] 
[INFO] [stdout] 
[INFO] [stdout] error[E0599]: no associated function or constant named `new` found for struct `nym_crypto::asymmetric::ed25519::KeyPair` in the current scope
[INFO] [stdout]    --> src/models/described/v3.rs:290:61
[INFO] [stdout]     |
[INFO] [stdout] 290 |     let ed25519 = nym_crypto::asymmetric::ed25519::KeyPair::new(&mut rng);
[INFO] [stdout]     |                                                             ^^^ associated function or constant not found in `nym_crypto::asymmetric::ed25519::KeyPair`
[INFO] [stdout]     |
[INFO] [stdout] note: if you're trying to build a new `nym_crypto::asymmetric::ed25519::KeyPair` consider using one of the following associated functions:
[INFO] [stdout]       nym_crypto::asymmetric::ed25519::KeyPair::from_secret
[INFO] [stdout]       nym_crypto::asymmetric::ed25519::KeyPair::from_bytes
[INFO] [stdout]    --> /opt/rustwide/cargo-home/registry/src/index.crates.io-1949cf8c6b5b557f/nym-crypto-1.22.2/src/asymmetric/ed25519/mod.rs:89:5
[INFO] [stdout]     |
[INFO] [stdout]  89 |     pub fn from_secret(secret: ed25519_dalek::SecretKey, index: u32) -> Self {
[INFO] [stdout]     |     ^^^^^^^^^^^^^^^^^^^^^^^^^^^^^^^^^^^^^^^^^^^^^^^^^^^^^^^^^^^^^^^^^^^^^^^^
[INFO] [stdout] ...
[INFO] [stdout] 107 |     pub fn from_bytes(priv_bytes: &[u8], pub_bytes: &[u8]) -> Result<Self, Ed25519RecoveryError> {
[INFO] [stdout]     |     ^^^^^^^^^^^^^^^^^^^^^^^^^^^^^^^^^^^^^^^^^^^^^^^^^^^^^^^^^^^^^^^^^^^^^^^^^^^^^^^^^^^^^^^^^^^^
[INFO] [stdout] 
[INFO] [stdout] 
[INFO] [stdout] error[E0599]: no associated function or constant named `new` found for struct `nym_crypto::asymmetric::x25519::KeyPair` in the current scope
[INFO] [stdout]    --> src/models/described/v3.rs:293:59
[INFO] [stdout]     |
[INFO] [stdout] 293 |     let x25519 = nym_crypto::asymmetric::x25519::KeyPair::new(&mut rng);
[INFO] [stdout]     |                                                           ^^^ associated function or constant not found in `nym_crypto::asymmetric::x25519::KeyPair`
[INFO] [stdout]     |
[INFO] [stdout] note: if you're trying to build a new `nym_crypto::asymmetric::x25519::KeyPair`, consider using `nym_crypto::asymmetric::x25519::KeyPair::from_bytes` which returns `std::result::Result<nym_crypto::asymmetric::x25519::KeyPair, KeyRecoveryError>`
[INFO] [stdout]    --> /opt/rustwide/cargo-home/registry/src/index.crates.io-1949cf8c6b5b557f/nym-crypto-1.22.2/src/asymmetric/x25519/mod.rs:95:5
[INFO] [stdout]     |
[INFO] [stdout]  95 |     pub fn from_bytes(priv_bytes: &[u8], pub_bytes: &[u8]) -> Result<Self, KeyRecoveryError> {
[INFO] [stdout]     |     ^^^^^^^^^^^^^^^^^^^^^^^^^^^^^^^^^^^^^^^^^^^^^^^^^^^^^^^^^^^^^^^^^^^^^^^^^^^^^^^^^^^^^^^^
[INFO] [stdout] 
[INFO] [stdout] 
[INFO] [stdout] error[E0599]: no associated function or constant named `new` found for struct `nym_crypto::asymmetric::ed25519::KeyPair` in the current scope
[INFO] [stdout]    --> src/models/network_monitor.rs:251:42
[INFO] [stdout]     |
[INFO] [stdout] 251 |             let keys = ed25519::KeyPair::new(&mut rng);
[INFO] [stdout]     |                                          ^^^ associated function or constant not found in `nym_crypto::asymmetric::ed25519::KeyPair`
[INFO] [stdout]     |
[INFO] [stdout] note: if you're trying to build a new `nym_crypto::asymmetric::ed25519::KeyPair` consider using one of the following associated functions:
[INFO] [stdout]       nym_crypto::asymmetric::ed25519::KeyPair::from_secret
[INFO] [stdout]       nym_crypto::asymmetric::ed25519::KeyPair::from_bytes
[INFO] [stdout]    --> /opt/rustwide/cargo-home/registry/src/index.crates.io-1949cf8c6b5b557f/nym-crypto-1.22.2/src/asymmetric/ed25519/mod.rs:89:5
[INFO] [stdout]     |
[INFO] [stdout]  89 |     pub fn from_secret(secret: ed25519_dalek::SecretKey, index: u32) -> Self {
[INFO] [stdout]     |     ^^^^^^^^^^^^^^^^^^^^^^^^^^^^^^^^^^^^^^^^^^^^^^^^^^^^^^^^^^^^^^^^^^^^^^^^
[INFO] [stdout] ...
[INFO] [stdout] 107 |     pub fn from_bytes(priv_bytes: &[u8], pub_bytes: &[u8]) -> Result<Self, Ed25519RecoveryError> {
[INFO] [stdout]     |     ^^^^^^^^^^^^^^^^^^^^^^^^^^^^^^^^^^^^^^^^^^^^^^^^^^^^^^^^^^^^^^^^^^^^^^^^^^^^^^^^^^^^^^^^^^^^
[INFO] [stdout] 
[INFO] [stdout] 
[INFO] [stdout] error[E0599]: no associated function or constant named `new` found for struct `nym_crypto::asymmetric::ed25519::KeyPair` in the current scope
[INFO] [stdout]    --> src/models/network_monitor.rs:341:42
[INFO] [stdout]     |
[INFO] [stdout] 341 |             let keys = ed25519::KeyPair::new(&mut rng);
[INFO] [stdout]     |                                          ^^^ associated function or constant not found in `nym_crypto::asymmetric::ed25519::KeyPair`
[INFO] [stdout]     |
[INFO] [stdout] note: if you're trying to build a new `nym_crypto::asymmetric::ed25519::KeyPair` consider using one of the following associated functions:
[INFO] [stdout]       nym_crypto::asymmetric::ed25519::KeyPair::from_secret
[INFO] [stdout]       nym_crypto::asymmetric::ed25519::KeyPair::from_bytes
[INFO] [stdout]    --> /opt/rustwide/cargo-home/registry/src/index.crates.io-1949cf8c6b5b557f/nym-crypto-1.22.2/src/asymmetric/ed25519/mod.rs:89:5
[INFO] [stdout]     |
[INFO] [stdout]  89 |     pub fn from_secret(secret: ed25519_dalek::SecretKey, index: u32) -> Self {
[INFO] [stdout]     |     ^^^^^^^^^^^^^^^^^^^^^^^^^^^^^^^^^^^^^^^^^^^^^^^^^^^^^^^^^^^^^^^^^^^^^^^^
[INFO] [stdout] ...
[INFO] [stdout] 107 |     pub fn from_bytes(priv_bytes: &[u8], pub_bytes: &[u8]) -> Result<Self, Ed25519RecoveryError> {
[INFO] [stdout]     |     ^^^^^^^^^^^^^^^^^^^^^^^^^^^^^^^^^^^^^^^^^^^^^^^^^^^^^^^^^^^^^^^^^^^^^^^^^^^^^^^^^^^^^^^^^^^^
[INFO] [stdout] 
[INFO] [stdout] 
[INFO] [stdout] Some errors have detailed explanations: E0433, E0599.
[INFO] [stdout] 
[INFO] [stdout] For more information about an error, try `rustc --explain E0433`.
[INFO] [stdout] 
[INFO] [stderr] error: could not compile `nym-api-requests` (lib test) due to 8 previous errors
[INFO] [stderr] warning: unused dependency `ecdsa`
[INFO] [stderr]   --> Cargo.toml:13:15
[INFO] [stderr]    |
[INFO] [stderr] 13 | [dependencies.ecdsa]
[INFO] [stderr]    |               ^^^^^^
[INFO] [stderr]    |
[INFO] [stderr]    = note: `cargo::unused_dependencies` is set to `warn` by default
[INFO] [stderr] help: consider removing the dependency on `ecdsa`
[INFO] [stderr] warning: `nym-api-requests` (manifest) generated 1 warning
[INFO] running `Command { std: "docker" "inspect" "27402e86543c696bdceed5d72169d6cf19e47f3348095ee5646f7b60434266ac", kill_on_drop: false }`
[INFO] running `Command { std: "docker" "rm" "-f" "27402e86543c696bdceed5d72169d6cf19e47f3348095ee5646f7b60434266ac", kill_on_drop: false }`
[INFO] [stdout] 27402e86543c696bdceed5d72169d6cf19e47f3348095ee5646f7b60434266ac
