[INFO] fetching crate nx-request-handler 0.1.6...
[INFO] testing nx-request-handler-0.1.6 against 1.99.0-beta.8+cargoflags=--release for beta-release-1.100-2
[INFO] extracting crate nx-request-handler 0.1.6 into /workspace/builds/worker-1-tc1/source
[INFO] started tweaking crates.io crate nx-request-handler 0.1.6
[INFO] finished tweaking crates.io crate nx-request-handler 0.1.6
[INFO] tweaked toml for crates.io crate nx-request-handler 0.1.6 written to /workspace/builds/worker-1-tc1/source/Cargo.toml
[INFO] validating manifest of crates.io crate nx-request-handler 0.1.6 on toolchain 1.99.0-beta.8
[INFO] running `Command { std: CARGO_HOME="/workspace/cargo-home" RUSTUP_HOME="/workspace/rustup-home" "/workspace/cargo-home/bin/cargo" "+1.99.0-beta.8" "metadata" "--manifest-path" "Cargo.toml" "--no-deps", kill_on_drop: false }`
[INFO] running `Command { std: CARGO_HOME="/workspace/cargo-home" RUSTUP_HOME="/workspace/rustup-home" "/workspace/cargo-home/bin/cargo" "+1.99.0-beta.8" "generate-lockfile" "--manifest-path" "Cargo.toml", kill_on_drop: false }`
[INFO] [stderr]     Updating crates.io index
[INFO] [stderr]      Locking 57 packages to highest compatible versions
[INFO] [stderr]       Adding md5 v0.7.0 (available: v0.8.1)
[INFO] [stderr]       Adding skyline v0.2.1 (available: v0.6.0)
[INFO] [stderr]       Adding skyline-web v0.1.0 (available: v0.2.0)
[INFO] [stderr]       Adding zip v0.6.6 (available: v9.0.5)
[INFO] running `Command { std: CARGO_HOME="/workspace/cargo-home" RUSTUP_HOME="/workspace/rustup-home" "/workspace/cargo-home/bin/cargo" "+1.99.0-beta.8" "fetch" "--manifest-path" "Cargo.toml", kill_on_drop: false }`
[INFO] [stderr]  Downloading crates ...
[INFO] [stderr]   Downloaded smashnet v0.2.1
[INFO] [stderr]   Downloaded skyline_macro v0.2.1
[INFO] [stderr]   Downloaded libc-nnsdk v0.2.0
[INFO] [stderr]   Downloaded skyline v0.2.1
[INFO] [stderr]   Downloaded nnsdk v0.2.0
[INFO] [stderr]   Downloaded beef v0.4.4
[INFO] [stderr]   Downloaded logos v0.11.4
[INFO] [stderr]   Downloaded skyline-web v0.1.0
[INFO] [stderr]   Downloaded utf8-ranges v1.0.5
[INFO] [stderr]   Downloaded ramhorns v0.9.4
[INFO] [stderr]   Downloaded ramhorns-derive v0.9.4
[INFO] [stderr]   Downloaded ahash v0.3.8
[INFO] [stderr]   Downloaded logos-derive v0.11.5
[INFO] [stderr]   Downloaded pulldown-cmark v0.7.2
[INFO] running `Command { std: "docker" "create" "-v" "/var/lib/crater-agent-workspace/builds/worker-1-tc1/source:/opt/rustwide/workdir:ro,Z" "-v" "/var/lib/crater-agent-workspace/builds/worker-1-tc1/target:/opt/rustwide/target:rw,Z" "-v" "/var/lib/crater-agent-workspace/cargo-home:/opt/rustwide/cargo-home:ro,Z" "-v" "/var/lib/crater-agent-workspace/rustup-home:/opt/rustwide/rustup-home:ro,Z" "-m" "1610612736" "--network" "none" "ghcr.io/rust-lang/crates-build-env/linux@sha256:77db811e55d90add9212f6832c23229e3de5f1c1f9905e8cb07319ea15df73ac" "sleep" "infinity", kill_on_drop: false }`
[INFO] [stdout] f0c79316f3de47d19bb0379722cf2da618af437fbd1c417581d70f004b334714
[INFO] running `Command { std: "docker" "start" "f0c79316f3de47d19bb0379722cf2da618af437fbd1c417581d70f004b334714", kill_on_drop: false }`
[INFO] running `Command { std: "docker" "inspect" "f0c79316f3de47d19bb0379722cf2da618af437fbd1c417581d70f004b334714", kill_on_drop: false }`
[INFO] running `Command { std: "docker" "exec" "-e" "SOURCE_DIR=/opt/rustwide/workdir" "-e" "CARGO_HOME=/opt/rustwide/cargo-home" "-e" "RUSTUP_HOME=/opt/rustwide/rustup-home" "-e" "CARGO_TARGET_DIR=/opt/rustwide/target" "-w" "/opt/rustwide/workdir" "--user" "0:0" "f0c79316f3de47d19bb0379722cf2da618af437fbd1c417581d70f004b334714" "/opt/rustwide/cargo-home/bin/cargo" "+1.99.0-beta.8" "metadata" "--no-deps" "--format-version=1", kill_on_drop: false }`
[INFO] running `Command { std: "docker" "inspect" "f0c79316f3de47d19bb0379722cf2da618af437fbd1c417581d70f004b334714", kill_on_drop: false }`
[INFO] running `Command { std: "docker" "exec" "-e" "SOURCE_DIR=/opt/rustwide/workdir" "-e" "CARGO_HOME=/opt/rustwide/cargo-home" "-e" "RUSTUP_HOME=/opt/rustwide/rustup-home" "-e" "CARGO_TARGET_DIR=/opt/rustwide/target" "-e" "CARGO_INCREMENTAL=0" "-e" "RUST_BACKTRACE=full" "-e" "RUSTFLAGS=--cap-lints=warn" "-e" "RUSTDOCFLAGS=--cap-lints=warn" "-w" "/opt/rustwide/workdir" "--user" "0:0" "f0c79316f3de47d19bb0379722cf2da618af437fbd1c417581d70f004b334714" "/opt/rustwide/cargo-home/bin/cargo" "+1.99.0-beta.8" "build" "--frozen" "--message-format=json" "--release", kill_on_drop: false }`
[INFO] [stderr]    Compiling proc-macro2 v1.0.107
[INFO] [stderr]    Compiling unicode-ident v1.0.27
[INFO] [stderr]    Compiling quote v1.0.47
[INFO] [stderr]    Compiling syn v1.0.109
[INFO] [stderr]    Compiling crunchy v0.2.4
[INFO] [stderr]    Compiling libc v0.2.191
[INFO] [stderr]    Compiling tiny-keccak v2.0.2
[INFO] [stderr]    Compiling cfg-if v1.0.5
[INFO] [stderr]    Compiling serde_core v1.0.229
[INFO] [stderr]    Compiling fnv v1.0.7
[INFO] [stderr]    Compiling once_cell v1.21.4
[INFO] [stderr]    Compiling skyline_macro v0.2.1
[INFO] [stderr]    Compiling crc32fast v1.5.2
[INFO] [stderr]    Compiling zmij v1.0.23
[INFO] [stderr]    Compiling pulldown-cmark v0.7.2
[INFO] [stderr]    Compiling unicode-width v0.2.2
[INFO] [stderr]    Compiling libc-nnsdk v0.2.0
[INFO] [stderr]    Compiling lazy_static v1.5.1
[INFO] [stderr]    Compiling beef v0.4.4
[INFO] [stderr]    Compiling utf8-ranges v1.0.5
[INFO] [stderr]    Compiling memchr v2.8.3
[INFO] [stderr]    Compiling regex-syntax v0.6.29
[INFO] [stderr]    Compiling bitflags v1.3.2
[INFO] [stderr]    Compiling unicase v2.10.0
[INFO] [stderr]    Compiling nnsdk v0.2.0
[INFO] [stderr]    Compiling serde_json v1.0.154
[INFO] [stderr]    Compiling serde v1.0.229
[INFO] [stderr]    Compiling simd-adler32 v0.3.10
[INFO] [stderr]    Compiling adler2 v2.0.1
[INFO] [stdout] error[E0554]: `#![feature]` may not be used on the beta release channel
[INFO] [stdout]  --> /opt/rustwide/cargo-home/registry/src/index.crates.io-1949cf8c6b5b557f/nnsdk-0.2.0/src/lib.rs:2:1
[INFO] [stdout]   |
[INFO] [stdout] 2 | #![feature(repr_simd)]
[INFO] [stdout]   | ^^^^^^^^^^^^^^^^^^^^^^
[INFO] [stdout] 
[INFO] [stdout] 
[INFO] [stderr]    Compiling getopts v0.2.24
[INFO] [stdout] error[E0076]: SIMD vector's only field must be an array
[INFO] [stdout]     --> /opt/rustwide/cargo-home/registry/src/index.crates.io-1949cf8c6b5b557f/nnsdk-0.2.0/src/lib.rs:6007:13
[INFO] [stdout]      |
[INFO] [stdout] 6007 |             pub struct Vector3f {
[INFO] [stdout]      |             ^^^^^^^^^^^^^^^^^^^
[INFO] [stdout] 6008 |                 pub x: f32,
[INFO] [stdout]      |                 ---------- not an array
[INFO] [stdout] 
[INFO] [stdout] 
[INFO] [stdout] error[E0076]: SIMD vector's only field must be an array
[INFO] [stdout]     --> /opt/rustwide/cargo-home/registry/src/index.crates.io-1949cf8c6b5b557f/nnsdk-0.2.0/src/lib.rs:6014:13
[INFO] [stdout]      |
[INFO] [stdout] 6014 |             pub struct Vector4f {
[INFO] [stdout]      |             ^^^^^^^^^^^^^^^^^^^
[INFO] [stdout] 6015 |                 pub x: f32,
[INFO] [stdout]      |                 ---------- not an array
[INFO] [stdout] 
[INFO] [stdout] 
[INFO] [stderr]    Compiling arrayvec v0.5.2
[INFO] [stderr]    Compiling itoa v1.0.18
[INFO] [stderr]    Compiling byteorder v1.5.0
[INFO] [stderr]    Compiling miniz_oxide v0.9.1
[INFO] [stderr]    Compiling same-file v1.0.6
[INFO] [stdout] Some errors have detailed explanations: E0076, E0554.
[INFO] [stdout] 
[INFO] [stdout] For more information about an error, try `rustc --explain E0076`.
[INFO] [stdout] 
[INFO] [stderr]    Compiling md5 v0.7.0
[INFO] [stderr] error: could not compile `nnsdk` (lib) due to 3 previous errors
[INFO] [stderr] warning: build failed, waiting for other jobs to finish...
[INFO] running `Command { std: "docker" "inspect" "f0c79316f3de47d19bb0379722cf2da618af437fbd1c417581d70f004b334714", kill_on_drop: false }`
[INFO] running `Command { std: "docker" "rm" "-f" "f0c79316f3de47d19bb0379722cf2da618af437fbd1c417581d70f004b334714", kill_on_drop: false }`
[INFO] [stdout] f0c79316f3de47d19bb0379722cf2da618af437fbd1c417581d70f004b334714
