[INFO] fetching crate nvfbc 0.2.0...
[INFO] testing nvfbc-0.2.0 against 1.100.0-beta.1+cargoflags=--release for beta-release-1.100-2
[INFO] extracting crate nvfbc 0.2.0 into /workspace/builds/worker-7-tc2/source
[INFO] started tweaking crates.io crate nvfbc 0.2.0
[INFO] removed 0 missing examples
[INFO] finished tweaking crates.io crate nvfbc 0.2.0
[INFO] tweaked toml for crates.io crate nvfbc 0.2.0 written to /workspace/builds/worker-7-tc2/source/Cargo.toml
[INFO] validating manifest of crates.io crate nvfbc 0.2.0 on toolchain 1.100.0-beta.1
[INFO] running `Command { std: CARGO_HOME="/workspace/cargo-home" RUSTUP_HOME="/workspace/rustup-home" "/workspace/cargo-home/bin/cargo" "+1.100.0-beta.1" "metadata" "--manifest-path" "Cargo.toml" "--no-deps", kill_on_drop: false }`
[INFO] crate crates.io crate nvfbc 0.2.0 already has a lockfile, it will not be regenerated
[INFO] running `Command { std: CARGO_HOME="/workspace/cargo-home" RUSTUP_HOME="/workspace/rustup-home" "/workspace/cargo-home/bin/cargo" "+1.100.0-beta.1" "fetch" "--manifest-path" "Cargo.toml", kill_on_drop: false }`
[INFO] running `Command { std: "docker" "create" "-v" "/var/lib/crater-agent-workspace/builds/worker-7-tc2/source:/opt/rustwide/workdir:ro,Z" "-v" "/var/lib/crater-agent-workspace/builds/worker-7-tc2/target:/opt/rustwide/target:rw,Z" "-v" "/var/lib/crater-agent-workspace/cargo-home:/opt/rustwide/cargo-home:ro,Z" "-v" "/var/lib/crater-agent-workspace/rustup-home:/opt/rustwide/rustup-home:ro,Z" "-m" "1610612736" "--network" "none" "ghcr.io/rust-lang/crates-build-env/linux@sha256:77db811e55d90add9212f6832c23229e3de5f1c1f9905e8cb07319ea15df73ac" "sleep" "infinity", kill_on_drop: false }`
[INFO] [stdout] 5d2b6610075cc752e46f80a4e5e8af00c9217d6d0dd1ecb4d19b6fa6e6277cd7
[INFO] running `Command { std: "docker" "start" "5d2b6610075cc752e46f80a4e5e8af00c9217d6d0dd1ecb4d19b6fa6e6277cd7", kill_on_drop: false }`
[INFO] running `Command { std: "docker" "inspect" "5d2b6610075cc752e46f80a4e5e8af00c9217d6d0dd1ecb4d19b6fa6e6277cd7", kill_on_drop: false }`
[INFO] running `Command { std: "docker" "exec" "-e" "SOURCE_DIR=/opt/rustwide/workdir" "-e" "CARGO_HOME=/opt/rustwide/cargo-home" "-e" "RUSTUP_HOME=/opt/rustwide/rustup-home" "-e" "CARGO_TARGET_DIR=/opt/rustwide/target" "-w" "/opt/rustwide/workdir" "--user" "0:0" "5d2b6610075cc752e46f80a4e5e8af00c9217d6d0dd1ecb4d19b6fa6e6277cd7" "/opt/rustwide/cargo-home/bin/cargo" "+1.100.0-beta.1" "metadata" "--no-deps" "--format-version=1", kill_on_drop: false }`
[INFO] running `Command { std: "docker" "inspect" "5d2b6610075cc752e46f80a4e5e8af00c9217d6d0dd1ecb4d19b6fa6e6277cd7", kill_on_drop: false }`
[INFO] running `Command { std: "docker" "exec" "-e" "SOURCE_DIR=/opt/rustwide/workdir" "-e" "CARGO_HOME=/opt/rustwide/cargo-home" "-e" "RUSTUP_HOME=/opt/rustwide/rustup-home" "-e" "CARGO_TARGET_DIR=/opt/rustwide/target" "-e" "CARGO_INCREMENTAL=0" "-e" "RUST_BACKTRACE=full" "-e" "RUSTFLAGS=--cap-lints=warn" "-e" "RUSTDOCFLAGS=--cap-lints=warn" "-w" "/opt/rustwide/workdir" "--user" "0:0" "5d2b6610075cc752e46f80a4e5e8af00c9217d6d0dd1ecb4d19b6fa6e6277cd7" "/opt/rustwide/cargo-home/bin/cargo" "+1.100.0-beta.1" "build" "--frozen" "--message-format=json" "--release", kill_on_drop: false }`
[INFO] [stderr]    Compiling nvfbc-sys v0.2.0
[INFO] [stderr]    Compiling nvfbc v0.2.0 (/opt/rustwide/workdir)
[INFO] [stdout] warning: hiding a lifetime that's elided elsewhere is confusing
[INFO] [stdout]    --> src/system.rs:127:20
[INFO] [stdout]     |
[INFO] [stdout] 127 |     pub fn next_frame(&mut self, capture_method: CaptureMethod, timeout: Option<Duration>) -> Result<SystemFrameInfo, Error> {
[INFO] [stdout]     |                       ^^^^^^^^^ the lifetime is elided here                                          ^^^^^^^^^^^^^^^ the same lifetime is hidden here
[INFO] [stdout]     |
[INFO] [stdout]     = help: the same lifetime is referred to in inconsistent ways, making the signature confusing
[INFO] [stdout]     = note: `#[warn(mismatched_lifetime_syntaxes)]` on by default
[INFO] [stdout] help: use `'_` for type paths
[INFO] [stdout]     |
[INFO] [stdout] 127 |     pub fn next_frame(&mut self, capture_method: CaptureMethod, timeout: Option<Duration>) -> Result<SystemFrameInfo<'_>, Error> {
[INFO] [stdout]     |                                                                                                                     ++++
[INFO] [stdout] 
[INFO] [stdout] 
[INFO] [stderr]     Finished `release` profile [optimized] target(s) in 0.53s
[INFO] running `Command { std: "docker" "inspect" "5d2b6610075cc752e46f80a4e5e8af00c9217d6d0dd1ecb4d19b6fa6e6277cd7", kill_on_drop: false }`
[INFO] running `Command { std: "docker" "exec" "-e" "SOURCE_DIR=/opt/rustwide/workdir" "-e" "CARGO_HOME=/opt/rustwide/cargo-home" "-e" "RUSTUP_HOME=/opt/rustwide/rustup-home" "-e" "CARGO_TARGET_DIR=/opt/rustwide/target" "-e" "CARGO_INCREMENTAL=0" "-e" "RUST_BACKTRACE=full" "-e" "RUSTFLAGS=--cap-lints=warn" "-e" "RUSTDOCFLAGS=--cap-lints=warn" "-w" "/opt/rustwide/workdir" "--user" "0:0" "5d2b6610075cc752e46f80a4e5e8af00c9217d6d0dd1ecb4d19b6fa6e6277cd7" "/opt/rustwide/cargo-home/bin/cargo" "+1.100.0-beta.1" "test" "--frozen" "--no-run" "--message-format=json" "--release", kill_on_drop: false }`
[INFO] [stderr]    Compiling crossbeam-utils v0.8.18
[INFO] [stderr]    Compiling simd-adler32 v0.3.7
[INFO] [stderr]    Compiling rayon-core v1.12.0
[INFO] [stderr]    Compiling crc32fast v1.3.2
[INFO] [stderr]    Compiling proc-macro2 v1.0.76
[INFO] [stderr]    Compiling num-traits v0.2.17
[INFO] [stderr]    Compiling glob v0.3.1
[INFO] [stderr]    Compiling num-integer v0.1.45
[INFO] [stderr]    Compiling either v1.9.0
[INFO] [stderr]    Compiling num-rational v0.4.1
[INFO] [stderr]    Compiling weezl v0.1.7
[INFO] [stderr]    Compiling bytemuck v1.14.0
[INFO] [stderr]    Compiling lock_api v0.4.11
[INFO] [stderr]    Compiling smallvec v1.11.2
[INFO] [stderr]    Compiling half v2.2.1
[INFO] [stderr]    Compiling bit_field v0.10.2
[INFO] [stderr]    Compiling lebe v0.5.2
[INFO] [stderr]    Compiling rustacuda_core v0.1.2
[INFO] [stdout] warning: hiding a lifetime that's elided elsewhere is confusing
[INFO] [stdout]    --> src/system.rs:127:20
[INFO] [stdout]     |
[INFO] [stdout] 127 |     pub fn next_frame(&mut self, capture_method: CaptureMethod, timeout: Option<Duration>) -> Result<SystemFrameInfo, Error> {
[INFO] [stdout]     |                       ^^^^^^^^^ the lifetime is elided here                                          ^^^^^^^^^^^^^^^ the same lifetime is hidden here
[INFO] [stdout]     |
[INFO] [stdout]     = help: the same lifetime is referred to in inconsistent ways, making the signature confusing
[INFO] [stdout]     = note: `#[warn(mismatched_lifetime_syntaxes)]` on by default
[INFO] [stdout] help: use `'_` for type paths
[INFO] [stdout]     |
[INFO] [stdout] 127 |     pub fn next_frame(&mut self, capture_method: CaptureMethod, timeout: Option<Duration>) -> Result<SystemFrameInfo<'_>, Error> {
[INFO] [stdout]     |                                                                                                                     ++++
[INFO] [stdout] 
[INFO] [stdout] 
[INFO] [stderr]    Compiling miniz_oxide v0.7.1
[INFO] [stderr]    Compiling zune-inflate v0.2.54
[INFO] [stderr]    Compiling cuda-config v0.1.0
[INFO] [stderr]    Compiling spin v0.9.8
[INFO] [stderr]    Compiling fdeflate v0.3.3
[INFO] [stderr]    Compiling qoi v0.4.1
[INFO] [stderr]    Compiling gif v0.12.0
[INFO] [stderr]    Compiling cuda-driver-sys v0.3.0
[INFO] [stderr]    Compiling flume v0.11.0
[INFO] [stderr]    Compiling crossbeam-epoch v0.9.17
[INFO] [stderr]    Compiling flate2 v1.0.28
[INFO] [stderr]    Compiling quote v1.0.35
[INFO] [stderr]    Compiling crossbeam-deque v0.8.4
[INFO] [stderr]    Compiling syn v1.0.109
[INFO] [stderr]    Compiling png v0.17.10
[INFO] [stderr]    Compiling rayon v1.8.0
[INFO] [stderr]    Compiling exr v1.71.0
[INFO] [stderr]    Compiling rustacuda_derive v0.1.2
[INFO] [stderr]    Compiling rustacuda v0.1.3
[INFO] [stderr]    Compiling jpeg-decoder v0.3.0
[INFO] [stderr]    Compiling tiff v0.9.0
[INFO] [stderr]    Compiling image v0.24.7
[INFO] [stderr]    Compiling nvfbc v0.2.0 (/opt/rustwide/workdir)
[INFO] [stdout] warning: hiding a lifetime that's elided elsewhere is confusing
[INFO] [stdout]    --> src/system.rs:127:20
[INFO] [stdout]     |
[INFO] [stdout] 127 |     pub fn next_frame(&mut self, capture_method: CaptureMethod, timeout: Option<Duration>) -> Result<SystemFrameInfo, Error> {
[INFO] [stdout]     |                       ^^^^^^^^^ the lifetime is elided here                                          ^^^^^^^^^^^^^^^ the same lifetime is hidden here
[INFO] [stdout]     |
[INFO] [stdout]     = help: the same lifetime is referred to in inconsistent ways, making the signature confusing
[INFO] [stdout]     = note: `#[warn(mismatched_lifetime_syntaxes)]` on by default
[INFO] [stdout] help: use `'_` for type paths
[INFO] [stdout]     |
[INFO] [stdout] 127 |     pub fn next_frame(&mut self, capture_method: CaptureMethod, timeout: Option<Duration>) -> Result<SystemFrameInfo<'_>, Error> {
[INFO] [stdout]     |                                                                                                                     ++++
[INFO] [stdout] 
[INFO] [stdout] 
[INFO] [stdout] error: linking with `cc` failed: exit status: 1
[INFO] [stdout]   |
[INFO] [stdout]   = note:  "cc" "-m64" "/opt/rustwide/target/release/build/nvfbc/89170e9acfabf856/out/rustcSZwJCu/symbols.o" "<2 object files omitted>" "-Wl,--as-needed" "-Wl,-Bstatic" "<sysroot>/lib/rustlib/x86_64-unknown-linux-gnu/lib/{libtest-*,libgetopts-*,librustc_std_workspace_std-*}.rlib" "/opt/rustwide/target/release/build/nvfbc-sys/ce854fbfe8b41da2/out/libnvfbc_sys-ce854fbfe8b41da2.rlib" "<sysroot>/lib/rustlib/x86_64-unknown-linux-gnu/lib/{libstd-*,libpanic_unwind-*,libobject-*,libmemchr-*,libaddr2line-*,libgimli-*,libcfg_if-*,librustc_demangle-*,libstd_detect-*,libhashbrown-*,librustc_std_workspace_alloc-*,libminiz_oxide-*,libadler2-*,libunwind-*,liblibc-*,librustc_std_workspace_core-*,liballoc-*,libcore-*,libcompiler_builtins-*}.rlib" "-Wl,-Bdynamic" "-lnvidia-fbc" "-lgcc_s" "-lutil" "-lrt" "-lpthread" "-lm" "-ldl" "-lc" "-L" "/opt/rustwide/target/release/build/nvfbc/89170e9acfabf856/out/rustcSZwJCu/raw-dylibs" "-B<sysroot>/lib/rustlib/x86_64-unknown-linux-gnu/bin/gcc-ld" "-fuse-ld=lld" "-Wl,--eh-frame-hdr" "-Wl,-z,noexecstack" "-L" "<sysroot>/lib/rustlib/x86_64-unknown-linux-gnu/lib" "-o" "/opt/rustwide/target/release/build/nvfbc/89170e9acfabf856/out/nvfbc-89170e9acfabf856" "-Wl,--gc-sections" "-pie" "-Wl,-z,relro,-z,now" "-Wl,-O1" "-Wl,--strip-debug" "-nodefaultlibs"
[INFO] [stdout]   = note: some arguments are omitted. use `--verbose` to show all linker arguments
[INFO] [stdout]   = note: rust-lld: error: unable to find library -lnvidia-fbc
[INFO] [stdout]           collect2: error: ld returned 1 exit status
[INFO] [stdout]           
[INFO] [stdout] 
[INFO] [stdout] 
[INFO] [stderr] error: could not compile `nvfbc` (lib test) due to 1 previous error; 1 warning emitted
[INFO] [stderr] warning: build failed, waiting for other jobs to finish...
[INFO] [stdout] error: linking with `cc` failed: exit status: 1
[INFO] [stdout]   |
[INFO] [stdout]   = note:  "cc" "-m64" "/opt/rustwide/target/release/build/nvfbc/692406a04c18ed70/out/rustcRZgLAM/symbols.o" "<2 object files omitted>" "-Wl,--as-needed" "-Wl,-Bstatic" "/opt/rustwide/target/release/build/rustacuda/591f834ce0711182/out/librustacuda-591f834ce0711182.rlib" "/opt/rustwide/target/release/build/cuda-driver-sys/b8aa8ded612c6cac/out/libcuda_driver_sys-b8aa8ded612c6cac.rlib" "/opt/rustwide/target/release/build/rustacuda_core/4ae9ce4cbfeea96c/out/librustacuda_core-4ae9ce4cbfeea96c.rlib" "/opt/rustwide/target/release/build/nvfbc/26273bb335c8fa6b/out/libnvfbc-26273bb335c8fa6b.rlib" "/opt/rustwide/target/release/build/nvfbc-sys/ce854fbfe8b41da2/out/libnvfbc_sys-ce854fbfe8b41da2.rlib" "/opt/rustwide/target/release/build/image/b806ca22fe2580cf/out/libimage-b806ca22fe2580cf.rlib" "/opt/rustwide/target/release/build/qoi/16a0519ffc9c81c9/out/libqoi-16a0519ffc9c81c9.rlib" "/opt/rustwide/target/release/build/bytemuck/3aa3dd3a85954fcb/out/libbytemuck-3aa3dd3a85954fcb.rlib" "/opt/rustwide/target/release/build/png/a0e6bb79e0dd5507/out/libpng-a0e6bb79e0dd5507.rlib" "/opt/rustwide/target/release/build/fdeflate/d372493c040d4f40/out/libfdeflate-d372493c040d4f40.rlib" "/opt/rustwide/target/release/build/bitflags/68973b8086863992/out/libbitflags-68973b8086863992.rlib" "/opt/rustwide/target/release/build/exr/46b1b5a4f234efdd/out/libexr-46b1b5a4f234efdd.rlib" "/opt/rustwide/target/release/build/flume/051eeffed23df86b/out/libflume-051eeffed23df86b.rlib" "/opt/rustwide/target/release/build/zune-inflate/0451b7f8aa31ddec/out/libzune_inflate-0451b7f8aa31ddec.rlib" "/opt/rustwide/target/release/build/bit_field/d0e745ab1e854579/out/libbit_field-d0e745ab1e854579.rlib" "/opt/rustwide/target/release/build/lebe/b9f57aacd3a6341c/out/liblebe-b9f57aacd3a6341c.rlib" "/opt/rustwide/target/release/build/half/42f0c110363c650e/out/libhalf-42f0c110363c650e.rlib" "/opt/rustwide/target/release/build/smallvec/c8107b51e17ef2fa/out/libsmallvec-c8107b51e17ef2fa.rlib" "/opt/rustwide/target/release/build/num-rational/068f4cc87689fc5e/out/libnum_rational-068f4cc87689fc5e.rlib" "/opt/rustwide/target/release/build/num-integer/9ce8de35671ad550/out/libnum_integer-9ce8de35671ad550.rlib" "/opt/rustwide/target/release/build/gif/374f749240f622ee/out/libgif-374f749240f622ee.rlib" "/opt/rustwide/target/release/build/color_quant/9e2536de46fec9df/out/libcolor_quant-9e2536de46fec9df.rlib" "/opt/rustwide/target/release/build/byteorder/612182941aaee0f7/out/libbyteorder-612182941aaee0f7.rlib" "/opt/rustwide/target/release/build/num-traits/f7a67c960a6a019f/out/libnum_traits-f7a67c960a6a019f.rlib" "/opt/rustwide/target/release/build/tiff/ad3b5edf3d3d0bfb/out/libtiff-ad3b5edf3d3d0bfb.rlib" "/opt/rustwide/target/release/build/flate2/ef3b23cd0698e439/out/libflate2-ef3b23cd0698e439.rlib" "/opt/rustwide/target/release/build/miniz_oxide/bf4657219b21ef82/out/libminiz_oxide-bf4657219b21ef82.rlib" "/opt/rustwide/target/release/build/simd-adler32/79f5736e69df175b/out/libsimd_adler32-79f5736e69df175b.rlib" "/opt/rustwide/target/release/build/crc32fast/6b35511fffef0fb5/out/libcrc32fast-6b35511fffef0fb5.rlib" "/opt/rustwide/target/release/build/weezl/c7ac025ec6b37a2b/out/libweezl-c7ac025ec6b37a2b.rlib" "/opt/rustwide/target/release/build/jpeg-decoder/ea368cccdeb56a58/out/libjpeg_decoder-ea368cccdeb56a58.rlib" "/opt/rustwide/target/release/build/rayon/454e87cfe0c56345/out/librayon-454e87cfe0c56345.rlib" "/opt/rustwide/target/release/build/rayon-core/9a18a7efb7fb6074/out/librayon_core-9a18a7efb7fb6074.rlib" "/opt/rustwide/target/release/build/crossbeam-deque/d4026282cf02b729/out/libcrossbeam_deque-d4026282cf02b729.rlib" "/opt/rustwide/target/release/build/crossbeam-epoch/46f0fe766452fdfb/out/libcrossbeam_epoch-46f0fe766452fdfb.rlib" "/opt/rustwide/target/release/build/crossbeam-utils/6a8c01393d82ee8c/out/libcrossbeam_utils-6a8c01393d82ee8c.rlib" "/opt/rustwide/target/release/build/cfg-if/193575a6b29a3ab9/out/libcfg_if-193575a6b29a3ab9.rlib" "/opt/rustwide/target/release/build/either/9f1a54c66c15ab42/out/libeither-9f1a54c66c15ab42.rlib" "<sysroot>/lib/rustlib/x86_64-unknown-linux-gnu/lib/{libstd-*,libpanic_unwind-*,libobject-*,libmemchr-*,libaddr2line-*,libgimli-*,libcfg_if-*,librustc_demangle-*,libstd_detect-*,libhashbrown-*,librustc_std_workspace_alloc-*,libminiz_oxide-*,libadler2-*,libunwind-*,liblibc-*,librustc_std_workspace_core-*,liballoc-*,libcore-*,libcompiler_builtins-*}.rlib" "-Wl,-Bdynamic" "-lcuda" "-lnvidia-fbc" "-lgcc_s" "-lutil" "-lrt" "-lpthread" "-lm" "-ldl" "-lc" "-L" "/opt/rustwide/target/release/build/nvfbc/692406a04c18ed70/out/rustcRZgLAM/raw-dylibs" "-B<sysroot>/lib/rustlib/x86_64-unknown-linux-gnu/bin/gcc-ld" "-fuse-ld=lld" "-Wl,--eh-frame-hdr" "-Wl,-z,noexecstack" "-L" "<sysroot>/lib/rustlib/x86_64-unknown-linux-gnu/lib" "-o" "/opt/rustwide/target/release/build/nvfbc/692406a04c18ed70/out/cuda_screenshot" "-Wl,--gc-sections" "-pie" "-Wl,-z,relro,-z,now" "-Wl,-O1" "-Wl,--strip-debug" "-nodefaultlibs"
[INFO] [stdout]   = note: some arguments are omitted. use `--verbose` to show all linker arguments
[INFO] [stdout]   = note: rust-lld: error: unable to find library -lcuda
[INFO] [stdout]           rust-lld: error: unable to find library -lnvidia-fbc
[INFO] [stdout]           collect2: error: ld returned 1 exit status
[INFO] [stdout]           
[INFO] [stdout] 
[INFO] [stdout] 
[INFO] [stderr] error: could not compile `nvfbc` (example "cuda-screenshot") due to 1 previous error
[INFO] [stdout] error: linking with `cc` failed: exit status: 1
[INFO] [stdout]   |
[INFO] [stdout]   = note:  "cc" "-m64" "/opt/rustwide/target/release/build/nvfbc/74242e677f2f456a/out/rustcMG0OxP/symbols.o" "<2 object files omitted>" "-Wl,--as-needed" "-Wl,-Bstatic" "/opt/rustwide/target/release/build/nvfbc/26273bb335c8fa6b/out/libnvfbc-26273bb335c8fa6b.rlib" "/opt/rustwide/target/release/build/nvfbc-sys/ce854fbfe8b41da2/out/libnvfbc_sys-ce854fbfe8b41da2.rlib" "/opt/rustwide/target/release/build/image/b806ca22fe2580cf/out/libimage-b806ca22fe2580cf.rlib" "/opt/rustwide/target/release/build/qoi/16a0519ffc9c81c9/out/libqoi-16a0519ffc9c81c9.rlib" "/opt/rustwide/target/release/build/bytemuck/3aa3dd3a85954fcb/out/libbytemuck-3aa3dd3a85954fcb.rlib" "/opt/rustwide/target/release/build/png/a0e6bb79e0dd5507/out/libpng-a0e6bb79e0dd5507.rlib" "/opt/rustwide/target/release/build/fdeflate/d372493c040d4f40/out/libfdeflate-d372493c040d4f40.rlib" "/opt/rustwide/target/release/build/bitflags/68973b8086863992/out/libbitflags-68973b8086863992.rlib" "/opt/rustwide/target/release/build/exr/46b1b5a4f234efdd/out/libexr-46b1b5a4f234efdd.rlib" "/opt/rustwide/target/release/build/flume/051eeffed23df86b/out/libflume-051eeffed23df86b.rlib" "/opt/rustwide/target/release/build/zune-inflate/0451b7f8aa31ddec/out/libzune_inflate-0451b7f8aa31ddec.rlib" "/opt/rustwide/target/release/build/bit_field/d0e745ab1e854579/out/libbit_field-d0e745ab1e854579.rlib" "/opt/rustwide/target/release/build/lebe/b9f57aacd3a6341c/out/liblebe-b9f57aacd3a6341c.rlib" "/opt/rustwide/target/release/build/half/42f0c110363c650e/out/libhalf-42f0c110363c650e.rlib" "/opt/rustwide/target/release/build/smallvec/c8107b51e17ef2fa/out/libsmallvec-c8107b51e17ef2fa.rlib" "/opt/rustwide/target/release/build/num-rational/068f4cc87689fc5e/out/libnum_rational-068f4cc87689fc5e.rlib" "/opt/rustwide/target/release/build/num-integer/9ce8de35671ad550/out/libnum_integer-9ce8de35671ad550.rlib" "/opt/rustwide/target/release/build/gif/374f749240f622ee/out/libgif-374f749240f622ee.rlib" "/opt/rustwide/target/release/build/color_quant/9e2536de46fec9df/out/libcolor_quant-9e2536de46fec9df.rlib" "/opt/rustwide/target/release/build/byteorder/612182941aaee0f7/out/libbyteorder-612182941aaee0f7.rlib" "/opt/rustwide/target/release/build/num-traits/f7a67c960a6a019f/out/libnum_traits-f7a67c960a6a019f.rlib" "/opt/rustwide/target/release/build/tiff/ad3b5edf3d3d0bfb/out/libtiff-ad3b5edf3d3d0bfb.rlib" "/opt/rustwide/target/release/build/flate2/ef3b23cd0698e439/out/libflate2-ef3b23cd0698e439.rlib" "/opt/rustwide/target/release/build/miniz_oxide/bf4657219b21ef82/out/libminiz_oxide-bf4657219b21ef82.rlib" "/opt/rustwide/target/release/build/simd-adler32/79f5736e69df175b/out/libsimd_adler32-79f5736e69df175b.rlib" "/opt/rustwide/target/release/build/crc32fast/6b35511fffef0fb5/out/libcrc32fast-6b35511fffef0fb5.rlib" "/opt/rustwide/target/release/build/weezl/c7ac025ec6b37a2b/out/libweezl-c7ac025ec6b37a2b.rlib" "/opt/rustwide/target/release/build/jpeg-decoder/ea368cccdeb56a58/out/libjpeg_decoder-ea368cccdeb56a58.rlib" "/opt/rustwide/target/release/build/rayon/454e87cfe0c56345/out/librayon-454e87cfe0c56345.rlib" "/opt/rustwide/target/release/build/rayon-core/9a18a7efb7fb6074/out/librayon_core-9a18a7efb7fb6074.rlib" "/opt/rustwide/target/release/build/crossbeam-deque/d4026282cf02b729/out/libcrossbeam_deque-d4026282cf02b729.rlib" "/opt/rustwide/target/release/build/crossbeam-epoch/46f0fe766452fdfb/out/libcrossbeam_epoch-46f0fe766452fdfb.rlib" "/opt/rustwide/target/release/build/crossbeam-utils/6a8c01393d82ee8c/out/libcrossbeam_utils-6a8c01393d82ee8c.rlib" "/opt/rustwide/target/release/build/cfg-if/193575a6b29a3ab9/out/libcfg_if-193575a6b29a3ab9.rlib" "/opt/rustwide/target/release/build/either/9f1a54c66c15ab42/out/libeither-9f1a54c66c15ab42.rlib" "<sysroot>/lib/rustlib/x86_64-unknown-linux-gnu/lib/{libstd-*,libpanic_unwind-*,libobject-*,libmemchr-*,libaddr2line-*,libgimli-*,libcfg_if-*,librustc_demangle-*,libstd_detect-*,libhashbrown-*,librustc_std_workspace_alloc-*,libminiz_oxide-*,libadler2-*,libunwind-*,liblibc-*,librustc_std_workspace_core-*,liballoc-*,libcore-*,libcompiler_builtins-*}.rlib" "-Wl,-Bdynamic" "-lnvidia-fbc" "-lgcc_s" "-lutil" "-lrt" "-lpthread" "-lm" "-ldl" "-lc" "-L" "/opt/rustwide/target/release/build/nvfbc/74242e677f2f456a/out/rustcMG0OxP/raw-dylibs" "-B<sysroot>/lib/rustlib/x86_64-unknown-linux-gnu/bin/gcc-ld" "-fuse-ld=lld" "-Wl,--eh-frame-hdr" "-Wl,-z,noexecstack" "-L" "<sysroot>/lib/rustlib/x86_64-unknown-linux-gnu/lib" "-o" "/opt/rustwide/target/release/build/nvfbc/74242e677f2f456a/out/system_screenshot" "-Wl,--gc-sections" "-pie" "-Wl,-z,relro,-z,now" "-Wl,-O1" "-Wl,--strip-debug" "-nodefaultlibs"
[INFO] [stdout]   = note: some arguments are omitted. use `--verbose` to show all linker arguments
[INFO] [stdout]   = note: rust-lld: error: unable to find library -lnvidia-fbc
[INFO] [stdout]           collect2: error: ld returned 1 exit status
[INFO] [stdout]           
[INFO] [stdout] 
[INFO] [stdout] 
[INFO] [stderr] error: could not compile `nvfbc` (example "system-screenshot") due to 1 previous error
[INFO] running `Command { std: "docker" "inspect" "5d2b6610075cc752e46f80a4e5e8af00c9217d6d0dd1ecb4d19b6fa6e6277cd7", kill_on_drop: false }`
[INFO] running `Command { std: "docker" "rm" "-f" "5d2b6610075cc752e46f80a4e5e8af00c9217d6d0dd1ecb4d19b6fa6e6277cd7", kill_on_drop: false }`
[INFO] [stdout] 5d2b6610075cc752e46f80a4e5e8af00c9217d6d0dd1ecb4d19b6fa6e6277cd7
