[INFO] fetching crate nvcli 1.1.4...
[INFO] testing nvcli-1.1.4 against 1.99.0-beta.8+cargoflags=--release for beta-release-1.100-2
[INFO] extracting crate nvcli 1.1.4 into /workspace/builds/worker-6-tc1/source
[INFO] started tweaking crates.io crate nvcli 1.1.4
[INFO] finished tweaking crates.io crate nvcli 1.1.4
[INFO] tweaked toml for crates.io crate nvcli 1.1.4 written to /workspace/builds/worker-6-tc1/source/Cargo.toml
[INFO] validating manifest of crates.io crate nvcli 1.1.4 on toolchain 1.99.0-beta.8
[INFO] running `Command { std: CARGO_HOME="/workspace/cargo-home" RUSTUP_HOME="/workspace/rustup-home" "/workspace/cargo-home/bin/cargo" "+1.99.0-beta.8" "metadata" "--manifest-path" "Cargo.toml" "--no-deps", kill_on_drop: false }`
[INFO] crate crates.io crate nvcli 1.1.4 already has a lockfile, it will not be regenerated
[INFO] running `Command { std: CARGO_HOME="/workspace/cargo-home" RUSTUP_HOME="/workspace/rustup-home" "/workspace/cargo-home/bin/cargo" "+1.99.0-beta.8" "fetch" "--manifest-path" "Cargo.toml", kill_on_drop: false }`
[INFO] [stderr]     Updating crates.io index
[INFO] [stderr]     Blocking waiting for file lock on package cache
[INFO] [stderr]  Downloading crates ...
[INFO] [stderr]   Downloaded once_cell v1.13.0
[INFO] [stderr]   Downloaded bunt-macros v0.2.5
[INFO] [stderr]   Downloaded bunt v0.2.6
[INFO] [stderr]   Downloaded unicode-xid v0.2.3
[INFO] [stderr]   Downloaded clap_derive v3.2.7
[INFO] [stderr]   Downloaded os_str_bytes v6.1.0
[INFO] [stderr]   Downloaded unicode-ident v1.0.1
[INFO] [stderr]   Downloaded quote v1.0.28
[INFO] [stderr]   Downloaded proc-macro2 v1.0.60
[INFO] [stderr]   Downloaded litrs v0.2.3
[INFO] [stderr]   Downloaded textwrap v0.15.0
[INFO] [stderr]   Downloaded prettyplease v0.2.7
[INFO] [stderr]   Downloaded hashbrown v0.12.2
[INFO] [stderr]   Downloaded syn v2.0.18
[INFO] [stderr]   Downloaded clap v3.2.11
[INFO] [stderr]   Downloaded syn v1.0.98
[INFO] [stderr]   Downloaded regex v1.8.4
[INFO] [stderr]   Downloaded regex-syntax v0.7.2
[INFO] [stderr]   Downloaded nvapi_sys_new v1.530.1
[INFO] running `Command { std: "docker" "create" "-v" "/var/lib/crater-agent-workspace/builds/worker-6-tc1/source:/opt/rustwide/workdir:ro,Z" "-v" "/var/lib/crater-agent-workspace/builds/worker-6-tc1/target:/opt/rustwide/target:rw,Z" "-v" "/var/lib/crater-agent-workspace/cargo-home:/opt/rustwide/cargo-home:ro,Z" "-v" "/var/lib/crater-agent-workspace/rustup-home:/opt/rustwide/rustup-home:ro,Z" "-m" "1610612736" "--network" "none" "ghcr.io/rust-lang/crates-build-env/linux@sha256:77db811e55d90add9212f6832c23229e3de5f1c1f9905e8cb07319ea15df73ac" "sleep" "infinity", kill_on_drop: false }`
[INFO] [stdout] 0aa4767f722d7dd83730ac1a27c20be90114c48fd185e690fb31b7758e999cef
[INFO] running `Command { std: "docker" "start" "0aa4767f722d7dd83730ac1a27c20be90114c48fd185e690fb31b7758e999cef", kill_on_drop: false }`
[INFO] running `Command { std: "docker" "inspect" "0aa4767f722d7dd83730ac1a27c20be90114c48fd185e690fb31b7758e999cef", kill_on_drop: false }`
[INFO] running `Command { std: "docker" "exec" "-e" "SOURCE_DIR=/opt/rustwide/workdir" "-e" "CARGO_HOME=/opt/rustwide/cargo-home" "-e" "RUSTUP_HOME=/opt/rustwide/rustup-home" "-e" "CARGO_TARGET_DIR=/opt/rustwide/target" "-w" "/opt/rustwide/workdir" "--user" "0:0" "0aa4767f722d7dd83730ac1a27c20be90114c48fd185e690fb31b7758e999cef" "/opt/rustwide/cargo-home/bin/cargo" "+1.99.0-beta.8" "metadata" "--no-deps" "--format-version=1", kill_on_drop: false }`
[INFO] running `Command { std: "docker" "inspect" "0aa4767f722d7dd83730ac1a27c20be90114c48fd185e690fb31b7758e999cef", kill_on_drop: false }`
[INFO] running `Command { std: "docker" "exec" "-e" "SOURCE_DIR=/opt/rustwide/workdir" "-e" "CARGO_HOME=/opt/rustwide/cargo-home" "-e" "RUSTUP_HOME=/opt/rustwide/rustup-home" "-e" "CARGO_TARGET_DIR=/opt/rustwide/target" "-e" "CARGO_INCREMENTAL=0" "-e" "RUST_BACKTRACE=full" "-e" "RUSTFLAGS=--cap-lints=warn" "-e" "RUSTDOCFLAGS=--cap-lints=warn" "-w" "/opt/rustwide/workdir" "--user" "0:0" "0aa4767f722d7dd83730ac1a27c20be90114c48fd185e690fb31b7758e999cef" "/opt/rustwide/cargo-home/bin/cargo" "+1.99.0-beta.8" "build" "--frozen" "--message-format=json" "--release", kill_on_drop: false }`
[INFO] [stderr]    Compiling proc-macro2 v1.0.60
[INFO] [stderr]    Compiling unicode-ident v1.0.1
[INFO] [stderr]    Compiling quote v1.0.28
[INFO] [stderr]    Compiling memchr v2.5.0
[INFO] [stderr]    Compiling glob v0.3.1
[INFO] [stderr]    Compiling libc v0.2.126
[INFO] [stderr]    Compiling prettyplease v0.2.7
[INFO] [stderr]    Compiling bindgen v0.65.1
[INFO] [stderr]    Compiling either v1.8.1
[INFO] [stderr]    Compiling syn v1.0.98
[INFO] [stderr]    Compiling regex-syntax v0.7.2
[INFO] [stderr]    Compiling shlex v1.1.0
[INFO] [stderr]    Compiling peeking_take_while v0.1.2
[INFO] [stderr]    Compiling libloading v0.7.4
[INFO] [stderr]    Compiling log v0.4.19
[INFO] [stderr]    Compiling lazycell v1.3.0
[INFO] [stderr]    Compiling lazy_static v1.4.0
[INFO] [stderr]    Compiling rustc-hash v1.1.0
[INFO] [stderr]    Compiling bitflags v1.3.2
[INFO] [stderr]    Compiling os_str_bytes v6.1.0
[INFO] [stderr]    Compiling hashbrown v0.12.2
[INFO] [stderr]    Compiling termcolor v1.1.3
[INFO] [stderr]    Compiling unicode-xid v0.2.3
[INFO] [stderr]    Compiling heck v0.4.0
[INFO] [stderr]    Compiling textwrap v0.15.0
[INFO] [stderr]    Compiling strsim v0.10.0
[INFO] [stderr]    Compiling once_cell v1.13.0
[INFO] [stderr]    Compiling clap_lex v0.2.4
[INFO] [stderr]    Compiling clang-sys v1.6.1
[INFO] [stderr]    Compiling nom v7.1.3
[INFO] [stderr]    Compiling which v4.4.0
[INFO] [stderr]    Compiling litrs v0.2.3
[INFO] [stderr]    Compiling indexmap v1.9.1
[INFO] [stderr]    Compiling atty v0.2.14
[INFO] [stderr]    Compiling syn v2.0.18
[INFO] [stderr]    Compiling proc-macro-error-attr v1.0.4
[INFO] [stderr]    Compiling bunt-macros v0.2.5
[INFO] [stderr]    Compiling bunt v0.2.6
[INFO] [stderr]    Compiling cexpr v0.6.0
[INFO] [stderr]    Compiling regex v1.8.4
[INFO] [stderr]    Compiling proc-macro-error v1.0.4
[INFO] [stderr]    Compiling clap_derive v3.2.7
[INFO] [stderr]    Compiling clap v3.2.11
[INFO] [stderr]    Compiling nvapi_sys_new v1.530.1
[INFO] [stderr] error: failed to run custom build command for `nvapi_sys_new v1.530.1`
[INFO] [stderr] note: To improve backtraces for build dependencies, set the CARGO_PROFILE_RELEASE_BUILD_OVERRIDE_DEBUG=true environment variable to enable debug information generation.
[INFO] [stderr] 
[INFO] [stderr] Caused by:
[INFO] [stderr]   process didn't exit successfully: `/opt/rustwide/target/release/build/nvapi_sys_new-fdb8c5ffbe8c6231/build-script-build` (exit status: 101)
[INFO] [stderr]   --- stdout
[INFO] [stderr]   cargo:rustc-link-search=./include/bin
[INFO] [stderr]   cargo:rustc-link-lib=static=nvapi64
[INFO] [stderr]   cargo:rerun-if-env-changed=TARGET
[INFO] [stderr]   cargo:rerun-if-env-changed=BINDGEN_EXTRA_CLANG_ARGS_x86_64-unknown-linux-gnu
[INFO] [stderr]   cargo:rerun-if-env-changed=BINDGEN_EXTRA_CLANG_ARGS_x86_64_unknown_linux_gnu
[INFO] [stderr]   cargo:rerun-if-env-changed=BINDGEN_EXTRA_CLANG_ARGS
[INFO] [stderr] 
[INFO] [stderr]   --- stderr
[INFO] [stderr]   ./include/nvapi_lite_salstart.h:821:42: error: expected parameter declarator
[INFO] [stderr]   ./include/nvapi_lite_salstart.h:821:42: error: expected ')'
[INFO] [stderr]   ./include/nvapi_lite_salstart.h:821:41: note: to match this '('
[INFO] [stderr]   ./include/nvapi_lite_salstart.h:821:32: error: type specifier missing, defaults to 'int'; ISO C99 and later do not support implicit int [-Wimplicit-int]
[INFO] [stderr]   ./include/nvapi_lite_salstart.h:821:62: error: expected ';' after top level declarator
[INFO] [stderr]   ./include/nvapi_lite_salstart.h:821:42: error: expected parameter declarator
[INFO] [stderr]   ./include/nvapi_lite_salstart.h:821:42: error: expected ')'
[INFO] [stderr]   ./include/nvapi_lite_salstart.h:821:41: note: to match this '('
[INFO] [stderr]   ./include/nvapi_lite_salstart.h:821:32: error: type specifier missing, defaults to 'int'; ISO C99 and later do not support implicit int [-Wimplicit-int]
[INFO] [stderr]   ./include/nvapi_lite_salstart.h:821:62: error: expected ';' after top level declarator
[INFO] [stderr]   ./include/nvapi_lite_salstart.h:821:42: error: expected parameter declarator
[INFO] [stderr]   ./include/nvapi_lite_salstart.h:821:42: error: expected ')'
[INFO] [stderr]   ./include/nvapi_lite_salstart.h:821:41: note: to match this '('
[INFO] [stderr]   ./include/nvapi_lite_salstart.h:821:32: error: type specifier missing, defaults to 'int'; ISO C99 and later do not support implicit int [-Wimplicit-int]
[INFO] [stderr]   ./include/nvapi_lite_salstart.h:821:62: error: expected ';' after top level declarator
[INFO] [stderr]   ./include/nvapi_lite_salstart.h:821:42: error: expected parameter declarator
[INFO] [stderr]   ./include/nvapi_lite_salstart.h:821:42: error: expected ')'
[INFO] [stderr]   ./include/nvapi_lite_salstart.h:821:41: note: to match this '('
[INFO] [stderr]   ./include/nvapi_lite_salstart.h:821:32: error: type specifier missing, defaults to 'int'; ISO C99 and later do not support implicit int [-Wimplicit-int]
[INFO] [stderr]   ./include/nvapi_lite_salstart.h:821:62: error: expected ';' after top level declarator
[INFO] [stderr]   ./include/nvapi_lite_salstart.h:821:42: error: expected parameter declarator
[INFO] [stderr]   ./include/nvapi_lite_salstart.h:821:42: error: expected ')'
[INFO] [stderr]   ./include/nvapi_lite_salstart.h:821:41: note: to match this '('
[INFO] [stderr]   ./include/nvapi_lite_salstart.h:821:32: error: type specifier missing, defaults to 'int'; ISO C99 and later do not support implicit int [-Wimplicit-int]
[INFO] [stderr]   fatal error: too many errors emitted, stopping now [-ferror-limit=]
[INFO] [stderr] 
[INFO] [stderr]   thread 'main' (866) panicked at /opt/rustwide/cargo-home/registry/src/index.crates.io-1949cf8c6b5b557f/nvapi_sys_new-1.530.1/build.rs:20:10:
[INFO] [stderr]   Unable to generate bindings: ClangDiagnostic("./include/nvapi_lite_salstart.h:821:42: error: expected parameter declarator\n./include/nvapi_lite_salstart.h:821:42: error: expected ')'\n./include/nvapi_lite_salstart.h:821:32: error: type specifier missing, defaults to 'int'; ISO C99 and later do not support implicit int [-Wimplicit-int]\n./include/nvapi_lite_salstart.h:821:62: error: expected ';' after top level declarator\n./include/nvapi_lite_salstart.h:821:42: error: expected parameter declarator\n./include/nvapi_lite_salstart.h:821:42: error: expected ')'\n./include/nvapi_lite_salstart.h:821:32: error: type specifier missing, defaults to 'int'; ISO C99 and later do not support implicit int [-Wimplicit-int]\n./include/nvapi_lite_salstart.h:821:62: error: expected ';' after top level declarator\n./include/nvapi_lite_salstart.h:821:42: error: expected parameter declarator\n./include/nvapi_lite_salstart.h:821:42: error: expected ')'\n./include/nvapi_lite_salstart.h:821:32: error: type specifier missing, defaults to 'int'; ISO C99 and later do not support implicit int [-Wimplicit-int]\n./include/nvapi_lite_salstart.h:821:62: error: expected ';' after top level declarator\n./include/nvapi_lite_salstart.h:821:42: error: expected parameter declarator\n./include/nvapi_lite_salstart.h:821:42: error: expected ')'\n./include/nvapi_lite_salstart.h:821:32: error: type specifier missing, defaults to 'int'; ISO C99 and later do not support implicit int [-Wimplicit-int]\n./include/nvapi_lite_salstart.h:821:62: error: expected ';' after top level declarator\n./include/nvapi_lite_salstart.h:821:42: error: expected parameter declarator\n./include/nvapi_lite_salstart.h:821:42: error: expected ')'\n./include/nvapi_lite_salstart.h:821:32: error: type specifier missing, defaults to 'int'; ISO C99 and later do not support implicit int [-Wimplicit-int]\nfatal error: too many errors emitted, stopping now [-ferror-limit=]\n")
[INFO] [stderr]   stack backtrace:
[INFO] [stderr]      0:     0x5dcbe0fe3831 - <<std[70759c8f55707aa4]::sys::backtrace::BacktraceLock>::print::DisplayBacktrace as core[df12db4294e9bfd3]::fmt::Display>::fmt
[INFO] [stderr]      1:     0x5dcbe0ff997a - core[df12db4294e9bfd3]::fmt::write
[INFO] [stderr]      2:     0x5dcbe0fe893c - <std[70759c8f55707aa4]::sys::stdio::unix::Stderr as core[df12db4294e9bfd3]::io::write::Write>::write_fmt
[INFO] [stderr]      3:     0x5dcbe0fc33b6 - std[70759c8f55707aa4]::panicking::default_hook::{closure#0}
[INFO] [stderr]      4:     0x5dcbe0fde1c1 - std[70759c8f55707aa4]::panicking::default_hook
[INFO] [stderr]      5:     0x5dcbe0fde4eb - std[70759c8f55707aa4]::panicking::panic_with_hook
[INFO] [stderr]      6:     0x5dcbe0fc3462 - std[70759c8f55707aa4]::panicking::panic_handler::{closure#0}
[INFO] [stderr]      7:     0x5dcbe0fbbff9 - std[70759c8f55707aa4]::sys::backtrace::__rust_end_short_backtrace::<std[70759c8f55707aa4]::panicking::panic_handler::{closure#0}, !>
[INFO] [stderr]      8:     0x5dcbe0fc3c7d - __rustc[8fa7c3cbc660c2b3]::rust_begin_unwind
[INFO] [stderr]      9:     0x5dcbe0ffa19c - core[df12db4294e9bfd3]::panicking::panic_fmt
[INFO] [stderr]     10:     0x5dcbe0ff9f72 - core[df12db4294e9bfd3]::result::unwrap_failed
[INFO] [stderr]     11:     0x5dcbe0ba584b - <core[df12db4294e9bfd3]::result::Result<bindgen[5c06d94ace39cfc8]::Bindings, bindgen[5c06d94ace39cfc8]::BindgenError>>::expect
[INFO] [stderr]     12:     0x5dcbe0ba5537 - build_script_build[faa66e903510f8c4]::main
[INFO] [stderr]     13:     0x5dcbe0ba66c3 - <fn() as core[df12db4294e9bfd3]::ops::function::FnOnce<()>>::call_once
[INFO] [stderr]     14:     0x5dcbe0ba519e - std[70759c8f55707aa4]::sys::backtrace::__rust_begin_short_backtrace::<fn(), ()>
[INFO] [stderr]     15:     0x5dcbe0ba5299 - std[70759c8f55707aa4]::rt::lang_start::<()>::{closure#0}
[INFO] [stderr]     16:     0x5dcbe0fdd4e9 - std[70759c8f55707aa4]::rt::lang_start_internal
[INFO] [stderr]     17:     0x5dcbe0ba4ff1 - std[70759c8f55707aa4]::rt::lang_start::<()>
[INFO] [stderr]     18:     0x5dcbe0ba69b5 - main
[INFO] [stderr]     19:     0x7c56fa345601 - <unknown>
[INFO] [stderr]     20:     0x7c56fa345718 - __libc_start_main
[INFO] [stderr]     21:     0x5dcbe0ba48d5 - _start
[INFO] [stderr]     22:                0x0 - <unknown>
[INFO] [stderr] warning: build failed, waiting for other jobs to finish...
[INFO] running `Command { std: "docker" "inspect" "0aa4767f722d7dd83730ac1a27c20be90114c48fd185e690fb31b7758e999cef", kill_on_drop: false }`
[INFO] running `Command { std: "docker" "rm" "-f" "0aa4767f722d7dd83730ac1a27c20be90114c48fd185e690fb31b7758e999cef", kill_on_drop: false }`
[INFO] [stdout] 0aa4767f722d7dd83730ac1a27c20be90114c48fd185e690fb31b7758e999cef
