[INFO] fetching crate nv 0.4.0...
[INFO] testing nv-0.4.0 against 1.100.0-beta.1+cargoflags=--release for beta-release-1.100-2
[INFO] extracting crate nv 0.4.0 into /workspace/builds/worker-4-tc2/source
[INFO] started tweaking crates.io crate nv 0.4.0
[INFO] finished tweaking crates.io crate nv 0.4.0
[INFO] tweaked toml for crates.io crate nv 0.4.0 written to /workspace/builds/worker-4-tc2/source/Cargo.toml
[INFO] validating manifest of crates.io crate nv 0.4.0 on toolchain 1.100.0-beta.1
[INFO] running `Command { std: CARGO_HOME="/workspace/cargo-home" RUSTUP_HOME="/workspace/rustup-home" "/workspace/cargo-home/bin/cargo" "+1.100.0-beta.1" "metadata" "--manifest-path" "Cargo.toml" "--no-deps", kill_on_drop: false }`
[INFO] crate crates.io crate nv 0.4.0 already has a lockfile, it will not be regenerated
[INFO] running `Command { std: CARGO_HOME="/workspace/cargo-home" RUSTUP_HOME="/workspace/rustup-home" "/workspace/cargo-home/bin/cargo" "+1.100.0-beta.1" "fetch" "--manifest-path" "Cargo.toml", kill_on_drop: false }`
[INFO] running `Command { std: "docker" "create" "-v" "/var/lib/crater-agent-workspace/builds/worker-4-tc2/source:/opt/rustwide/workdir:ro,Z" "-v" "/var/lib/crater-agent-workspace/builds/worker-4-tc2/target:/opt/rustwide/target:rw,Z" "-v" "/var/lib/crater-agent-workspace/cargo-home:/opt/rustwide/cargo-home:ro,Z" "-v" "/var/lib/crater-agent-workspace/rustup-home:/opt/rustwide/rustup-home:ro,Z" "-m" "1610612736" "--network" "none" "ghcr.io/rust-lang/crates-build-env/linux@sha256:77db811e55d90add9212f6832c23229e3de5f1c1f9905e8cb07319ea15df73ac" "sleep" "infinity", kill_on_drop: false }`
[INFO] [stdout] ff92e2f232095673caa0c59288bc96478a58174e464e3487fa1f9a2a13265c45
[INFO] running `Command { std: "docker" "start" "ff92e2f232095673caa0c59288bc96478a58174e464e3487fa1f9a2a13265c45", kill_on_drop: false }`
[INFO] running `Command { std: "docker" "inspect" "ff92e2f232095673caa0c59288bc96478a58174e464e3487fa1f9a2a13265c45", kill_on_drop: false }`
[INFO] running `Command { std: "docker" "exec" "-e" "SOURCE_DIR=/opt/rustwide/workdir" "-e" "CARGO_HOME=/opt/rustwide/cargo-home" "-e" "RUSTUP_HOME=/opt/rustwide/rustup-home" "-e" "CARGO_TARGET_DIR=/opt/rustwide/target" "-w" "/opt/rustwide/workdir" "--user" "0:0" "ff92e2f232095673caa0c59288bc96478a58174e464e3487fa1f9a2a13265c45" "/opt/rustwide/cargo-home/bin/cargo" "+1.100.0-beta.1" "metadata" "--no-deps" "--format-version=1", kill_on_drop: false }`
[INFO] running `Command { std: "docker" "inspect" "ff92e2f232095673caa0c59288bc96478a58174e464e3487fa1f9a2a13265c45", kill_on_drop: false }`
[INFO] running `Command { std: "docker" "exec" "-e" "SOURCE_DIR=/opt/rustwide/workdir" "-e" "CARGO_HOME=/opt/rustwide/cargo-home" "-e" "RUSTUP_HOME=/opt/rustwide/rustup-home" "-e" "CARGO_TARGET_DIR=/opt/rustwide/target" "-e" "CARGO_INCREMENTAL=0" "-e" "RUST_BACKTRACE=full" "-e" "RUSTFLAGS=--cap-lints=warn" "-e" "RUSTDOCFLAGS=--cap-lints=warn" "-w" "/opt/rustwide/workdir" "--user" "0:0" "ff92e2f232095673caa0c59288bc96478a58174e464e3487fa1f9a2a13265c45" "/opt/rustwide/cargo-home/bin/cargo" "+1.100.0-beta.1" "build" "--frozen" "--message-format=json" "--release", kill_on_drop: false }`
[INFO] [stderr]    Compiling libc v0.2.105
[INFO] [stderr]    Compiling proc-macro2 v1.0.32
[INFO] [stderr]    Compiling unicode-xid v0.2.2
[INFO] [stderr]    Compiling syn v1.0.81
[INFO] [stderr]    Compiling memchr v2.4.1
[INFO] [stderr]    Compiling serde_derive v1.0.130
[INFO] [stderr]    Compiling serde v1.0.130
[INFO] [stderr]    Compiling version_check v0.9.3
[INFO] [stderr]    Compiling log v0.4.14
[INFO] [stderr]    Compiling byteorder v1.4.3
[INFO] [stderr]    Compiling unicode-width v0.1.9
[INFO] [stderr]    Compiling regex-syntax v0.6.25
[INFO] [stderr]    Compiling ppv-lite86 v0.2.15
[INFO] [stderr]    Compiling num-traits v0.2.14
[INFO] [stderr]    Compiling getrandom v0.1.16
[INFO] [stderr]    Compiling memoffset v0.6.4
[INFO] [stderr]    Compiling rustversion v1.0.5
[INFO] [stderr]    Compiling smallvec v1.7.0
[INFO] [stderr]    Compiling radium v0.3.0
[INFO] [stderr]    Compiling ryu v1.0.5
[INFO] [stderr]    Compiling arrayvec v0.4.12
[INFO] [stderr]    Compiling either v1.6.1
[INFO] [stderr]    Compiling crunchy v0.2.2
[INFO] [stderr]    Compiling proc-macro-error-attr v1.0.4
[INFO] [stderr]    Compiling proc-macro-error v1.0.4
[INFO] [stderr]    Compiling bitvec v0.17.4
[INFO] [stderr]    Compiling nibble_vec v0.1.0
[INFO] [stderr]    Compiling textwrap v0.11.0
[INFO] [stderr]    Compiling num-integer v0.1.44
[INFO] [stderr]    Compiling arrayvec v0.5.2
[INFO] [stderr]    Compiling pkg-config v0.3.22
[INFO] [stderr]    Compiling nodrop v0.1.14
[INFO] [stderr]    Compiling cc v1.0.71
[INFO] [stderr]    Compiling once_cell v1.8.0
[INFO] [stderr]    Compiling unicode-segmentation v1.8.0
[INFO] [stderr]    Compiling endian-type v0.1.2
[INFO] [stderr]    Compiling regex-automata v0.1.10
[INFO] [stderr]    Compiling rustc-hex v2.1.0
[INFO] [stderr]    Compiling byte-slice-cast v0.3.5
[INFO] [stderr]    Compiling quote v1.0.10
[INFO] [stderr]    Compiling aho-corasick v0.7.18
[INFO] [stderr]    Compiling heck v0.3.3
[INFO] [stderr]    Compiling csv-core v0.1.10
[INFO] [stderr]    Compiling err-derive v0.3.0
[INFO] [stderr]    Compiling radix_trie v0.2.1
[INFO] [stderr]    Compiling rmp v0.8.10
[INFO] [stderr]    Compiling remove_dir_all v0.5.3
[INFO] [stderr]    Compiling utf8parse v0.2.0
[INFO] [stderr]    Compiling humantime v2.1.0
[INFO] [stderr]    Compiling constant_time_eq v0.1.5
[INFO] [stderr]    Compiling termcolor v1.1.2
[INFO] [stderr]    Compiling blake2-rfc v0.2.18
[INFO] [stderr]    Compiling uint v0.8.5
[INFO] [stderr]    Compiling xcb v0.8.2
[INFO] [stderr]    Compiling atty v0.2.14
[INFO] [stderr]    Compiling getrandom v0.2.3
[INFO] [stderr]    Compiling dirs-sys-next v0.1.2
[INFO] [stderr]    Compiling terminal_size v0.1.17
[INFO] [stderr]    Compiling zbox v0.9.2
[INFO] [stderr]    Compiling rand_core v0.5.1
[INFO] [stderr]    Compiling rand_core v0.6.3
[INFO] [stderr]    Compiling dirs-next v2.0.0
[INFO] [stderr]    Compiling clap v2.33.3
[INFO] [stderr]    Compiling nix v0.20.2
[INFO] [stderr]    Compiling dirs v1.0.5
[INFO] [stderr]    Compiling fd-lock v2.0.0
[INFO] [stderr]    Compiling rand_chacha v0.3.1
[INFO] [stderr]    Compiling rand_chacha v0.2.2
[INFO] [stderr]    Compiling term v0.5.2
[INFO] [stderr]    Compiling dirs-sys v0.3.6
[INFO] [stderr]    Compiling time v0.1.44
[INFO] [stderr] error: failed to run custom build command for `zbox v0.9.2`
[INFO] [stderr] note: To improve backtraces for build dependencies, set the CARGO_PROFILE_RELEASE_BUILD_OVERRIDE_DEBUG=true environment variable to enable debug information generation.
[INFO] [stderr] 
[INFO] [stderr] Caused by:
[INFO] [stderr]   process didn't exit successfully: `/opt/rustwide/target/release/build/zbox/5a94c788ff4a4483/out/build_script_build` (exit status: 101)
[INFO] [stderr]   --- stderr
[INFO] [stderr] 
[INFO] [stderr]   thread 'main' (1272) panicked at /opt/rustwide/cargo-home/registry/src/index.crates.io-1949cf8c6b5b557f/zbox-0.9.2/build.rs:132:9:
[INFO] [stderr]   assertion failed: output.status.success()
[INFO] [stderr]   stack backtrace:
[INFO] [stderr]      0:     0x602bb07c80e1 - <<std[617be2ca0a6fd877]::sys::backtrace::BacktraceLock>::print::DisplayBacktrace as core[a373ad73a504971]::fmt::Display>::fmt
[INFO] [stderr]      1:     0x602bb07dbe4a - core[a373ad73a504971]::fmt::write
[INFO] [stderr]      2:     0x602bb07cdd5c - <std[617be2ca0a6fd877]::sys::stdio::unix::Stderr as core[a373ad73a504971]::io::write::Write>::write_fmt
[INFO] [stderr]      3:     0x602bb07a5576 - std[617be2ca0a6fd877]::panicking::default_hook::{closure#0}
[INFO] [stderr]      4:     0x602bb07c1e81 - std[617be2ca0a6fd877]::panicking::default_hook
[INFO] [stderr]      5:     0x602bb07c203b - std[617be2ca0a6fd877]::panicking::panic_with_hook
[INFO] [stderr]      6:     0x602bb07a5654 - std[617be2ca0a6fd877]::panicking::panic_handler::{closure#0}
[INFO] [stderr]      7:     0x602bb079dfe9 - std[617be2ca0a6fd877]::sys::backtrace::__rust_end_short_backtrace::<std[617be2ca0a6fd877]::panicking::panic_handler::{closure#0}, !>
[INFO] [stderr]      8:     0x602bb07a5fed - __rustc[ea4f61d10b84890b]::rust_begin_unwind
[INFO] [stderr]      9:     0x602bb07dc5bc - core[a373ad73a504971]::panicking::panic_fmt
[INFO] [stderr]     10:     0x602bb07dc582 - core[a373ad73a504971]::panicking::panic
[INFO] [stderr]     11:     0x602bb073b045 - build_script_build[17bdc8a411e8a0ac]::download_and_install_libsodium
[INFO] [stderr]     12:     0x602bb073bf8c - build_script_build[17bdc8a411e8a0ac]::main
[INFO] [stderr]     13:     0x602bb073cee3 - <fn() as core[a373ad73a504971]::ops::function::FnOnce<()>>::call_once
[INFO] [stderr]     14:     0x602bb073a4d6 - std[617be2ca0a6fd877]::sys::backtrace::__rust_begin_short_backtrace::<fn(), ()>
[INFO] [stderr]     15:     0x602bb073a509 - std[617be2ca0a6fd877]::rt::lang_start::<()>::{closure#0}
[INFO] [stderr]     16:     0x602bb07c1288 - std[617be2ca0a6fd877]::rt::lang_start_internal
[INFO] [stderr]     17:     0x602bb073a361 - std[617be2ca0a6fd877]::rt::lang_start::<()>
[INFO] [stderr]     18:     0x602bb073cf25 - main
[INFO] [stderr]     19:     0x7527bdafd601 - <unknown>
[INFO] [stderr]     20:     0x7527bdafd718 - __libc_start_main
[INFO] [stderr]     21:     0x602bb0739e25 - _start
[INFO] [stderr]     22:                0x0 - <unknown>
[INFO] [stderr] warning: build failed, waiting for other jobs to finish...
[INFO] [stderr] error: failed to run custom build command for `xcb v0.8.2`
[INFO] [stderr] note: To improve backtraces for build dependencies, set the CARGO_PROFILE_RELEASE_BUILD_OVERRIDE_DEBUG=true environment variable to enable debug information generation.
[INFO] [stderr] 
[INFO] [stderr] Caused by:
[INFO] [stderr]   process didn't exit successfully: `/opt/rustwide/target/release/build/xcb/3ad47c49afe3f084/out/build_script_build` (exit status: 101)
[INFO] [stderr]   --- stderr
[INFO] [stderr]   error occured in handler:  ('request: ', ('xcb', 'Glx', 'GetQueryObjectuivARB'))
[INFO] [stderr]   Traceback (most recent call last):
[INFO] [stderr]     File "/opt/rustwide/cargo-home/registry/src/index.crates.io-1949cf8c6b5b557f/xcb-0.8.2/rs_client.py", line 2448, in <module>
[INFO] [stderr]       module.generate()
[INFO] [stderr]       ~~~~~~~~~~~~~~~^^
[INFO] [stderr]     File "/opt/rustwide/cargo-home/registry/src/index.crates.io-1949cf8c6b5b557f/xcb-0.8.2/xcbgen/state.py", line 108, in generate
[INFO] [stderr]       self.close()
[INFO] [stderr]       ~~~~~~~~~~^^
[INFO] [stderr]     File "/opt/rustwide/cargo-home/registry/src/index.crates.io-1949cf8c6b5b557f/xcb-0.8.2/rs_client.py", line 296, in rs_close
[INFO] [stderr]       _f.writeout(os.path.join(module.rs_srcdir, "ffi", "%s.rs" % _module_name(_ns.ext_name)))
[INFO] [stderr]       ~~~~~~~~~~~^^^^^^^^^^^^^^^^^^^^^^^^^^^^^^^^^^^^^^^^^^^^^^^^^^^^^^^^^^^^^^^^^^^^^^^^^^^^^
[INFO] [stderr]     File "/opt/rustwide/cargo-home/registry/src/index.crates.io-1949cf8c6b5b557f/xcb-0.8.2/rs_client.py", line 114, in writeout
[INFO] [stderr]       with open(path, 'w') as f:
[INFO] [stderr]            ~~~~^^^^^^^^^^^
[INFO] [stderr]   OSError: [Errno 30] Read-only file system: '/opt/rustwide/cargo-home/registry/src/index.crates.io-1949cf8c6b5b557f/xcb-0.8.2/src/ffi/glx.rs'
[INFO] [stderr] 
[INFO] [stderr]   thread 'main' (1183) panicked at /opt/rustwide/cargo-home/registry/src/index.crates.io-1949cf8c6b5b557f/xcb-0.8.2/build.rs:75:17:
[INFO] [stderr]   processing of /opt/rustwide/cargo-home/registry/src/index.crates.io-1949cf8c6b5b557f/xcb-0.8.2/xml/glx.xml returned non-zero (1)
[INFO] [stderr]   stack backtrace:
[INFO] [stderr]      0:     0x5f6603ca2ae1 - <<std[617be2ca0a6fd877]::sys::backtrace::BacktraceLock>::print::DisplayBacktrace as core[a373ad73a504971]::fmt::Display>::fmt
[INFO] [stderr]      1:     0x5f6603cb3a3a - core[a373ad73a504971]::fmt::write
[INFO] [stderr]      2:     0x5f6603ca671c - <std[617be2ca0a6fd877]::sys::stdio::unix::Stderr as core[a373ad73a504971]::io::write::Write>::write_fmt
[INFO] [stderr]      3:     0x5f6603c84f46 - std[617be2ca0a6fd877]::panicking::default_hook::{closure#0}
[INFO] [stderr]      4:     0x5f6603c9ea31 - std[617be2ca0a6fd877]::panicking::default_hook
[INFO] [stderr]      5:     0x5f6603c9ebeb - std[617be2ca0a6fd877]::panicking::panic_with_hook
[INFO] [stderr]      6:     0x5f6603c84ff2 - std[617be2ca0a6fd877]::panicking::panic_handler::{closure#0}
[INFO] [stderr]      7:     0x5f6603c7dfc9 - std[617be2ca0a6fd877]::sys::backtrace::__rust_end_short_backtrace::<std[617be2ca0a6fd877]::panicking::panic_handler::{closure#0}, !>
[INFO] [stderr]      8:     0x5f6603c857bd - __rustc[ea4f61d10b84890b]::rust_begin_unwind
[INFO] [stderr]      9:     0x5f6603cb416c - core[a373ad73a504971]::panicking::panic_fmt
[INFO] [stderr]     10:     0x5f6603c705cb - build_script_build[310b526c9fc4bdc9]::main::{closure#0}
[INFO] [stderr]     11:     0x5f6603c6e9ca - build_script_build[310b526c9fc4bdc9]::visit_xml::<build_script_build[310b526c9fc4bdc9]::main::{closure#0}>
[INFO] [stderr]     12:     0x5f6603c70d7a - build_script_build[310b526c9fc4bdc9]::main
[INFO] [stderr]     13:     0x5f6603c72b8b - <fn() as core[a373ad73a504971]::ops::function::FnOnce<()>>::call_once
[INFO] [stderr]     14:     0x5f6603c6fda6 - std[617be2ca0a6fd877]::sys::backtrace::__rust_begin_short_backtrace::<fn(), ()>
[INFO] [stderr]     15:     0x5f6603c700b9 - std[617be2ca0a6fd877]::rt::lang_start::<()>::{closure#0}
[INFO] [stderr]     16:     0x5f6603c9dea8 - std[617be2ca0a6fd877]::rt::lang_start_internal
[INFO] [stderr]     17:     0x5f6603c6f5f1 - std[617be2ca0a6fd877]::rt::lang_start::<()>
[INFO] [stderr]     18:     0x5f6603c72bc5 - main
[INFO] [stderr]     19:     0x7470d3ec4601 - <unknown>
[INFO] [stderr]     20:     0x7470d3ec4718 - __libc_start_main
[INFO] [stderr]     21:     0x5f6603c6e455 - _start
[INFO] [stderr]     22:                0x0 - <unknown>
[INFO] running `Command { std: "docker" "inspect" "ff92e2f232095673caa0c59288bc96478a58174e464e3487fa1f9a2a13265c45", kill_on_drop: false }`
[INFO] running `Command { std: "docker" "rm" "-f" "ff92e2f232095673caa0c59288bc96478a58174e464e3487fa1f9a2a13265c45", kill_on_drop: false }`
[INFO] [stdout] ff92e2f232095673caa0c59288bc96478a58174e464e3487fa1f9a2a13265c45
