[INFO] fetching crate nuttx-arm64-emulator 1.0.7...
[INFO] testing nuttx-arm64-emulator-1.0.7 against 1.100.0-beta.1+cargoflags=--release for beta-release-1.100-2
[INFO] extracting crate nuttx-arm64-emulator 1.0.7 into /workspace/builds/worker-4-tc2/source
[INFO] started tweaking crates.io crate nuttx-arm64-emulator 1.0.7
[INFO] finished tweaking crates.io crate nuttx-arm64-emulator 1.0.7
[INFO] tweaked toml for crates.io crate nuttx-arm64-emulator 1.0.7 written to /workspace/builds/worker-4-tc2/source/Cargo.toml
[INFO] validating manifest of crates.io crate nuttx-arm64-emulator 1.0.7 on toolchain 1.100.0-beta.1
[INFO] running `Command { std: CARGO_HOME="/workspace/cargo-home" RUSTUP_HOME="/workspace/rustup-home" "/workspace/cargo-home/bin/cargo" "+1.100.0-beta.1" "metadata" "--manifest-path" "Cargo.toml" "--no-deps", kill_on_drop: false }`
[INFO] crate crates.io crate nuttx-arm64-emulator 1.0.7 already has a lockfile, it will not be regenerated
[INFO] running `Command { std: CARGO_HOME="/workspace/cargo-home" RUSTUP_HOME="/workspace/rustup-home" "/workspace/cargo-home/bin/cargo" "+1.100.0-beta.1" "fetch" "--manifest-path" "Cargo.toml", kill_on_drop: false }`
[INFO] running `Command { std: "docker" "create" "-v" "/var/lib/crater-agent-workspace/builds/worker-4-tc2/source:/opt/rustwide/workdir:ro,Z" "-v" "/var/lib/crater-agent-workspace/builds/worker-4-tc2/target:/opt/rustwide/target:rw,Z" "-v" "/var/lib/crater-agent-workspace/cargo-home:/opt/rustwide/cargo-home:ro,Z" "-v" "/var/lib/crater-agent-workspace/rustup-home:/opt/rustwide/rustup-home:ro,Z" "-m" "1610612736" "--network" "none" "ghcr.io/rust-lang/crates-build-env/linux@sha256:77db811e55d90add9212f6832c23229e3de5f1c1f9905e8cb07319ea15df73ac" "sleep" "infinity", kill_on_drop: false }`
[INFO] [stdout] b78d21df25792c5089a8969cf8f4e5dba68ee9a374dabbf8f2e7ded300fbfc09
[INFO] running `Command { std: "docker" "start" "b78d21df25792c5089a8969cf8f4e5dba68ee9a374dabbf8f2e7ded300fbfc09", kill_on_drop: false }`
[INFO] running `Command { std: "docker" "inspect" "b78d21df25792c5089a8969cf8f4e5dba68ee9a374dabbf8f2e7ded300fbfc09", kill_on_drop: false }`
[INFO] running `Command { std: "docker" "exec" "-e" "SOURCE_DIR=/opt/rustwide/workdir" "-e" "CARGO_HOME=/opt/rustwide/cargo-home" "-e" "RUSTUP_HOME=/opt/rustwide/rustup-home" "-e" "CARGO_TARGET_DIR=/opt/rustwide/target" "-w" "/opt/rustwide/workdir" "--user" "0:0" "b78d21df25792c5089a8969cf8f4e5dba68ee9a374dabbf8f2e7ded300fbfc09" "/opt/rustwide/cargo-home/bin/cargo" "+1.100.0-beta.1" "metadata" "--no-deps" "--format-version=1", kill_on_drop: false }`
[INFO] running `Command { std: "docker" "inspect" "b78d21df25792c5089a8969cf8f4e5dba68ee9a374dabbf8f2e7ded300fbfc09", kill_on_drop: false }`
[INFO] running `Command { std: "docker" "exec" "-e" "SOURCE_DIR=/opt/rustwide/workdir" "-e" "CARGO_HOME=/opt/rustwide/cargo-home" "-e" "RUSTUP_HOME=/opt/rustwide/rustup-home" "-e" "CARGO_TARGET_DIR=/opt/rustwide/target" "-e" "CARGO_INCREMENTAL=0" "-e" "RUST_BACKTRACE=full" "-e" "RUSTFLAGS=--cap-lints=warn" "-e" "RUSTDOCFLAGS=--cap-lints=warn" "-w" "/opt/rustwide/workdir" "--user" "0:0" "b78d21df25792c5089a8969cf8f4e5dba68ee9a374dabbf8f2e7ded300fbfc09" "/opt/rustwide/cargo-home/bin/cargo" "+1.100.0-beta.1" "build" "--frozen" "--message-format=json" "--release", kill_on_drop: false }`
[INFO] [stderr]    Compiling crc32fast v1.3.2
[INFO] [stderr]    Compiling adler v1.0.2
[INFO] [stderr]    Compiling memchr v2.5.0
[INFO] [stderr]    Compiling cpp_demangle v0.4.0
[INFO] [stderr]    Compiling libc v0.2.171
[INFO] [stderr]    Compiling pkg-config v0.3.32
[INFO] [stderr]    Compiling fallible-iterator v0.2.0
[INFO] [stderr]    Compiling stable_deref_trait v1.2.0
[INFO] [stderr]    Compiling rustc-demangle v0.1.21
[INFO] [stderr]    Compiling bitflags v2.9.0
[INFO] [stderr]    Compiling smallvec v1.10.0
[INFO] [stderr]    Compiling once_cell v1.17.1
[INFO] [stderr]    Compiling indexmap v1.9.2
[INFO] [stderr]    Compiling cc v1.2.16
[INFO] [stderr]    Compiling miniz_oxide v0.6.2
[INFO] [stderr]    Compiling gimli v0.27.2
[INFO] [stderr]    Compiling flate2 v1.0.25
[INFO] [stderr]    Compiling object v0.30.3
[INFO] [stderr]    Compiling cmake v0.1.54
[INFO] [stderr]    Compiling unicorn-engine v2.1.3
[INFO] [stderr]    Compiling addr2line v0.19.0
[INFO] [stderr] error: failed to run custom build command for `unicorn-engine v2.1.3`
[INFO] [stderr] note: To improve backtraces for build dependencies, set the CARGO_PROFILE_RELEASE_BUILD_OVERRIDE_DEBUG=true environment variable to enable debug information generation.
[INFO] [stderr] 
[INFO] [stderr] Caused by:
[INFO] [stderr]   process didn't exit successfully: `/opt/rustwide/target/release/build/unicorn-engine/df7c998b24573d25/out/build_script_build` (exit status: 101)
[INFO] [stderr]   --- stdout
[INFO] [stderr]   cargo:rerun-if-env-changed=UNICORN_NO_PKG_CONFIG
[INFO] [stderr]   cargo:rerun-if-env-changed=PKG_CONFIG_x86_64-unknown-linux-gnu
[INFO] [stderr]   cargo:rerun-if-env-changed=PKG_CONFIG_x86_64_unknown_linux_gnu
[INFO] [stderr]   cargo:rerun-if-env-changed=HOST_PKG_CONFIG
[INFO] [stderr]   cargo:rerun-if-env-changed=PKG_CONFIG
[INFO] [stderr]   cargo:rerun-if-env-changed=UNICORN_STATIC
[INFO] [stderr]   cargo:rerun-if-env-changed=UNICORN_DYNAMIC
[INFO] [stderr]   cargo:rerun-if-env-changed=PKG_CONFIG_ALL_STATIC
[INFO] [stderr]   cargo:rerun-if-env-changed=PKG_CONFIG_ALL_DYNAMIC
[INFO] [stderr]   cargo:rerun-if-env-changed=PKG_CONFIG_PATH_x86_64-unknown-linux-gnu
[INFO] [stderr]   cargo:rerun-if-env-changed=PKG_CONFIG_PATH_x86_64_unknown_linux_gnu
[INFO] [stderr]   cargo:rerun-if-env-changed=HOST_PKG_CONFIG_PATH
[INFO] [stderr]   cargo:rerun-if-env-changed=PKG_CONFIG_PATH
[INFO] [stderr]   cargo:rerun-if-env-changed=PKG_CONFIG_LIBDIR_x86_64-unknown-linux-gnu
[INFO] [stderr]   cargo:rerun-if-env-changed=PKG_CONFIG_LIBDIR_x86_64_unknown_linux_gnu
[INFO] [stderr]   cargo:rerun-if-env-changed=HOST_PKG_CONFIG_LIBDIR
[INFO] [stderr]   cargo:rerun-if-env-changed=PKG_CONFIG_LIBDIR
[INFO] [stderr]   cargo:rerun-if-env-changed=PKG_CONFIG_SYSROOT_DIR_x86_64-unknown-linux-gnu
[INFO] [stderr]   cargo:rerun-if-env-changed=PKG_CONFIG_SYSROOT_DIR_x86_64_unknown_linux_gnu
[INFO] [stderr]   cargo:rerun-if-env-changed=HOST_PKG_CONFIG_SYSROOT_DIR
[INFO] [stderr]   cargo:rerun-if-env-changed=PKG_CONFIG_SYSROOT_DIR
[INFO] [stderr]   OPT_LEVEL = Some(3)
[INFO] [stderr]   OUT_DIR = Some(/opt/rustwide/target/release/build/unicorn-engine/d7d91eb656742215/out)
[INFO] [stderr]   TARGET = Some(x86_64-unknown-linux-gnu)
[INFO] [stderr]   HOST = Some(x86_64-unknown-linux-gnu)
[INFO] [stderr]   cargo:rerun-if-env-changed=CC_x86_64-unknown-linux-gnu
[INFO] [stderr]   CC_x86_64-unknown-linux-gnu = None
[INFO] [stderr]   cargo:rerun-if-env-changed=CC_x86_64_unknown_linux_gnu
[INFO] [stderr]   CC_x86_64_unknown_linux_gnu = None
[INFO] [stderr]   cargo:rerun-if-env-changed=HOST_CC
[INFO] [stderr]   HOST_CC = None
[INFO] [stderr]   cargo:rerun-if-env-changed=CC
[INFO] [stderr]   CC = None
[INFO] [stderr]   cargo:rerun-if-env-changed=CC_ENABLE_DEBUG_OUTPUT
[INFO] [stderr]   RUSTC_WRAPPER = None
[INFO] [stderr]   cargo:rerun-if-env-changed=CRATE_CC_NO_DEFAULTS
[INFO] [stderr]   CRATE_CC_NO_DEFAULTS = None
[INFO] [stderr]   DEBUG = Some(false)
[INFO] [stderr]   CARGO_CFG_TARGET_FEATURE = Some(fxsr,sse,sse2)
[INFO] [stderr]   cargo:rerun-if-env-changed=CFLAGS
[INFO] [stderr]   CFLAGS = None
[INFO] [stderr]   cargo:rerun-if-env-changed=HOST_CFLAGS
[INFO] [stderr]   HOST_CFLAGS = None
[INFO] [stderr]   cargo:rerun-if-env-changed=CFLAGS_x86_64_unknown_linux_gnu
[INFO] [stderr]   CFLAGS_x86_64_unknown_linux_gnu = None
[INFO] [stderr]   cargo:rerun-if-env-changed=CFLAGS_x86_64-unknown-linux-gnu
[INFO] [stderr]   CFLAGS_x86_64-unknown-linux-gnu = None
[INFO] [stderr]   CARGO_ENCODED_RUSTFLAGS = Some(--cap-lints=warn)
[INFO] [stderr]   cargo:rustc-link-arg=-Wl,-allow-multiple-definition
[INFO] [stderr]   CMAKE_TOOLCHAIN_FILE_x86_64-unknown-linux-gnu = None
[INFO] [stderr]   CMAKE_TOOLCHAIN_FILE_x86_64_unknown_linux_gnu = None
[INFO] [stderr]   HOST_CMAKE_TOOLCHAIN_FILE = None
[INFO] [stderr]   CMAKE_TOOLCHAIN_FILE = None
[INFO] [stderr]   1.13.2
[INFO] [stderr]   CMAKE_PREFIX_PATH_x86_64-unknown-linux-gnu = None
[INFO] [stderr]   CMAKE_PREFIX_PATH_x86_64_unknown_linux_gnu = None
[INFO] [stderr]   HOST_CMAKE_PREFIX_PATH = None
[INFO] [stderr]   CMAKE_PREFIX_PATH = None
[INFO] [stderr]   CMAKE_x86_64-unknown-linux-gnu = None
[INFO] [stderr]   CMAKE_x86_64_unknown_linux_gnu = None
[INFO] [stderr]   HOST_CMAKE = None
[INFO] [stderr]   CMAKE = None
[INFO] [stderr]   running: cd "/opt/rustwide/target/release/build/unicorn-engine/d7d91eb656742215/out/build" && CMAKE_PREFIX_PATH="" LC_ALL="C" "cmake" "/opt/rustwide/cargo-home/registry/src/index.crates.io-1949cf8c6b5b557f/unicorn-engine-2.1.3" "-G" "Ninja" "-DUNICORN_BUILD_TESTS=OFF" "-DUNICORN_INSTALL=OFF" "-DUNICORN_ARCH=x86;arm;aarch64;riscv;mips;sparc;m68k;ppc;s390x;tricore" "-DCMAKE_INSTALL_PREFIX=/opt/rustwide/target/release/build/unicorn-engine/d7d91eb656742215/out" "-DCMAKE_C_FLAGS= -ffunction-sections -fdata-sections -fPIC -m64" "-DCMAKE_C_COMPILER=/usr/bin/cc" "-DCMAKE_CXX_FLAGS= -ffunction-sections -fdata-sections -fPIC -m64" "-DCMAKE_CXX_COMPILER=/usr/bin/c++" "-DCMAKE_ASM_FLAGS= -ffunction-sections -fdata-sections -fPIC -m64" "-DCMAKE_ASM_COMPILER=/usr/bin/cc" "-DCMAKE_BUILD_TYPE=Release"
[INFO] [stderr]   -- The C compiler identification is GNU 15.2.0
[INFO] [stderr]   -- Detecting C compiler ABI info
[INFO] [stderr]   -- Detecting C compiler ABI info - done
[INFO] [stderr]   -- Check for working C compiler: /usr/bin/cc - skipped
[INFO] [stderr]   -- Detecting C compile features
[INFO] [stderr]   -- Detecting C compile features - done
[INFO] [stderr]   Install prefix    /usr/local
[INFO] [stderr]   binary directory  /usr/local/bin
[INFO] [stderr]   library directory /usr/local/lib
[INFO] [stderr]   libexec directory /usr/local/libexec
[INFO] [stderr]   include directory /usr/local/include
[INFO] [stderr]   config directory  /usr/local/etc
[INFO] [stderr]   local state directory   /usr/local/var
[INFO] [stderr]   ELF interp prefix /usr/gnemul/qemu-%M
[INFO] [stderr]   Build directory   /opt/rustwide/target/release/build/unicorn-engine/d7d91eb656742215/out/build
[INFO] [stderr]   Source path       /opt/rustwide/cargo-home/registry/src/index.crates.io-1949cf8c6b5b557f/unicorn-engine-2.1.3/qemu
[INFO] [stderr]   GIT binary        git
[INFO] [stderr]   GIT submodules    
[INFO] [stderr]   C compiler        /usr/bin/cc
[INFO] [stderr]   Host C compiler   cc
[INFO] [stderr]   C++ compiler      c++
[INFO] [stderr]   Objective-C compiler clang
[INFO] [stderr]   ARFLAGS           rv
[INFO] [stderr]   CFLAGS            -g 
[INFO] [stderr]   QEMU_CFLAGS       -fPIE -DPIE -m64 -mcx16 -D_GNU_SOURCE -D_FILE_OFFSET_BITS=64 -D_LARGEFILE_SOURCE -Wstrict-prototypes -Wredundant-decls -Wall -Wundef -Wwrite-strings -Wmissing-prototypes -fno-strict-aliasing -fno-common -fwrapv -std=gnu99  -DUNICORN_HAS_X86 -DUNICORN_HAS_ARM -DUNICORN_HAS_ARM64 -DUNICORN_HAS_M68K -DUNICORN_HAS_MIPS -DUNICORN_HAS_MIPSEL -DUNICORN_HAS_MIPS64 -DUNICORN_HAS_MIPS64EL -DUNICORN_HAS_SPARC -DUNICORN_HAS_PPC -DUNICORN_HAS_RISCV -DUNICORN_HAS_S390X -DUNICORN_HAS_TRICORE -fPIC -Wexpansion-to-defined -Wendif-labels -Wno-shift-negative-value -Wno-missing-include-dirs -Wempty-body -Wnested-externs -Wformat-security -Wformat-y2k -Winit-self -Wignored-qualifiers -Wold-style-declaration -Wold-style-definition -Wtype-limits -fstack-protector-strong
[INFO] [stderr]   QEMU_LDFLAGS      -Wl,--warn-common -Wl,-z,relro -Wl,-z,now -pie -m64  -DUNICORN_HAS_X86 -DUNICORN_HAS_ARM -DUNICORN_HAS_ARM64 -DUNICORN_HAS_M68K -DUNICORN_HAS_MIPS -DUNICORN_HAS_MIPSEL -DUNICORN_HAS_MIPS64 -DUNICORN_HAS_MIPS64EL -DUNICORN_HAS_SPARC -DUNICORN_HAS_PPC -DUNICORN_HAS_RISCV -DUNICORN_HAS_S390X -DUNICORN_HAS_TRICORE -fPIC -fstack-protector-strong
[INFO] [stderr]   make              make
[INFO] [stderr]   install           install
[INFO] [stderr]   host CPU          x86_64
[INFO] [stderr]   host big endian   no
[INFO] [stderr]   target list       x86_64-softmmu  arm-softmmu  aarch64-softmmu  m68k-softmmu  mips-softmmu  mipsel-softmmu  mips64-softmmu  mips64el-softmmu  sparc-softmmu  sparc64-softmmu  ppc-softmmu  ppc64-softmmu  riscv32-softmmu  riscv64-softmmu  s390x-softmmu  tricore-softmmu   
[INFO] [stderr]   strip binaries    yes
[INFO] [stderr]   static build      no
[INFO] [stderr]   mingw32 support   no
[INFO] [stderr]   PIE               yes
[INFO] [stderr]   TCG support       yes
[INFO] [stderr]   malloc trim support yes
[INFO] [stderr]   membarrier        no
[INFO] [stderr]   madvise           yes
[INFO] [stderr]   posix_madvise     yes
[INFO] [stderr]   posix_memalign    yes
[INFO] [stderr]   debug stack usage no
[INFO] [stderr]   tcmalloc support  no
[INFO] [stderr]   jemalloc support  no
[INFO] [stderr]   avx2 optimization yes
[INFO] [stderr]   avx512f optimization no
[INFO] [stderr]   -- Configuring done (5.5s)
[INFO] [stderr]   -- Generating done (0.2s)
[INFO] [stderr]   -- Build files have been written to: /opt/rustwide/target/release/build/unicorn-engine/d7d91eb656742215/out/build
[INFO] [stderr]   running: cd "/opt/rustwide/target/release/build/unicorn-engine/d7d91eb656742215/out/build" && LC_ALL="C" "cmake" "--build" "/opt/rustwide/target/release/build/unicorn-engine/d7d91eb656742215/out/build" "--config" "Release" "--parallel" "16"
[INFO] [stderr]   [1/607] Building C object CMakeFiles/unicorn-common.dir/glib_compat/gslice.c.o
[INFO] [stderr]   [2/607] Building C object CMakeFiles/unicorn-common.dir/glib_compat/glist.c.o
[INFO] [stderr]   [3/607] Building C object CMakeFiles/unicorn-common.dir/qemu/util/cutils.c.o
[INFO] [stderr]   [4/607] Building C object CMakeFiles/unicorn-common.dir/glib_compat/gtestutils.c.o
[INFO] [stderr]   [5/607] Building C object CMakeFiles/unicorn-common.dir/list.c.o
[INFO] [stderr]   [6/607] Building C object CMakeFiles/unicorn-common.dir/glib_compat/gmem.c.o
[INFO] [stderr]   [7/607] Building C object CMakeFiles/unicorn-common.dir/qemu/util/crc32c.c.o
[INFO] [stderr]   [8/607] Building C object CMakeFiles/unicorn-common.dir/qemu/util/bitops.c.o
[INFO] [stderr]   [9/607] Building C object CMakeFiles/unicorn-common.dir/qemu/util/guest-random.c.o
[INFO] [stderr]   [10/607] Building C object CMakeFiles/unicorn-common.dir/qemu/util/osdep.c.o
[INFO] [stderr]   [11/607] Building C object CMakeFiles/unicorn-common.dir/qemu/util/pagesize.c.o
[INFO] [stderr]   [12/607] Building C object CMakeFiles/unicorn-common.dir/glib_compat/glib_compat.c.o
[INFO] [stderr]   /opt/rustwide/cargo-home/registry/src/index.crates.io-1949cf8c6b5b557f/unicorn-engine-2.1.3/glib_compat/glib_compat.c: In function 'g_strsplit':
[INFO] [stderr]   /opt/rustwide/cargo-home/registry/src/index.crates.io-1949cf8c6b5b557f/unicorn-engine-2.1.3/glib_compat/glib_compat.c:1434:7: warning: assignment discards 'const' qualifier from pointer target type [-Wdiscarded-qualifiers]
[INFO] [stderr]    1434 |     s = strstr (remainder, delimiter);
[INFO] [stderr]         |       ^
[INFO] [stderr]   /opt/rustwide/cargo-home/registry/src/index.crates.io-1949cf8c6b5b557f/unicorn-engine-2.1.3/glib_compat/glib_compat.c:1448:15: warning: assignment discards 'const' qualifier from pointer target type [-Wdiscarded-qualifiers]
[INFO] [stderr]    1448 |             s = strstr (remainder, delimiter);
[INFO] [stderr]         |               ^
[INFO] [stderr]   [13/607] Building C object CMakeFiles/unicorn-common.dir/qemu/util/qemu-thread-posix.c.o
[INFO] [stderr]   [14/607] Building C object CMakeFiles/unicorn-common.dir/qemu/util/host-utils.c.o
[INFO] [stderr]   [15/607] Building C object CMakeFiles/unicorn-common.dir/qemu/util/getauxval.c.o
[INFO] [stderr]   [16/607] Building C object CMakeFiles/unicorn-common.dir/qemu/util/cacheinfo.c.o
[INFO] [stderr]   [17/607] Building C object CMakeFiles/unicorn-common.dir/qemu/util/qemu-timer.c.o
[INFO] [stderr]   [18/607] Building C object CMakeFiles/unicorn-common.dir/glib_compat/gtree.c.o
[INFO] [stderr]   [19/607] Building C object CMakeFiles/unicorn-common.dir/qemu/util/qemu-timer-common.c.o
[INFO] [stderr]   [20/607] Building C object CMakeFiles/unicorn-common.dir/qemu/util/range.c.o
[INFO] [stderr]   [21/607] Building C object CMakeFiles/unicorn-common.dir/glib_compat/gpattern.c.o
[INFO] [stderr]   [22/607] Building C object CMakeFiles/unicorn-common.dir/qemu/util/qht.c.o
[INFO] [stderr]   [23/607] Building C object CMakeFiles/unicorn-common.dir/qemu/crypto/aes.c.o
[INFO] [stderr]   [24/607] Building C object CMakeFiles/unicorn-common.dir/qemu/util/oslib-posix.c.o
[INFO] [stderr]   [25/607] Building C object CMakeFiles/unicorn-common.dir/qemu/util/bitmap.c.o
[INFO] [stderr]   [26/607] Building C object CMakeFiles/unicorn-common.dir/glib_compat/grand.c.o
[INFO] [stderr]   [27/607] Building C object CMakeFiles/unicorn-common.dir/glib_compat/garray.c.o
[INFO] [stderr]   [28/607] Building C object CMakeFiles/x86_64-softmmu.dir/qemu/softmmu/ioport.c.o
[INFO] [stderr]   [29/607] Building C object CMakeFiles/x86_64-softmmu.dir/qemu/exec-vary.c.o
[INFO] [stderr]   [30/607] Building C object CMakeFiles/x86_64-softmmu.dir/qemu/softmmu/memory_mapping.c.o
[INFO] [stderr]   [31/607] Building C object CMakeFiles/x86_64-softmmu.dir/qemu/softmmu/cpus.c.o
[INFO] [stderr]   [32/607] Building C object CMakeFiles/x86_64-softmmu.dir/qemu/accel/tcg/cpu-exec.c.o
[INFO] [stderr]   [33/607] Building C object CMakeFiles/x86_64-softmmu.dir/qemu/accel/tcg/cpu-exec-common.c.o
[INFO] [stderr]   [34/607] Building C object CMakeFiles/x86_64-softmmu.dir/qemu/accel/tcg/tcg-all.c.o
[INFO] [stderr]   [35/607] Building C object CMakeFiles/unicorn-common.dir/qemu/util/qdist.c.o
[INFO] [stderr]   [36/607] Building C object CMakeFiles/x86_64-softmmu.dir/qemu/hw/i386/x86.c.o
[INFO] [stderr]   [37/607] Building C object CMakeFiles/x86_64-softmmu.dir/qemu/accel/tcg/tcg-runtime.c.o
[INFO] [stderr]   [38/607] Building C object CMakeFiles/x86_64-softmmu.dir/qemu/softmmu/unicorn_vtlb.c.o
[INFO] [stderr]   [39/607] Building C object CMakeFiles/x86_64-softmmu.dir/qemu/target/i386/arch_memory_mapping.c.o
[INFO] [stderr]   [40/607] Building C object CMakeFiles/x86_64-softmmu.dir/qemu/tcg/tcg-op-vec.c.o
[INFO] [stderr]   [41/607] Building C object CMakeFiles/x86_64-softmmu.dir/qemu/target/i386/cc_helper.c.o
[INFO] [stderr]   [42/607] Building C object CMakeFiles/x86_64-softmmu.dir/qemu/softmmu/memory.c.o
[INFO] [stderr]   [43/607] Building C object CMakeFiles/x86_64-softmmu.dir/qemu/target/i386/helper.c.o
[INFO] [stderr]   [44/607] Building C object CMakeFiles/x86_64-softmmu.dir/qemu/accel/tcg/translator.c.o
[INFO] [stderr]   [45/607] Building C object CMakeFiles/x86_64-softmmu.dir/qemu/target/i386/excp_helper.c.o
[INFO] [stderr]   [46/607] Building C object CMakeFiles/x86_64-softmmu.dir/qemu/target/i386/bpt_helper.c.o
[INFO] [stderr]   [47/607] Building C object CMakeFiles/x86_64-softmmu.dir/qemu/target/i386/mem_helper.c.o
[INFO] [stderr]   [48/607] Building C object CMakeFiles/x86_64-softmmu.dir/qemu/target/i386/mpx_helper.c.o
[INFO] [stderr]   [49/607] Building C object CMakeFiles/x86_64-softmmu.dir/qemu/accel/tcg/translate-all.c.o
[INFO] [stderr]   [50/607] Building C object CMakeFiles/x86_64-softmmu.dir/qemu/target/i386/int_helper.c.o
[INFO] [stderr]   [51/607] Building C object CMakeFiles/x86_64-softmmu.dir/qemu/target/i386/machine.c.o
[INFO] [stderr]   [52/607] Building C object CMakeFiles/x86_64-softmmu.dir/qemu/tcg/optimize.c.o
[INFO] [stderr]   [53/607] Building C object CMakeFiles/x86_64-softmmu.dir/qemu/target/i386/misc_helper.c.o
[INFO] [stderr]   [54/607] Building C object CMakeFiles/x86_64-softmmu.dir/qemu/exec.c.o
[INFO] [stderr]   [55/607] Building C object CMakeFiles/x86_64-softmmu.dir/qemu/target/i386/svm_helper.c.o
[INFO] [stderr]   [56/607] Building C object CMakeFiles/arm-softmmu.dir/qemu/exec-vary.c.o
[INFO] [stderr]   [57/607] Building C object CMakeFiles/x86_64-softmmu.dir/qemu/target/i386/smm_helper.c.o
[INFO] [stderr]   [58/607] Building C object CMakeFiles/x86_64-softmmu.dir/qemu/target/i386/xsave_helper.c.o
[INFO] [stderr]   [59/607] Building C object CMakeFiles/arm-softmmu.dir/qemu/softmmu/ioport.c.o
[INFO] [stderr]   [60/607] Building C object CMakeFiles/arm-softmmu.dir/qemu/softmmu/cpus.c.o
[INFO] [stderr]   [61/607] Building C object CMakeFiles/x86_64-softmmu.dir/qemu/target/i386/cpu.c.o
[INFO] [stderr]   [62/607] Building C object CMakeFiles/arm-softmmu.dir/qemu/softmmu/memory_mapping.c.o
[INFO] [stderr]   [63/607] Building C object CMakeFiles/arm-softmmu.dir/qemu/exec.c.o
[INFO] [stderr]   [64/607] Building C object CMakeFiles/arm-softmmu.dir/qemu/softmmu/memory.c.o
[INFO] [stderr]   [65/607] Building C object CMakeFiles/x86_64-softmmu.dir/qemu/target/i386/unicorn.c.o
[INFO] [stderr]   [66/607] Building C object CMakeFiles/x86_64-softmmu.dir/qemu/tcg/tcg-op.c.o
[INFO] [stderr]   [67/607] Building C object CMakeFiles/arm-softmmu.dir/qemu/accel/tcg/cpu-exec-common.c.o
[INFO] [stderr]   [68/607] Building C object CMakeFiles/arm-softmmu.dir/qemu/accel/tcg/cpu-exec.c.o
[INFO] [stderr]   [69/607] Building C object CMakeFiles/arm-softmmu.dir/qemu/accel/tcg/tcg-all.c.o
[INFO] [stderr]   [70/607] Building C object CMakeFiles/arm-softmmu.dir/qemu/tcg/optimize.c.o
[INFO] [stderr]   [71/607] Building C object CMakeFiles/arm-softmmu.dir/qemu/accel/tcg/tcg-runtime.c.o
[INFO] [stderr]   [72/607] Building C object CMakeFiles/arm-softmmu.dir/qemu/tcg/tcg-op-vec.c.o
[INFO] [stderr]   [73/607] Building C object CMakeFiles/x86_64-softmmu.dir/qemu/tcg/tcg-op-gvec.c.o
[INFO] [stderr]   [74/607] Building C object CMakeFiles/arm-softmmu.dir/qemu/accel/tcg/translate-all.c.o
[INFO] [stderr]   [75/607] Building C object CMakeFiles/x86_64-softmmu.dir/qemu/target/i386/seg_helper.c.o
[INFO] [stderr]   [76/607] Building C object CMakeFiles/arm-softmmu.dir/qemu/softmmu/unicorn_vtlb.c.o
[INFO] [stderr]   [77/607] Building C object CMakeFiles/arm-softmmu.dir/qemu/accel/tcg/translator.c.o
[INFO] [stderr]   [78/607] Building C object CMakeFiles/x86_64-softmmu.dir/qemu/target/i386/fpu_helper.c.o
[INFO] [stderr]   [79/607] Building C object CMakeFiles/arm-softmmu.dir/qemu/target/arm/cpu.c.o
[INFO] [stderr]   [80/607] Building C object CMakeFiles/arm-softmmu.dir/qemu/target/arm/crypto_helper.c.o
[INFO] [stderr]   [81/607] Building C object CMakeFiles/arm-softmmu.dir/qemu/target/arm/debug_helper.c.o
[INFO] [stderr]   [82/607] Building C object CMakeFiles/x86_64-softmmu.dir/qemu/accel/tcg/cputlb.c.o
[INFO] [stderr]   [83/607] Building C object CMakeFiles/x86_64-softmmu.dir/qemu/tcg/tcg.c.o
[INFO] [stderr]   [84/607] Building C object CMakeFiles/arm-softmmu.dir/qemu/tcg/tcg.c.o
[INFO] [stderr]   [85/607] Building C object CMakeFiles/arm-softmmu.dir/qemu/target/arm/psci.c.o
[INFO] [stderr]   [86/607] Building C object CMakeFiles/arm-softmmu.dir/qemu/target/arm/iwmmxt_helper.c.o
[INFO] [stderr]   [87/607] Building C object CMakeFiles/arm-softmmu.dir/qemu/target/arm/op_helper.c.o
[INFO] [stderr]   [88/607] Building C object CMakeFiles/arm-softmmu.dir/qemu/target/arm/m_helper.c.o
[INFO] [stderr]   [89/607] Building C object CMakeFiles/arm-softmmu.dir/qemu/target/arm/tlb_helper.c.o
[INFO] [stderr]   [90/607] Building C object CMakeFiles/aarch64-softmmu.dir/qemu/exec-vary.c.o
[INFO] [stderr]   [91/607] Building C object CMakeFiles/aarch64-softmmu.dir/qemu/softmmu/cpus.c.o
[INFO] [stderr]   [92/607] Building C object CMakeFiles/arm-softmmu.dir/qemu/target/arm/unicorn_arm.c.o
[INFO] [stderr]   [93/607] Building C object CMakeFiles/x86_64-softmmu.dir/qemu/accel/tcg/tcg-runtime-gvec.c.o
[INFO] [stderr]   [94/607] Building C object CMakeFiles/aarch64-softmmu.dir/qemu/softmmu/ioport.c.o
[INFO] [stderr]   [95/607] Building C object CMakeFiles/arm-softmmu.dir/qemu/target/arm/vfp_helper.c.o
[INFO] [stderr]   [96/607] Building C object CMakeFiles/arm-softmmu.dir/qemu/target/arm/neon_helper.c.o
[INFO] [stderr]   [97/607] Building C object CMakeFiles/aarch64-softmmu.dir/qemu/softmmu/memory_mapping.c.o
[INFO] [stderr]   [98/607] Building C object CMakeFiles/arm-softmmu.dir/qemu/accel/tcg/cputlb.c.o
[INFO] [stderr]   [99/607] Building C object CMakeFiles/arm-softmmu.dir/qemu/tcg/tcg-op-gvec.c.o
[INFO] [stderr]   [100/607] Building C object CMakeFiles/arm-softmmu.dir/qemu/target/arm/helper.c.o
[INFO] [stderr]   [101/607] Building C object CMakeFiles/arm-softmmu.dir/qemu/tcg/tcg-op.c.o
[INFO] [stderr]   [102/607] Building C object CMakeFiles/aarch64-softmmu.dir/qemu/softmmu/memory.c.o
[INFO] [stderr]   [103/607] Building C object CMakeFiles/aarch64-softmmu.dir/qemu/accel/tcg/cpu-exec-common.c.o
[INFO] [stderr]   [104/607] Building C object CMakeFiles/aarch64-softmmu.dir/qemu/exec.c.o
[INFO] [stderr]   [105/607] Building C object CMakeFiles/aarch64-softmmu.dir/qemu/accel/tcg/cpu-exec.c.o
[INFO] [stderr]   [106/607] Building C object CMakeFiles/aarch64-softmmu.dir/qemu/accel/tcg/tcg-all.c.o
[INFO] [stderr]   [107/607] Building C object CMakeFiles/aarch64-softmmu.dir/qemu/accel/tcg/tcg-runtime.c.o
[INFO] [stderr]   [108/607] Building C object CMakeFiles/x86_64-softmmu.dir/qemu/target/i386/translate.c.o
[INFO] [stderr]   FAILED: [code=1] CMakeFiles/x86_64-softmmu.dir/qemu/target/i386/translate.c.o 
[INFO] [stderr]   /usr/bin/cc  -I/opt/rustwide/target/release/build/unicorn-engine/d7d91eb656742215/out/build -I/opt/rustwide/cargo-home/registry/src/index.crates.io-1949cf8c6b5b557f/unicorn-engine-2.1.3/glib_compat -I/opt/rustwide/cargo-home/registry/src/index.crates.io-1949cf8c6b5b557f/unicorn-engine-2.1.3/qemu -I/opt/rustwide/cargo-home/registry/src/index.crates.io-1949cf8c6b5b557f/unicorn-engine-2.1.3/qemu/include -I/opt/rustwide/cargo-home/registry/src/index.crates.io-1949cf8c6b5b557f/unicorn-engine-2.1.3/include -I/opt/rustwide/cargo-home/registry/src/index.crates.io-1949cf8c6b5b557f/unicorn-engine-2.1.3/qemu/tcg -ffunction-sections -fdata-sections -fPIC -m64 -O3 -DNDEBUG -std=gnu11 -m64 -mcx16 -I/opt/rustwide/cargo-home/registry/src/index.crates.io-1949cf8c6b5b557f/unicorn-engine-2.1.3/qemu/tcg/i386 -D_GNU_SOURCE -D_FILE_OFFSET_BITS=64 -D_LARGEFILE_SOURCE -Wall -fPIC -DNEED_CPU_H -include x86_64.h -I/opt/rustwide/target/release/build/unicorn-engine/d7d91eb656742215/out/build/x86_64-softmmu -I/opt/rustwide/cargo-home/registry/src/index.crates.io-1949cf8c6b5b557f/unicorn-engine-2.1.3/qemu/target/i386 -MD -MT CMakeFiles/x86_64-softmmu.dir/qemu/target/i386/translate.c.o -MF CMakeFiles/x86_64-softmmu.dir/qemu/target/i386/translate.c.o.d -o CMakeFiles/x86_64-softmmu.dir/qemu/target/i386/translate.c.o -c /opt/rustwide/cargo-home/registry/src/index.crates.io-1949cf8c6b5b557f/unicorn-engine-2.1.3/qemu/target/i386/translate.c
[INFO] [stderr]   cc: fatal error: Killed signal terminated program cc1
[INFO] [stderr]   compilation terminated.
[INFO] [stderr]   [109/607] Building C object CMakeFiles/arm-softmmu.dir/qemu/accel/tcg/tcg-runtime-gvec.c.o
[INFO] [stderr]   [110/607] Building C object CMakeFiles/arm-softmmu.dir/qemu/target/arm/vec_helper.c.o
[INFO] [stderr]   [111/607] Building C object CMakeFiles/aarch64-softmmu.dir/qemu/tcg/optimize.c.o
[INFO] [stderr]   [112/607] Building C object CMakeFiles/aarch64-softmmu.dir/qemu/tcg/tcg-op-vec.c.o
[INFO] [stderr]   [113/607] Building C object CMakeFiles/aarch64-softmmu.dir/qemu/accel/tcg/translate-all.c.o
[INFO] [stderr]   [114/607] Building C object CMakeFiles/aarch64-softmmu.dir/qemu/accel/tcg/translator.c.o
[INFO] [stderr]   [115/607] Building C object CMakeFiles/x86_64-softmmu.dir/qemu/fpu/softfloat.c.o
[INFO] [stderr]   [116/607] Building C object CMakeFiles/arm-softmmu.dir/qemu/fpu/softfloat.c.o
[INFO] [stderr]   [117/607] Building C object CMakeFiles/aarch64-softmmu.dir/qemu/tcg/tcg-op-gvec.c.o
[INFO] [stderr]   [118/607] Building C object CMakeFiles/aarch64-softmmu.dir/qemu/tcg/tcg-op.c.o
[INFO] [stderr]   [119/607] Building C object CMakeFiles/aarch64-softmmu.dir/qemu/accel/tcg/cputlb.c.o
[INFO] [stderr]   [120/607] Building C object CMakeFiles/aarch64-softmmu.dir/qemu/tcg/tcg.c.o
[INFO] [stderr]   [121/607] Building C object CMakeFiles/aarch64-softmmu.dir/qemu/accel/tcg/tcg-runtime-gvec.c.o
[INFO] [stderr]   [122/607] Building C object CMakeFiles/aarch64-softmmu.dir/qemu/fpu/softfloat.c.o
[INFO] [stderr]   [123/607] Building C object CMakeFiles/arm-softmmu.dir/qemu/target/arm/translate.c.o
[INFO] [stderr]   ninja: build stopped: subcommand failed.
[INFO] [stderr] 
[INFO] [stderr]   --- stderr
[INFO] [stderr]   CMake Deprecation Warning at CMakeLists.txt:4 (cmake_minimum_required):
[INFO] [stderr]     Compatibility with CMake < 3.10 will be removed from a future version of
[INFO] [stderr]     CMake.
[INFO] [stderr] 
[INFO] [stderr]     Update the VERSION argument <min> value.  Or, use the <min>...<max> syntax
[INFO] [stderr]     to tell CMake that the project requires at least <min> but has been updated
[INFO] [stderr]     to work with policies introduced by <max> or earlier.
[INFO] [stderr] 
[INFO] [stderr] 
[INFO] [stderr]   CMake Warning:
[INFO] [stderr]     Manually-specified variables were not used by the project:
[INFO] [stderr] 
[INFO] [stderr]       CMAKE_ASM_COMPILER
[INFO] [stderr]       CMAKE_ASM_FLAGS
[INFO] [stderr]       CMAKE_CXX_COMPILER
[INFO] [stderr]       CMAKE_CXX_FLAGS
[INFO] [stderr] 
[INFO] [stderr] 
[INFO] [stderr] 
[INFO] [stderr]   thread 'main' (423) panicked at /opt/rustwide/cargo-home/registry/src/index.crates.io-1949cf8c6b5b557f/cmake-0.1.54/src/lib.rs:1119:5:
[INFO] [stderr] 
[INFO] [stderr]   command did not execute successfully, got: exit status: 1
[INFO] [stderr] 
[INFO] [stderr]   build script failed, must exit now
[INFO] [stderr]   stack backtrace:
[INFO] [stderr]      0:     0x5da9b449f741 - <<std[617be2ca0a6fd877]::sys::backtrace::BacktraceLock>::print::DisplayBacktrace as core[a373ad73a504971]::fmt::Display>::fmt
[INFO] [stderr]      1:     0x5da9b44b374a - core[a373ad73a504971]::fmt::write
[INFO] [stderr]      2:     0x5da9b44a4f9c - <std[617be2ca0a6fd877]::sys::stdio::unix::Stderr as core[a373ad73a504971]::io::write::Write>::write_fmt
[INFO] [stderr]      3:     0x5da9b447ea86 - std[617be2ca0a6fd877]::panicking::default_hook::{closure#0}
[INFO] [stderr]      4:     0x5da9b449a351 - std[617be2ca0a6fd877]::panicking::default_hook
[INFO] [stderr]      5:     0x5da9b449a50b - std[617be2ca0a6fd877]::panicking::panic_with_hook
[INFO] [stderr]      6:     0x5da9b447eb32 - std[617be2ca0a6fd877]::panicking::panic_handler::{closure#0}
[INFO] [stderr]      7:     0x5da9b4477619 - std[617be2ca0a6fd877]::sys::backtrace::__rust_end_short_backtrace::<std[617be2ca0a6fd877]::panicking::panic_handler::{closure#0}, !>
[INFO] [stderr]      8:     0x5da9b447f3bd - __rustc[ea4f61d10b84890b]::rust_begin_unwind
[INFO] [stderr]      9:     0x5da9b44b3ebc - core[a373ad73a504971]::panicking::panic_fmt
[INFO] [stderr]     10:     0x5da9b43f5997 - cmake[e966eb8c2f6cdb56]::fail
[INFO] [stderr]     11:     0x5da9b43f5623 - cmake[e966eb8c2f6cdb56]::run
[INFO] [stderr]     12:     0x5da9b43fb484 - <cmake[e966eb8c2f6cdb56]::Config>::build
[INFO] [stderr]     13:     0x5da9b43eb1e8 - build_script_build[a865c6bf91a0d9ec]::build_with_cmake
[INFO] [stderr]     14:     0x5da9b43eb698 - build_script_build[a865c6bf91a0d9ec]::main
[INFO] [stderr]     15:     0x5da9b43ed263 - <fn() as core[a373ad73a504971]::ops::function::FnOnce<()>>::call_once
[INFO] [stderr]     16:     0x5da9b43e8bb6 - std[617be2ca0a6fd877]::sys::backtrace::__rust_begin_short_backtrace::<fn(), ()>
[INFO] [stderr]     17:     0x5da9b43e9389 - std[617be2ca0a6fd877]::rt::lang_start::<()>::{closure#0}
[INFO] [stderr]     18:     0x5da9b4499658 - std[617be2ca0a6fd877]::rt::lang_start_internal
[INFO] [stderr]     19:     0x5da9b43e8551 - std[617be2ca0a6fd877]::rt::lang_start::<()>
[INFO] [stderr]     20:     0x5da9b43ed305 - main
[INFO] [stderr]     21:     0x701628cbb601 - <unknown>
[INFO] [stderr]     22:     0x701628cbb718 - __libc_start_main
[INFO] [stderr]     23:     0x5da9b43e7605 - _start
[INFO] [stderr]     24:                0x0 - <unknown>
[INFO] running `Command { std: "docker" "inspect" "b78d21df25792c5089a8969cf8f4e5dba68ee9a374dabbf8f2e7ded300fbfc09", kill_on_drop: false }`
[INFO] running `Command { std: "docker" "rm" "-f" "b78d21df25792c5089a8969cf8f4e5dba68ee9a374dabbf8f2e7ded300fbfc09", kill_on_drop: false }`
[INFO] [stdout] b78d21df25792c5089a8969cf8f4e5dba68ee9a374dabbf8f2e7ded300fbfc09
