[INFO] fetching crate numcodecs-sperr 0.2.3...
[INFO] testing numcodecs-sperr-0.2.3 against 1.99.0-beta.8+cargoflags=--release for beta-release-1.100-2
[INFO] extracting crate numcodecs-sperr 0.2.3 into /workspace/builds/worker-4-tc1/source
[INFO] started tweaking crates.io crate numcodecs-sperr 0.2.3
[INFO] removed 0 missing tests
[INFO] finished tweaking crates.io crate numcodecs-sperr 0.2.3
[INFO] tweaked toml for crates.io crate numcodecs-sperr 0.2.3 written to /workspace/builds/worker-4-tc1/source/Cargo.toml
[INFO] validating manifest of crates.io crate numcodecs-sperr 0.2.3 on toolchain 1.99.0-beta.8
[INFO] running `Command { std: CARGO_HOME="/workspace/cargo-home" RUSTUP_HOME="/workspace/rustup-home" "/workspace/cargo-home/bin/cargo" "+1.99.0-beta.8" "metadata" "--manifest-path" "Cargo.toml" "--no-deps", kill_on_drop: false }`
[INFO] crate crates.io crate numcodecs-sperr 0.2.3 already has a lockfile, it will not be regenerated
[INFO] running `Command { std: CARGO_HOME="/workspace/cargo-home" RUSTUP_HOME="/workspace/rustup-home" "/workspace/cargo-home/bin/cargo" "+1.99.0-beta.8" "fetch" "--manifest-path" "Cargo.toml", kill_on_drop: false }`
[INFO] [stderr]     Updating crates.io index
[INFO] [stderr]  Downloading crates ...
[INFO] [stderr]   Downloaded rustc-hash v2.1.0
[INFO] [stderr]   Downloaded sperr v0.2.1+sperr.0.8.5
[INFO] [stderr]   Downloaded glob v0.3.0
[INFO] [stderr]   Downloaded sperr-sys v0.2.1+sperr.0.8.5
[INFO] [stderr]   Downloaded either v1.0.0
[INFO] [stderr]   Downloaded itoa v1.0.0
[INFO] [stderr]   Downloaded equivalent v1.0.0
[INFO] [stderr]   Downloaded dyn-clone v1.0.0
[INFO] [stderr]   Downloaded rawpointer v0.2.0
[INFO] [stderr]   Downloaded autocfg v1.0.0
[INFO] [stderr]   Downloaded serde_derive_internals v0.29.0
[INFO] [stderr]   Downloaded memchr v2.6.0
[INFO] [stderr]   Downloaded libloading v0.6.0
[INFO] [stderr]   Downloaded numcodecs v0.3.1
[INFO] [stderr]   Downloaded schemars_derive v1.0.3
[INFO] [stderr]   Downloaded ryu v1.0.0
[INFO] [stderr]   Downloaded postcard v1.0.8
[INFO] [stderr]   Downloaded clang-sys v1.1.0
[INFO] [stderr]   Downloaded serde_derive v1.0.218
[INFO] [stderr]   Downloaded schemars v1.0.3
[INFO] [stderr]   Downloaded minimal-lexical v0.1.2
[INFO] [stderr]   Downloaded serde v1.0.218
[INFO] [stderr]   Downloaded winapi-x86_64-pc-windows-gnu v0.3.0
[INFO] [stderr]   Downloaded itertools v0.10.0
[INFO] [stderr]   Downloaded nom v7.0.0
[INFO] [stderr]   Downloaded aho-corasick v1.0.0
[INFO] [stderr]   Downloaded winapi-i686-pc-windows-gnu v0.3.0
[INFO] [stderr]   Downloaded winapi v0.3.0
[INFO] running `Command { std: "docker" "create" "-v" "/var/lib/crater-agent-workspace/builds/worker-4-tc1/source:/opt/rustwide/workdir:ro,Z" "-v" "/var/lib/crater-agent-workspace/builds/worker-4-tc1/target:/opt/rustwide/target:rw,Z" "-v" "/var/lib/crater-agent-workspace/cargo-home:/opt/rustwide/cargo-home:ro,Z" "-v" "/var/lib/crater-agent-workspace/rustup-home:/opt/rustwide/rustup-home:ro,Z" "-m" "1610612736" "--network" "none" "ghcr.io/rust-lang/crates-build-env/linux@sha256:77db811e55d90add9212f6832c23229e3de5f1c1f9905e8cb07319ea15df73ac" "sleep" "infinity", kill_on_drop: false }`
[INFO] [stdout] 998f0e3b9a23c20d3aef599ccba35cc5a888dd7dbcc8e1a77300d92a9276bc67
[INFO] running `Command { std: "docker" "start" "998f0e3b9a23c20d3aef599ccba35cc5a888dd7dbcc8e1a77300d92a9276bc67", kill_on_drop: false }`
[INFO] running `Command { std: "docker" "inspect" "998f0e3b9a23c20d3aef599ccba35cc5a888dd7dbcc8e1a77300d92a9276bc67", kill_on_drop: false }`
[INFO] running `Command { std: "docker" "exec" "-e" "SOURCE_DIR=/opt/rustwide/workdir" "-e" "CARGO_HOME=/opt/rustwide/cargo-home" "-e" "RUSTUP_HOME=/opt/rustwide/rustup-home" "-e" "CARGO_TARGET_DIR=/opt/rustwide/target" "-w" "/opt/rustwide/workdir" "--user" "0:0" "998f0e3b9a23c20d3aef599ccba35cc5a888dd7dbcc8e1a77300d92a9276bc67" "/opt/rustwide/cargo-home/bin/cargo" "+1.99.0-beta.8" "metadata" "--no-deps" "--format-version=1", kill_on_drop: false }`
[INFO] running `Command { std: "docker" "inspect" "998f0e3b9a23c20d3aef599ccba35cc5a888dd7dbcc8e1a77300d92a9276bc67", kill_on_drop: false }`
[INFO] running `Command { std: "docker" "exec" "-e" "SOURCE_DIR=/opt/rustwide/workdir" "-e" "CARGO_HOME=/opt/rustwide/cargo-home" "-e" "RUSTUP_HOME=/opt/rustwide/rustup-home" "-e" "CARGO_TARGET_DIR=/opt/rustwide/target" "-e" "CARGO_INCREMENTAL=0" "-e" "RUST_BACKTRACE=full" "-e" "RUSTFLAGS=--cap-lints=warn" "-e" "RUSTDOCFLAGS=--cap-lints=warn" "-w" "/opt/rustwide/workdir" "--user" "0:0" "998f0e3b9a23c20d3aef599ccba35cc5a888dd7dbcc8e1a77300d92a9276bc67" "/opt/rustwide/cargo-home/bin/cargo" "+1.99.0-beta.8" "build" "--frozen" "--message-format=json" "--release", kill_on_drop: false }`
[INFO] [stderr]    Compiling unicode-ident v1.0.5
[INFO] [stderr]    Compiling autocfg v1.0.0
[INFO] [stderr]    Compiling glob v0.3.0
[INFO] [stderr]    Compiling minimal-lexical v0.1.2
[INFO] [stderr]    Compiling libloading v0.6.0
[INFO] [stderr]    Compiling libc v0.2.168
[INFO] [stderr]    Compiling memchr v2.6.0
[INFO] [stderr]    Compiling regex-syntax v0.8.5
[INFO] [stderr]    Compiling serde v1.0.218
[INFO] [stderr]    Compiling bindgen v0.72.1
[INFO] [stderr]    Compiling either v1.0.0
[INFO] [stderr]    Compiling nom v7.0.0
[INFO] [stderr]    Compiling cc v1.2.47
[INFO] [stderr]    Compiling rustc-hash v2.1.0
[INFO] [stderr]    Compiling bitflags v2.9.0
[INFO] [stderr]    Compiling ryu v1.0.0
[INFO] [stderr]    Compiling proc-macro2 v1.0.106
[INFO] [stderr]    Compiling itertools v0.10.0
[INFO] [stderr]    Compiling equivalent v1.0.0
[INFO] [stderr]    Compiling serde_json v1.0.140
[INFO] [stderr]    Compiling rawpointer v0.2.0
[INFO] [stderr]    Compiling ref-cast v1.0.23
[INFO] [stderr]    Compiling thiserror v2.0.17
[INFO] [stderr]    Compiling indexmap v2.10.0
[INFO] [stderr]    Compiling itoa v1.0.0
[INFO] [stderr]    Compiling num-traits v0.2.19
[INFO] [stderr]    Compiling matrixmultiply v0.3.9
[INFO] [stderr]    Compiling clang-sys v1.1.0
[INFO] [stderr]    Compiling semver v1.0.23
[INFO] [stderr]    Compiling dyn-clone v1.0.0
[INFO] [stderr]    Compiling cobs v0.2.3
[INFO] [stderr]    Compiling quote v1.0.45
[INFO] [stderr]    Compiling syn v2.0.117
[INFO] [stderr]    Compiling cmake v0.1.54
[INFO] [stderr]    Compiling regex-automata v0.4.8
[INFO] [stderr]    Compiling num-complex v0.4.6
[INFO] [stderr]    Compiling num-integer v0.1.46
[INFO] [stderr]    Compiling ndarray v0.16.1
[INFO] [stderr]    Compiling cexpr v0.6.0
[INFO] [stderr]    Compiling regex v1.11.1
[INFO] [stderr]    Compiling serde_derive_internals v0.29.0
[INFO] [stderr]    Compiling serde_derive v1.0.218
[INFO] [stderr]    Compiling thiserror-impl v2.0.17
[INFO] [stderr]    Compiling ref-cast-impl v1.0.23
[INFO] [stderr]    Compiling schemars_derive v1.0.3
[INFO] [stderr]    Compiling sperr-sys v0.2.1+sperr.0.8.5
[INFO] [stderr] error: could not compile `serde_json` (lib)
[INFO] [stderr] 
[INFO] [stderr] Caused by:
[INFO] [stderr]   process didn't exit successfully: `/opt/rustwide/rustup-home/toolchains/1.99.0-beta.8-x86_64-unknown-linux-gnu/bin/rustc --crate-name serde_json --edition=2021 /opt/rustwide/cargo-home/registry/src/index.crates.io-1949cf8c6b5b557f/serde_json-1.0.140/src/lib.rs --error-format=json --json=diagnostic-rendered-ansi,artifacts,future-incompat --crate-type lib --emit=dep-info,metadata,link -C opt-level=3 -C embed-bitcode=no --cfg 'feature="alloc"' --cfg 'feature="indexmap"' --cfg 'feature="preserve_order"' --cfg 'feature="std"' --check-cfg 'cfg(docsrs,test)' --check-cfg 'cfg(feature, values("alloc", "arbitrary_precision", "default", "float_roundtrip", "indexmap", "preserve_order", "raw_value", "std", "unbounded_depth"))' -C metadata=3e8ae3f86da45faf -C extra-filename=-047d605d6adba448 --out-dir /opt/rustwide/target/release/deps -C strip=debuginfo -L dependency=/opt/rustwide/target/release/deps --extern indexmap=/opt/rustwide/target/release/deps/libindexmap-c9a9fbed29e253c2.rmeta --extern itoa=/opt/rustwide/target/release/deps/libitoa-a7a942fdff6df36e.rmeta --extern memchr=/opt/rustwide/target/release/deps/libmemchr-dda441064f912be0.rmeta --extern ryu=/opt/rustwide/target/release/deps/libryu-26eed74f1c5b9394.rmeta --extern serde=/opt/rustwide/target/release/deps/libserde-8714a9a8956eefb7.rmeta --cap-lints allow --cap-lints=warn --cfg 'fast_arithmetic="64"' --check-cfg 'cfg(fast_arithmetic, values("32", "64"))'` (signal: 9, SIGKILL: kill)
[INFO] [stderr] warning: build failed, waiting for other jobs to finish...
[INFO] [stderr] error: failed to run custom build command for `sperr-sys v0.2.1+sperr.0.8.5`
[INFO] [stderr] note: To improve backtraces for build dependencies, set the CARGO_PROFILE_RELEASE_BUILD_OVERRIDE_DEBUG=true environment variable to enable debug information generation.
[INFO] [stderr] 
[INFO] [stderr] Caused by:
[INFO] [stderr]   process didn't exit successfully: `/opt/rustwide/target/release/build/sperr-sys-d646e3d909132c23/build-script-build` (exit status: 101)
[INFO] [stderr]   --- stdout
[INFO] [stderr]   cargo::rerun-if-changed=build.rs
[INFO] [stderr]   cargo::rerun-if-changed=lib.cpp
[INFO] [stderr]   cargo::rerun-if-changed=wrapper.hpp
[INFO] [stderr]   cargo::rerun-if-changed=SPERR
[INFO] [stderr]   CMAKE_TOOLCHAIN_FILE_x86_64-unknown-linux-gnu = None
[INFO] [stderr]   CMAKE_TOOLCHAIN_FILE_x86_64_unknown_linux_gnu = None
[INFO] [stderr]   HOST_CMAKE_TOOLCHAIN_FILE = None
[INFO] [stderr]   CMAKE_TOOLCHAIN_FILE = None
[INFO] [stderr]   CMAKE_GENERATOR_x86_64-unknown-linux-gnu = None
[INFO] [stderr]   CMAKE_GENERATOR_x86_64_unknown_linux_gnu = None
[INFO] [stderr]   HOST_CMAKE_GENERATOR = None
[INFO] [stderr]   CMAKE_GENERATOR = None
[INFO] [stderr]   CMAKE_PREFIX_PATH_x86_64-unknown-linux-gnu = None
[INFO] [stderr]   CMAKE_PREFIX_PATH_x86_64_unknown_linux_gnu = None
[INFO] [stderr]   HOST_CMAKE_PREFIX_PATH = None
[INFO] [stderr]   CMAKE_PREFIX_PATH = None
[INFO] [stderr]   CMAKE_x86_64-unknown-linux-gnu = None
[INFO] [stderr]   CMAKE_x86_64_unknown_linux_gnu = None
[INFO] [stderr]   HOST_CMAKE = None
[INFO] [stderr]   CMAKE = None
[INFO] [stderr]   running: cd "/opt/rustwide/target/release/build/sperr-sys-b8619e6666e93a2b/out/build" && CMAKE_PREFIX_PATH="" LC_ALL="C" "cmake" "/opt/rustwide/cargo-home/registry/src/index.crates.io-1949cf8c6b5b557f/sperr-sys-0.2.1+sperr.0.8.5/SPERR" "-DBUILD_SHARED_LIBS=OFF" "-DBUILD_UNIT_TESTS=OFF" "-DBUILD_CLI_UTILITIES=OFF" "-DUSE_OMP=OFF" "-DCMAKE_INSTALL_PREFIX=/opt/rustwide/target/release/build/sperr-sys-b8619e6666e93a2b/out" "-DCMAKE_C_FLAGS= -DEXPERIMENTING -ffunction-sections -fdata-sections -fPIC -m64" "-DCMAKE_C_COMPILER=/usr/bin/cc" "-DCMAKE_CXX_FLAGS= -DEXPERIMENTING -ffunction-sections -fdata-sections -fPIC -m64" "-DCMAKE_CXX_COMPILER=/usr/bin/c++" "-DCMAKE_ASM_FLAGS= -ffunction-sections -fdata-sections -fPIC -m64" "-DCMAKE_ASM_COMPILER=/usr/bin/cc" "-DCMAKE_BUILD_TYPE=Release"
[INFO] [stderr]   -- The CXX compiler identification is GNU 15.2.0
[INFO] [stderr]   -- Detecting CXX compiler ABI info
[INFO] [stderr]   -- Detecting CXX compiler ABI info - done
[INFO] [stderr]   -- Check for working CXX compiler: /usr/bin/c++ - skipped
[INFO] [stderr]   -- Detecting CXX compile features
[INFO] [stderr]   -- Detecting CXX compile features - done
[INFO] [stderr]   -- Little endian machine, good!
[INFO] [stderr]   -- Found Git: /usr/bin/git (found version "2.53.0")
[INFO] [stderr]   -- Repository Git Branch: , SHA1: 
[INFO] [stderr]   -- AVX2 compilation enabled.
[INFO] [stderr]   -- IPO / LTO not supported
[INFO] [stderr]   -- Configuring done (0.3s)
[INFO] [stderr]   -- Generating done (0.0s)
[INFO] [stderr]   -- Build files have been written to: /opt/rustwide/target/release/build/sperr-sys-b8619e6666e93a2b/out/build
[INFO] [stderr]   running: cd "/opt/rustwide/target/release/build/sperr-sys-b8619e6666e93a2b/out/build" && LC_ALL="C" MAKEFLAGS="-j --jobserver-fds=4,5 --jobserver-auth=4,5" "cmake" "--build" "/opt/rustwide/target/release/build/sperr-sys-b8619e6666e93a2b/out/build" "--target" "install" "--config" "Release"
[INFO] [stderr]   [  8%] Building CXX object src/CMakeFiles/SPERR.dir/sperr_helper.cpp.o
[INFO] [stderr]   [  8%] Building CXX object src/CMakeFiles/SPERR.dir/SPECK_INT.cpp.o
[INFO] [stderr]   [ 16%] Building CXX object src/CMakeFiles/SPERR.dir/Bitmask.cpp.o
[INFO] [stderr]   [ 16%] Building CXX object src/CMakeFiles/SPERR.dir/SPECK3D_INT.cpp.o
[INFO] [stderr]   [ 20%] Building CXX object src/CMakeFiles/SPERR.dir/SPECK3D_INT_DEC.cpp.o
[INFO] [stderr]   [ 24%] Building CXX object src/CMakeFiles/SPERR.dir/Conditioner.cpp.o
[INFO] [stderr]   [ 28%] Building CXX object src/CMakeFiles/SPERR.dir/SPECK2D_INT.cpp.o
[INFO] [stderr]   [ 32%] Building CXX object src/CMakeFiles/SPERR.dir/SPECK2D_INT_ENC.cpp.o
[INFO] [stderr]   [ 36%] Building CXX object src/CMakeFiles/SPERR.dir/SPECK3D_INT_ENC.cpp.o
[INFO] [stderr]   [ 40%] Building CXX object src/CMakeFiles/SPERR.dir/Bitstream.cpp.o
[INFO] [stderr]   [ 44%] Building CXX object src/CMakeFiles/SPERR.dir/CDF97.cpp.o
[INFO] [stderr]   [ 48%] Building CXX object src/CMakeFiles/SPERR.dir/SPECK1D_INT.cpp.o
[INFO] [stderr]   [ 52%] Building CXX object src/CMakeFiles/SPERR.dir/SPECK1D_INT_ENC.cpp.o
[INFO] [stderr]   [ 56%] Building CXX object src/CMakeFiles/SPERR.dir/SPECK2D_INT_DEC.cpp.o
[INFO] [stderr]   [ 60%] Building CXX object src/CMakeFiles/SPERR.dir/SPECK1D_INT_DEC.cpp.o
[INFO] [stderr]   [ 64%] Building CXX object src/CMakeFiles/SPERR.dir/SPECK_FLT.cpp.o
[INFO] [stderr] 
[INFO] [stderr]   --- stderr
[INFO] [stderr]   fatal: not a git repository (or any parent up to mount point /opt/rustwide)
[INFO] [stderr]   Stopping at filesystem boundary (GIT_DISCOVERY_ACROSS_FILESYSTEM not set).
[INFO] [stderr]   fatal: not a git repository (or any parent up to mount point /opt/rustwide)
[INFO] [stderr]   Stopping at filesystem boundary (GIT_DISCOVERY_ACROSS_FILESYSTEM not set).
[INFO] [stderr]   CMake Warning:
[INFO] [stderr]     Manually-specified variables were not used by the project:
[INFO] [stderr] 
[INFO] [stderr]       CMAKE_ASM_COMPILER
[INFO] [stderr]       CMAKE_ASM_FLAGS
[INFO] [stderr]       CMAKE_C_COMPILER
[INFO] [stderr]       CMAKE_C_FLAGS
[INFO] [stderr] 
[INFO] [stderr] 
[INFO] [stderr]   c++: fatal error: Killed signal terminated program cc1plus
[INFO] [stderr]   compilation terminated.
[INFO] [stderr]   gmake[2]: *** [src/CMakeFiles/SPERR.dir/build.make:135: src/CMakeFiles/SPERR.dir/CDF97.cpp.o] Error 1
[INFO] [stderr]   gmake[2]: *** Waiting for unfinished jobs....
[INFO] [stderr]   gmake[1]: *** [CMakeFiles/Makefile2:106: src/CMakeFiles/SPERR.dir/all] Error 2
[INFO] [stderr]   gmake: *** [Makefile:136: all] Error 2
[INFO] [stderr] 
[INFO] [stderr]   thread 'main' (1073) panicked at /opt/rustwide/cargo-home/registry/src/index.crates.io-1949cf8c6b5b557f/cmake-0.1.54/src/lib.rs:1119:5:
[INFO] [stderr] 
[INFO] [stderr]   command did not execute successfully, got: exit status: 2
[INFO] [stderr] 
[INFO] [stderr]   build script failed, must exit now
[INFO] [stderr]   stack backtrace:
[INFO] [stderr]      0:     0x608498e2aa71 - <<std[70759c8f55707aa4]::sys::backtrace::BacktraceLock>::print::DisplayBacktrace as core[df12db4294e9bfd3]::fmt::Display>::fmt
[INFO] [stderr]      1:     0x608498e4353a - core[df12db4294e9bfd3]::fmt::write
[INFO] [stderr]      2:     0x608498e30f9c - <std[70759c8f55707aa4]::sys::stdio::unix::Stderr as core[df12db4294e9bfd3]::io::write::Write>::write_fmt
[INFO] [stderr]      3:     0x608498e06df6 - std[70759c8f55707aa4]::panicking::default_hook::{closure#0}
[INFO] [stderr]      4:     0x608498e23c21 - std[70759c8f55707aa4]::panicking::default_hook
[INFO] [stderr]      5:     0x608498e23f4b - std[70759c8f55707aa4]::panicking::panic_with_hook
[INFO] [stderr]      6:     0x608498e06ea2 - std[70759c8f55707aa4]::panicking::panic_handler::{closure#0}
[INFO] [stderr]      7:     0x608498dff9c9 - std[70759c8f55707aa4]::sys::backtrace::__rust_end_short_backtrace::<std[70759c8f55707aa4]::panicking::panic_handler::{closure#0}, !>
[INFO] [stderr]      8:     0x608498e077ad - __rustc[8fa7c3cbc660c2b3]::rust_begin_unwind
[INFO] [stderr]      9:     0x608498e43d5c - core[df12db4294e9bfd3]::panicking::panic_fmt
[INFO] [stderr]     10:     0x608498d83e77 - cmake[17d35b702d2c93e]::fail
[INFO] [stderr]     11:     0x608498d83b03 - cmake[17d35b702d2c93e]::run
[INFO] [stderr]     12:     0x608498d89974 - <cmake[17d35b702d2c93e]::Config>::build
[INFO] [stderr]     13:     0x60849890d1c0 - build_script_build[be211beedf20ac4f]::main
[INFO] [stderr]     14:     0x60849890f453 - <fn() as core[df12db4294e9bfd3]::ops::function::FnOnce<()>>::call_once
[INFO] [stderr]     15:     0x60849890cf76 - std[70759c8f55707aa4]::sys::backtrace::__rust_begin_short_backtrace::<fn(), ()>
[INFO] [stderr]     16:     0x60849890cf89 - std[70759c8f55707aa4]::rt::lang_start::<()>::{closure#0}
[INFO] [stderr]     17:     0x608498e22ed9 - std[70759c8f55707aa4]::rt::lang_start_internal
[INFO] [stderr]     18:     0x60849890c841 - std[70759c8f55707aa4]::rt::lang_start::<()>
[INFO] [stderr]     19:     0x60849890f6b5 - main
[INFO] [stderr]     20:     0x742b01ef9601 - <unknown>
[INFO] [stderr]     21:     0x742b01ef9718 - __libc_start_main
[INFO] [stderr]     22:     0x60849890afc5 - _start
[INFO] [stderr]     23:                0x0 - <unknown>
[INFO] running `Command { std: "docker" "inspect" "998f0e3b9a23c20d3aef599ccba35cc5a888dd7dbcc8e1a77300d92a9276bc67", kill_on_drop: false }`
[INFO] running `Command { std: "docker" "rm" "-f" "998f0e3b9a23c20d3aef599ccba35cc5a888dd7dbcc8e1a77300d92a9276bc67", kill_on_drop: false }`
[INFO] [stdout] 998f0e3b9a23c20d3aef599ccba35cc5a888dd7dbcc8e1a77300d92a9276bc67
