[INFO] fetching crate num-valid 0.6.0...
[INFO] testing num-valid-0.6.0 against 1.99.0-beta.8+cargoflags=--release for beta-release-1.100-2
[INFO] extracting crate num-valid 0.6.0 into /workspace/builds/worker-3-tc1/source
[INFO] removed /workspace/builds/worker-3-tc1/source/rust-toolchain.toml
[INFO] started tweaking crates.io crate num-valid 0.6.0
[INFO] removed 0 missing tests
[INFO] finished tweaking crates.io crate num-valid 0.6.0
[INFO] tweaked toml for crates.io crate num-valid 0.6.0 written to /workspace/builds/worker-3-tc1/source/Cargo.toml
[INFO] validating manifest of crates.io crate num-valid 0.6.0 on toolchain 1.99.0-beta.8
[INFO] running `Command { std: CARGO_HOME="/workspace/cargo-home" RUSTUP_HOME="/workspace/rustup-home" "/workspace/cargo-home/bin/cargo" "+1.99.0-beta.8" "metadata" "--manifest-path" "Cargo.toml" "--no-deps", kill_on_drop: false }`
[INFO] crate crates.io crate num-valid 0.6.0 already has a lockfile, it will not be regenerated
[INFO] running `Command { std: CARGO_HOME="/workspace/cargo-home" RUSTUP_HOME="/workspace/rustup-home" "/workspace/cargo-home/bin/cargo" "+1.99.0-beta.8" "fetch" "--manifest-path" "Cargo.toml", kill_on_drop: false }`
[INFO] [stderr]     Updating crates.io index
[INFO] [stderr]  Downloading crates ...
[INFO] [stderr]   Downloaded getset v0.1.7
[INFO] [stderr]   Downloaded try_create v0.1.2
[INFO] [stderr]   Downloaded into_inner v0.1.2
[INFO] [stderr]   Downloaded into_inner_derive v0.1.2
[INFO] running `Command { std: "docker" "create" "-v" "/var/lib/crater-agent-workspace/builds/worker-3-tc1/source:/opt/rustwide/workdir:ro,Z" "-v" "/var/lib/crater-agent-workspace/builds/worker-3-tc1/target:/opt/rustwide/target:rw,Z" "-v" "/var/lib/crater-agent-workspace/cargo-home:/opt/rustwide/cargo-home:ro,Z" "-v" "/var/lib/crater-agent-workspace/rustup-home:/opt/rustwide/rustup-home:ro,Z" "-m" "1610612736" "--network" "none" "ghcr.io/rust-lang/crates-build-env/linux@sha256:77db811e55d90add9212f6832c23229e3de5f1c1f9905e8cb07319ea15df73ac" "sleep" "infinity", kill_on_drop: false }`
[INFO] [stdout] 586f5b45f61d28bd9fc15720595c9604e70b371c2a8d281001fe53d5879f1431
[INFO] running `Command { std: "docker" "start" "586f5b45f61d28bd9fc15720595c9604e70b371c2a8d281001fe53d5879f1431", kill_on_drop: false }`
[INFO] running `Command { std: "docker" "inspect" "586f5b45f61d28bd9fc15720595c9604e70b371c2a8d281001fe53d5879f1431", kill_on_drop: false }`
[INFO] running `Command { std: "docker" "exec" "-e" "SOURCE_DIR=/opt/rustwide/workdir" "-e" "CARGO_HOME=/opt/rustwide/cargo-home" "-e" "RUSTUP_HOME=/opt/rustwide/rustup-home" "-e" "CARGO_TARGET_DIR=/opt/rustwide/target" "-w" "/opt/rustwide/workdir" "--user" "0:0" "586f5b45f61d28bd9fc15720595c9604e70b371c2a8d281001fe53d5879f1431" "/opt/rustwide/cargo-home/bin/cargo" "+1.99.0-beta.8" "metadata" "--no-deps" "--format-version=1", kill_on_drop: false }`
[INFO] running `Command { std: "docker" "inspect" "586f5b45f61d28bd9fc15720595c9604e70b371c2a8d281001fe53d5879f1431", kill_on_drop: false }`
[INFO] running `Command { std: "docker" "exec" "-e" "SOURCE_DIR=/opt/rustwide/workdir" "-e" "CARGO_HOME=/opt/rustwide/cargo-home" "-e" "RUSTUP_HOME=/opt/rustwide/rustup-home" "-e" "CARGO_TARGET_DIR=/opt/rustwide/target" "-e" "CARGO_INCREMENTAL=0" "-e" "RUST_BACKTRACE=full" "-e" "RUSTFLAGS=--cap-lints=warn" "-e" "RUSTDOCFLAGS=--cap-lints=warn" "-w" "/opt/rustwide/workdir" "--user" "0:0" "586f5b45f61d28bd9fc15720595c9604e70b371c2a8d281001fe53d5879f1431" "/opt/rustwide/cargo-home/bin/cargo" "+1.99.0-beta.8" "build" "--frozen" "--message-format=json" "--release", kill_on_drop: false }`
[INFO] [stderr]    Compiling syn v3.0.5
[INFO] [stderr]    Compiling syn v2.0.119
[INFO] [stderr]    Compiling num-integer v0.1.47
[INFO] [stderr]    Compiling libc v0.2.189
[INFO] [stderr]    Compiling unicode-segmentation v1.13.3
[INFO] [stderr]    Compiling getrandom v0.4.3
[INFO] [stderr]    Compiling proc-macro2-diagnostics v0.10.1
[INFO] [stderr]    Compiling cpufeatures v0.3.1
[INFO] [stderr]    Compiling either v1.18.0
[INFO] [stderr]    Compiling approx v0.5.1
[INFO] [stderr]    Compiling bytemuck v1.25.2
[INFO] [stderr]    Compiling az v1.3.0
[INFO] [stderr]    Compiling chacha20 v0.10.2
[INFO] [stderr]    Compiling convert_case v0.10.0
[INFO] [stderr]    Compiling rayon v1.12.0
[INFO] [stderr]    Compiling num-iter v0.1.46
[INFO] [stderr]    Compiling rand v0.10.2
[INFO] [stderr]    Compiling serde_derive v1.0.229
[INFO] [stderr]    Compiling thiserror-impl v2.0.20
[INFO] [stderr]    Compiling thiserror v2.0.20
[INFO] [stderr]    Compiling into_inner_derive v0.1.2
[INFO] [stderr]    Compiling duplicate v2.0.1
[INFO] [stderr]    Compiling derive_more-impl v2.1.1
[INFO] [stderr]    Compiling getset v0.1.7
[INFO] [stderr]    Compiling serde v1.0.229
[INFO] [stderr]    Compiling num-bigint v0.4.8
[INFO] [stderr]    Compiling num-complex v0.4.6
[INFO] [stderr]    Compiling num-rational v0.4.2
[INFO] [stderr]    Compiling num v0.4.3
[INFO] [stderr]    Compiling into_inner v0.1.2
[INFO] [stderr]    Compiling try_create v0.1.2
[INFO] [stderr]    Compiling derive_more v2.1.1
[INFO] [stderr]    Compiling num-valid v0.6.0 (/opt/rustwide/workdir)
[INFO] [stdout] error[E0432]: unresolved import `thiserror`
[INFO] [stdout]   --> src/core/errors.rs:86:17
[INFO] [stdout]    |
[INFO] [stdout] 86 | #[derive(Debug, Error)]
[INFO] [stdout]    |                 ^^^^^ no `ThiserrorProvide` in `__private20`
[INFO] [stdout]    |
[INFO] [stdout]    = note: this error originates in the derive macro `Error` (in Nightly builds, run with -Z macro-backtrace for more info)
[INFO] [stdout] 
[INFO] [stdout] 
[INFO] [stdout] error[E0432]: unresolved import `thiserror`
[INFO] [stdout]   --> src/functions/abs.rs:30:17
[INFO] [stdout]    |
[INFO] [stdout] 30 | #[derive(Debug, Error)]
[INFO] [stdout]    |                 ^^^^^ no `ThiserrorProvide` in `__private20`
[INFO] [stdout]    |
[INFO] [stdout]    = note: this error originates in the derive macro `Error` (in Nightly builds, run with -Z macro-backtrace for more info)
[INFO] [stdout] 
[INFO] [stdout] 
[INFO] [stdout] error[E0432]: unresolved import `thiserror`
[INFO] [stdout]    --> src/functions/complex.rs:305:17
[INFO] [stdout]     |
[INFO] [stdout] 305 | #[derive(Debug, Error)]
[INFO] [stdout]     |                 ^^^^^ no `ThiserrorProvide` in `__private20`
[INFO] [stdout]     |
[INFO] [stdout]     = note: this error originates in the derive macro `Error` (in Nightly builds, run with -Z macro-backtrace for more info)
[INFO] [stdout] 
[INFO] [stdout] 
[INFO] [stdout] error[E0432]: unresolved import `thiserror`
[INFO] [stdout]   --> src/functions/exponential.rs:28:17
[INFO] [stdout]    |
[INFO] [stdout] 28 | #[derive(Debug, Error)]
[INFO] [stdout]    |                 ^^^^^ no `ThiserrorProvide` in `__private20`
[INFO] [stdout]    |
[INFO] [stdout]    = note: this error originates in the derive macro `Error` (in Nightly builds, run with -Z macro-backtrace for more info)
[INFO] [stdout] 
[INFO] [stdout] 
[INFO] [stdout] error[E0432]: unresolved import `thiserror`
[INFO] [stdout]   --> src/functions/hyperbolic.rs:47:17
[INFO] [stdout]    |
[INFO] [stdout] 47 | #[derive(Debug, Error)]
[INFO] [stdout]    |                 ^^^^^ no `ThiserrorProvide` in `__private20`
[INFO] [stdout]    |
[INFO] [stdout]    = note: this error originates in the derive macro `Error` (in Nightly builds, run with -Z macro-backtrace for more info)
[INFO] [stdout] 
[INFO] [stdout] 
[INFO] [stdout] error[E0432]: unresolved import `thiserror`
[INFO] [stdout]   --> src/functions/hyperbolic.rs:47:17
[INFO] [stdout]    |
[INFO] [stdout] 47 | #[derive(Debug, Error)]
[INFO] [stdout]    |                 ^^^^^ no `ThiserrorProvide` in `__private20`
[INFO] [stdout]    |
[INFO] [stdout]    = note: this error originates in the derive macro `Error` (in Nightly builds, run with -Z macro-backtrace for more info)
[INFO] [stdout] 
[INFO] [stdout] 
[INFO] [stdout] error[E0432]: unresolved import `thiserror`
[INFO] [stdout]   --> src/functions/hyperbolic.rs:47:17
[INFO] [stdout]    |
[INFO] [stdout] 47 | #[derive(Debug, Error)]
[INFO] [stdout]    |                 ^^^^^ no `ThiserrorProvide` in `__private20`
[INFO] [stdout]    |
[INFO] [stdout]    = note: this error originates in the derive macro `Error` (in Nightly builds, run with -Z macro-backtrace for more info)
[INFO] [stdout] 
[INFO] [stdout] 
[INFO] [stdout] error[E0432]: unresolved import `thiserror`
[INFO] [stdout]   --> src/functions/hyperbolic.rs:79:17
[INFO] [stdout]    |
[INFO] [stdout] 79 | #[derive(Debug, Error)]
[INFO] [stdout]    |                 ^^^^^ no `ThiserrorProvide` in `__private20`
[INFO] [stdout]    |
[INFO] [stdout]    = note: this error originates in the derive macro `Error` (in Nightly builds, run with -Z macro-backtrace for more info)
[INFO] [stdout] 
[INFO] [stdout] 
[INFO] [stdout] error[E0432]: unresolved import `thiserror`
[INFO] [stdout]    --> src/functions/hyperbolic.rs:100:17
[INFO] [stdout]     |
[INFO] [stdout] 100 | #[derive(Debug, Error)]
[INFO] [stdout]     |                 ^^^^^ no `ThiserrorProvide` in `__private20`
[INFO] [stdout]     |
[INFO] [stdout]     = note: this error originates in the derive macro `Error` (in Nightly builds, run with -Z macro-backtrace for more info)
[INFO] [stdout] 
[INFO] [stdout] 
[INFO] [stdout] error[E0432]: unresolved import `thiserror`
[INFO] [stdout]    --> src/functions/hyperbolic.rs:100:17
[INFO] [stdout]     |
[INFO] [stdout] 100 | #[derive(Debug, Error)]
[INFO] [stdout]     |                 ^^^^^ no `ThiserrorProvide` in `__private20`
[INFO] [stdout]     |
[INFO] [stdout]     = note: this error originates in the derive macro `Error` (in Nightly builds, run with -Z macro-backtrace for more info)
[INFO] [stdout] 
[INFO] [stdout] 
[INFO] [stdout] error[E0432]: unresolved import `thiserror`
[INFO] [stdout]    --> src/functions/hyperbolic.rs:170:17
[INFO] [stdout]     |
[INFO] [stdout] 170 | #[derive(Debug, Error)]
[INFO] [stdout]     |                 ^^^^^ no `ThiserrorProvide` in `__private20`
[INFO] [stdout]     |
[INFO] [stdout]     = note: this error originates in the derive macro `Error` (in Nightly builds, run with -Z macro-backtrace for more info)
[INFO] [stdout] 
[INFO] [stdout] 
[INFO] [stdout] error[E0432]: unresolved import `thiserror`
[INFO] [stdout]   --> src/functions/logarithm.rs:87:17
[INFO] [stdout]    |
[INFO] [stdout] 87 | #[derive(Debug, Error)]
[INFO] [stdout]    |                 ^^^^^ no `ThiserrorProvide` in `__private20`
[INFO] [stdout]    |
[INFO] [stdout]    = note: this error originates in the derive macro `Error` (in Nightly builds, run with -Z macro-backtrace for more info)
[INFO] [stdout] 
[INFO] [stdout] 
[INFO] [stdout] error[E0432]: unresolved import `thiserror`
[INFO] [stdout]    --> src/functions/logarithm.rs:141:17
[INFO] [stdout]     |
[INFO] [stdout] 141 | #[derive(Debug, Error)]
[INFO] [stdout]     |                 ^^^^^ no `ThiserrorProvide` in `__private20`
[INFO] [stdout]     |
[INFO] [stdout]     = note: this error originates in the derive macro `Error` (in Nightly builds, run with -Z macro-backtrace for more info)
[INFO] [stdout] 
[INFO] [stdout] 
[INFO] [stdout] error[E0432]: unresolved import `thiserror`
[INFO] [stdout]   --> src/functions/pow.rs:53:17
[INFO] [stdout]    |
[INFO] [stdout] 53 | #[derive(Debug, Error)]
[INFO] [stdout]    |                 ^^^^^ no `ThiserrorProvide` in `__private20`
[INFO] [stdout]    |
[INFO] [stdout]    = note: this error originates in the derive macro `Error` (in Nightly builds, run with -Z macro-backtrace for more info)
[INFO] [stdout] 
[INFO] [stdout] 
[INFO] [stdout] error[E0432]: unresolved import `thiserror`
[INFO] [stdout]    --> src/functions/pow.rs:121:17
[INFO] [stdout]     |
[INFO] [stdout] 121 | #[derive(Debug, Error)]
[INFO] [stdout]     |                 ^^^^^ no `ThiserrorProvide` in `__private20`
[INFO] [stdout]     |
[INFO] [stdout]     = note: this error originates in the derive macro `Error` (in Nightly builds, run with -Z macro-backtrace for more info)
[INFO] [stdout] 
[INFO] [stdout] 
[INFO] [stdout] error[E0432]: unresolved import `thiserror`
[INFO] [stdout]    --> src/functions/pow.rs:188:17
[INFO] [stdout]     |
[INFO] [stdout] 188 | #[derive(Debug, Error)]
[INFO] [stdout]     |                 ^^^^^ no `ThiserrorProvide` in `__private20`
[INFO] [stdout]     |
[INFO] [stdout]     = note: this error originates in the derive macro `Error` (in Nightly builds, run with -Z macro-backtrace for more info)
[INFO] [stdout] 
[INFO] [stdout] 
[INFO] [stdout] error[E0432]: unresolved import `thiserror`
[INFO] [stdout]    --> src/functions/pow.rs:229:17
[INFO] [stdout]     |
[INFO] [stdout] 229 | #[derive(Debug, Error)]
[INFO] [stdout]     |                 ^^^^^ no `ThiserrorProvide` in `__private20`
[INFO] [stdout]     |
[INFO] [stdout]     = note: this error originates in the derive macro `Error` (in Nightly builds, run with -Z macro-backtrace for more info)
[INFO] [stdout] 
[INFO] [stdout] 
[INFO] [stdout] error[E0432]: unresolved import `thiserror`
[INFO] [stdout]    --> src/functions/pow.rs:258:17
[INFO] [stdout]     |
[INFO] [stdout] 258 | #[derive(Debug, Error)]
[INFO] [stdout]     |                 ^^^^^ no `ThiserrorProvide` in `__private20`
[INFO] [stdout]     |
[INFO] [stdout]     = note: this error originates in the derive macro `Error` (in Nightly builds, run with -Z macro-backtrace for more info)
[INFO] [stdout] 
[INFO] [stdout] 
[INFO] [stdout] error[E0432]: unresolved import `thiserror`
[INFO] [stdout]   --> src/functions/reciprocal.rs:24:17
[INFO] [stdout]    |
[INFO] [stdout] 24 | #[derive(Debug, Error)]
[INFO] [stdout]    |                 ^^^^^ no `ThiserrorProvide` in `__private20`
[INFO] [stdout]    |
[INFO] [stdout]    = note: this error originates in the derive macro `Error` (in Nightly builds, run with -Z macro-backtrace for more info)
[INFO] [stdout] 
[INFO] [stdout] 
[INFO] [stdout] error[E0432]: unresolved import `thiserror`
[INFO] [stdout]   --> src/functions/sqrt.rs:33:17
[INFO] [stdout]    |
[INFO] [stdout] 33 | #[derive(Debug, Error)]
[INFO] [stdout]    |                 ^^^^^ no `ThiserrorProvide` in `__private20`
[INFO] [stdout]    |
[INFO] [stdout]    = note: this error originates in the derive macro `Error` (in Nightly builds, run with -Z macro-backtrace for more info)
[INFO] [stdout] 
[INFO] [stdout] 
[INFO] [stdout] error[E0432]: unresolved import `thiserror`
[INFO] [stdout]   --> src/functions/sqrt.rs:70:17
[INFO] [stdout]    |
[INFO] [stdout] 70 | #[derive(Debug, Error)]
[INFO] [stdout]    |                 ^^^^^ no `ThiserrorProvide` in `__private20`
[INFO] [stdout]    |
[INFO] [stdout]    = note: this error originates in the derive macro `Error` (in Nightly builds, run with -Z macro-backtrace for more info)
[INFO] [stdout] 
[INFO] [stdout] 
[INFO] [stdout] error[E0432]: unresolved import `thiserror`
[INFO] [stdout]   --> src/functions/trigonometric.rs:46:17
[INFO] [stdout]    |
[INFO] [stdout] 46 | #[derive(Debug, Error)]
[INFO] [stdout]    |                 ^^^^^ no `ThiserrorProvide` in `__private20`
[INFO] [stdout]    |
[INFO] [stdout]    = note: this error originates in the derive macro `Error` (in Nightly builds, run with -Z macro-backtrace for more info)
[INFO] [stdout] 
[INFO] [stdout] 
[INFO] [stdout] error[E0432]: unresolved import `thiserror`
[INFO] [stdout]   --> src/functions/trigonometric.rs:46:17
[INFO] [stdout]    |
[INFO] [stdout] 46 | #[derive(Debug, Error)]
[INFO] [stdout]    |                 ^^^^^ no `ThiserrorProvide` in `__private20`
[INFO] [stdout]    |
[INFO] [stdout]    = note: this error originates in the derive macro `Error` (in Nightly builds, run with -Z macro-backtrace for more info)
[INFO] [stdout] 
[INFO] [stdout] 
[INFO] [stdout] error[E0432]: unresolved import `thiserror`
[INFO] [stdout]   --> src/functions/trigonometric.rs:78:17
[INFO] [stdout]    |
[INFO] [stdout] 78 | #[derive(Debug, Error)]
[INFO] [stdout]    |                 ^^^^^ no `ThiserrorProvide` in `__private20`
[INFO] [stdout]    |
[INFO] [stdout]    = note: this error originates in the derive macro `Error` (in Nightly builds, run with -Z macro-backtrace for more info)
[INFO] [stdout] 
[INFO] [stdout] 
[INFO] [stdout] error[E0432]: unresolved import `thiserror`
[INFO] [stdout]    --> src/functions/trigonometric.rs:112:17
[INFO] [stdout]     |
[INFO] [stdout] 112 | #[derive(Debug, Error)]
[INFO] [stdout]     |                 ^^^^^ no `ThiserrorProvide` in `__private20`
[INFO] [stdout]     |
[INFO] [stdout]     = note: this error originates in the derive macro `Error` (in Nightly builds, run with -Z macro-backtrace for more info)
[INFO] [stdout] 
[INFO] [stdout] 
[INFO] [stdout] error[E0432]: unresolved import `thiserror`
[INFO] [stdout]    --> src/functions/trigonometric.rs:135:17
[INFO] [stdout]     |
[INFO] [stdout] 135 | #[derive(Debug, Error)]
[INFO] [stdout]     |                 ^^^^^ no `ThiserrorProvide` in `__private20`
[INFO] [stdout]     |
[INFO] [stdout]     = note: this error originates in the derive macro `Error` (in Nightly builds, run with -Z macro-backtrace for more info)
[INFO] [stdout] 
[INFO] [stdout] 
[INFO] [stdout] error[E0432]: unresolved import `thiserror`
[INFO] [stdout]    --> src/functions/trigonometric.rs:135:17
[INFO] [stdout]     |
[INFO] [stdout] 135 | #[derive(Debug, Error)]
[INFO] [stdout]     |                 ^^^^^ no `ThiserrorProvide` in `__private20`
[INFO] [stdout]     |
[INFO] [stdout]     = note: this error originates in the derive macro `Error` (in Nightly builds, run with -Z macro-backtrace for more info)
[INFO] [stdout] 
[INFO] [stdout] 
[INFO] [stdout] error[E0432]: unresolved import `thiserror`
[INFO] [stdout]    --> src/functions/trigonometric.rs:196:17
[INFO] [stdout]     |
[INFO] [stdout] 196 | #[derive(Debug, Error)]
[INFO] [stdout]     |                 ^^^^^ no `ThiserrorProvide` in `__private20`
[INFO] [stdout]     |
[INFO] [stdout]     = note: this error originates in the derive macro `Error` (in Nightly builds, run with -Z macro-backtrace for more info)
[INFO] [stdout] 
[INFO] [stdout] 
[INFO] [stdout] error[E0432]: unresolved import `thiserror`
[INFO] [stdout]    --> src/functions/trigonometric.rs:196:17
[INFO] [stdout]     |
[INFO] [stdout] 196 | #[derive(Debug, Error)]
[INFO] [stdout]     |                 ^^^^^ no `ThiserrorProvide` in `__private20`
[INFO] [stdout]     |
[INFO] [stdout]     = note: this error originates in the derive macro `Error` (in Nightly builds, run with -Z macro-backtrace for more info)
[INFO] [stdout] 
[INFO] [stdout] 
[INFO] [stdout] error[E0432]: unresolved import `thiserror`
[INFO] [stdout]    --> src/functions/trigonometric.rs:196:17
[INFO] [stdout]     |
[INFO] [stdout] 196 | #[derive(Debug, Error)]
[INFO] [stdout]     |                 ^^^^^ no `ThiserrorProvide` in `__private20`
[INFO] [stdout]     |
[INFO] [stdout]     = note: this error originates in the derive macro `Error` (in Nightly builds, run with -Z macro-backtrace for more info)
[INFO] [stdout] 
[INFO] [stdout] 
[INFO] [stdout] error[E0432]: unresolved import `thiserror`
[INFO] [stdout]    --> src/functions/trigonometric.rs:223:17
[INFO] [stdout]     |
[INFO] [stdout] 223 | #[derive(Debug, Error)]
[INFO] [stdout]     |                 ^^^^^ no `ThiserrorProvide` in `__private20`
[INFO] [stdout]     |
[INFO] [stdout]     = note: this error originates in the derive macro `Error` (in Nightly builds, run with -Z macro-backtrace for more info)
[INFO] [stdout] 
[INFO] [stdout] 
[INFO] [stdout] error[E0432]: unresolved import `thiserror`
[INFO] [stdout]    --> src/functions/trigonometric.rs:539:17
[INFO] [stdout]     |
[INFO] [stdout] 539 | #[derive(Debug, Error)]
[INFO] [stdout]     |                 ^^^^^ no `ThiserrorProvide` in `__private20`
[INFO] [stdout]     |
[INFO] [stdout]     = note: this error originates in the derive macro `Error` (in Nightly builds, run with -Z macro-backtrace for more info)
[INFO] [stdout] 
[INFO] [stdout] 
[INFO] [stdout] error[E0432]: unresolved import `thiserror`
[INFO] [stdout]    --> src/functions.rs:184:17
[INFO] [stdout]     |
[INFO] [stdout] 184 | #[derive(Debug, Error)]
[INFO] [stdout]     |                 ^^^^^ no `ThiserrorProvide` in `__private20`
[INFO] [stdout]     |
[INFO] [stdout]     = note: this error originates in the derive macro `Error` (in Nightly builds, run with -Z macro-backtrace for more info)
[INFO] [stdout] 
[INFO] [stdout] 
[INFO] [stdout] error[E0554]: `#![feature]` may not be used on the beta release channel
[INFO] [stdout]  --> src/lib.rs:2:1
[INFO] [stdout]   |
[INFO] [stdout] 2 | #![feature(error_generic_member_access)]
[INFO] [stdout]   | ^^^^^^^^^^^^^^^^^^^^^^^^^^^^^^^^^^^^^^^^
[INFO] [stdout] 
[INFO] [stdout] 
[INFO] [stdout] error[E0599]: no method named `thiserror_provide` found for reference `&Box<ErrorValidationReal>` in the current scope
[INFO] [stdout]   --> src/core/errors.rs:94:9
[INFO] [stdout]    |
[INFO] [stdout] 94 |         source: Box<ErrorValidationReal>,
[INFO] [stdout]    |         ^^^^^^ method not found in `&Box<ErrorValidationReal>`
[INFO] [stdout] 
[INFO] [stdout] 
[INFO] [stdout] error[E0599]: no method named `thiserror_provide` found for reference `&Box<ErrorValidationReal>` in the current scope
[INFO] [stdout]    --> src/core/errors.rs:103:9
[INFO] [stdout]     |
[INFO] [stdout] 103 |         source: Box<ErrorValidationReal>,
[INFO] [stdout]     |         ^^^^^^ method not found in `&Box<ErrorValidationReal>`
[INFO] [stdout] 
[INFO] [stdout] 
[INFO] [stdout] error[E0599]: no method named `thiserror_provide` found for reference `&<RawScalar as RawScalarValidate>::ValidationError` in the current scope
[INFO] [stdout]   --> src/functions/abs.rs:46:9
[INFO] [stdout]    |
[INFO] [stdout] 46 |         source: <RawScalar as RawScalarValidate>::ValidationError,
[INFO] [stdout]    |         ^^^^^^ method not found in `&<RawScalar as RawScalarValidate>::ValidationError`
[INFO] [stdout] 
[INFO] [stdout] 
[INFO] [stdout] error[E0599]: no method named `thiserror_provide` found for reference `&ErrorsValidationRawComplex<ErrorsValidationRawReal<_>>` in the current scope
[INFO] [stdout]    --> src/functions/complex.rs:321:9
[INFO] [stdout]     |
[INFO] [stdout] 321 |         source: <RawComplex as RawScalarValidate>::ValidationError,
[INFO] [stdout]     |         ^^^^^^ method not found in `&ErrorsValidationRawComplex<ErrorsValidationRawReal<_>>`
[INFO] [stdout]     |
[INFO] [stdout]     = note: the full name for the type has been written to '/opt/rustwide/target/release/deps/num_valid-4a44c22c0760a03f.long-type-11957090829949028955.txt'
[INFO] [stdout]     = note: consider using `--verbose` to print the full type name to the console
[INFO] [stdout] 
[INFO] [stdout] 
[INFO] [stdout] error[E0599]: no method named `thiserror_provide` found for reference `&<RawScalar as RawScalarValidate>::ValidationError` in the current scope
[INFO] [stdout]   --> src/functions/exponential.rs:46:9
[INFO] [stdout]    |
[INFO] [stdout] 46 |         source: <RawScalar as RawScalarValidate>::ValidationError,
[INFO] [stdout]    |         ^^^^^^ method not found in `&<RawScalar as RawScalarValidate>::ValidationError`
[INFO] [stdout] 
[INFO] [stdout] 
[INFO] [stdout] error[E0599]: no method named `thiserror_provide` found for reference `&<RawScalar as RawScalarValidate>::ValidationError` in the current scope
[INFO] [stdout]   --> src/functions/hyperbolic.rs:60:9
[INFO] [stdout]    |
[INFO] [stdout] 60 |         source: <RawScalar as RawScalarValidate>::ValidationError,
[INFO] [stdout]    |         ^^^^^^ method not found in `&<RawScalar as RawScalarValidate>::ValidationError`
[INFO] [stdout] 
[INFO] [stdout] 
[INFO] [stdout] error[E0599]: no method named `thiserror_provide` found for reference `&ErrorsValidationRawReal<RawReal>` in the current scope
[INFO] [stdout]   --> src/functions/hyperbolic.rs:91:9
[INFO] [stdout]    |
[INFO] [stdout] 91 |         source: <RawReal as RawScalarValidate>::ValidationError,
[INFO] [stdout]    |         ^^^^^^ method not found in `&ErrorsValidationRawReal<RawReal>`
[INFO] [stdout] 
[INFO] [stdout] 
[INFO] [stdout] error[E0599]: no method named `thiserror_provide` found for reference `&<RawScalar as RawScalarValidate>::ValidationError` in the current scope
[INFO] [stdout]    --> src/functions/hyperbolic.rs:126:9
[INFO] [stdout]     |
[INFO] [stdout] 126 |         source: <RawScalar as RawScalarValidate>::ValidationError,
[INFO] [stdout]     |         ^^^^^^ method not found in `&<RawScalar as RawScalarValidate>::ValidationError`
[INFO] [stdout] 
[INFO] [stdout] 
[INFO] [stdout] error[E0599]: no method named `thiserror_provide` found for reference `&ErrorsValidationRawComplex<ErrorsValidationRawReal<_>>` in the current scope
[INFO] [stdout]    --> src/functions/hyperbolic.rs:195:9
[INFO] [stdout]     |
[INFO] [stdout] 195 |         source: <RawComplex as RawScalarValidate>::ValidationError,
[INFO] [stdout]     |         ^^^^^^ method not found in `&ErrorsValidationRawComplex<ErrorsValidationRawReal<_>>`
[INFO] [stdout]     |
[INFO] [stdout]     = note: the full name for the type has been written to '/opt/rustwide/target/release/deps/num_valid-4a44c22c0760a03f.long-type-3357709328264486753.txt'
[INFO] [stdout]     = note: consider using `--verbose` to print the full type name to the console
[INFO] [stdout] 
[INFO] [stdout] 
[INFO] [stdout] error[E0599]: no method named `thiserror_provide` found for reference `&ErrorsValidationRawReal<RawReal>` in the current scope
[INFO] [stdout]    --> src/functions/logarithm.rs:121:9
[INFO] [stdout]     |
[INFO] [stdout] 121 |         source: <RawReal as RawScalarValidate>::ValidationError,
[INFO] [stdout]     |         ^^^^^^ method not found in `&ErrorsValidationRawReal<RawReal>`
[INFO] [stdout] 
[INFO] [stdout] 
[INFO] [stdout] error[E0599]: no method named `thiserror_provide` found for reference `&ErrorsValidationRawComplex<ErrorsValidationRawReal<_>>` in the current scope
[INFO] [stdout]    --> src/functions/logarithm.rs:162:9
[INFO] [stdout]     |
[INFO] [stdout] 162 |         source: <RawComplex as RawScalarValidate>::ValidationError,
[INFO] [stdout]     |         ^^^^^^ method not found in `&ErrorsValidationRawComplex<ErrorsValidationRawReal<_>>`
[INFO] [stdout]     |
[INFO] [stdout]     = note: the full name for the type has been written to '/opt/rustwide/target/release/deps/num_valid-4a44c22c0760a03f.long-type-3357709328264486753.txt'
[INFO] [stdout]     = note: consider using `--verbose` to print the full type name to the console
[INFO] [stdout] 
[INFO] [stdout] 
[INFO] [stdout] error[E0599]: no method named `thiserror_provide` found for reference `&ErrorsValidationRawReal<RawReal>` in the current scope
[INFO] [stdout]   --> src/functions/pow.rs:80:9
[INFO] [stdout]    |
[INFO] [stdout] 80 |         source: <RawReal as RawScalarValidate>::ValidationError,
[INFO] [stdout]    |         ^^^^^^ method not found in `&ErrorsValidationRawReal<RawReal>`
[INFO] [stdout] 
[INFO] [stdout] 
[INFO] [stdout] error[E0599]: no method named `thiserror_provide` found for reference `&ErrorsValidationRawReal<RawReal>` in the current scope
[INFO] [stdout]   --> src/functions/pow.rs:93:9
[INFO] [stdout]    |
[INFO] [stdout] 93 |         source: <RawReal as RawScalarValidate>::ValidationError,
[INFO] [stdout]    |         ^^^^^^ method not found in `&ErrorsValidationRawReal<RawReal>`
[INFO] [stdout] 
[INFO] [stdout] 
[INFO] [stdout] error[E0599]: no method named `thiserror_provide` found for reference `&ErrorsValidationRawComplex<ErrorsValidationRawReal<_>>` in the current scope
[INFO] [stdout]    --> src/functions/pow.rs:133:9
[INFO] [stdout]     |
[INFO] [stdout] 133 |         source: <RawComplex as RawScalarValidate>::ValidationError,
[INFO] [stdout]     |         ^^^^^^ method not found in `&ErrorsValidationRawComplex<ErrorsValidationRawReal<_>>`
[INFO] [stdout]     |
[INFO] [stdout]     = note: the full name for the type has been written to '/opt/rustwide/target/release/deps/num_valid-4a44c22c0760a03f.long-type-11957090829949028955.txt'
[INFO] [stdout]     = note: consider using `--verbose` to print the full type name to the console
[INFO] [stdout] 
[INFO] [stdout] 
[INFO] [stdout] error[E0599]: no method named `thiserror_provide` found for reference `&ErrorsValidationRawReal<<RawComplex as RawComplexTrait>::RawReal>` in the current scope
[INFO] [stdout]    --> src/functions/pow.rs:146:9
[INFO] [stdout]     |
[INFO] [stdout] 146 |         source: <RawComplex::RawReal as RawScalarValidate>::ValidationError,
[INFO] [stdout]     |         ^^^^^^ method not found in `&ErrorsValidationRawReal<<RawComplex as RawComplexTrait>::RawReal>`
[INFO] [stdout] 
[INFO] [stdout] 
[INFO] [stdout] error[E0599]: no method named `thiserror_provide` found for reference `&<RawScalar as RawScalarValidate>::ValidationError` in the current scope
[INFO] [stdout]    --> src/functions/pow.rs:200:9
[INFO] [stdout]     |
[INFO] [stdout] 200 |         source: <RawScalar as RawScalarValidate>::ValidationError,
[INFO] [stdout]     |         ^^^^^^ method not found in `&<RawScalar as RawScalarValidate>::ValidationError`
[INFO] [stdout] 
[INFO] [stdout] 
[INFO] [stdout] error[E0599]: no method named `thiserror_provide` found for reference `&ErrorsValidationRawReal<RawReal>` in the current scope
[INFO] [stdout]    --> src/functions/pow.rs:245:9
[INFO] [stdout]     |
[INFO] [stdout] 245 |         source: <RawReal as RawScalarValidate>::ValidationError,
[INFO] [stdout]     |         ^^^^^^ method not found in `&ErrorsValidationRawReal<RawReal>`
[INFO] [stdout] 
[INFO] [stdout] 
[INFO] [stdout] error[E0599]: no method named `thiserror_provide` found for reference `&ErrorsValidationRawComplex<ErrorsValidationRawReal<_>>` in the current scope
[INFO] [stdout]    --> src/functions/pow.rs:274:9
[INFO] [stdout]     |
[INFO] [stdout] 274 |         source: <RawComplex as RawScalarValidate>::ValidationError,
[INFO] [stdout]     |         ^^^^^^ method not found in `&ErrorsValidationRawComplex<ErrorsValidationRawReal<_>>`
[INFO] [stdout]     |
[INFO] [stdout]     = note: the full name for the type has been written to '/opt/rustwide/target/release/deps/num_valid-4a44c22c0760a03f.long-type-11957090829949028955.txt'
[INFO] [stdout]     = note: consider using `--verbose` to print the full type name to the console
[INFO] [stdout] 
[INFO] [stdout] 
[INFO] [stdout] error[E0599]: no method named `thiserror_provide` found for reference `&<RawScalar as RawScalarValidate>::ValidationError` in the current scope
[INFO] [stdout]   --> src/functions/reciprocal.rs:50:9
[INFO] [stdout]    |
[INFO] [stdout] 50 |         source: <RawScalar as RawScalarValidate>::ValidationError,
[INFO] [stdout]    |         ^^^^^^ method not found in `&<RawScalar as RawScalarValidate>::ValidationError`
[INFO] [stdout] 
[INFO] [stdout] 
[INFO] [stdout] error[E0599]: no method named `thiserror_provide` found for reference `&ErrorsValidationRawReal<RawReal>` in the current scope
[INFO] [stdout]   --> src/functions/sqrt.rs:58:9
[INFO] [stdout]    |
[INFO] [stdout] 58 |         source: <RawReal as RawScalarValidate>::ValidationError,
[INFO] [stdout]    |         ^^^^^^ method not found in `&ErrorsValidationRawReal<RawReal>`
[INFO] [stdout] 
[INFO] [stdout] 
[INFO] [stdout] error[E0599]: no method named `thiserror_provide` found for reference `&ErrorsValidationRawComplex<ErrorsValidationRawReal<_>>` in the current scope
[INFO] [stdout]   --> src/functions/sqrt.rs:86:9
[INFO] [stdout]    |
[INFO] [stdout] 86 |         source: <RawComplex as RawScalarValidate>::ValidationError,
[INFO] [stdout]    |         ^^^^^^ method not found in `&ErrorsValidationRawComplex<ErrorsValidationRawReal<_>>`
[INFO] [stdout]    |
[INFO] [stdout]    = note: the full name for the type has been written to '/opt/rustwide/target/release/deps/num_valid-4a44c22c0760a03f.long-type-11957090829949028955.txt'
[INFO] [stdout]    = note: consider using `--verbose` to print the full type name to the console
[INFO] [stdout] 
[INFO] [stdout] 
[INFO] [stdout] error[E0599]: no method named `thiserror_provide` found for reference `&<RawScalar as RawScalarValidate>::ValidationError` in the current scope
[INFO] [stdout]   --> src/functions/trigonometric.rs:58:9
[INFO] [stdout]    |
[INFO] [stdout] 58 |         source: RawScalar::ValidationError,
[INFO] [stdout]    |         ^^^^^^ method not found in `&<RawScalar as RawScalarValidate>::ValidationError`
[INFO] [stdout] 
[INFO] [stdout] 
[INFO] [stdout] error[E0599]: no method named `thiserror_provide` found for reference `&ErrorsValidationRawReal<RawReal>` in the current scope
[INFO] [stdout]   --> src/functions/trigonometric.rs:98:9
[INFO] [stdout]    |
[INFO] [stdout] 98 |         source: <RawReal as RawScalarValidate>::ValidationError,
[INFO] [stdout]    |         ^^^^^^ method not found in `&ErrorsValidationRawReal<RawReal>`
[INFO] [stdout] 
[INFO] [stdout] 
[INFO] [stdout] error[E0599]: no method named `thiserror_provide` found for reference `&ErrorsValidationRawReal<RawReal>` in the current scope
[INFO] [stdout]    --> src/functions/trigonometric.rs:123:9
[INFO] [stdout]     |
[INFO] [stdout] 123 |         source: RawReal::ValidationError,
[INFO] [stdout]     |         ^^^^^^ method not found in `&ErrorsValidationRawReal<RawReal>`
[INFO] [stdout] 
[INFO] [stdout] 
[INFO] [stdout] error[E0599]: no method named `thiserror_provide` found for reference `&ErrorsValidationRawReal<RawReal>` in the current scope
[INFO] [stdout]    --> src/functions/trigonometric.rs:157:9
[INFO] [stdout]     |
[INFO] [stdout] 157 |         source: <RawReal as RawScalarValidate>::ValidationError,
[INFO] [stdout]     |         ^^^^^^ method not found in `&ErrorsValidationRawReal<RawReal>`
[INFO] [stdout] 
[INFO] [stdout] 
[INFO] [stdout] error[E0599]: no method named `thiserror_provide` found for reference `&ErrorsValidationRawComplex<ErrorsValidationRawReal<_>>` in the current scope
[INFO] [stdout]    --> src/functions/trigonometric.rs:208:9
[INFO] [stdout]     |
[INFO] [stdout] 208 |         source: <RawComplex as RawScalarValidate>::ValidationError,
[INFO] [stdout]     |         ^^^^^^ method not found in `&ErrorsValidationRawComplex<ErrorsValidationRawReal<_>>`
[INFO] [stdout]     |
[INFO] [stdout]     = note: the full name for the type has been written to '/opt/rustwide/target/release/deps/num_valid-4a44c22c0760a03f.long-type-11957090829949028955.txt'
[INFO] [stdout]     = note: consider using `--verbose` to print the full type name to the console
[INFO] [stdout] 
[INFO] [stdout] 
[INFO] [stdout] error[E0599]: no method named `thiserror_provide` found for reference `&ErrorsValidationRawComplex<ErrorsValidationRawReal<_>>` in the current scope
[INFO] [stdout]    --> src/functions/trigonometric.rs:246:9
[INFO] [stdout]     |
[INFO] [stdout] 246 |         source: <RawComplex as RawScalarValidate>::ValidationError,
[INFO] [stdout]     |         ^^^^^^ method not found in `&ErrorsValidationRawComplex<ErrorsValidationRawReal<_>>`
[INFO] [stdout]     |
[INFO] [stdout]     = note: the full name for the type has been written to '/opt/rustwide/target/release/deps/num_valid-4a44c22c0760a03f.long-type-3357709328264486753.txt'
[INFO] [stdout]     = note: consider using `--verbose` to print the full type name to the console
[INFO] [stdout] 
[INFO] [stdout] 
[INFO] [stdout] error[E0599]: no method named `thiserror_provide` found for reference `&ErrorsValidationRawReal<RawReal>` in the current scope
[INFO] [stdout]    --> src/functions/trigonometric.rs:551:9
[INFO] [stdout]     |
[INFO] [stdout] 551 |         source: <RawReal as RawScalarValidate>::ValidationError,
[INFO] [stdout]     |         ^^^^^^ method not found in `&ErrorsValidationRawReal<RawReal>`
[INFO] [stdout] 
[INFO] [stdout] 
[INFO] [stdout] error[E0599]: no method named `thiserror_provide` found for reference `&ErrorsValidationRawReal<RawReal>` in the current scope
[INFO] [stdout]    --> src/functions/trigonometric.rs:564:9
[INFO] [stdout]     |
[INFO] [stdout] 564 |         source: <RawReal as RawScalarValidate>::ValidationError,
[INFO] [stdout]     |         ^^^^^^ method not found in `&ErrorsValidationRawReal<RawReal>`
[INFO] [stdout] 
[INFO] [stdout] 
[INFO] [stdout] error[E0599]: no method named `thiserror_provide` found for reference `&OutputError` in the current scope
[INFO] [stdout]    --> src/functions.rs:213:9
[INFO] [stdout]     |
[INFO] [stdout] 213 |         source: OutputError,
[INFO] [stdout]     |         ^^^^^^ method not found in `&OutputError`
[INFO] [stdout] 
[INFO] [stdout] 
[INFO] [stdout] Some errors have detailed explanations: E0432, E0554, E0599.
[INFO] [stdout] 
[INFO] [stdout] For more information about an error, try `rustc --explain E0432`.
[INFO] [stdout] 
[INFO] [stderr] error: could not compile `num-valid` (lib) due to 64 previous errors
[INFO] running `Command { std: "docker" "inspect" "586f5b45f61d28bd9fc15720595c9604e70b371c2a8d281001fe53d5879f1431", kill_on_drop: false }`
[INFO] running `Command { std: "docker" "rm" "-f" "586f5b45f61d28bd9fc15720595c9604e70b371c2a8d281001fe53d5879f1431", kill_on_drop: false }`
[INFO] [stdout] 586f5b45f61d28bd9fc15720595c9604e70b371c2a8d281001fe53d5879f1431
