[INFO] fetching crate nu_plugin_desktop_notifications 1.2.8...
[INFO] testing nu_plugin_desktop_notifications-1.2.8 against 1.99.0-beta.8+cargoflags=--release for beta-release-1.100-2
[INFO] extracting crate nu_plugin_desktop_notifications 1.2.8 into /workspace/builds/worker-7-tc1/source
[INFO] started tweaking crates.io crate nu_plugin_desktop_notifications 1.2.8
[INFO] finished tweaking crates.io crate nu_plugin_desktop_notifications 1.2.8
[INFO] tweaked toml for crates.io crate nu_plugin_desktop_notifications 1.2.8 written to /workspace/builds/worker-7-tc1/source/Cargo.toml
[INFO] validating manifest of crates.io crate nu_plugin_desktop_notifications 1.2.8 on toolchain 1.99.0-beta.8
[INFO] running `Command { std: CARGO_HOME="/workspace/cargo-home" RUSTUP_HOME="/workspace/rustup-home" "/workspace/cargo-home/bin/cargo" "+1.99.0-beta.8" "metadata" "--manifest-path" "Cargo.toml" "--no-deps", kill_on_drop: false }`
[INFO] crate crates.io crate nu_plugin_desktop_notifications 1.2.8 already has a lockfile, it will not be regenerated
[INFO] running `Command { std: CARGO_HOME="/workspace/cargo-home" RUSTUP_HOME="/workspace/rustup-home" "/workspace/cargo-home/bin/cargo" "+1.99.0-beta.8" "fetch" "--manifest-path" "Cargo.toml", kill_on_drop: false }`
[INFO] [stderr]     Updating crates.io index
[INFO] [stderr]  Downloading crates ...
[INFO] [stderr]   Downloaded erased-serde v0.4.5
[INFO] [stderr]   Downloaded typetag-impl v0.2.19
[INFO] [stderr]   Downloaded typeid v1.0.2
[INFO] [stderr]   Downloaded event-listener-strategy v0.5.3
[INFO] [stderr]   Downloaded mac-notification-sys v0.6.2
[INFO] [stderr]   Downloaded os_pipe v1.2.1
[INFO] [stderr]   Downloaded windows-implement v0.56.0
[INFO] [stderr]   Downloaded supports-hyperlinks v3.1.0
[INFO] [stderr]   Downloaded zvariant_utils v3.2.0
[INFO] [stderr]   Downloaded windows-version v0.1.2
[INFO] [stderr]   Downloaded nu-plugin-protocol v0.102.0
[INFO] [stderr]   Downloaded nu-derive-value v0.102.0
[INFO] [stderr]   Downloaded zvariant_derive v5.4.0
[INFO] [stderr]   Downloaded ref-cast v1.0.23
[INFO] [stderr]   Downloaded typetag v0.2.19
[INFO] [stderr]   Downloaded inventory v0.3.19
[INFO] [stderr]   Downloaded terminal_size v0.4.1
[INFO] [stderr]   Downloaded ref-cast-impl v1.0.23
[INFO] [stderr]   Downloaded windows-interface v0.56.0
[INFO] [stderr]   Downloaded pwd v1.4.0
[INFO] [stderr]   Downloaded omnipath v0.1.6
[INFO] [stderr]   Downloaded hermit-abi v0.4.0
[INFO] [stderr]   Downloaded nu-system v0.102.0
[INFO] [stderr]   Downloaded nu-utils v0.102.0
[INFO] [stderr]   Downloaded owo-colors v4.1.0
[INFO] [stderr]   Downloaded lscolors v0.17.0
[INFO] [stderr]   Downloaded async-fs v2.1.2
[INFO] [stderr]   Downloaded nu-plugin v0.102.0
[INFO] [stderr]   Downloaded async-executor v1.13.1
[INFO] [stderr]   Downloaded miette-derive v7.5.0
[INFO] [stderr]   Downloaded mach2 v0.4.2
[INFO] [stderr]   Downloaded blocking v1.6.1
[INFO] [stderr]   Downloaded async-signal v0.2.10
[INFO] [stderr]   Downloaded nu-path v0.102.0
[INFO] [stderr]   Downloaded zbus_macros v5.5.0
[INFO] [stderr]   Downloaded nu-glob v0.102.0
[INFO] [stderr]   Downloaded windows-core v0.56.0
[INFO] [stderr]   Downloaded async-process v2.3.0
[INFO] [stderr]   Downloaded nu-plugin-core v0.102.0
[INFO] [stderr]   Downloaded tauri-winrt-notification v0.2.1
[INFO] [stderr]   Downloaded notify-rust v4.11.4
[INFO] [stderr]   Downloaded polling v3.7.4
[INFO] [stderr]   Downloaded nu-protocol v0.102.0
[INFO] [stderr]   Downloaded nu-engine v0.102.0
[INFO] [stderr]   Downloaded async-io v2.4.0
[INFO] [stderr]   Downloaded libproc v0.14.10
[INFO] [stderr]   Downloaded zvariant v5.4.0
[INFO] [stderr]   Downloaded cc v1.2.13
[INFO] [stderr]   Downloaded miette v7.5.0
[INFO] [stderr]   Downloaded interprocess v2.2.2
[INFO] [stderr]   Downloaded toml_edit v0.22.23
[INFO] [stderr]   Downloaded serde_json v1.0.138
[INFO] [stderr]   Downloaded zbus v5.5.0
[INFO] [stderr]   Downloaded pure-rust-locales v0.8.1
[INFO] [stderr]   Downloaded winnow v0.7.1
[INFO] [stderr]   Downloaded quick-xml v0.31.0
[INFO] [stderr]   Downloaded brotli-decompressor v4.0.2
[INFO] [stderr]   Downloaded sysinfo v0.33.1
[INFO] [stderr]   Downloaded windows v0.56.0
[INFO] running `Command { std: "docker" "create" "-v" "/var/lib/crater-agent-workspace/builds/worker-7-tc1/source:/opt/rustwide/workdir:ro,Z" "-v" "/var/lib/crater-agent-workspace/builds/worker-7-tc1/target:/opt/rustwide/target:rw,Z" "-v" "/var/lib/crater-agent-workspace/cargo-home:/opt/rustwide/cargo-home:ro,Z" "-v" "/var/lib/crater-agent-workspace/rustup-home:/opt/rustwide/rustup-home:ro,Z" "-m" "1610612736" "--network" "none" "ghcr.io/rust-lang/crates-build-env/linux@sha256:77db811e55d90add9212f6832c23229e3de5f1c1f9905e8cb07319ea15df73ac" "sleep" "infinity", kill_on_drop: false }`
[INFO] [stdout] 8b0754df3d0b0c8c049e4589e6068cd2cbe2aff7dfef8d797193e1b27b34bb27
[INFO] running `Command { std: "docker" "start" "8b0754df3d0b0c8c049e4589e6068cd2cbe2aff7dfef8d797193e1b27b34bb27", kill_on_drop: false }`
[INFO] running `Command { std: "docker" "inspect" "8b0754df3d0b0c8c049e4589e6068cd2cbe2aff7dfef8d797193e1b27b34bb27", kill_on_drop: false }`
[INFO] running `Command { std: "docker" "exec" "-e" "SOURCE_DIR=/opt/rustwide/workdir" "-e" "CARGO_HOME=/opt/rustwide/cargo-home" "-e" "RUSTUP_HOME=/opt/rustwide/rustup-home" "-e" "CARGO_TARGET_DIR=/opt/rustwide/target" "-w" "/opt/rustwide/workdir" "--user" "0:0" "8b0754df3d0b0c8c049e4589e6068cd2cbe2aff7dfef8d797193e1b27b34bb27" "/opt/rustwide/cargo-home/bin/cargo" "+1.99.0-beta.8" "metadata" "--no-deps" "--format-version=1", kill_on_drop: false }`
[INFO] running `Command { std: "docker" "inspect" "8b0754df3d0b0c8c049e4589e6068cd2cbe2aff7dfef8d797193e1b27b34bb27", kill_on_drop: false }`
[INFO] running `Command { std: "docker" "exec" "-e" "SOURCE_DIR=/opt/rustwide/workdir" "-e" "CARGO_HOME=/opt/rustwide/cargo-home" "-e" "RUSTUP_HOME=/opt/rustwide/rustup-home" "-e" "CARGO_TARGET_DIR=/opt/rustwide/target" "-e" "CARGO_INCREMENTAL=0" "-e" "RUST_BACKTRACE=full" "-e" "RUSTFLAGS=--cap-lints=warn" "-e" "RUSTDOCFLAGS=--cap-lints=warn" "-w" "/opt/rustwide/workdir" "--user" "0:0" "8b0754df3d0b0c8c049e4589e6068cd2cbe2aff7dfef8d797193e1b27b34bb27" "/opt/rustwide/cargo-home/bin/cargo" "+1.99.0-beta.8" "build" "--frozen" "--message-format=json" "--release", kill_on_drop: false }`
[INFO] [stderr]    Compiling unicode-ident v1.0.16
[INFO] [stderr]    Compiling serde v1.0.217
[INFO] [stderr]    Compiling bitflags v2.8.0
[INFO] [stderr]    Compiling rustix v0.38.44
[INFO] [stderr]    Compiling linux-raw-sys v0.4.15
[INFO] [stderr]    Compiling num-traits v0.2.19
[INFO] [stderr]    Compiling nix v0.29.0
[INFO] [stderr]    Compiling event-listener v5.4.0
[INFO] [stderr]    Compiling proc-macro2 v1.0.93
[INFO] [stderr]    Compiling log v0.4.25
[INFO] [stderr]    Compiling winnow v0.7.1
[INFO] [stderr]    Compiling indexmap v2.7.1
[INFO] [stderr]    Compiling event-listener-strategy v0.5.3
[INFO] [stderr]    Compiling iana-time-zone v0.1.61
[INFO] [stderr]    Compiling pure-rust-locales v0.8.1
[INFO] [stderr]    Compiling quote v1.0.38
[INFO] [stderr]    Compiling syn v2.0.98
[INFO] [stderr]    Compiling signal-hook v0.3.17
[INFO] [stderr]    Compiling either v1.13.0
[INFO] [stderr]    Compiling adler2 v2.0.0
[INFO] [stderr]    Compiling smallvec v1.13.2
[INFO] [stderr]    Compiling typeid v1.0.2
[INFO] [stderr]    Compiling static_assertions v1.1.0
[INFO] [stderr]    Compiling miniz_oxide v0.8.3
[INFO] [stderr]    Compiling rayon-core v1.12.1
[INFO] [stderr]    Compiling parking_lot_core v0.9.10
[INFO] [stderr]    Compiling toml_edit v0.22.23
[INFO] [stderr]    Compiling futures-lite v2.6.0
[INFO] [stderr]    Compiling mio v1.0.3
[INFO] [stderr]    Compiling proc-macro-error v1.0.4
[INFO] [stderr]    Compiling aho-corasick v1.1.3
[INFO] [stderr]    Compiling crc32fast v1.4.2
[INFO] [stderr]    Compiling regex-syntax v0.8.5
[INFO] [stderr]    Compiling proc-macro-crate v3.2.0
[INFO] [stderr]    Compiling owo-colors v4.1.0
[INFO] [stderr]    Compiling procfs v0.17.0
[INFO] [stderr]    Compiling equivalent v1.0.1
[INFO] [stderr]    Compiling ref-cast v1.0.23
[INFO] [stderr]    Compiling serde_json v1.0.138
[INFO] [stderr]    Compiling alloc-no-stdlib v2.0.4
[INFO] [stderr]    Compiling alloc-stdlib v0.2.2
[INFO] [stderr]    Compiling hashbrown v0.15.2
[INFO] [stderr]    Compiling flate2 v1.0.35
[INFO] [stderr]    Compiling dirs-sys v0.4.1
[INFO] [stderr]    Compiling signal-hook-mio v0.2.4
[INFO] [stderr]    Compiling rayon v1.10.0
[INFO] [stderr]    Compiling serde_derive v1.0.217
[INFO] [stderr]    Compiling enumflags2_derive v0.7.11
[INFO] [stderr]    Compiling thiserror-impl v1.0.69
[INFO] [stderr]    Compiling regex-automata v0.4.9
[INFO] [stderr]    Compiling tracing-attributes v0.1.28
[INFO] [stderr]    Compiling thiserror v1.0.69
[INFO] [stderr]    Compiling ref-cast-impl v1.0.23
[INFO] [stderr]    Compiling parking_lot v0.12.3
[INFO] [stderr]    Compiling proc-macro-error-attr v1.0.4
[INFO] [stderr]    Compiling vte v0.14.1
[INFO] [stderr]    Compiling nu-ansi-term v0.50.1
[INFO] [stderr]    Compiling arrayvec v0.7.6
[INFO] [stderr]    Compiling textwrap v0.16.1
[INFO] [stderr]    Compiling rmp v0.8.14
[INFO] [stderr]    Compiling num-format v0.4.4
[INFO] [stderr]    Compiling lscolors v0.17.0
[INFO] [stderr]    Compiling fancy-regex v0.14.0
[INFO] [stderr]    Compiling sysinfo v0.33.1
[INFO] [stderr]    Compiling tracing v0.1.41
[INFO] [stderr]    Compiling strip-ansi-escapes v0.2.1
[INFO] [stderr]    Compiling crossterm v0.28.1
[INFO] [stderr]    Compiling pwd v1.4.0
[INFO] [stderr]    Compiling terminal_size v0.4.1
[INFO] [stderr]    Compiling miette-derive v7.5.0
[INFO] [stderr]    Compiling typetag-impl v0.2.19
[INFO] [stderr]    Compiling zvariant_utils v3.2.0
[INFO] [stderr]    Compiling thiserror-impl v2.0.11
[INFO] [stderr]    Compiling dirs v5.0.1
[INFO] [stderr]    Compiling chrono v0.4.39
[INFO] [stderr]    Compiling zvariant_derive v5.4.0
[INFO] [stderr]    Compiling erased-serde v0.4.5
[INFO] [stderr]    Compiling brotli-decompressor v4.0.2
[INFO] [stderr]    Compiling itertools v0.13.0
[INFO] [stderr]    Compiling async-lock v3.4.0
[INFO] [stderr]    Compiling procfs-core v0.17.0
[INFO] [stderr]    Compiling unicase v2.8.1
[INFO] [stderr]    Compiling supports-hyperlinks v3.1.0
[INFO] [stderr]    Compiling inventory v0.3.19
[INFO] [stderr]    Compiling sys-locale v0.3.2
[INFO] [stderr]    Compiling supports-unicode v3.0.0
[INFO] [stderr]    Compiling nu-utils v0.102.0
[INFO] [stderr]    Compiling miette v7.5.0
[INFO] [stderr]    Compiling nu-derive-value v0.102.0
[INFO] [stderr]    Compiling typetag v0.2.19
[INFO] [stderr]    Compiling brotli v7.0.0
[INFO] [stderr]    Compiling chrono-humanize v0.2.3
[INFO] [stderr]    Compiling thiserror v2.0.11
[INFO] [stderr]    Compiling nu-path v0.102.0
[INFO] [stderr]    Compiling rmp-serde v1.3.0
[INFO] [stderr]    Compiling enumflags2 v0.7.11
[INFO] [stderr]    Compiling polling v3.7.4
[INFO] [stderr]    Compiling lru v0.12.5
[INFO] [stderr]    Compiling async-channel v2.3.1
[INFO] [stderr]    Compiling os_pipe v1.2.1
[INFO] [stderr]    Compiling heck v0.5.0
[INFO] [stderr]    Compiling nu-system v0.102.0
[INFO] [stderr]    Compiling endi v1.1.0
[INFO] [stderr]    Compiling zvariant v5.4.0
[INFO] [stderr]    Compiling semver v1.0.25
[INFO] [stderr]    Compiling piper v0.2.4
[INFO] [stderr]    Compiling nu-protocol v0.102.0
[INFO] [stderr]    Compiling async-io v2.4.0
[INFO] [stderr]    Compiling zbus_names v4.2.0
[INFO] [stderr]    Compiling async-signal v0.2.10
[INFO] [stderr]    Compiling blocking v1.6.1
[INFO] [stderr]    Compiling doctest-file v1.0.0
[INFO] [stderr]    Compiling interprocess v2.2.2
[INFO] [stderr]    Compiling async-fs v2.1.2
[INFO] [stderr]    Compiling zbus_macros v5.5.0
[INFO] [stderr]    Compiling async-process v2.3.0
[INFO] [stderr]    Compiling async-executor v1.13.1
[INFO] [stderr]    Compiling serde_repr v0.1.19
[INFO] [stderr]    Compiling async-trait v0.1.86
[INFO] [stderr]    Compiling async-broadcast v0.7.2
[INFO] [stderr]    Compiling ordered-stream v0.2.0
[INFO] [stderr]    Compiling xdg-home v1.3.0
[INFO] [stderr]    Compiling nu-glob v0.102.0
[INFO] [stderr]    Compiling zbus v5.5.0
[INFO] [stderr]    Compiling nu-plugin-protocol v0.102.0
[INFO] [stderr]    Compiling nu-engine v0.102.0
[INFO] [stderr]    Compiling notify-rust v4.11.4
[INFO] [stdout] error[E0432]: unresolved import `zbus::export::futures_util`
[INFO] [stdout]  --> /opt/rustwide/cargo-home/registry/src/index.crates.io-1949cf8c6b5b557f/notify-rust-4.11.4/src/xdg/zbus_rs.rs:2:20
[INFO] [stdout]   |
[INFO] [stdout] 2 | use zbus::{export::futures_util::TryStreamExt, MatchRule};
[INFO] [stdout]   |                    ^^^^^^^^^^^^ could not find `futures_util` in `export`
[INFO] [stdout] 
[INFO] [stdout] 
[INFO] [stdout] error[E0599]: no method named `try_next` found for struct `MessageStream` in the current scope
[INFO] [stdout]    --> /opt/rustwide/cargo-home/registry/src/index.crates.io-1949cf8c6b5b557f/notify-rust-4.11.4/src/xdg/zbus_rs.rs:259:69
[INFO] [stdout]     |
[INFO] [stdout] 259 |     while let Ok(Some(msg)) = zbus::MessageStream::from(connection).try_next().await {
[INFO] [stdout]     |                                                                     ^^^^^^^^ method not found in `MessageStream`
[INFO] [stdout]     |
[INFO] [stdout]    ::: /opt/rustwide/cargo-home/registry/src/index.crates.io-1949cf8c6b5b557f/futures-lite-2.6.0/src/stream.rs:893:8
[INFO] [stdout]     |
[INFO] [stdout] 893 |     fn try_next<T, E>(&mut self) -> TryNextFuture<'_, Self>
[INFO] [stdout]     |        -------- the method is available for `MessageStream` here
[INFO] [stdout]     |
[INFO] [stdout]     = help: items from traits can only be used if the trait is in scope
[INFO] [stdout] help: trait `StreamExt` which provides `try_next` is implemented but not in scope; perhaps you want to import it
[INFO] [stdout]     |
[INFO] [stdout]   1 + use futures_lite::stream::StreamExt;
[INFO] [stdout]     |
[INFO] [stdout] 
[INFO] [stdout] 
[INFO] [stdout] error[E0277]: the size for values of type `str` cannot be known at compilation time
[INFO] [stdout]    --> /opt/rustwide/cargo-home/registry/src/index.crates.io-1949cf8c6b5b557f/notify-rust-4.11.4/src/xdg/zbus_rs.rs:265:34
[INFO] [stdout]     |
[INFO] [stdout] 265 |                         Ok((nid, action)) if nid == id => {
[INFO] [stdout]     |                                  ^^^^^^ doesn't have a size known at compile-time
[INFO] [stdout]     |
[INFO] [stdout]     = help: the trait `Sized` is not implemented for `str`
[INFO] [stdout]     = note: all local variables must have a statically known size
[INFO] [stdout] 
[INFO] [stdout] 
[INFO] [stdout] Some errors have detailed explanations: E0277, E0432, E0599.
[INFO] [stdout] 
[INFO] [stdout] For more information about an error, try `rustc --explain E0277`.
[INFO] [stdout] 
[INFO] [stderr] error: could not compile `notify-rust` (lib) due to 3 previous errors
[INFO] [stderr] warning: build failed, waiting for other jobs to finish...
[INFO] running `Command { std: "docker" "inspect" "8b0754df3d0b0c8c049e4589e6068cd2cbe2aff7dfef8d797193e1b27b34bb27", kill_on_drop: false }`
[INFO] running `Command { std: "docker" "rm" "-f" "8b0754df3d0b0c8c049e4589e6068cd2cbe2aff7dfef8d797193e1b27b34bb27", kill_on_drop: false }`
[INFO] [stdout] 8b0754df3d0b0c8c049e4589e6068cd2cbe2aff7dfef8d797193e1b27b34bb27
