[INFO] fetching crate ntp-os-clock 1.1.3...
[INFO] testing ntp-os-clock-1.1.3 against 1.100.0-beta.1+cargoflags=--release for beta-release-1.100-2
[INFO] extracting crate ntp-os-clock 1.1.3 into /workspace/builds/worker-5-tc2/source
[INFO] started tweaking crates.io crate ntp-os-clock 1.1.3
[INFO] finished tweaking crates.io crate ntp-os-clock 1.1.3
[INFO] tweaked toml for crates.io crate ntp-os-clock 1.1.3 written to /workspace/builds/worker-5-tc2/source/Cargo.toml
[INFO] validating manifest of crates.io crate ntp-os-clock 1.1.3 on toolchain 1.100.0-beta.1
[INFO] running `Command { std: CARGO_HOME="/workspace/cargo-home" RUSTUP_HOME="/workspace/rustup-home" "/workspace/cargo-home/bin/cargo" "+1.100.0-beta.1" "metadata" "--manifest-path" "Cargo.toml" "--no-deps", kill_on_drop: false }`
[INFO] running `Command { std: CARGO_HOME="/workspace/cargo-home" RUSTUP_HOME="/workspace/rustup-home" "/workspace/cargo-home/bin/cargo" "+1.100.0-beta.1" "generate-lockfile" "--manifest-path" "Cargo.toml", kill_on_drop: false }`
[INFO] [stderr]     Updating crates.io index
[INFO] [stderr]      Locking 109 packages to highest compatible versions
[INFO] [stderr]       Adding generic-array v0.14.7 (available: v0.14.9)
[INFO] running `Command { std: CARGO_HOME="/workspace/cargo-home" RUSTUP_HOME="/workspace/rustup-home" "/workspace/cargo-home/bin/cargo" "+1.100.0-beta.1" "fetch" "--manifest-path" "Cargo.toml", kill_on_drop: false }`
[INFO] running `Command { std: "docker" "create" "-v" "/var/lib/crater-agent-workspace/builds/worker-5-tc2/source:/opt/rustwide/workdir:ro,Z" "-v" "/var/lib/crater-agent-workspace/builds/worker-5-tc2/target:/opt/rustwide/target:rw,Z" "-v" "/var/lib/crater-agent-workspace/cargo-home:/opt/rustwide/cargo-home:ro,Z" "-v" "/var/lib/crater-agent-workspace/rustup-home:/opt/rustwide/rustup-home:ro,Z" "-m" "1610612736" "--network" "none" "ghcr.io/rust-lang/crates-build-env/linux@sha256:77db811e55d90add9212f6832c23229e3de5f1c1f9905e8cb07319ea15df73ac" "sleep" "infinity", kill_on_drop: false }`
[INFO] [stdout] 051d242595eb8cce3533eb4e120bb84efbf8b763543cf4fdb43e19d5ae8e254e
[INFO] running `Command { std: "docker" "start" "051d242595eb8cce3533eb4e120bb84efbf8b763543cf4fdb43e19d5ae8e254e", kill_on_drop: false }`
[INFO] running `Command { std: "docker" "inspect" "051d242595eb8cce3533eb4e120bb84efbf8b763543cf4fdb43e19d5ae8e254e", kill_on_drop: false }`
[INFO] running `Command { std: "docker" "exec" "-e" "SOURCE_DIR=/opt/rustwide/workdir" "-e" "CARGO_HOME=/opt/rustwide/cargo-home" "-e" "RUSTUP_HOME=/opt/rustwide/rustup-home" "-e" "CARGO_TARGET_DIR=/opt/rustwide/target" "-w" "/opt/rustwide/workdir" "--user" "0:0" "051d242595eb8cce3533eb4e120bb84efbf8b763543cf4fdb43e19d5ae8e254e" "/opt/rustwide/cargo-home/bin/cargo" "+1.100.0-beta.1" "metadata" "--no-deps" "--format-version=1", kill_on_drop: false }`
[INFO] running `Command { std: "docker" "inspect" "051d242595eb8cce3533eb4e120bb84efbf8b763543cf4fdb43e19d5ae8e254e", kill_on_drop: false }`
[INFO] running `Command { std: "docker" "exec" "-e" "SOURCE_DIR=/opt/rustwide/workdir" "-e" "CARGO_HOME=/opt/rustwide/cargo-home" "-e" "RUSTUP_HOME=/opt/rustwide/rustup-home" "-e" "CARGO_TARGET_DIR=/opt/rustwide/target" "-e" "CARGO_INCREMENTAL=0" "-e" "RUST_BACKTRACE=full" "-e" "RUSTFLAGS=--cap-lints=warn" "-e" "RUSTDOCFLAGS=--cap-lints=warn" "-w" "/opt/rustwide/workdir" "--user" "0:0" "051d242595eb8cce3533eb4e120bb84efbf8b763543cf4fdb43e19d5ae8e254e" "/opt/rustwide/cargo-home/bin/cargo" "+1.100.0-beta.1" "build" "--frozen" "--message-format=json" "--release", kill_on_drop: false }`
[INFO] [stderr]    Compiling libc v0.2.191
[INFO] [stderr]    Compiling typenum v1.20.1
[INFO] [stderr]    Compiling pkg-config v0.3.34
[INFO] [stderr]    Compiling fs_extra v1.3.0
[INFO] [stderr]    Compiling dunce v1.0.5
[INFO] [stderr]    Compiling aws-lc-rs v1.18.2
[INFO] [stderr]    Compiling zerocopy v0.8.63
[INFO] [stderr]    Compiling rustls v0.23.46
[INFO] [stderr]    Compiling cpufeatures v0.2.17
[INFO] [stderr]    Compiling tokio v1.53.3
[INFO] [stderr]    Compiling rustls-native-certs v0.8.5
[INFO] [stderr]    Compiling syn v3.0.9
[INFO] [stderr]    Compiling syn v2.0.119
[INFO] [stderr]    Compiling generic-array v0.14.7
[INFO] [stderr]    Compiling jobserver v0.1.35
[INFO] [stderr]    Compiling inout v0.1.4
[INFO] [stderr]    Compiling block-buffer v0.10.4
[INFO] [stderr]    Compiling dbl v0.3.2
[INFO] [stderr]    Compiling getrandom v0.2.17
[INFO] [stderr]    Compiling cc v1.8.0
[INFO] [stderr]    Compiling rand_core v0.6.4
[INFO] [stderr]    Compiling serde_derive v1.0.229
[INFO] [stderr]    Compiling crypto-common v0.1.7
[INFO] [stderr]    Compiling cipher v0.4.4
[INFO] [stderr]    Compiling digest v0.10.7
[INFO] [stderr]    Compiling aead v0.5.2
[INFO] [stderr]    Compiling aes v0.8.4
[INFO] [stderr]    Compiling ctr v0.9.2
[INFO] [stderr]    Compiling cmac v0.7.2
[INFO] [stderr]    Compiling md-5 v0.10.6
[INFO] [stderr]    Compiling aes-siv v0.7.0
[INFO] [stderr]    Compiling cmake v0.1.58
[INFO] [stderr]    Compiling aws-lc-sys v0.46.0
[INFO] [stderr]    Compiling tracing-attributes v0.1.31
[INFO] [stderr]    Compiling serde v1.0.229
[INFO] [stderr]    Compiling tracing v0.1.44
[INFO] [stderr]    Compiling ppv-lite86 v0.2.21
[INFO] [stderr]    Compiling rand_chacha v0.3.1
[INFO] [stderr]    Compiling rand v0.8.8
[INFO] [stderr]    Compiling rustls-webpki v0.103.15
[INFO] [stderr]    Compiling tokio-rustls v0.26.6
[INFO] [stderr]    Compiling rustls-platform-verifier v0.5.3
[INFO] [stderr]    Compiling ntp-proto v1.9.0
[INFO] [stderr]    Compiling ntp-os-clock v1.1.3 (/opt/rustwide/workdir)
[INFO] [stdout] error[E0407]: method `enable_ntp_algorithm` is not a member of trait `NtpClock`
[INFO] [stdout]    --> src/unix.rs:430:5
[INFO] [stdout]     |
[INFO] [stdout] 430 |       fn enable_ntp_algorithm(&self) -> Result<(), Self::Error> {
[INFO] [stdout]     |       ^  -------------------- help: there is an associated function with a similar name: `disable_ntp_algorithm`
[INFO] [stdout]     |  _____|
[INFO] [stdout]     | |
[INFO] [stdout] 431 | |         let mut timex = EMPTY_TIMEX;
[INFO] [stdout] 432 | |         self.adjtime(&mut timex)?;
[INFO] [stdout] 433 | |         timex.modes = libc::MOD_STATUS;
[INFO] [stdout] ...   |
[INFO] [stdout] 441 | |         self.adjtime(&mut timex)
[INFO] [stdout] 442 | |     }
[INFO] [stdout]     | |_____^ not a member of trait `NtpClock`
[INFO] [stdout] 
[INFO] [stdout] 
[INFO] [stdout] error[E0407]: method `ntp_algorithm_update` is not a member of trait `NtpClock`
[INFO] [stdout]    --> src/unix.rs:456:5
[INFO] [stdout]     |
[INFO] [stdout] 456 | /     fn ntp_algorithm_update(
[INFO] [stdout] 457 | |         &self,
[INFO] [stdout] 458 | |         offset: NtpDuration,
[INFO] [stdout] 459 | |         poll_interval: PollInterval,
[INFO] [stdout] ...   |
[INFO] [stdout] 465 | |         ignore_not_supported(self.adjtime(&mut timex))
[INFO] [stdout] 466 | |     }
[INFO] [stdout]     | |_____^ not a member of trait `NtpClock`
[INFO] [stdout] 
[INFO] [stdout] 
[INFO] [stdout] error[E0046]: not all trait items implemented, missing: `get_frequency`
[INFO] [stdout]    --> src/unix.rs:396:1
[INFO] [stdout]     |
[INFO] [stdout] 396 | impl NtpClock for UnixNtpClock {
[INFO] [stdout]     | ^^^^^^^^^^^^^^^^^^^^^^^^^^^^^^ missing `get_frequency` in implementation
[INFO] [stdout]     |
[INFO] [stdout]     = help: implement the missing item: `fn get_frequency(&self) -> Result<f64, <Self as NtpClock>::Error> { todo!() }`
[INFO] [stdout] 
[INFO] [stdout] 
[INFO] [stdout] error[E0004]: non-exhaustive patterns: `NtpLeapIndicator::Unsynchronized` not covered
[INFO] [stdout]    --> src/unix.rs:487:15
[INFO] [stdout]     |
[INFO] [stdout] 487 |         match leap_status {
[INFO] [stdout]     |               ^^^^^^^^^^^ pattern `NtpLeapIndicator::Unsynchronized` not covered
[INFO] [stdout]     |
[INFO] [stdout] note: `NtpLeapIndicator` defined here
[INFO] [stdout]    --> /opt/rustwide/cargo-home/registry/src/index.crates.io-1949cf8c6b5b557f/ntp-proto-1.9.0/src/packet/mod.rs:33:1
[INFO] [stdout]     |
[INFO] [stdout]  33 | pub enum NtpLeapIndicator {
[INFO] [stdout]     | ^^^^^^^^^^^^^^^^^^^^^^^^^
[INFO] [stdout] ...
[INFO] [stdout]  41 |     Unsynchronized,
[INFO] [stdout]     |     -------------- not covered
[INFO] [stdout]     = note: the matched value is of type `NtpLeapIndicator`
[INFO] [stdout] help: ensure that all possible cases are being handled by adding a match arm with a wildcard pattern or an explicit pattern as shown
[INFO] [stdout]     |
[INFO] [stdout] 491 ~             NtpLeapIndicator::Unknown => timex.status |= libc::STA_UNSYNC,
[INFO] [stdout] 492 ~             NtpLeapIndicator::Unsynchronized => todo!(),
[INFO] [stdout]     |
[INFO] [stdout] 
[INFO] [stdout] 
[INFO] [stdout] Some errors have detailed explanations: E0004, E0046, E0407.
[INFO] [stdout] 
[INFO] [stdout] For more information about an error, try `rustc --explain E0004`.
[INFO] [stdout] 
[INFO] [stderr] error: could not compile `ntp-os-clock` (lib) due to 4 previous errors
[INFO] [stderr] warning: build failed, waiting for other jobs to finish...
[INFO] running `Command { std: "docker" "inspect" "051d242595eb8cce3533eb4e120bb84efbf8b763543cf4fdb43e19d5ae8e254e", kill_on_drop: false }`
[INFO] running `Command { std: "docker" "rm" "-f" "051d242595eb8cce3533eb4e120bb84efbf8b763543cf4fdb43e19d5ae8e254e", kill_on_drop: false }`
[INFO] [stdout] 051d242595eb8cce3533eb4e120bb84efbf8b763543cf4fdb43e19d5ae8e254e
