[INFO] fetching crate ntex-server 4.2.0...
[INFO] testing ntex-server-4.2.0 against 1.100.0-beta.1+cargoflags=--release for beta-release-1.100-2
[INFO] extracting crate ntex-server 4.2.0 into /workspace/builds/worker-0-tc2/source
[INFO] started tweaking crates.io crate ntex-server 4.2.0
[INFO] removed 0 missing tests
[INFO] finished tweaking crates.io crate ntex-server 4.2.0
[INFO] tweaked toml for crates.io crate ntex-server 4.2.0 written to /workspace/builds/worker-0-tc2/source/Cargo.toml
[INFO] validating manifest of crates.io crate ntex-server 4.2.0 on toolchain 1.100.0-beta.1
[INFO] running `Command { std: CARGO_HOME="/workspace/cargo-home" RUSTUP_HOME="/workspace/rustup-home" "/workspace/cargo-home/bin/cargo" "+1.100.0-beta.1" "metadata" "--manifest-path" "Cargo.toml" "--no-deps", kill_on_drop: false }`
[INFO] crate crates.io crate ntex-server 4.2.0 already has a lockfile, it will not be regenerated
[INFO] running `Command { std: CARGO_HOME="/workspace/cargo-home" RUSTUP_HOME="/workspace/rustup-home" "/workspace/cargo-home/bin/cargo" "+1.100.0-beta.1" "fetch" "--manifest-path" "Cargo.toml", kill_on_drop: false }`
[INFO] running `Command { std: "docker" "create" "-v" "/var/lib/crater-agent-workspace/builds/worker-0-tc2/source:/opt/rustwide/workdir:ro,Z" "-v" "/var/lib/crater-agent-workspace/builds/worker-0-tc2/target:/opt/rustwide/target:rw,Z" "-v" "/var/lib/crater-agent-workspace/cargo-home:/opt/rustwide/cargo-home:ro,Z" "-v" "/var/lib/crater-agent-workspace/rustup-home:/opt/rustwide/rustup-home:ro,Z" "-m" "1610612736" "--network" "none" "ghcr.io/rust-lang/crates-build-env/linux@sha256:77db811e55d90add9212f6832c23229e3de5f1c1f9905e8cb07319ea15df73ac" "sleep" "infinity", kill_on_drop: false }`
[INFO] [stdout] c1c225370bf3279e3ed1d9c717ea31e3dcf68a77d78f027b8987619325963004
[INFO] running `Command { std: "docker" "start" "c1c225370bf3279e3ed1d9c717ea31e3dcf68a77d78f027b8987619325963004", kill_on_drop: false }`
[INFO] running `Command { std: "docker" "inspect" "c1c225370bf3279e3ed1d9c717ea31e3dcf68a77d78f027b8987619325963004", kill_on_drop: false }`
[INFO] running `Command { std: "docker" "exec" "-e" "SOURCE_DIR=/opt/rustwide/workdir" "-e" "CARGO_HOME=/opt/rustwide/cargo-home" "-e" "RUSTUP_HOME=/opt/rustwide/rustup-home" "-e" "CARGO_TARGET_DIR=/opt/rustwide/target" "-w" "/opt/rustwide/workdir" "--user" "0:0" "c1c225370bf3279e3ed1d9c717ea31e3dcf68a77d78f027b8987619325963004" "/opt/rustwide/cargo-home/bin/cargo" "+1.100.0-beta.1" "metadata" "--no-deps" "--format-version=1", kill_on_drop: false }`
[INFO] running `Command { std: "docker" "inspect" "c1c225370bf3279e3ed1d9c717ea31e3dcf68a77d78f027b8987619325963004", kill_on_drop: false }`
[INFO] running `Command { std: "docker" "exec" "-e" "SOURCE_DIR=/opt/rustwide/workdir" "-e" "CARGO_HOME=/opt/rustwide/cargo-home" "-e" "RUSTUP_HOME=/opt/rustwide/rustup-home" "-e" "CARGO_TARGET_DIR=/opt/rustwide/target" "-e" "CARGO_INCREMENTAL=0" "-e" "RUST_BACKTRACE=full" "-e" "RUSTFLAGS=--cap-lints=warn" "-e" "RUSTDOCFLAGS=--cap-lints=warn" "-w" "/opt/rustwide/workdir" "--user" "0:0" "c1c225370bf3279e3ed1d9c717ea31e3dcf68a77d78f027b8987619325963004" "/opt/rustwide/cargo-home/bin/cargo" "+1.100.0-beta.1" "build" "--frozen" "--message-format=json" "--release", kill_on_drop: false }`
[INFO] [stderr]    Compiling libc v0.2.189
[INFO] [stderr]    Compiling crossbeam-utils v0.8.23
[INFO] [stderr]    Compiling foldhash v0.2.0
[INFO] [stderr]    Compiling object v0.37.3
[INFO] [stderr]    Compiling gimli v0.32.3
[INFO] [stderr]    Compiling cfg_aliases v0.2.2
[INFO] [stderr]    Compiling memchr v2.8.3
[INFO] [stderr]    Compiling miniz_oxide v0.8.9
[INFO] [stderr]    Compiling event-listener v5.4.2
[INFO] [stderr]    Compiling signal-hook v0.4.4
[INFO] [stderr]    Compiling futures-core v0.3.34
[INFO] [stderr]    Compiling rustc-demangle v0.1.28
[INFO] [stderr]    Compiling syn v3.0.6
[INFO] [stderr]    Compiling smallvec v1.16.2
[INFO] [stderr]    Compiling ntex-rt v4.1.0
[INFO] [stderr]    Compiling rustix v1.1.5
[INFO] [stderr]    Compiling nix v0.31.3
[INFO] [stderr]    Compiling oneshot v0.2.1
[INFO] [stderr]    Compiling event-listener-strategy v0.5.4
[INFO] [stderr]    Compiling linux-raw-sys v0.12.1
[INFO] [stderr]    Compiling futures-timer v3.0.4
[INFO] [stderr]    Compiling hashbrown v0.17.1
[INFO] [stderr]    Compiling ntex-service v5.1.0
[INFO] [stderr]    Compiling ntex-io-uring v0.8.7150
[INFO] [stderr]    Compiling sc v0.2.7
[INFO] [stderr]    Compiling concurrent-queue v2.5.0
[INFO] [stderr]    Compiling swap-buffer-queue v0.2.1
[INFO] [stderr]    Compiling crossbeam-channel v0.5.17
[INFO] [stderr]    Compiling crossbeam-queue v0.3.14
[INFO] [stderr]    Compiling async-channel v2.5.0
[INFO] [stderr]    Compiling errno v0.3.14
[INFO] [stderr]    Compiling parking_lot_core v0.9.12
[INFO] [stderr]    Compiling socket2 v0.6.5
[INFO] [stderr]    Compiling getrandom v0.4.3
[INFO] [stderr]    Compiling num_cpus v1.17.0
[INFO] [stderr]    Compiling uuid v1.26.1
[INFO] [stderr]    Compiling signal-hook-registry v1.4.8
[INFO] [stderr]    Compiling serde_derive v1.0.229
[INFO] [stderr]    Compiling thiserror-impl v2.0.21
[INFO] [stderr]    Compiling core_affinity v0.8.3
[INFO] [stderr]    Compiling parking_lot v0.12.5
[INFO] [stderr]    Compiling thiserror v2.0.21
[INFO] [stderr]    Compiling addr2line v0.25.1
[INFO] [stderr]    Compiling ntex-polling v3.11.2
[INFO] [stderr]    Compiling polling v3.11.0
[INFO] [stderr]    Compiling serde v1.0.229
[INFO] [stderr]    Compiling ntex-bytes v1.10.0
[INFO] [stderr]    Compiling backtrace v0.3.76
[INFO] [stderr]    Compiling ntex-codec v2.0.0
[INFO] [stderr]    Compiling ntex-http v1.3.0
[INFO] [stderr]    Compiling ntex-error v3.0.0
[INFO] [stderr]    Compiling ntex-util v4.2.0
[INFO] [stderr]    Compiling ntex-io v4.1.0
[INFO] [stderr]    Compiling ntex-net v4.1.0
[INFO] [stderr]    Compiling ntex-server v4.2.0 (/opt/rustwide/workdir)
[INFO] [stderr]     Finished `release` profile [optimized] target(s) in 17.07s
[INFO] running `Command { std: "docker" "inspect" "c1c225370bf3279e3ed1d9c717ea31e3dcf68a77d78f027b8987619325963004", kill_on_drop: false }`
[INFO] running `Command { std: "docker" "exec" "-e" "SOURCE_DIR=/opt/rustwide/workdir" "-e" "CARGO_HOME=/opt/rustwide/cargo-home" "-e" "RUSTUP_HOME=/opt/rustwide/rustup-home" "-e" "CARGO_TARGET_DIR=/opt/rustwide/target" "-e" "CARGO_INCREMENTAL=0" "-e" "RUST_BACKTRACE=full" "-e" "RUSTFLAGS=--cap-lints=warn" "-e" "RUSTDOCFLAGS=--cap-lints=warn" "-w" "/opt/rustwide/workdir" "--user" "0:0" "c1c225370bf3279e3ed1d9c717ea31e3dcf68a77d78f027b8987619325963004" "/opt/rustwide/cargo-home/bin/cargo" "+1.100.0-beta.1" "test" "--frozen" "--no-run" "--message-format=json" "--release", kill_on_drop: false }`
[INFO] [stderr]    Compiling syn v3.0.6
[INFO] [stderr]    Compiling object v0.37.3
[INFO] [stderr]    Compiling ntex-service v5.1.0
[INFO] [stderr]    Compiling ntex-rt v3.17.3
[INFO] [stderr]    Compiling syn v2.0.119
[INFO] [stderr]    Compiling simdutf8 v0.1.5
[INFO] [stderr]    Compiling env_filter v2.0.0
[INFO] [stderr]    Compiling multiversion_no_op v1.0.0
[INFO] [stderr]    Compiling nanorand v0.8.0
[INFO] [stderr]    Compiling debug_unsafe v0.1.4
[INFO] [stderr]    Compiling encoding_rs v0.8.42
[INFO] [stderr]    Compiling atoi_simd v0.18.1
[INFO] [stderr]    Compiling ntex-httparse v2.2.0
[INFO] [stderr]    Compiling env_logger v0.11.11
[INFO] [stderr]    Compiling derive_more-impl v2.1.1
[INFO] [stderr]    Compiling variadics_please v1.1.0
[INFO] [stderr]    Compiling serde_derive v1.0.229
[INFO] [stderr]    Compiling thiserror-impl v2.0.21
[INFO] [stderr]    Compiling ntex-macros v4.0.0
[INFO] [stderr]    Compiling derive_more v2.1.1
[INFO] [stderr]    Compiling thiserror v2.0.21
[INFO] [stderr]    Compiling backtrace v0.3.76
[INFO] [stderr]    Compiling serde v1.0.229
[INFO] [stderr]    Compiling ntex-bytes v1.10.0
[INFO] [stderr]    Compiling serde_urlencoded v0.7.1
[INFO] [stderr]    Compiling ntex-error v3.0.0
[INFO] [stderr]    Compiling ntex-codec v2.0.0
[INFO] [stderr]    Compiling ntex-http v1.3.0
[INFO] [stderr]    Compiling ntex-error v2.6.0
[INFO] [stderr]    Compiling ntex-codec v1.2.1
[INFO] [stderr]    Compiling ntex-router v1.1.0
[INFO] [stderr]    Compiling ntex-rt v4.1.0
[INFO] [stderr]    Compiling ntex-util v4.2.0
[INFO] [stderr]    Compiling ntex-io v4.1.0
[INFO] [stderr]    Compiling ntex-net v4.1.0
[INFO] [stderr]    Compiling ntex-dispatcher v4.1.0
[INFO] [stderr]    Compiling ntex-server v4.1.1
[INFO] [stderr]    Compiling ntex-tls v4.0.0
[INFO] [stderr]    Compiling ntex-server v4.2.0 (/opt/rustwide/workdir)
[INFO] [stdout] error[E0277]: `Cell<bool>` cannot be shared between threads safely
[INFO] [stdout]    --> /opt/rustwide/cargo-home/registry/src/index.crates.io-1949cf8c6b5b557f/ntex-server-4.1.1/src/net/service.rs:42:52
[INFO] [stdout]     |
[INFO] [stdout]  42 | impl<Cfg: ServerAppConfig> ServerConfiguration for StreamServer<Cfg> {
[INFO] [stdout]     |                                                    ^^^^^^^^^^^^^^^^^ `Cell<bool>` cannot be shared between threads safely
[INFO] [stdout]     |
[INFO] [stdout]     = help: within `Poller`, the trait `Sync` is not implemented for `Cell<bool>`
[INFO] [stdout]     = note: if you want to do aliasing and mutation between multiple threads, use `std::sync::RwLock` or `std::sync::atomic::AtomicBool` instead
[INFO] [stdout] note: required because it appears within the type `ntex_polling::epoll::Poller`
[INFO] [stdout]    --> /opt/rustwide/cargo-home/registry/src/index.crates.io-1949cf8c6b5b557f/ntex-polling-3.11.2/src/epoll.rs:28:12
[INFO] [stdout]     |
[INFO] [stdout]  28 | pub struct Poller {
[INFO] [stdout]     |            ^^^^^^
[INFO] [stdout] note: required because it appears within the type `Poller`
[INFO] [stdout]    --> /opt/rustwide/cargo-home/registry/src/index.crates.io-1949cf8c6b5b557f/ntex-polling-3.11.2/src/lib.rs:481:12
[INFO] [stdout]     |
[INFO] [stdout] 481 | pub struct Poller {
[INFO] [stdout]     |            ^^^^^^
[INFO] [stdout]     = note: required for `Arc<Poller>` to implement `std::marker::Send`
[INFO] [stdout] note: required because it appears within the type `AcceptNotify`
[INFO] [stdout]    --> /opt/rustwide/cargo-home/registry/src/index.crates.io-1949cf8c6b5b557f/ntex-server-4.1.1/src/net/accept.rs:36:25
[INFO] [stdout]     |
[INFO] [stdout]  36 | pub struct AcceptNotify(Arc<Poller>, mpsc::Sender<AcceptorCommand>);
[INFO] [stdout]     |                         ^^^^^^^^^^^ required by this field
[INFO] [stdout] note: required because it appears within the type `StreamServer<Cfg>`
[INFO] [stdout]    --> /opt/rustwide/cargo-home/registry/src/index.crates.io-1949cf8c6b5b557f/ntex-server-4.1.1/src/net/service.rs:14:5
[INFO] [stdout]     |
[INFO] [stdout]  13 | pub struct StreamServer<Cfg> {
[INFO] [stdout]  14 |     accept: AcceptNotify,
[INFO] [stdout]     |     ^^^^^^^^^^^^^^^^^^^^ required by this field
[INFO] [stdout] note: required by a bound in `ServerConfiguration`
[INFO] [stdout]    --> /opt/rustwide/cargo-home/registry/src/index.crates.io-1949cf8c6b5b557f/ntex-server-4.1.1/src/lib.rs:46:32
[INFO] [stdout]     |
[INFO] [stdout]  46 | pub trait ServerConfiguration: Send + Clone + 'static {
[INFO] [stdout]     |                                ^^^^ required by this bound in `ServerConfiguration`
[INFO] [stdout] 
[INFO] [stdout] 
[INFO] [stdout] error[E0277]: `Cell<()>` cannot be shared between threads safely
[INFO] [stdout]    --> /opt/rustwide/cargo-home/registry/src/index.crates.io-1949cf8c6b5b557f/ntex-server-4.1.1/src/net/service.rs:42:52
[INFO] [stdout]     |
[INFO] [stdout]  42 | impl<Cfg: ServerAppConfig> ServerConfiguration for StreamServer<Cfg> {
[INFO] [stdout]     |                                                    ^^^^^^^^^^^^^^^^^ `Cell<()>` cannot be shared between threads safely
[INFO] [stdout]     |
[INFO] [stdout]     = help: within `Poller`, the trait `Sync` is not implemented for `Cell<()>`
[INFO] [stdout]     = note: if you want to do aliasing and mutation between multiple threads, use `std::sync::RwLock`
[INFO] [stdout] note: required because it appears within the type `PhantomData<Cell<()>>`
[INFO] [stdout]    --> /rustc/e3feeb59cd1bdd011a2bfcc0747b55125d9b8527/library/core/src/marker.rs:811:11
[INFO] [stdout] note: required because it appears within the type `Poller`
[INFO] [stdout]    --> /opt/rustwide/cargo-home/registry/src/index.crates.io-1949cf8c6b5b557f/ntex-polling-3.11.2/src/lib.rs:481:12
[INFO] [stdout]     |
[INFO] [stdout] 481 | pub struct Poller {
[INFO] [stdout]     |            ^^^^^^
[INFO] [stdout]     = note: required for `Arc<Poller>` to implement `std::marker::Send`
[INFO] [stdout] note: required because it appears within the type `AcceptNotify`
[INFO] [stdout]    --> /opt/rustwide/cargo-home/registry/src/index.crates.io-1949cf8c6b5b557f/ntex-server-4.1.1/src/net/accept.rs:36:25
[INFO] [stdout]     |
[INFO] [stdout]  36 | pub struct AcceptNotify(Arc<Poller>, mpsc::Sender<AcceptorCommand>);
[INFO] [stdout]     |                         ^^^^^^^^^^^ required by this field
[INFO] [stdout] note: required because it appears within the type `StreamServer<Cfg>`
[INFO] [stdout]    --> /opt/rustwide/cargo-home/registry/src/index.crates.io-1949cf8c6b5b557f/ntex-server-4.1.1/src/net/service.rs:14:5
[INFO] [stdout]     |
[INFO] [stdout]  13 | pub struct StreamServer<Cfg> {
[INFO] [stdout]  14 |     accept: AcceptNotify,
[INFO] [stdout]     |     ^^^^^^^^^^^^^^^^^^^^ required by this field
[INFO] [stdout] note: required by a bound in `ServerConfiguration`
[INFO] [stdout]    --> /opt/rustwide/cargo-home/registry/src/index.crates.io-1949cf8c6b5b557f/ntex-server-4.1.1/src/lib.rs:46:32
[INFO] [stdout]     |
[INFO] [stdout]  46 | pub trait ServerConfiguration: Send + Clone + 'static {
[INFO] [stdout]     |                                ^^^^ required by this bound in `ServerConfiguration`
[INFO] [stdout] 
[INFO] [stdout] 
[INFO] [stdout] error[E0277]: `Cell<bool>` cannot be shared between threads safely
[INFO] [stdout]    --> /opt/rustwide/cargo-home/registry/src/index.crates.io-1949cf8c6b5b557f/ntex-server-4.1.1/src/net/accept.rs:175:65
[INFO] [stdout]     |
[INFO] [stdout] 175 |           let _ = thread::Builder::new().name(name.clone()).spawn(move || {
[INFO] [stdout]     |  ___________________________________________________________-----_^
[INFO] [stdout]     | |                                                           |
[INFO] [stdout]     | |                                                           required by a bound introduced by this call
[INFO] [stdout] 176 | |             System::set_current(sys);
[INFO] [stdout] 177 | |             Accept::new(
[INFO] [stdout] 178 | |                 name,
[INFO] [stdout] ...   |
[INFO] [stdout] 188 | |             .poll();
[INFO] [stdout] 189 | |         });
[INFO] [stdout]     | |_________^ `Cell<bool>` cannot be shared between threads safely
[INFO] [stdout]     |
[INFO] [stdout]     = help: within `Poller`, the trait `Sync` is not implemented for `Cell<bool>`
[INFO] [stdout]     = note: if you want to do aliasing and mutation between multiple threads, use `std::sync::RwLock` or `std::sync::atomic::AtomicBool` instead
[INFO] [stdout] note: required because it appears within the type `ntex_polling::epoll::Poller`
[INFO] [stdout]    --> /opt/rustwide/cargo-home/registry/src/index.crates.io-1949cf8c6b5b557f/ntex-polling-3.11.2/src/epoll.rs:28:12
[INFO] [stdout]     |
[INFO] [stdout]  28 | pub struct Poller {
[INFO] [stdout]     |            ^^^^^^
[INFO] [stdout] note: required because it appears within the type `Poller`
[INFO] [stdout]    --> /opt/rustwide/cargo-home/registry/src/index.crates.io-1949cf8c6b5b557f/ntex-polling-3.11.2/src/lib.rs:481:12
[INFO] [stdout]     |
[INFO] [stdout] 481 | pub struct Poller {
[INFO] [stdout]     |            ^^^^^^
[INFO] [stdout]     = note: required for `Arc<Poller>` to implement `std::marker::Send`
[INFO] [stdout] note: required because `poller` is used within this closure
[INFO] [stdout]    --> /opt/rustwide/cargo-home/registry/src/index.crates.io-1949cf8c6b5b557f/ntex-server-4.1.1/src/net/accept.rs:181:17
[INFO] [stdout]     |
[INFO] [stdout] 181 |                 poller,
[INFO] [stdout]     |                 ^^^^^^
[INFO] [stdout] note: required by a bound in `std::thread::Builder::spawn`
[INFO] [stdout]    --> /rustc/e3feeb59cd1bdd011a2bfcc0747b55125d9b8527/library/std/src/thread/builder.rs:185:4
[INFO] [stdout] 
[INFO] [stdout] 
[INFO] [stdout] error[E0277]: `Cell<()>` cannot be shared between threads safely
[INFO] [stdout]    --> /opt/rustwide/cargo-home/registry/src/index.crates.io-1949cf8c6b5b557f/ntex-server-4.1.1/src/net/accept.rs:175:65
[INFO] [stdout]     |
[INFO] [stdout] 175 |           let _ = thread::Builder::new().name(name.clone()).spawn(move || {
[INFO] [stdout]     |  ___________________________________________________________-----_^
[INFO] [stdout]     | |                                                           |
[INFO] [stdout]     | |                                                           required by a bound introduced by this call
[INFO] [stdout] 176 | |             System::set_current(sys);
[INFO] [stdout] 177 | |             Accept::new(
[INFO] [stdout] 178 | |                 name,
[INFO] [stdout] ...   |
[INFO] [stdout] 188 | |             .poll();
[INFO] [stdout] 189 | |         });
[INFO] [stdout]     | |_________^ `Cell<()>` cannot be shared between threads safely
[INFO] [stdout]     |
[INFO] [stdout]     = help: within `Poller`, the trait `Sync` is not implemented for `Cell<()>`
[INFO] [stdout]     = note: if you want to do aliasing and mutation between multiple threads, use `std::sync::RwLock`
[INFO] [stdout] note: required because it appears within the type `PhantomData<Cell<()>>`
[INFO] [stdout]    --> /rustc/e3feeb59cd1bdd011a2bfcc0747b55125d9b8527/library/core/src/marker.rs:811:11
[INFO] [stdout] note: required because it appears within the type `Poller`
[INFO] [stdout]    --> /opt/rustwide/cargo-home/registry/src/index.crates.io-1949cf8c6b5b557f/ntex-polling-3.11.2/src/lib.rs:481:12
[INFO] [stdout]     |
[INFO] [stdout] 481 | pub struct Poller {
[INFO] [stdout]     |            ^^^^^^
[INFO] [stdout]     = note: required for `Arc<Poller>` to implement `std::marker::Send`
[INFO] [stdout] note: required because `poller` is used within this closure
[INFO] [stdout]    --> /opt/rustwide/cargo-home/registry/src/index.crates.io-1949cf8c6b5b557f/ntex-server-4.1.1/src/net/accept.rs:181:17
[INFO] [stdout]     |
[INFO] [stdout] 181 |                 poller,
[INFO] [stdout]     |                 ^^^^^^
[INFO] [stdout] note: required by a bound in `std::thread::Builder::spawn`
[INFO] [stdout]    --> /rustc/e3feeb59cd1bdd011a2bfcc0747b55125d9b8527/library/std/src/thread/builder.rs:185:4
[INFO] [stdout] 
[INFO] [stdout] 
[INFO] [stdout] error: future cannot be sent between threads safely
[INFO] [stdout]    --> /opt/rustwide/cargo-home/registry/src/index.crates.io-1949cf8c6b5b557f/ntex-server-4.1.1/src/net/accept.rs:306:44
[INFO] [stdout]     |
[INFO] [stdout] 306 |                 System::current().handle().spawn(async move {
[INFO] [stdout]     |                                            ^^^^^ future created by async block is not `Send`
[INFO] [stdout]     |
[INFO] [stdout]     = help: within `Poller`, the trait `Sync` is not implemented for `Cell<bool>`
[INFO] [stdout]     = note: if you want to do aliasing and mutation between multiple threads, use `std::sync::RwLock` or `std::sync::atomic::AtomicBool` instead
[INFO] [stdout] note: captured value is not `Send`
[INFO] [stdout]    --> /opt/rustwide/cargo-home/registry/src/index.crates.io-1949cf8c6b5b557f/ntex-server-4.1.1/src/net/accept.rs:308:21
[INFO] [stdout]     |
[INFO] [stdout] 308 |                     notify.send(AcceptorCommand::Timer);
[INFO] [stdout]     |                     ^^^^^^ has type `AcceptNotify` which is not `Send`
[INFO] [stdout] note: required by a bound in `ntex_rt::Handle::spawn`
[INFO] [stdout]    --> /opt/rustwide/cargo-home/registry/src/index.crates.io-1949cf8c6b5b557f/ntex-rt-3.17.3/src/rt.rs:163:30
[INFO] [stdout]     |
[INFO] [stdout] 144 | impl Handle {
[INFO] [stdout] ...
[INFO] [stdout] 163 |     pub fn spawn<F: Future + Send + 'static>(&self, future: F) -> JoinHandle<F::Output> {
[INFO] [stdout]     |                              ^^^^ required by this bound in `Handle::spawn`
[INFO] [stdout] 
[INFO] [stdout] 
[INFO] [stdout] error: future cannot be sent between threads safely
[INFO] [stdout]    --> /opt/rustwide/cargo-home/registry/src/index.crates.io-1949cf8c6b5b557f/ntex-server-4.1.1/src/net/accept.rs:306:44
[INFO] [stdout]     |
[INFO] [stdout] 306 |                 System::current().handle().spawn(async move {
[INFO] [stdout]     |                                            ^^^^^ future created by async block is not `Send`
[INFO] [stdout]     |
[INFO] [stdout]     = help: within `Poller`, the trait `Sync` is not implemented for `Cell<()>`
[INFO] [stdout]     = note: if you want to do aliasing and mutation between multiple threads, use `std::sync::RwLock`
[INFO] [stdout] note: captured value is not `Send`
[INFO] [stdout]    --> /opt/rustwide/cargo-home/registry/src/index.crates.io-1949cf8c6b5b557f/ntex-server-4.1.1/src/net/accept.rs:308:21
[INFO] [stdout]     |
[INFO] [stdout] 308 |                     notify.send(AcceptorCommand::Timer);
[INFO] [stdout]     |                     ^^^^^^ has type `AcceptNotify` which is not `Send`
[INFO] [stdout] note: required by a bound in `ntex_rt::Handle::spawn`
[INFO] [stdout]    --> /opt/rustwide/cargo-home/registry/src/index.crates.io-1949cf8c6b5b557f/ntex-rt-3.17.3/src/rt.rs:163:30
[INFO] [stdout]     |
[INFO] [stdout] 144 | impl Handle {
[INFO] [stdout] ...
[INFO] [stdout] 163 |     pub fn spawn<F: Future + Send + 'static>(&self, future: F) -> JoinHandle<F::Output> {
[INFO] [stdout]     |                              ^^^^ required by this bound in `Handle::spawn`
[INFO] [stdout] 
[INFO] [stdout] 
[INFO] [stdout] error: future cannot be sent between threads safely
[INFO] [stdout]    --> /opt/rustwide/cargo-home/registry/src/index.crates.io-1949cf8c6b5b557f/ntex-server-4.1.1/src/net/accept.rs:462:52
[INFO] [stdout]     |
[INFO] [stdout] 462 |                         System::current().handle().spawn(async move {
[INFO] [stdout]     |                                                    ^^^^^ future created by async block is not `Send`
[INFO] [stdout]     |
[INFO] [stdout]     = help: within `Poller`, the trait `Sync` is not implemented for `Cell<bool>`
[INFO] [stdout]     = note: if you want to do aliasing and mutation between multiple threads, use `std::sync::RwLock` or `std::sync::atomic::AtomicBool` instead
[INFO] [stdout] note: captured value is not `Send`
[INFO] [stdout]    --> /opt/rustwide/cargo-home/registry/src/index.crates.io-1949cf8c6b5b557f/ntex-server-4.1.1/src/net/accept.rs:464:29
[INFO] [stdout]     |
[INFO] [stdout] 464 | ...                   notify.send(AcceptorCommand::Timer);
[INFO] [stdout]     |                       ^^^^^^ has type `AcceptNotify` which is not `Send`
[INFO] [stdout] note: required by a bound in `ntex_rt::Handle::spawn`
[INFO] [stdout]    --> /opt/rustwide/cargo-home/registry/src/index.crates.io-1949cf8c6b5b557f/ntex-rt-3.17.3/src/rt.rs:163:30
[INFO] [stdout]     |
[INFO] [stdout] 144 | impl Handle {
[INFO] [stdout] ...
[INFO] [stdout] 163 |     pub fn spawn<F: Future + Send + 'static>(&self, future: F) -> JoinHandle<F::Output> {
[INFO] [stdout]     |                              ^^^^ required by this bound in `Handle::spawn`
[INFO] [stdout] 
[INFO] [stdout] 
[INFO] [stdout] error: future cannot be sent between threads safely
[INFO] [stdout]    --> /opt/rustwide/cargo-home/registry/src/index.crates.io-1949cf8c6b5b557f/ntex-server-4.1.1/src/net/accept.rs:462:52
[INFO] [stdout]     |
[INFO] [stdout] 462 |                         System::current().handle().spawn(async move {
[INFO] [stdout]     |                                                    ^^^^^ future created by async block is not `Send`
[INFO] [stdout]     |
[INFO] [stdout]     = help: within `Poller`, the trait `Sync` is not implemented for `Cell<()>`
[INFO] [stdout]     = note: if you want to do aliasing and mutation between multiple threads, use `std::sync::RwLock`
[INFO] [stdout] note: captured value is not `Send`
[INFO] [stdout]    --> /opt/rustwide/cargo-home/registry/src/index.crates.io-1949cf8c6b5b557f/ntex-server-4.1.1/src/net/accept.rs:464:29
[INFO] [stdout]     |
[INFO] [stdout] 464 | ...                   notify.send(AcceptorCommand::Timer);
[INFO] [stdout]     |                       ^^^^^^ has type `AcceptNotify` which is not `Send`
[INFO] [stdout] note: required by a bound in `ntex_rt::Handle::spawn`
[INFO] [stdout]    --> /opt/rustwide/cargo-home/registry/src/index.crates.io-1949cf8c6b5b557f/ntex-rt-3.17.3/src/rt.rs:163:30
[INFO] [stdout]     |
[INFO] [stdout] 144 | impl Handle {
[INFO] [stdout] ...
[INFO] [stdout] 163 |     pub fn spawn<F: Future + Send + 'static>(&self, future: F) -> JoinHandle<F::Output> {
[INFO] [stdout]     |                              ^^^^ required by this bound in `Handle::spawn`
[INFO] [stdout] 
[INFO] [stdout] 
[INFO] [stdout] For more information about this error, try `rustc --explain E0277`.
[INFO] [stdout] 
[INFO] [stderr] error: could not compile `ntex-server` (lib) due to 8 previous errors
[INFO] [stderr] warning: build failed, waiting for other jobs to finish...
[INFO] running `Command { std: "docker" "inspect" "c1c225370bf3279e3ed1d9c717ea31e3dcf68a77d78f027b8987619325963004", kill_on_drop: false }`
[INFO] running `Command { std: "docker" "rm" "-f" "c1c225370bf3279e3ed1d9c717ea31e3dcf68a77d78f027b8987619325963004", kill_on_drop: false }`
[INFO] [stdout] c1c225370bf3279e3ed1d9c717ea31e3dcf68a77d78f027b8987619325963004
