[INFO] fetching crate ntex-h2 4.2.0...
[INFO] testing ntex-h2-4.2.0 against 1.99.0-beta.8+cargoflags=--release for beta-release-1.100-2
[INFO] extracting crate ntex-h2 4.2.0 into /workspace/builds/worker-1-tc1/source
[INFO] started tweaking crates.io crate ntex-h2 4.2.0
[INFO] removed 0 missing examples
[INFO] removed 0 missing tests
[INFO] finished tweaking crates.io crate ntex-h2 4.2.0
[INFO] tweaked toml for crates.io crate ntex-h2 4.2.0 written to /workspace/builds/worker-1-tc1/source/Cargo.toml
[INFO] validating manifest of crates.io crate ntex-h2 4.2.0 on toolchain 1.99.0-beta.8
[INFO] running `Command { std: CARGO_HOME="/workspace/cargo-home" RUSTUP_HOME="/workspace/rustup-home" "/workspace/cargo-home/bin/cargo" "+1.99.0-beta.8" "metadata" "--manifest-path" "Cargo.toml" "--no-deps", kill_on_drop: false }`
[INFO] crate crates.io crate ntex-h2 4.2.0 already has a lockfile, it will not be regenerated
[INFO] running `Command { std: CARGO_HOME="/workspace/cargo-home" RUSTUP_HOME="/workspace/rustup-home" "/workspace/cargo-home/bin/cargo" "+1.99.0-beta.8" "fetch" "--manifest-path" "Cargo.toml", kill_on_drop: false }`
[INFO] [stderr]     Updating crates.io index
[INFO] [stderr]  Downloading crates ...
[INFO] [stderr]   Downloaded ntex-service v5.1.0
[INFO] [stderr]   Downloaded signal-hook v0.4.5
[INFO] [stderr]   Downloaded ntex-util v4.2.1
[INFO] [stderr]   Downloaded swap-buffer-queue v0.2.1
[INFO] [stderr]   Downloaded ntex-rt v4.1.0
[INFO] [stderr]   Downloaded core_affinity v0.8.3
[INFO] [stderr]   Downloaded ntex-codec v2.0.0
[INFO] [stderr]   Downloaded ntex-router v2.1.0
[INFO] [stderr]   Downloaded nanorand v0.8.0
[INFO] [stderr]   Downloaded ntex-error v3.0.0
[INFO] [stderr]   Downloaded ntex-macros v4.0.0
[INFO] [stderr]   Downloaded urly v1.0.1
[INFO] [stderr]   Downloaded sc v0.2.7
[INFO] [stderr]   Downloaded ntex-server v4.2.0
[INFO] [stderr]   Downloaded ntex-http v2.0.0
[INFO] [stderr]   Downloaded ntex-dispatcher v4.2.0
[INFO] [stderr]   Downloaded ntex-http v1.3.0
[INFO] [stderr]   Downloaded ntex-polling v4.0.0
[INFO] [stderr]   Downloaded ntex-httparse v2.2.0
[INFO] [stderr]   Downloaded uuid v1.27.0
[INFO] [stderr]   Downloaded ntex-bytes v1.10.0
[INFO] [stderr]   Downloaded ntex-tls v4.2.0
[INFO] [stderr]   Downloaded ntex-net v4.2.0
[INFO] [stderr]   Downloaded ntex-io-uring v0.8.7150
[INFO] [stderr]   Downloaded ntex-io v4.2.0
[INFO] [stderr]   Downloaded ntex v4.0.0-beta.15
[INFO] [stderr]   Downloaded ntex-h2 v4.1.0
[INFO] running `Command { std: "docker" "create" "-v" "/var/lib/crater-agent-workspace/builds/worker-1-tc1/source:/opt/rustwide/workdir:ro,Z" "-v" "/var/lib/crater-agent-workspace/builds/worker-1-tc1/target:/opt/rustwide/target:rw,Z" "-v" "/var/lib/crater-agent-workspace/cargo-home:/opt/rustwide/cargo-home:ro,Z" "-v" "/var/lib/crater-agent-workspace/rustup-home:/opt/rustwide/rustup-home:ro,Z" "-m" "1610612736" "--network" "none" "ghcr.io/rust-lang/crates-build-env/linux@sha256:77db811e55d90add9212f6832c23229e3de5f1c1f9905e8cb07319ea15df73ac" "sleep" "infinity", kill_on_drop: false }`
[INFO] [stdout] fc1ee8b0604c0460ae28915b7da1b123672d7cb225b6cb810fd32ca91f9d8e2c
[INFO] running `Command { std: "docker" "start" "fc1ee8b0604c0460ae28915b7da1b123672d7cb225b6cb810fd32ca91f9d8e2c", kill_on_drop: false }`
[INFO] running `Command { std: "docker" "inspect" "fc1ee8b0604c0460ae28915b7da1b123672d7cb225b6cb810fd32ca91f9d8e2c", kill_on_drop: false }`
[INFO] running `Command { std: "docker" "exec" "-e" "SOURCE_DIR=/opt/rustwide/workdir" "-e" "CARGO_HOME=/opt/rustwide/cargo-home" "-e" "RUSTUP_HOME=/opt/rustwide/rustup-home" "-e" "CARGO_TARGET_DIR=/opt/rustwide/target" "-w" "/opt/rustwide/workdir" "--user" "0:0" "fc1ee8b0604c0460ae28915b7da1b123672d7cb225b6cb810fd32ca91f9d8e2c" "/opt/rustwide/cargo-home/bin/cargo" "+1.99.0-beta.8" "metadata" "--no-deps" "--format-version=1", kill_on_drop: false }`
[INFO] running `Command { std: "docker" "inspect" "fc1ee8b0604c0460ae28915b7da1b123672d7cb225b6cb810fd32ca91f9d8e2c", kill_on_drop: false }`
[INFO] running `Command { std: "docker" "exec" "-e" "SOURCE_DIR=/opt/rustwide/workdir" "-e" "CARGO_HOME=/opt/rustwide/cargo-home" "-e" "RUSTUP_HOME=/opt/rustwide/rustup-home" "-e" "CARGO_TARGET_DIR=/opt/rustwide/target" "-e" "CARGO_INCREMENTAL=0" "-e" "RUST_BACKTRACE=full" "-e" "RUSTFLAGS=--cap-lints=warn" "-e" "RUSTDOCFLAGS=--cap-lints=warn" "-w" "/opt/rustwide/workdir" "--user" "0:0" "fc1ee8b0604c0460ae28915b7da1b123672d7cb225b6cb810fd32ca91f9d8e2c" "/opt/rustwide/cargo-home/bin/cargo" "+1.99.0-beta.8" "build" "--frozen" "--message-format=json" "--release", kill_on_drop: false }`
[INFO] [stderr]    Compiling libc v0.2.190
[INFO] [stderr]    Compiling simdutf8 v0.1.5
[INFO] [stderr]    Compiling foldhash v0.2.0
[INFO] [stderr]    Compiling event-listener v5.4.2
[INFO] [stderr]    Compiling object v0.37.3
[INFO] [stderr]    Compiling miniz_oxide v0.8.9
[INFO] [stderr]    Compiling nix v0.31.3
[INFO] [stderr]    Compiling addr2line v0.25.1
[INFO] [stderr]    Compiling signal-hook v0.4.5
[INFO] [stderr]    Compiling futures-core v0.3.34
[INFO] [stderr]    Compiling concurrent-queue v2.5.0
[INFO] [stderr]    Compiling ntex-rt v4.1.0
[INFO] [stderr]    Compiling crossbeam-queue v0.3.14
[INFO] [stderr]    Compiling swap-buffer-queue v0.2.1
[INFO] [stderr]    Compiling scoped-tls v1.0.1
[INFO] [stderr]    Compiling futures-timer v3.0.4
[INFO] [stderr]    Compiling oneshot v0.2.1
[INFO] [stderr]    Compiling async-task v4.7.1
[INFO] [stderr]    Compiling rustix v1.1.5
[INFO] [stderr]    Compiling ntex-bytes v1.10.0
[INFO] [stderr]    Compiling ntex-service v5.1.0
[INFO] [stderr]    Compiling hashbrown v0.17.1
[INFO] [stderr]    Compiling linux-raw-sys v0.12.1
[INFO] [stderr]    Compiling event-listener-strategy v0.5.4
[INFO] [stderr]    Compiling ntex-io-uring v0.8.7150
[INFO] [stderr]    Compiling sc v0.2.7
[INFO] [stderr]    Compiling async-channel v2.5.0
[INFO] [stderr]    Compiling nanorand v0.8.0
[INFO] [stderr]    Compiling ntex-codec v2.0.0
[INFO] [stderr]    Compiling urly v1.0.1
[INFO] [stderr]    Compiling ntex-http v2.0.0
[INFO] [stderr]    Compiling errno v0.3.14
[INFO] [stderr]    Compiling parking_lot_core v0.9.12
[INFO] [stderr]    Compiling socket2 v0.6.5
[INFO] [stderr]    Compiling getrandom v0.4.3
[INFO] [stderr]    Compiling num_cpus v1.17.0
[INFO] [stderr]    Compiling signal-hook-registry v1.4.8
[INFO] [stderr]    Compiling uuid v1.27.0
[INFO] [stderr]    Compiling core_affinity v0.8.3
[INFO] [stderr]    Compiling parking_lot v0.12.5
[INFO] [stderr]    Compiling backtrace v0.3.76
[INFO] [stderr]    Compiling ntex-polling v4.0.0
[INFO] [stderr]    Compiling polling v3.11.0
[INFO] [stderr]    Compiling ntex-error v3.0.0
[INFO] [stderr]    Compiling ntex-util v4.2.1
[INFO] [stderr]    Compiling ntex-io v4.2.0
[INFO] [stderr]    Compiling ntex-net v4.2.0
[INFO] [stderr]    Compiling ntex-dispatcher v4.2.0
[INFO] [stderr]    Compiling ntex-server v4.2.0
[INFO] [stderr]    Compiling ntex-h2 v4.2.0 (/opt/rustwide/workdir)
[INFO] [stderr]     Finished `release` profile [optimized] target(s) in 9.97s
[INFO] running `Command { std: "docker" "inspect" "fc1ee8b0604c0460ae28915b7da1b123672d7cb225b6cb810fd32ca91f9d8e2c", kill_on_drop: false }`
[INFO] running `Command { std: "docker" "exec" "-e" "SOURCE_DIR=/opt/rustwide/workdir" "-e" "CARGO_HOME=/opt/rustwide/cargo-home" "-e" "RUSTUP_HOME=/opt/rustwide/rustup-home" "-e" "CARGO_TARGET_DIR=/opt/rustwide/target" "-e" "CARGO_INCREMENTAL=0" "-e" "RUST_BACKTRACE=full" "-e" "RUSTFLAGS=--cap-lints=warn" "-e" "RUSTDOCFLAGS=--cap-lints=warn" "-w" "/opt/rustwide/workdir" "--user" "0:0" "fc1ee8b0604c0460ae28915b7da1b123672d7cb225b6cb810fd32ca91f9d8e2c" "/opt/rustwide/cargo-home/bin/cargo" "+1.99.0-beta.8" "test" "--frozen" "--no-run" "--message-format=json" "--release", kill_on_drop: false }`
[INFO] [stderr]    Compiling simdutf8 v0.1.5
[INFO] [stderr]    Compiling object v0.37.3
[INFO] [stderr]    Compiling serde_derive v1.0.229
[INFO] [stderr]    Compiling ntex-service v5.1.0
[INFO] [stderr]    Compiling syn v2.0.119
[INFO] [stderr]    Compiling cc v1.6.0
[INFO] [stderr]    Compiling getrandom v0.4.3
[INFO] [stderr]    Compiling openssl v0.10.81
[INFO] [stderr]    Compiling jiff-core v0.1.1
[INFO] [stderr]    Compiling env_filter v2.0.0
[INFO] [stderr]    Compiling chacha20 v0.10.2
[INFO] [stderr]    Compiling anstream v1.0.0
[INFO] [stderr]    Compiling debug_unsafe v0.1.4
[INFO] [stderr]    Compiling ntex-macros v4.0.0
[INFO] [stderr]    Compiling atoi_simd v0.18.1
[INFO] [stderr]    Compiling uuid v1.27.0
[INFO] [stderr]    Compiling ntex-httparse v2.2.0
[INFO] [stderr]    Compiling encoding_rs v0.8.42
[INFO] [stderr]    Compiling rand v0.10.3
[INFO] [stderr]    Compiling quickcheck v1.1.0
[INFO] [stderr]    Compiling jiff v0.2.37
[INFO] [stderr]    Compiling openssl-sys v0.9.117
[INFO] [stderr]    Compiling serde v1.0.229
[INFO] [stderr]    Compiling ntex-bytes v1.10.0
[INFO] [stderr]    Compiling serde_urlencoded v0.7.1
[INFO] [stderr]    Compiling ntex-codec v2.0.0
[INFO] [stderr]    Compiling urly v1.0.1
[INFO] [stderr]    Compiling ntex-http v1.3.0
[INFO] [stderr]    Compiling ntex-http v2.0.0
[INFO] [stderr]    Compiling openssl-macros v0.1.1
[INFO] [stderr]    Compiling derive_more-impl v2.1.1
[INFO] [stderr]    Compiling variadics_please v1.1.0
[INFO] [stderr]    Compiling ntex-router v2.1.0
[INFO] [stderr]    Compiling backtrace v0.3.76
[INFO] [stderr]    Compiling derive_more v2.1.1
[INFO] [stderr]    Compiling env_logger v0.11.11
[INFO] [stderr]    Compiling ntex-error v3.0.0
[INFO] [stderr]    Compiling ntex-rt v4.1.0
[INFO] [stderr]    Compiling ntex-util v4.2.1
[INFO] [stderr]    Compiling ntex-io v4.2.0
[INFO] [stderr]    Compiling ntex-net v4.2.0
[INFO] [stderr]    Compiling ntex-dispatcher v4.2.0
[INFO] [stderr]    Compiling ntex-server v4.2.0
[INFO] [stderr]    Compiling ntex-tls v4.2.0
[INFO] [stderr]    Compiling ntex-h2 v4.1.0
[INFO] [stderr]    Compiling ntex-h2 v4.2.0 (/opt/rustwide/workdir)
[INFO] [stderr]    Compiling ntex v4.0.0-beta.15
[INFO] [stdout] error[E0599]: the method `set` exists for struct `ntex_router::Path<Uri>`, but its trait bounds were not satisfied
[INFO] [stdout]    --> /opt/rustwide/cargo-home/registry/src/index.crates.io-1949cf8c6b5b557f/ntex-4.0.0-beta.15/src/web/app_service.rs:203:24
[INFO] [stdout]     |
[INFO] [stdout] 203 |             inner.path.set(head.uri.clone());
[INFO] [stdout]     |                        ^^^ method cannot be called on `ntex_router::Path<Uri>` due to unsatisfied trait bounds
[INFO] [stdout]     |
[INFO] [stdout]    ::: /opt/rustwide/cargo-home/registry/src/index.crates.io-1949cf8c6b5b557f/http-1.5.0/src/uri/mod.rs:96:1
[INFO] [stdout]     |
[INFO] [stdout]  96 | pub struct Uri {
[INFO] [stdout]     | -------------- doesn't satisfy `Uri: ResourcePath`
[INFO] [stdout]     |
[INFO] [stdout]     = note: the following trait bounds were not satisfied:
[INFO] [stdout]             `Uri: ResourcePath`
[INFO] [stdout] 
[INFO] [stdout] 
[INFO] [stdout] error[E0277]: the trait bound `Uri: ResourcePath` is not satisfied
[INFO] [stdout]    --> /opt/rustwide/cargo-home/registry/src/index.crates.io-1949cf8c6b5b557f/ntex-4.0.0-beta.15/src/web/app_service.rs:211:40
[INFO] [stdout]     |
[INFO] [stdout] 211 |             HttpRequest::new(Path::new(head.uri.clone()), head, self.rmap.clone(), config)
[INFO] [stdout]     |                              --------- ^^^^^^^^^^^^^^^^ the trait `ResourcePath` is not implemented for `Uri`
[INFO] [stdout]     |                              |
[INFO] [stdout]     |                              required by a bound introduced by this call
[INFO] [stdout]     |
[INFO] [stdout]     = help: the following other types implement trait `ResourcePath`:
[INFO] [stdout]               &T
[INFO] [stdout]               &str
[INFO] [stdout]               ntex_bytes::ByteString
[INFO] [stdout]               std::string::String
[INFO] [stdout]               urly::url::Url
[INFO] [stdout] note: required by a bound in `ntex_router::Path::<T>::new`
[INFO] [stdout]    --> /opt/rustwide/cargo-home/registry/src/index.crates.io-1949cf8c6b5b557f/ntex-router-2.1.0/src/path.rs:46:9
[INFO] [stdout]     |
[INFO] [stdout]  46 | impl<T: ResourcePath> Path<T> {
[INFO] [stdout]     |         ^^^^^^^^^^^^ required by this bound in `Path::<T>::new`
[INFO] [stdout]  47 |     /// Creates a new path state for the path source.
[INFO] [stdout]  48 |     pub fn new(resource: T) -> Path<T> {
[INFO] [stdout]     |            --- required by a bound in this associated function
[INFO] [stdout] 
[INFO] [stdout] 
[INFO] [stdout] error[E0277]: the trait bound `Uri: ResourcePath` is not satisfied
[INFO] [stdout]    --> /opt/rustwide/cargo-home/registry/src/index.crates.io-1949cf8c6b5b557f/ntex-4.0.0-beta.15/src/web/app_service.rs:272:31
[INFO] [stdout]     |
[INFO] [stdout] 272 |         let res = self.router.recognize_checked(&mut req, |req, guards| {
[INFO] [stdout]     |                               ^^^^^^^^^^^^^^^^^ the trait `ResourcePath` is not implemented for `Uri`
[INFO] [stdout]     |
[INFO] [stdout]     = help: the following other types implement trait `ResourcePath`:
[INFO] [stdout]               &T
[INFO] [stdout]               &str
[INFO] [stdout]               ntex_bytes::ByteString
[INFO] [stdout]               std::string::String
[INFO] [stdout]               urly::url::Url
[INFO] [stdout] note: required by a bound in `ntex_router::Router::<T, U>::recognize_checked`
[INFO] [stdout]    --> /opt/rustwide/cargo-home/registry/src/index.crates.io-1949cf8c6b5b557f/ntex-router-2.1.0/src/router.rs:86:12
[INFO] [stdout]     |
[INFO] [stdout]  82 |     pub fn recognize_checked<R, P, F>(&self, resource: &mut R, check: F) -> Option<(&T, ResourceId)>
[INFO] [stdout]     |            ----------------- required by a bound in this associated function
[INFO] [stdout] ...
[INFO] [stdout]  86 |         P: ResourcePath,
[INFO] [stdout]     |            ^^^^^^^^^^^^ required by this bound in `Router::<T, U>::recognize_checked`
[INFO] [stdout] 
[INFO] [stdout] 
[INFO] [stdout] error[E0277]: the trait bound `Uri: ResourcePath` is not satisfied
[INFO] [stdout]    --> /opt/rustwide/cargo-home/registry/src/index.crates.io-1949cf8c6b5b557f/ntex-4.0.0-beta.15/src/web/types/path.rs:169:60
[INFO] [stdout]     |
[INFO] [stdout] 169 |         de::Deserialize::deserialize(PathDeserializer::new(req.match_info()))
[INFO] [stdout]     |                                      --------------------- ^^^^^^^^^^^^^^^^ the trait `ResourcePath` is not implemented for `Uri`
[INFO] [stdout]     |                                      |
[INFO] [stdout]     |                                      required by a bound introduced by this call
[INFO] [stdout]     |
[INFO] [stdout]     = help: the following other types implement trait `ResourcePath`:
[INFO] [stdout]               &T
[INFO] [stdout]               &str
[INFO] [stdout]               ntex_bytes::ByteString
[INFO] [stdout]               std::string::String
[INFO] [stdout]               urly::url::Url
[INFO] [stdout] note: required by a bound in `ntex_router::PathDeserializer::<'de, T>::new`
[INFO] [stdout]    --> /opt/rustwide/cargo-home/registry/src/index.crates.io-1949cf8c6b5b557f/ntex-router-2.1.0/src/de.rs:53:14
[INFO] [stdout]     |
[INFO] [stdout]  53 | impl<'de, T: ResourcePath + 'de> PathDeserializer<'de, T> {
[INFO] [stdout]     |              ^^^^^^^^^^^^ required by this bound in `PathDeserializer::<'de, T>::new`
[INFO] [stdout]  54 |     /// Creates a deserializer for the path.
[INFO] [stdout]  55 |     pub fn new(path: &'de Path<T>) -> Self {
[INFO] [stdout]     |            --- required by a bound in this associated function
[INFO] [stdout] 
[INFO] [stdout] 
[INFO] [stdout] error[E0277]: the trait bound `Uri: ResourcePath` is not satisfied
[INFO] [stdout]    --> /opt/rustwide/cargo-home/registry/src/index.crates.io-1949cf8c6b5b557f/ntex-4.0.0-beta.15/src/web/types/path.rs:169:38
[INFO] [stdout]     |
[INFO] [stdout] 169 |         de::Deserialize::deserialize(PathDeserializer::new(req.match_info()))
[INFO] [stdout]     |                                      ^^^^^^^^^^^^^^^^^^^^^^^^^^^^^^^^^^^^^^^ the trait `ResourcePath` is not implemented for `Uri`
[INFO] [stdout]     |
[INFO] [stdout]     = help: the following other types implement trait `ResourcePath`:
[INFO] [stdout]               &T
[INFO] [stdout]               &str
[INFO] [stdout]               ntex_bytes::ByteString
[INFO] [stdout]               std::string::String
[INFO] [stdout]               urly::url::Url
[INFO] [stdout] note: required by a bound in `ntex_router::PathDeserializer`
[INFO] [stdout]    --> /opt/rustwide/cargo-home/registry/src/index.crates.io-1949cf8c6b5b557f/ntex-router-2.1.0/src/de.rs:49:37
[INFO] [stdout]     |
[INFO] [stdout]  49 | pub struct PathDeserializer<'de, T: ResourcePath> {
[INFO] [stdout]     |                                     ^^^^^^^^^^^^ required by this bound in `PathDeserializer`
[INFO] [stdout] 
[INFO] [stdout] 
[INFO] [stdout] error[E0277]: the trait bound `Uri: ResourcePath` is not satisfied
[INFO] [stdout]    --> /opt/rustwide/cargo-home/registry/src/index.crates.io-1949cf8c6b5b557f/ntex-4.0.0-beta.15/src/web/types/path.rs:169:9
[INFO] [stdout]     |
[INFO] [stdout] 169 |         de::Deserialize::deserialize(PathDeserializer::new(req.match_info()))
[INFO] [stdout]     |         ^^^^^^^^^^^^^^^^^^^^^^^^^^^^^^^^^^^^^^^^^^^^^^^^^^^^^^^^^^^^^^^^^^^^^ the trait `ResourcePath` is not implemented for `Uri`
[INFO] [stdout]     |
[INFO] [stdout]     = help: the following other types implement trait `ResourcePath`:
[INFO] [stdout]               &T
[INFO] [stdout]               &str
[INFO] [stdout]               ntex_bytes::ByteString
[INFO] [stdout]               std::string::String
[INFO] [stdout]               urly::url::Url
[INFO] [stdout]     = note: required for `ntex_router::PathDeserializer<'_, Uri>` to implement `serde::Deserializer<'_>`
[INFO] [stdout] 
[INFO] [stdout] 
[INFO] [stdout] error[E0277]: the trait bound `Uri: Address` is not satisfied
[INFO] [stdout]    --> /opt/rustwide/cargo-home/registry/src/index.crates.io-1949cf8c6b5b557f/ntex-4.0.0-beta.15/src/ws/client.rs:176:32
[INFO] [stdout]     |
[INFO] [stdout] 176 |         let msg = Connect::new(self.uri.clone()).set_addr(self.cfg.addr);
[INFO] [stdout]     |                   ------------ ^^^^^^^^^^^^^^^^ the trait `Address` is not implemented for `Uri`
[INFO] [stdout]     |                   |
[INFO] [stdout]     |                   required by a bound introduced by this call
[INFO] [stdout]     |
[INFO] [stdout]     = help: the following other types implement trait `Address`:
[INFO] [stdout]               &'static str
[INFO] [stdout]               ntex_bytes::ByteString
[INFO] [stdout]               std::net::SocketAddr
[INFO] [stdout]               std::string::String
[INFO] [stdout]               urly::url::Url
[INFO] [stdout] note: required by a bound in `ntex_net::connect::Connect::<T>::new`
[INFO] [stdout]    --> /opt/rustwide/cargo-home/registry/src/index.crates.io-1949cf8c6b5b557f/ntex-net-4.2.0/src/connect/message.rs:73:9
[INFO] [stdout]     |
[INFO] [stdout]  73 | impl<T: Address> Connect<T> {
[INFO] [stdout]     |         ^^^^^^^ required by this bound in `Connect::<T>::new`
[INFO] [stdout] ...
[INFO] [stdout]  76 |     pub fn new(req: T) -> Connect<T> {
[INFO] [stdout]     |            --- required by a bound in this associated function
[INFO] [stdout] 
[INFO] [stdout] 
[INFO] [stdout] error[E0599]: the method `set_addr` exists for struct `ntex_net::connect::Connect<Uri>`, but its trait bounds were not satisfied
[INFO] [stdout]    --> /opt/rustwide/cargo-home/registry/src/index.crates.io-1949cf8c6b5b557f/ntex-4.0.0-beta.15/src/ws/client.rs:176:50
[INFO] [stdout]     |
[INFO] [stdout] 176 |         let msg = Connect::new(self.uri.clone()).set_addr(self.cfg.addr);
[INFO] [stdout]     |                                                  ^^^^^^^^ method cannot be called on `ntex_net::connect::Connect<Uri>` due to unsatisfied trait bounds
[INFO] [stdout]     |
[INFO] [stdout]    ::: /opt/rustwide/cargo-home/registry/src/index.crates.io-1949cf8c6b5b557f/http-1.5.0/src/uri/mod.rs:96:1
[INFO] [stdout]     |
[INFO] [stdout]  96 | pub struct Uri {
[INFO] [stdout]     | -------------- doesn't satisfy `Uri: Address`
[INFO] [stdout]     |
[INFO] [stdout]     = note: the following trait bounds were not satisfied:
[INFO] [stdout]             `Uri: Address`
[INFO] [stdout] 
[INFO] [stdout] 
[INFO] [stdout] error[E0277]: the trait bound `Uri: ResourcePath` is not satisfied
[INFO] [stdout]    --> /opt/rustwide/cargo-home/registry/src/index.crates.io-1949cf8c6b5b557f/ntex-4.0.0-beta.15/src/web/request.rs:272:10
[INFO] [stdout]     |
[INFO] [stdout] 272 | impl<St> Resource<Uri> for WebRequest<St> {
[INFO] [stdout]     |          ^^^^^^^^^^^^^ the trait `ResourcePath` is not implemented for `Uri`
[INFO] [stdout]     |
[INFO] [stdout]     = help: the following other types implement trait `ResourcePath`:
[INFO] [stdout]               &T
[INFO] [stdout]               &str
[INFO] [stdout]               ntex_bytes::ByteString
[INFO] [stdout]               std::string::String
[INFO] [stdout]               urly::url::Url
[INFO] [stdout] note: required by a bound in `ntex_router::Resource`
[INFO] [stdout]    --> /opt/rustwide/cargo-home/registry/src/index.crates.io-1949cf8c6b5b557f/ntex-router-2.1.0/src/lib.rs:78:23
[INFO] [stdout]     |
[INFO] [stdout]  78 | pub trait Resource<T: ResourcePath> {
[INFO] [stdout]     |                       ^^^^^^^^^^^^ required by this bound in `Resource`
[INFO] [stdout] 
[INFO] [stdout] 
[INFO] [stdout] error[E0277]: the trait bound `Uri: Address` is not satisfied
[INFO] [stdout]   --> /opt/rustwide/cargo-home/registry/src/index.crates.io-1949cf8c6b5b557f/ntex-4.0.0-beta.15/src/client/builder.rs:40:42
[INFO] [stdout]    |
[INFO] [stdout] 40 |                 svc.call(TcpConnect::new(msg.uri).set_addr(msg.addr)).await
[INFO] [stdout]    |                          --------------- ^^^^^^^ the trait `Address` is not implemented for `Uri`
[INFO] [stdout]    |                          |
[INFO] [stdout]    |                          required by a bound introduced by this call
[INFO] [stdout]    |
[INFO] [stdout]    = help: the following other types implement trait `Address`:
[INFO] [stdout]              &'static str
[INFO] [stdout]              ntex_bytes::ByteString
[INFO] [stdout]              std::net::SocketAddr
[INFO] [stdout]              std::string::String
[INFO] [stdout]              urly::url::Url
[INFO] [stdout] note: required by a bound in `ntex_net::connect::Connect::<T>::new`
[INFO] [stdout]   --> /opt/rustwide/cargo-home/registry/src/index.crates.io-1949cf8c6b5b557f/ntex-net-4.2.0/src/connect/message.rs:73:9
[INFO] [stdout]    |
[INFO] [stdout] 73 | impl<T: Address> Connect<T> {
[INFO] [stdout]    |         ^^^^^^^ required by this bound in `Connect::<T>::new`
[INFO] [stdout] ...
[INFO] [stdout] 76 |     pub fn new(req: T) -> Connect<T> {
[INFO] [stdout]    |            --- required by a bound in this associated function
[INFO] [stdout] 
[INFO] [stdout] 
[INFO] [stdout] error[E0599]: the method `set_addr` exists for struct `ntex_net::connect::Connect<Uri>`, but its trait bounds were not satisfied
[INFO] [stdout]   --> /opt/rustwide/cargo-home/registry/src/index.crates.io-1949cf8c6b5b557f/ntex-4.0.0-beta.15/src/client/builder.rs:40:51
[INFO] [stdout]    |
[INFO] [stdout] 40 |                 svc.call(TcpConnect::new(msg.uri).set_addr(msg.addr)).await
[INFO] [stdout]    |                                                   ^^^^^^^^ method cannot be called on `ntex_net::connect::Connect<Uri>` due to unsatisfied trait bounds
[INFO] [stdout]    |
[INFO] [stdout]   ::: /opt/rustwide/cargo-home/registry/src/index.crates.io-1949cf8c6b5b557f/http-1.5.0/src/uri/mod.rs:96:1
[INFO] [stdout]    |
[INFO] [stdout] 96 | pub struct Uri {
[INFO] [stdout]    | -------------- doesn't satisfy `Uri: Address`
[INFO] [stdout]    |
[INFO] [stdout]    = note: the following trait bounds were not satisfied:
[INFO] [stdout]            `Uri: Address`
[INFO] [stdout] 
[INFO] [stdout] 
[INFO] [stdout] error[E0277]: the trait bound `SslConnector<Connector<_>>: IntoService<_, SharedCfg, Connect<Uri>>` is not satisfied
[INFO] [stdout]    --> /opt/rustwide/cargo-home/registry/src/index.crates.io-1949cf8c6b5b557f/ntex-4.0.0-beta.15/src/client/builder.rs:91:31
[INFO] [stdout]     |
[INFO] [stdout]  91 |         self.secure_connector(SslConnector::new(config))
[INFO] [stdout]     |              ---------------- ^^^^^^^^^^^^^^^^^^^^^^^^^ unsatisfied trait bound
[INFO] [stdout]     |              |
[INFO] [stdout]     |              required by a bound introduced by this call
[INFO] [stdout]     |
[INFO] [stdout]     = help: the trait `ntex_service::IntoService<_, SharedCfg, ntex_net::connect::Connect<Uri>>` is not implemented for `ntex_tls::openssl::SslConnector<ntex_net::connect::Connector<_>>`
[INFO] [stdout] note: required by a bound in `builder::ClientBuilder::<M>::secure_connector`
[INFO] [stdout]    --> /opt/rustwide/cargo-home/registry/src/index.crates.io-1949cf8c6b5b557f/ntex-4.0.0-beta.15/src/client/builder.rs:122:50
[INFO] [stdout]     |
[INFO] [stdout] 122 |     pub fn secure_connector<T>(mut self, f: impl IntoService<T, SharedCfg, TcpConnect<Uri>>) -> Self
[INFO] [stdout]     |                                                  ^^^^^^^^^^^^^^^^^^^^^^^^^^^^^^^^^^^^^^^^^^ required by this bound in `ClientBuilder::<M>::secure_connector`
[INFO] [stdout]     = note: the full name for the type has been written to '/opt/rustwide/target/release/deps/ntex-82e4d25eec053012.long-type-11281138891970139043.txt'
[INFO] [stdout]     = note: consider using `--verbose` to print the full type name to the console
[INFO] [stdout] 
[INFO] [stdout] 
[INFO] [stdout] error[E0277]: the trait bound `Uri: Address` is not satisfied
[INFO] [stdout]    --> /opt/rustwide/cargo-home/registry/src/index.crates.io-1949cf8c6b5b557f/ntex-4.0.0-beta.15/src/client/builder.rs:112:42
[INFO] [stdout]     |
[INFO] [stdout] 112 |                 svc.call(TcpConnect::new(msg.uri).set_addr(msg.addr)).await
[INFO] [stdout]     |                          --------------- ^^^^^^^ the trait `Address` is not implemented for `Uri`
[INFO] [stdout]     |                          |
[INFO] [stdout]     |                          required by a bound introduced by this call
[INFO] [stdout]     |
[INFO] [stdout]     = help: the following other types implement trait `Address`:
[INFO] [stdout]               &'static str
[INFO] [stdout]               ntex_bytes::ByteString
[INFO] [stdout]               std::net::SocketAddr
[INFO] [stdout]               std::string::String
[INFO] [stdout]               urly::url::Url
[INFO] [stdout] note: required by a bound in `ntex_net::connect::Connect::<T>::new`
[INFO] [stdout]    --> /opt/rustwide/cargo-home/registry/src/index.crates.io-1949cf8c6b5b557f/ntex-net-4.2.0/src/connect/message.rs:73:9
[INFO] [stdout]     |
[INFO] [stdout]  73 | impl<T: Address> Connect<T> {
[INFO] [stdout]     |         ^^^^^^^ required by this bound in `Connect::<T>::new`
[INFO] [stdout] ...
[INFO] [stdout]  76 |     pub fn new(req: T) -> Connect<T> {
[INFO] [stdout]     |            --- required by a bound in this associated function
[INFO] [stdout] 
[INFO] [stdout] 
[INFO] [stdout] error[E0599]: the method `set_addr` exists for struct `ntex_net::connect::Connect<Uri>`, but its trait bounds were not satisfied
[INFO] [stdout]    --> /opt/rustwide/cargo-home/registry/src/index.crates.io-1949cf8c6b5b557f/ntex-4.0.0-beta.15/src/client/builder.rs:112:51
[INFO] [stdout]     |
[INFO] [stdout] 112 |                 svc.call(TcpConnect::new(msg.uri).set_addr(msg.addr)).await
[INFO] [stdout]     |                                                   ^^^^^^^^ method cannot be called on `ntex_net::connect::Connect<Uri>` due to unsatisfied trait bounds
[INFO] [stdout]     |
[INFO] [stdout]    ::: /opt/rustwide/cargo-home/registry/src/index.crates.io-1949cf8c6b5b557f/http-1.5.0/src/uri/mod.rs:96:1
[INFO] [stdout]     |
[INFO] [stdout]  96 | pub struct Uri {
[INFO] [stdout]     | -------------- doesn't satisfy `Uri: Address`
[INFO] [stdout]     |
[INFO] [stdout]     = note: the following trait bounds were not satisfied:
[INFO] [stdout]             `Uri: Address`
[INFO] [stdout] 
[INFO] [stdout] 
[INFO] [stdout] error[E0277]: the trait bound `Uri: Address` is not satisfied
[INFO] [stdout]    --> /opt/rustwide/cargo-home/registry/src/index.crates.io-1949cf8c6b5b557f/ntex-4.0.0-beta.15/src/client/builder.rs:129:42
[INFO] [stdout]     |
[INFO] [stdout] 129 |                 svc.call(TcpConnect::new(msg.uri).set_addr(msg.addr)).await
[INFO] [stdout]     |                          --------------- ^^^^^^^ the trait `Address` is not implemented for `Uri`
[INFO] [stdout]     |                          |
[INFO] [stdout]     |                          required by a bound introduced by this call
[INFO] [stdout]     |
[INFO] [stdout]     = help: the following other types implement trait `Address`:
[INFO] [stdout]               &'static str
[INFO] [stdout]               ntex_bytes::ByteString
[INFO] [stdout]               std::net::SocketAddr
[INFO] [stdout]               std::string::String
[INFO] [stdout]               urly::url::Url
[INFO] [stdout] note: required by a bound in `ntex_net::connect::Connect::<T>::new`
[INFO] [stdout]    --> /opt/rustwide/cargo-home/registry/src/index.crates.io-1949cf8c6b5b557f/ntex-net-4.2.0/src/connect/message.rs:73:9
[INFO] [stdout]     |
[INFO] [stdout]  73 | impl<T: Address> Connect<T> {
[INFO] [stdout]     |         ^^^^^^^ required by this bound in `Connect::<T>::new`
[INFO] [stdout] ...
[INFO] [stdout]  76 |     pub fn new(req: T) -> Connect<T> {
[INFO] [stdout]     |            --- required by a bound in this associated function
[INFO] [stdout] 
[INFO] [stdout] 
[INFO] [stdout] error[E0599]: the method `set_addr` exists for struct `ntex_net::connect::Connect<Uri>`, but its trait bounds were not satisfied
[INFO] [stdout]    --> /opt/rustwide/cargo-home/registry/src/index.crates.io-1949cf8c6b5b557f/ntex-4.0.0-beta.15/src/client/builder.rs:129:51
[INFO] [stdout]     |
[INFO] [stdout] 129 |                 svc.call(TcpConnect::new(msg.uri).set_addr(msg.addr)).await
[INFO] [stdout]     |                                                   ^^^^^^^^ method cannot be called on `ntex_net::connect::Connect<Uri>` due to unsatisfied trait bounds
[INFO] [stdout]     |
[INFO] [stdout]    ::: /opt/rustwide/cargo-home/registry/src/index.crates.io-1949cf8c6b5b557f/http-1.5.0/src/uri/mod.rs:96:1
[INFO] [stdout]     |
[INFO] [stdout]  96 | pub struct Uri {
[INFO] [stdout]     | -------------- doesn't satisfy `Uri: Address`
[INFO] [stdout]     |
[INFO] [stdout]     = note: the following trait bounds were not satisfied:
[INFO] [stdout]             `Uri: Address`
[INFO] [stdout] 
[INFO] [stdout] 
[INFO] [stdout] error[E0599]: the method `is_empty` exists for reference `&ntex_router::Path<Uri>`, but its trait bounds were not satisfied
[INFO] [stdout]    --> /opt/rustwide/cargo-home/registry/src/index.crates.io-1949cf8c6b5b557f/ntex-4.0.0-beta.15/src/web/httprequest.rs:275:31
[INFO] [stdout]     |
[INFO] [stdout] 275 |         if !self.match_info().is_empty() {
[INFO] [stdout]     |                               ^^^^^^^^ method cannot be called on `&ntex_router::Path<Uri>` due to unsatisfied trait bounds
[INFO] [stdout]     |
[INFO] [stdout]    ::: /opt/rustwide/cargo-home/registry/src/index.crates.io-1949cf8c6b5b557f/http-1.5.0/src/uri/mod.rs:96:1
[INFO] [stdout]     |
[INFO] [stdout]  96 | pub struct Uri {
[INFO] [stdout]     | -------------- doesn't satisfy `Uri: ResourcePath`
[INFO] [stdout]     |
[INFO] [stdout]     = note: the following trait bounds were not satisfied:
[INFO] [stdout]             `Uri: ResourcePath`
[INFO] [stdout] 
[INFO] [stdout] 
[INFO] [stdout] error[E0599]: the method `path` exists for reference `&ntex_router::Path<Uri>`, but its trait bounds were not satisfied
[INFO] [stdout]    --> /opt/rustwide/cargo-home/registry/src/index.crates.io-1949cf8c6b5b557f/ntex-4.0.0-beta.15/src/web/request.rs:274:27
[INFO] [stdout]     |
[INFO] [stdout] 274 |         self.match_info().path()
[INFO] [stdout]     |                           ^^^^ method cannot be called on `&ntex_router::Path<Uri>` due to unsatisfied trait bounds
[INFO] [stdout]     |
[INFO] [stdout]    ::: /opt/rustwide/cargo-home/registry/src/index.crates.io-1949cf8c6b5b557f/http-1.5.0/src/uri/mod.rs:96:1
[INFO] [stdout]     |
[INFO] [stdout]  96 | pub struct Uri {
[INFO] [stdout]     | -------------- doesn't satisfy `Uri: ResourcePath`
[INFO] [stdout]     |
[INFO] [stdout]    ::: /opt/rustwide/cargo-home/registry/src/index.crates.io-1949cf8c6b5b557f/ntex-router-2.1.0/src/path.rs:20:1
[INFO] [stdout]     |
[INFO] [stdout]  20 | pub struct Path<T> {
[INFO] [stdout]     | ------------------ doesn't satisfy `ntex_router::Path<Uri>: ntex_router::Resource<Uri>`
[INFO] [stdout]     |
[INFO] [stdout]     = note: the following trait bounds were not satisfied:
[INFO] [stdout]             `Uri: ResourcePath`
[INFO] [stdout]             `Uri: ResourcePath`
[INFO] [stdout]             which is required by `ntex_router::Path<Uri>: ntex_router::Resource<Uri>`
[INFO] [stdout] 
[INFO] [stdout] 
[INFO] [stdout] error[E0599]: the method `is_empty` exists for reference `&ntex_router::Path<Uri>`, but its trait bounds were not satisfied
[INFO] [stdout]    --> /opt/rustwide/cargo-home/registry/src/index.crates.io-1949cf8c6b5b557f/ntex-4.0.0-beta.15/src/web/request.rs:314:31
[INFO] [stdout]     |
[INFO] [stdout] 314 |         if !self.match_info().is_empty() {
[INFO] [stdout]     |                               ^^^^^^^^ method cannot be called on `&ntex_router::Path<Uri>` due to unsatisfied trait bounds
[INFO] [stdout]     |
[INFO] [stdout]    ::: /opt/rustwide/cargo-home/registry/src/index.crates.io-1949cf8c6b5b557f/http-1.5.0/src/uri/mod.rs:96:1
[INFO] [stdout]     |
[INFO] [stdout]  96 | pub struct Uri {
[INFO] [stdout]     | -------------- doesn't satisfy `Uri: ResourcePath`
[INFO] [stdout]     |
[INFO] [stdout]     = note: the following trait bounds were not satisfied:
[INFO] [stdout]             `Uri: ResourcePath`
[INFO] [stdout] 
[INFO] [stdout] 
[INFO] [stdout] error[E0277]: the trait bound `Uri: ResourcePath` is not satisfied
[INFO] [stdout]    --> /opt/rustwide/cargo-home/registry/src/index.crates.io-1949cf8c6b5b557f/ntex-4.0.0-beta.15/src/web/test.rs:369:29
[INFO] [stdout]     |
[INFO] [stdout] 369 |             path: Path::new(Uri::default()),
[INFO] [stdout]     |                   --------- ^^^^^^^^^^^^^^ the trait `ResourcePath` is not implemented for `Uri`
[INFO] [stdout]     |                   |
[INFO] [stdout]     |                   required by a bound introduced by this call
[INFO] [stdout]     |
[INFO] [stdout]     = help: the following other types implement trait `ResourcePath`:
[INFO] [stdout]               &T
[INFO] [stdout]               &str
[INFO] [stdout]               ntex_bytes::ByteString
[INFO] [stdout]               std::string::String
[INFO] [stdout]               urly::url::Url
[INFO] [stdout] note: required by a bound in `ntex_router::Path::<T>::new`
[INFO] [stdout]    --> /opt/rustwide/cargo-home/registry/src/index.crates.io-1949cf8c6b5b557f/ntex-router-2.1.0/src/path.rs:46:9
[INFO] [stdout]     |
[INFO] [stdout]  46 | impl<T: ResourcePath> Path<T> {
[INFO] [stdout]     |         ^^^^^^^^^^^^ required by this bound in `Path::<T>::new`
[INFO] [stdout]  47 |     /// Creates a new path state for the path source.
[INFO] [stdout]  48 |     pub fn new(resource: T) -> Path<T> {
[INFO] [stdout]     |            --- required by a bound in this associated function
[INFO] [stdout] 
[INFO] [stdout] 
[INFO] [stdout] error[E0599]: the method `add_static` exists for struct `ntex_router::Path<Uri>`, but its trait bounds were not satisfied
[INFO] [stdout]    --> /opt/rustwide/cargo-home/registry/src/index.crates.io-1949cf8c6b5b557f/ntex-4.0.0-beta.15/src/web/test.rs:474:19
[INFO] [stdout]     |
[INFO] [stdout] 474 |         self.path.add_static(name, value);
[INFO] [stdout]     |                   ^^^^^^^^^^ method cannot be called on `ntex_router::Path<Uri>` due to unsatisfied trait bounds
[INFO] [stdout]     |
[INFO] [stdout]    ::: /opt/rustwide/cargo-home/registry/src/index.crates.io-1949cf8c6b5b557f/http-1.5.0/src/uri/mod.rs:96:1
[INFO] [stdout]     |
[INFO] [stdout]  96 | pub struct Uri {
[INFO] [stdout]     | -------------- doesn't satisfy `Uri: ResourcePath`
[INFO] [stdout]     |
[INFO] [stdout]     = note: the following trait bounds were not satisfied:
[INFO] [stdout]             `Uri: ResourcePath`
[INFO] [stdout] 
[INFO] [stdout] 
[INFO] [stdout] error[E0599]: the method `get_mut` exists for struct `ntex_router::Path<Uri>`, but its trait bounds were not satisfied
[INFO] [stdout]    --> /opt/rustwide/cargo-home/registry/src/index.crates.io-1949cf8c6b5b557f/ntex-4.0.0-beta.15/src/web/test.rs:561:20
[INFO] [stdout]     |
[INFO] [stdout] 561 |         *self.path.get_mut() = head.uri.clone();
[INFO] [stdout]     |                    ^^^^^^^ method cannot be called on `ntex_router::Path<Uri>` due to unsatisfied trait bounds
[INFO] [stdout]     |
[INFO] [stdout]    ::: /opt/rustwide/cargo-home/registry/src/index.crates.io-1949cf8c6b5b557f/http-1.5.0/src/uri/mod.rs:96:1
[INFO] [stdout]     |
[INFO] [stdout]  96 | pub struct Uri {
[INFO] [stdout]     | -------------- doesn't satisfy `Uri: ResourcePath`
[INFO] [stdout]     |
[INFO] [stdout]     = note: the following trait bounds were not satisfied:
[INFO] [stdout]             `Uri: ResourcePath`
[INFO] [stdout] 
[INFO] [stdout] 
[INFO] [stdout] error[E0599]: the method `get_mut` exists for struct `ntex_router::Path<Uri>`, but its trait bounds were not satisfied
[INFO] [stdout]    --> /opt/rustwide/cargo-home/registry/src/index.crates.io-1949cf8c6b5b557f/ntex-4.0.0-beta.15/src/web/test.rs:582:20
[INFO] [stdout]     |
[INFO] [stdout] 582 |         *self.path.get_mut() = head.uri.clone();
[INFO] [stdout]     |                    ^^^^^^^ method cannot be called on `ntex_router::Path<Uri>` due to unsatisfied trait bounds
[INFO] [stdout]     |
[INFO] [stdout]    ::: /opt/rustwide/cargo-home/registry/src/index.crates.io-1949cf8c6b5b557f/http-1.5.0/src/uri/mod.rs:96:1
[INFO] [stdout]     |
[INFO] [stdout]  96 | pub struct Uri {
[INFO] [stdout]     | -------------- doesn't satisfy `Uri: ResourcePath`
[INFO] [stdout]     |
[INFO] [stdout]     = note: the following trait bounds were not satisfied:
[INFO] [stdout]             `Uri: ResourcePath`
[INFO] [stdout] 
[INFO] [stdout] 
[INFO] [stdout] error[E0599]: the method `get_mut` exists for struct `ntex_router::Path<Uri>`, but its trait bounds were not satisfied
[INFO] [stdout]    --> /opt/rustwide/cargo-home/registry/src/index.crates.io-1949cf8c6b5b557f/ntex-4.0.0-beta.15/src/web/test.rs:593:20
[INFO] [stdout]     |
[INFO] [stdout] 593 |         *self.path.get_mut() = head.uri.clone();
[INFO] [stdout]     |                    ^^^^^^^ method cannot be called on `ntex_router::Path<Uri>` due to unsatisfied trait bounds
[INFO] [stdout]     |
[INFO] [stdout]    ::: /opt/rustwide/cargo-home/registry/src/index.crates.io-1949cf8c6b5b557f/http-1.5.0/src/uri/mod.rs:96:1
[INFO] [stdout]     |
[INFO] [stdout]  96 | pub struct Uri {
[INFO] [stdout]     | -------------- doesn't satisfy `Uri: ResourcePath`
[INFO] [stdout]     |
[INFO] [stdout]     = note: the following trait bounds were not satisfied:
[INFO] [stdout]             `Uri: ResourcePath`
[INFO] [stdout] 
[INFO] [stdout] 
[INFO] [stdout] error[E0277]: the trait bound `ntex_net::connect::Connector<Uri>: ntex_service::IntoService<_, SharedCfg, _>` is not satisfied
[INFO] [stdout]    --> /opt/rustwide/cargo-home/registry/src/index.crates.io-1949cf8c6b5b557f/ntex-4.0.0-beta.15/src/ws/client.rs:107:46
[INFO] [stdout]     |
[INFO] [stdout] 107 |             connector: Pipeline::new(shared, Connector::<Uri>::new()),
[INFO] [stdout]     |                        -------------         ^^^^^^^^^^^^^^^^^^^^^^^ the trait `ntex_service::IntoService<_, SharedCfg, _>` is not implemented for `ntex_net::connect::Connector<Uri>`
[INFO] [stdout]     |                        |
[INFO] [stdout]     |                        required by a bound introduced by this call
[INFO] [stdout]     |
[INFO] [stdout] note: required by a bound in `ntex_service::Pipeline::<Req, Res, Err>::new`
[INFO] [stdout]    --> /opt/rustwide/cargo-home/registry/src/index.crates.io-1949cf8c6b5b557f/ntex-service-5.1.0/src/pipeline.rs:34:45
[INFO] [stdout]     |
[INFO] [stdout]  34 |     pub fn new<S, St>(st: St, service: impl IntoService<S, St, Req>) -> Self
[INFO] [stdout]     |                                             ^^^^^^^^^^^^^^^^^^^^^^^ required by this bound in `Pipeline::<Req, Res, Err>::new`
[INFO] [stdout] 
[INFO] [stdout] 
[INFO] [stdout] error[E0277]: the trait bound `SslConnector<Connector<_>>: IntoService<_, SharedCfg, Connect<Uri>>` is not satisfied
[INFO] [stdout]    --> /opt/rustwide/cargo-home/registry/src/index.crates.io-1949cf8c6b5b557f/ntex-4.0.0-beta.15/src/ws/client.rs:134:24
[INFO] [stdout]     |
[INFO] [stdout] 134 |         self.connector(openssl::SslConnector::new(config))
[INFO] [stdout]     |              --------- ^^^^^^^^^^^^^^^^^^^^^^^^^^^^^^^^^^ unsatisfied trait bound
[INFO] [stdout]     |              |
[INFO] [stdout]     |              required by a bound introduced by this call
[INFO] [stdout]     |
[INFO] [stdout]     = help: the trait `ntex_service::IntoService<_, SharedCfg, ntex_net::connect::Connect<Uri>>` is not implemented for `ntex_tls::openssl::SslConnector<ntex_net::connect::Connector<_>>`
[INFO] [stdout] note: required by a bound in `WsClient::<F>::connector`
[INFO] [stdout]    --> /opt/rustwide/cargo-home/registry/src/index.crates.io-1949cf8c6b5b557f/ntex-4.0.0-beta.15/src/ws/client.rs:115:42
[INFO] [stdout]     |
[INFO] [stdout] 115 |     pub fn connector<U, S>(self, f: impl IntoService<S, SharedCfg, Connect<Uri>>) -> WsClient<U>
[INFO] [stdout]     |                                          ^^^^^^^^^^^^^^^^^^^^^^^^^^^^^^^^^^^^^^^ required by this bound in `WsClient::<F>::connector`
[INFO] [stdout]     = note: the full name for the type has been written to '/opt/rustwide/target/release/deps/ntex-82e4d25eec053012.long-type-12770508217566259695.txt'
[INFO] [stdout]     = note: consider using `--verbose` to print the full type name to the console
[INFO] [stdout] 
[INFO] [stdout] 
[INFO] [stdout] error[E0133]: call to unsafe function `ntex_io::Io::<F>::take` is unsafe and requires unsafe function or block
[INFO] [stdout]    --> /opt/rustwide/cargo-home/registry/src/index.crates.io-1949cf8c6b5b557f/ntex-4.0.0-beta.15/src/http/h1/control.rs:300:19
[INFO] [stdout]     |
[INFO] [stdout] 300 |             Some((self.io.take().into(), self.codec.clone()))
[INFO] [stdout]     |                   ^^^^^^^^^^^^^^ call to unsafe function
[INFO] [stdout]     |
[INFO] [stdout]     = note: consult the function's documentation for information on how to avoid undefined behavior
[INFO] [stdout] 
[INFO] [stdout] 
[INFO] [stdout] error[E0133]: call to unsafe function `ntex_io::Io::<F>::take` is unsafe and requires unsafe function or block
[INFO] [stdout]    --> /opt/rustwide/cargo-home/registry/src/index.crates.io-1949cf8c6b5b557f/ntex-4.0.0-beta.15/src/http/h1/control.rs:353:13
[INFO] [stdout]     |
[INFO] [stdout] 353 |             self.io.take(),
[INFO] [stdout]     |             ^^^^^^^^^^^^^^ call to unsafe function
[INFO] [stdout]     |
[INFO] [stdout]     = note: consult the function's documentation for information on how to avoid undefined behavior
[INFO] [stdout] 
[INFO] [stdout] 
[INFO] [stdout] Some errors have detailed explanations: E0133, E0277, E0599.
[INFO] [stdout] 
[INFO] [stdout] For more information about an error, try `rustc --explain E0133`.
[INFO] [stdout] 
[INFO] [stderr] error: could not compile `ntex` (lib) due to 28 previous errors
[INFO] running `Command { std: "docker" "inspect" "fc1ee8b0604c0460ae28915b7da1b123672d7cb225b6cb810fd32ca91f9d8e2c", kill_on_drop: false }`
[INFO] running `Command { std: "docker" "rm" "-f" "fc1ee8b0604c0460ae28915b7da1b123672d7cb225b6cb810fd32ca91f9d8e2c", kill_on_drop: false }`
[INFO] [stdout] fc1ee8b0604c0460ae28915b7da1b123672d7cb225b6cb810fd32ca91f9d8e2c
