[INFO] fetching crate ntcore-sys 0.3.0...
[INFO] testing ntcore-sys-0.3.0 against 1.100.0-beta.1+cargoflags=--release for beta-release-1.100-2
[INFO] extracting crate ntcore-sys 0.3.0 into /workspace/builds/worker-1-tc2/source
[INFO] started tweaking crates.io crate ntcore-sys 0.3.0
[INFO] removed 0 missing examples
[INFO] finished tweaking crates.io crate ntcore-sys 0.3.0
[INFO] tweaked toml for crates.io crate ntcore-sys 0.3.0 written to /workspace/builds/worker-1-tc2/source/Cargo.toml
[INFO] validating manifest of crates.io crate ntcore-sys 0.3.0 on toolchain 1.100.0-beta.1
[INFO] running `Command { std: CARGO_HOME="/workspace/cargo-home" RUSTUP_HOME="/workspace/rustup-home" "/workspace/cargo-home/bin/cargo" "+1.100.0-beta.1" "metadata" "--manifest-path" "Cargo.toml" "--no-deps", kill_on_drop: false }`
[INFO] crate crates.io crate ntcore-sys 0.3.0 already has a lockfile, it will not be regenerated
[INFO] running `Command { std: CARGO_HOME="/workspace/cargo-home" RUSTUP_HOME="/workspace/rustup-home" "/workspace/cargo-home/bin/cargo" "+1.100.0-beta.1" "fetch" "--manifest-path" "Cargo.toml", kill_on_drop: false }`
[INFO] running `Command { std: "docker" "create" "-v" "/var/lib/crater-agent-workspace/builds/worker-1-tc2/source:/opt/rustwide/workdir:ro,Z" "-v" "/var/lib/crater-agent-workspace/builds/worker-1-tc2/target:/opt/rustwide/target:rw,Z" "-v" "/var/lib/crater-agent-workspace/cargo-home:/opt/rustwide/cargo-home:ro,Z" "-v" "/var/lib/crater-agent-workspace/rustup-home:/opt/rustwide/rustup-home:ro,Z" "-m" "1610612736" "--network" "none" "ghcr.io/rust-lang/crates-build-env/linux@sha256:77db811e55d90add9212f6832c23229e3de5f1c1f9905e8cb07319ea15df73ac" "sleep" "infinity", kill_on_drop: false }`
[INFO] [stdout] fe448dcb2d39ca23119765195e6e58f986e00a56b985b6161284e514ca02b5e8
[INFO] running `Command { std: "docker" "start" "fe448dcb2d39ca23119765195e6e58f986e00a56b985b6161284e514ca02b5e8", kill_on_drop: false }`
[INFO] running `Command { std: "docker" "inspect" "fe448dcb2d39ca23119765195e6e58f986e00a56b985b6161284e514ca02b5e8", kill_on_drop: false }`
[INFO] running `Command { std: "docker" "exec" "-e" "SOURCE_DIR=/opt/rustwide/workdir" "-e" "CARGO_HOME=/opt/rustwide/cargo-home" "-e" "RUSTUP_HOME=/opt/rustwide/rustup-home" "-e" "CARGO_TARGET_DIR=/opt/rustwide/target" "-w" "/opt/rustwide/workdir" "--user" "0:0" "fe448dcb2d39ca23119765195e6e58f986e00a56b985b6161284e514ca02b5e8" "/opt/rustwide/cargo-home/bin/cargo" "+1.100.0-beta.1" "metadata" "--no-deps" "--format-version=1", kill_on_drop: false }`
[INFO] running `Command { std: "docker" "inspect" "fe448dcb2d39ca23119765195e6e58f986e00a56b985b6161284e514ca02b5e8", kill_on_drop: false }`
[INFO] running `Command { std: "docker" "exec" "-e" "SOURCE_DIR=/opt/rustwide/workdir" "-e" "CARGO_HOME=/opt/rustwide/cargo-home" "-e" "RUSTUP_HOME=/opt/rustwide/rustup-home" "-e" "CARGO_TARGET_DIR=/opt/rustwide/target" "-e" "CARGO_INCREMENTAL=0" "-e" "RUST_BACKTRACE=full" "-e" "RUSTFLAGS=--cap-lints=warn" "-e" "RUSTDOCFLAGS=--cap-lints=warn" "-w" "/opt/rustwide/workdir" "--user" "0:0" "fe448dcb2d39ca23119765195e6e58f986e00a56b985b6161284e514ca02b5e8" "/opt/rustwide/cargo-home/bin/cargo" "+1.100.0-beta.1" "build" "--frozen" "--message-format=json" "--release", kill_on_drop: false }`
[INFO] [stderr]    Compiling cc v1.2.2
[INFO] [stderr]    Compiling cmake v0.1.52
[INFO] [stderr]    Compiling ntcore-sys v0.3.0 (/opt/rustwide/workdir)
[INFO] [stderr] error: failed to run custom build command for `ntcore-sys v0.3.0 (/opt/rustwide/workdir)`
[INFO] [stderr] note: To improve backtraces for build dependencies, set the CARGO_PROFILE_RELEASE_BUILD_OVERRIDE_DEBUG=true environment variable to enable debug information generation.
[INFO] [stderr] 
[INFO] [stderr] Caused by:
[INFO] [stderr]   process didn't exit successfully: `/opt/rustwide/target/release/build/ntcore-sys/7f85c9f3f9505757/out/build_script_build` (exit status: 101)
[INFO] [stderr]   --- stdout
[INFO] [stderr]   CMAKE_TOOLCHAIN_FILE_x86_64-unknown-linux-gnu = None
[INFO] [stderr]   CMAKE_TOOLCHAIN_FILE_x86_64_unknown_linux_gnu = None
[INFO] [stderr]   HOST_CMAKE_TOOLCHAIN_FILE = None
[INFO] [stderr]   CMAKE_TOOLCHAIN_FILE = None
[INFO] [stderr]   CMAKE_GENERATOR_x86_64-unknown-linux-gnu = None
[INFO] [stderr]   CMAKE_GENERATOR_x86_64_unknown_linux_gnu = None
[INFO] [stderr]   HOST_CMAKE_GENERATOR = None
[INFO] [stderr]   CMAKE_GENERATOR = None
[INFO] [stderr]   CMAKE_PREFIX_PATH_x86_64-unknown-linux-gnu = None
[INFO] [stderr]   CMAKE_PREFIX_PATH_x86_64_unknown_linux_gnu = None
[INFO] [stderr]   HOST_CMAKE_PREFIX_PATH = None
[INFO] [stderr]   CMAKE_PREFIX_PATH = None
[INFO] [stderr]   CMAKE_x86_64-unknown-linux-gnu = None
[INFO] [stderr]   CMAKE_x86_64_unknown_linux_gnu = None
[INFO] [stderr]   HOST_CMAKE = None
[INFO] [stderr]   CMAKE = None
[INFO] [stderr]   running: cd "/opt/rustwide/target/release/build/ntcore-sys/2b54672f52fd83d6/out/build" && CMAKE_PREFIX_PATH="" LC_ALL="C" "cmake" "/opt/rustwide/workdir/allwpilib" "-DWITH_CSCORE=OFF" "-DWITH_GUI=OFF" "-DWITH_SIMULATION_MODULES=OFF" "-DWITH_TESTS=OFF" "-DWITH_WPILIB=OFF" "-DWITH_WPIMATH=OFF" "-DWITH_PROTOBUF=OFF" "-DBUILD_SHARED_LIBS=OFF" "-DCMAKE_INSTALL_PREFIX=/opt/rustwide/target/release/build/ntcore-sys/2b54672f52fd83d6/out" "-DCMAKE_C_FLAGS= -ffunction-sections -fdata-sections -fPIC -m64" "-DCMAKE_C_COMPILER=/usr/bin/cc" "-DCMAKE_CXX_FLAGS= -ffunction-sections -fdata-sections -fPIC -m64" "-DCMAKE_CXX_COMPILER=/usr/bin/c++" "-DCMAKE_ASM_FLAGS= -ffunction-sections -fdata-sections -fPIC -m64" "-DCMAKE_ASM_COMPILER=/usr/bin/cc" "-DCMAKE_BUILD_TYPE=Release"
[INFO] [stderr]   -- The C compiler identification is GNU 15.2.0
[INFO] [stderr]   -- The CXX compiler identification is GNU 15.2.0
[INFO] [stderr]   -- Detecting C compiler ABI info
[INFO] [stderr]   -- Detecting C compiler ABI info - done
[INFO] [stderr]   -- Check for working C compiler: /usr/bin/cc - skipped
[INFO] [stderr]   -- Detecting C compile features
[INFO] [stderr]   -- Detecting C compile features - done
[INFO] [stderr]   -- Detecting CXX compiler ABI info
[INFO] [stderr]   -- Detecting CXX compiler ABI info - done
[INFO] [stderr]   -- Check for working CXX compiler: /usr/bin/c++ - skipped
[INFO] [stderr]   -- Detecting CXX compile features
[INFO] [stderr]   -- Detecting CXX compile features - done
[INFO] [stderr]   -- Could NOT find LIBSSH (missing: LIBSSH_DIR)
[INFO] [stderr]   -- Performing Test CMAKE_HAVE_LIBC_PTHREAD
[INFO] [stderr]   -- Performing Test CMAKE_HAVE_LIBC_PTHREAD - Success
[INFO] [stderr]   -- Found Threads: TRUE
[INFO] [stderr]   -- Found libatomic: /usr/lib/x86_64-linux-gnu/libatomic.so.1
[INFO] [stderr]   -- Found libatomic: /usr/lib/x86_64-linux-gnu/libatomic.so.1
[INFO] [stderr]   -- Configuring done (0.8s)
[INFO] [stderr]   -- Generating done (0.1s)
[INFO] [stderr]   -- Build files have been written to: /opt/rustwide/target/release/build/ntcore-sys/2b54672f52fd83d6/out/build
[INFO] [stderr]   running: cd "/opt/rustwide/target/release/build/ntcore-sys/2b54672f52fd83d6/out/build" && LC_ALL="C" MAKEFLAGS="-j --jobserver-fds=4,5 --jobserver-auth=4,5" "cmake" "--build" "/opt/rustwide/target/release/build/ntcore-sys/2b54672f52fd83d6/out/build" "--target" "install" "--config" "Release"
[INFO] [stderr]   [  0%] Generating generated/main/cpp/wpilib-128.png.cpp
[INFO] [stderr]   [  1%] Building CXX object wpiutil/CMakeFiles/wpiutil.dir/src/main/native/cpp/DataLog.cpp.o
[INFO] [stderr]   [  1%] Building CXX object wpiutil/CMakeFiles/wpiutil.dir/src/main/native/cpp/DataLogBackgroundWriter.cpp.o
[INFO] [stderr]   [  1%] Building CXX object wpiutil/CMakeFiles/wpiutil.dir/src/main/native/cpp/DataLogWriter.cpp.o
[INFO] [stderr]   [  1%] Building CXX object wpiutil/CMakeFiles/wpiutil.dir/src/main/native/cpp/Base64.cpp.o
[INFO] [stderr]   [  2%] Building CXX object wpiutil/CMakeFiles/wpiutil.dir/src/main/native/cpp/DataLogReader.cpp.o
[INFO] [stderr]   [  2%] Building CXX object wpiutil/CMakeFiles/wpiutil.dir/src/main/native/cpp/Logger.cpp.o
[INFO] [stderr]   [  3%] Building CXX object wpiutil/CMakeFiles/wpiutil.dir/src/main/native/cpp/MessagePack.cpp.o
[INFO] [stderr]   [  4%] Building CXX object wpiutil/CMakeFiles/wpiutil.dir/src/main/native/cpp/MappedFileRegion.cpp.o
[INFO] [stderr]   [  4%] Building CXX object wpiutil/CMakeFiles/wpiutil.dir/src/main/native/cpp/FileLogger.cpp.o
[INFO] [stderr]   [  4%] Building CXX object wpiutil/CMakeFiles/wpiutil.dir/src/main/native/cpp/SafeThread.cpp.o
[INFO] [stderr]   [  4%] Building CXX object wpiutil/CMakeFiles/wpiutil.dir/src/main/native/cpp/RawFrame.cpp.o
[INFO] [stderr]   [  5%] Building CXX object wpiutil/CMakeFiles/wpiutil.dir/src/main/native/cpp/RuntimeCheck.cpp.o
[INFO] [stderr]   [  5%] Building CXX object wpiutil/CMakeFiles/wpiutil.dir/src/main/native/cpp/Synchronization.cpp.o
[INFO] [stderr]   [  6%] Building CXX object wpiutil/CMakeFiles/wpiutil.dir/src/main/native/cpp/StackTraceWrap.cpp.o
[INFO] [stderr]   [  7%] Building CXX object wpiutil/CMakeFiles/wpiutil.dir/src/main/native/cpp/fs.cpp.o
[INFO] [stderr]   [  7%] Building CXX object wpiutil/CMakeFiles/wpiutil.dir/src/main/native/cpp/future.cpp.o
[INFO] [stderr]   [  7%] Building CXX object wpiutil/CMakeFiles/wpiutil.dir/src/main/native/cpp/leb128.cpp.o
[INFO] [stderr]   [  8%] Building CXX object wpiutil/CMakeFiles/wpiutil.dir/src/main/native/cpp/raw_istream.cpp.o
[INFO] [stderr]   [  8%] Building CXX object wpiutil/CMakeFiles/wpiutil.dir/src/main/native/cpp/sendable/SendableRegistry.cpp.o
[INFO] [stderr]   [  9%] Building CXX object wpiutil/CMakeFiles/wpiutil.dir/src/main/native/cpp/sha1.cpp.o
[INFO] [stderr]   [  9%] Building CXX object wpiutil/CMakeFiles/wpiutil.dir/src/main/native/cpp/string.cpp.o
[INFO] [stderr]   [ 10%] Building CXX object wpiutil/CMakeFiles/wpiutil.dir/src/main/native/cpp/struct/DynamicStruct.cpp.o
[INFO] [stderr]   [ 10%] Building CXX object wpiutil/CMakeFiles/wpiutil.dir/src/main/native/cpp/struct/SchemaParser.cpp.o
[INFO] [stderr]   [ 10%] Building CXX object wpiutil/CMakeFiles/wpiutil.dir/src/main/native/cpp/timestamp.cpp.o
[INFO] [stderr]   [ 11%] Building CXX object wpiutil/CMakeFiles/wpiutil.dir/src/main/native/thirdparty/debugging/src/macos.cpp.o
[INFO] [stderr]   [ 11%] Building CXX object wpiutil/CMakeFiles/wpiutil.dir/src/main/native/thirdparty/debugging/src/linux.cpp.o
[INFO] [stderr]   [ 12%] Building CXX object wpiutil/CMakeFiles/wpiutil.dir/src/main/native/thirdparty/debugging/src/windows.cpp.o
[INFO] [stderr] 
[INFO] [stderr]   --- stderr
[INFO] [stderr]   CMake Warning:
[INFO] [stderr]     Manually-specified variables were not used by the project:
[INFO] [stderr] 
[INFO] [stderr]       CMAKE_ASM_COMPILER
[INFO] [stderr]       CMAKE_ASM_FLAGS
[INFO] [stderr] 
[INFO] [stderr] 
[INFO] [stderr]   c++: fatal error: Killed signal terminated program cc1plus
[INFO] [stderr]   compilation terminated.
[INFO] [stderr]   c++: fatal error: Killed signal terminated program cc1plus
[INFO] [stderr]   compilation terminated.
[INFO] [stderr]   gmake[2]: *** [wpiutil/CMakeFiles/wpiutil.dir/build.make:140: wpiutil/CMakeFiles/wpiutil.dir/src/main/native/cpp/DataLogWriter.cpp.o] Error 1
[INFO] [stderr]   gmake[2]: *** Waiting for unfinished jobs....
[INFO] [stderr]   gmake[2]: *** [wpiutil/CMakeFiles/wpiutil.dir/build.make:154: wpiutil/CMakeFiles/wpiutil.dir/src/main/native/cpp/FileLogger.cpp.o] Error 1
[INFO] [stderr]   c++: fatal error: Killed signal terminated program cc1plus
[INFO] [stderr]   compilation terminated.
[INFO] [stderr]   gmake[2]: *** [wpiutil/CMakeFiles/wpiutil.dir/build.make:112: wpiutil/CMakeFiles/wpiutil.dir/src/main/native/cpp/DataLogBackgroundWriter.cpp.o] Error 1
[INFO] [stderr]   c++: fatal error: Killed signal terminated program cc1plus
[INFO] [stderr]   compilation terminated.
[INFO] [stderr]   gmake[2]: *** [wpiutil/CMakeFiles/wpiutil.dir/build.make:98: wpiutil/CMakeFiles/wpiutil.dir/src/main/native/cpp/DataLog.cpp.o] Error 1
[INFO] [stderr]   gmake[1]: *** [CMakeFiles/Makefile2:176: wpiutil/CMakeFiles/wpiutil.dir/all] Error 2
[INFO] [stderr]   gmake: *** [Makefile:156: all] Error 2
[INFO] [stderr] 
[INFO] [stderr]   thread 'main' (106) panicked at /opt/rustwide/cargo-home/registry/src/index.crates.io-1949cf8c6b5b557f/cmake-0.1.52/src/lib.rs:1115:5:
[INFO] [stderr] 
[INFO] [stderr]   command did not execute successfully, got: exit status: 2
[INFO] [stderr] 
[INFO] [stderr]   build script failed, must exit now
[INFO] [stderr]   stack backtrace:
[INFO] [stderr]      0:     0x650b65906c01 - <<std[617be2ca0a6fd877]::sys::backtrace::BacktraceLock>::print::DisplayBacktrace as core[a373ad73a504971]::fmt::Display>::fmt
[INFO] [stderr]      1:     0x650b6591ab0a - core[a373ad73a504971]::fmt::write
[INFO] [stderr]      2:     0x650b6590c42c - <std[617be2ca0a6fd877]::sys::stdio::unix::Stderr as core[a373ad73a504971]::io::write::Write>::write_fmt
[INFO] [stderr]      3:     0x650b658e6466 - std[617be2ca0a6fd877]::panicking::default_hook::{closure#0}
[INFO] [stderr]      4:     0x650b65901921 - std[617be2ca0a6fd877]::panicking::default_hook
[INFO] [stderr]      5:     0x650b65901adb - std[617be2ca0a6fd877]::panicking::panic_with_hook
[INFO] [stderr]      6:     0x650b658e6512 - std[617be2ca0a6fd877]::panicking::panic_handler::{closure#0}
[INFO] [stderr]      7:     0x650b658df189 - std[617be2ca0a6fd877]::sys::backtrace::__rust_end_short_backtrace::<std[617be2ca0a6fd877]::panicking::panic_handler::{closure#0}, !>
[INFO] [stderr]      8:     0x650b658e6cfd - __rustc[ea4f61d10b84890b]::rust_begin_unwind
[INFO] [stderr]      9:     0x650b6591b27c - core[a373ad73a504971]::panicking::panic_fmt
[INFO] [stderr]     10:     0x650b6587fdf7 - cmake[191fa174badfc0b7]::fail
[INFO] [stderr]     11:     0x650b6587fa83 - cmake[191fa174badfc0b7]::run
[INFO] [stderr]     12:     0x650b658859cc - <cmake[191fa174badfc0b7]::Config>::build
[INFO] [stderr]     13:     0x650b65872b67 - build_script_build[eb8cbd5d903c33ee]::main
[INFO] [stderr]     14:     0x650b65873823 - <fn() as core[a373ad73a504971]::ops::function::FnOnce<()>>::call_once
[INFO] [stderr]     15:     0x650b65872476 - std[617be2ca0a6fd877]::sys::backtrace::__rust_begin_short_backtrace::<fn(), ()>
[INFO] [stderr]     16:     0x650b65872489 - std[617be2ca0a6fd877]::rt::lang_start::<()>::{closure#0}
[INFO] [stderr]     17:     0x650b65900c28 - std[617be2ca0a6fd877]::rt::lang_start_internal
[INFO] [stderr]     18:     0x650b65871ff1 - std[617be2ca0a6fd877]::rt::lang_start::<()>
[INFO] [stderr]     19:     0x650b65873895 - main
[INFO] [stderr]     20:     0x771a38299601 - <unknown>
[INFO] [stderr]     21:     0x771a38299718 - __libc_start_main
[INFO] [stderr]     22:     0x650b658712e5 - _start
[INFO] [stderr]     23:                0x0 - <unknown>
[INFO] running `Command { std: "docker" "inspect" "fe448dcb2d39ca23119765195e6e58f986e00a56b985b6161284e514ca02b5e8", kill_on_drop: false }`
[INFO] running `Command { std: "docker" "rm" "-f" "fe448dcb2d39ca23119765195e6e58f986e00a56b985b6161284e514ca02b5e8", kill_on_drop: false }`
[INFO] [stdout] fe448dcb2d39ca23119765195e6e58f986e00a56b985b6161284e514ca02b5e8
