[INFO] fetching crate nt-features 1.0.0...
[INFO] testing nt-features-1.0.0 against 1.99.0-beta.8+cargoflags=--release for beta-release-1.100-2
[INFO] extracting crate nt-features 1.0.0 into /workspace/builds/worker-7-tc1/source
[INFO] started tweaking crates.io crate nt-features 1.0.0
[INFO] finished tweaking crates.io crate nt-features 1.0.0
[INFO] tweaked toml for crates.io crate nt-features 1.0.0 written to /workspace/builds/worker-7-tc1/source/Cargo.toml
[INFO] validating manifest of crates.io crate nt-features 1.0.0 on toolchain 1.99.0-beta.8
[INFO] running `Command { std: CARGO_HOME="/workspace/cargo-home" RUSTUP_HOME="/workspace/rustup-home" "/workspace/cargo-home/bin/cargo" "+1.99.0-beta.8" "metadata" "--manifest-path" "Cargo.toml" "--no-deps", kill_on_drop: false }`
[INFO] crate crates.io crate nt-features 1.0.0 already has a lockfile, it will not be regenerated
[INFO] running `Command { std: CARGO_HOME="/workspace/cargo-home" RUSTUP_HOME="/workspace/rustup-home" "/workspace/cargo-home/bin/cargo" "+1.99.0-beta.8" "fetch" "--manifest-path" "Cargo.toml", kill_on_drop: false }`
[INFO] [stderr]     Updating crates.io index
[INFO] [stderr]  Downloading crates ...
[INFO] [stderr]   Downloaded seahash v4.1.0
[INFO] [stderr]   Downloaded rust_decimal_macros v1.39.0
[INFO] [stderr]   Downloaded rust_decimal v1.39.0
[INFO] [stderr]   Downloaded wasm-bindgen-macro v0.2.105
[INFO] [stderr]   Downloaded rend v0.4.2
[INFO] [stderr]   Downloaded proc-macro-crate v3.4.0
[INFO] [stderr]   Downloaded polars-error v0.36.2
[INFO] [stderr]   Downloaded multiversion v0.7.4
[INFO] [stderr]   Downloaded polars-compute v0.36.2
[INFO] [stderr]   Downloaded now v0.1.3
[INFO] [stderr]   Downloaded atoi v2.0.0
[INFO] [stderr]   Downloaded heck v0.4.1
[INFO] [stderr]   Downloaded crossbeam-queue v0.3.12
[INFO] [stderr]   Downloaded validator v0.16.1
[INFO] [stderr]   Downloaded validator_types v0.16.0
[INFO] [stderr]   Downloaded ptr_meta v0.1.4
[INFO] [stderr]   Downloaded ptr_meta_derive v0.1.4
[INFO] [stderr]   Downloaded bytecheck_derive v0.6.12
[INFO] [stderr]   Downloaded polars-row v0.36.2
[INFO] [stderr]   Downloaded multiversion-macros v0.7.4
[INFO] [stderr]   Downloaded lz4 v1.28.1
[INFO] [stderr]   Downloaded foreign_vec v0.1.0
[INFO] [stderr]   Downloaded if_chain v1.0.3
[INFO] [stderr]   Downloaded wasm-bindgen-shared v0.2.105
[INFO] [stderr]   Downloaded array-init-cursor v0.2.1
[INFO] [stderr]   Downloaded anyhow v1.0.100
[INFO] [stderr]   Downloaded find-msvc-tools v0.1.4
[INFO] [stderr]   Downloaded target-features v0.1.6
[INFO] [stderr]   Downloaded polars-sql v0.36.2
[INFO] [stderr]   Downloaded strum_macros v0.25.3
[INFO] [stderr]   Downloaded memmap2 v0.7.1
[INFO] [stderr]   Downloaded nt-core v1.0.0
[INFO] [stderr]   Downloaded validator_derive v0.16.0
[INFO] [stderr]   Downloaded proc-macro-error v1.0.4
[INFO] [stderr]   Downloaded proc-macro-error-attr v1.0.4
[INFO] [stderr]   Downloaded tokio-macros v2.6.0
[INFO] [stderr]   Downloaded bytecheck v0.6.12
[INFO] [stderr]   Downloaded borsh-derive v1.5.7
[INFO] [stderr]   Downloaded toml_datetime v0.7.3
[INFO] [stderr]   Downloaded polars-time v0.36.2
[INFO] [stderr]   Downloaded planus v0.3.1
[INFO] [stderr]   Downloaded xxhash-rust v0.8.15
[INFO] [stderr]   Downloaded strength_reduce v0.2.4
[INFO] [stderr]   Downloaded iana-time-zone v0.1.64
[INFO] [stderr]   Downloaded atoi_simd v0.15.6
[INFO] [stderr]   Downloaded enum_dispatch v0.3.13
[INFO] [stderr]   Downloaded dashmap v5.5.3
[INFO] [stderr]   Downloaded ryu v1.0.20
[INFO] [stderr]   Downloaded wasm-bindgen v0.2.105
[INFO] [stderr]   Downloaded rkyv_derive v0.7.45
[INFO] [stderr]   Downloaded ahash v0.7.8
[INFO] [stderr]   Downloaded toml_parser v1.0.4
[INFO] [stderr]   Downloaded polars-utils v0.36.2
[INFO] [stderr]   Downloaded bytemuck_derive v1.10.2
[INFO] [stderr]   Downloaded fast-float v0.2.0
[INFO] [stderr]   Downloaded log v0.4.28
[INFO] [stderr]   Downloaded icu_properties v2.1.1
[INFO] [stderr]   Downloaded socket2 v0.6.1
[INFO] [stderr]   Downloaded uuid v1.18.1
[INFO] [stderr]   Downloaded wasm-bindgen-macro-support v0.2.105
[INFO] [stderr]   Downloaded polars v0.36.2
[INFO] [stderr]   Downloaded arrow-format v0.8.1
[INFO] [stderr]   Downloaded rand_distr v0.4.3
[INFO] [stderr]   Downloaded ethnum v1.5.2
[INFO] [stderr]   Downloaded comfy-table v7.2.1
[INFO] [stderr]   Downloaded js-sys v0.3.82
[INFO] [stderr]   Downloaded toml_edit v0.23.7
[INFO] [stderr]   Downloaded smartstring v1.0.1
[INFO] [stderr]   Downloaded argminmax v0.6.3
[INFO] [stderr]   Downloaded polars-io v0.36.2
[INFO] [stderr]   Downloaded polars-pipe v0.36.2
[INFO] [stderr]   Downloaded url v2.5.7
[INFO] [stderr]   Downloaded signal-hook-registry v1.4.6
[INFO] [stderr]   Downloaded ndarray v0.15.6
[INFO] [stderr]   Downloaded cc v1.2.45
[INFO] [stderr]   Downloaded unicode-segmentation v1.12.0
[INFO] [stderr]   Downloaded mio v1.1.0
[INFO] [stderr]   Downloaded serde_json v1.0.145
[INFO] [stderr]   Downloaded zerocopy-derive v0.8.27
[INFO] [stderr]   Downloaded borsh v1.5.7
[INFO] [stderr]   Downloaded indexmap v2.12.0
[INFO] [stderr]   Downloaded polars-ops v0.36.2
[INFO] [stderr]   Downloaded rkyv v0.7.45
[INFO] [stderr]   Downloaded polars-lazy v0.36.2
[INFO] [stderr]   Downloaded ntapi v0.4.1
[INFO] [stderr]   Downloaded sqlparser v0.39.0
[INFO] [stderr]   Downloaded libm v0.2.15
[INFO] [stderr]   Downloaded icu_properties_data v2.1.1
[INFO] [stderr]   Downloaded sysinfo v0.30.13
[INFO] [stderr]   Downloaded winnow v0.7.13
[INFO] [stderr]   Downloaded regex v1.12.2
[INFO] [stderr]   Downloaded polars-plan v0.36.2
[INFO] [stderr]   Downloaded syn v2.0.110
[INFO] [stderr]   Downloaded bitvec v1.0.1
[INFO] [stderr]   Downloaded zerocopy v0.8.27
[INFO] [stderr]   Downloaded idna v0.4.0
[INFO] [stderr]   Downloaded polars-arrow v0.36.2
[INFO] [stderr]   Downloaded polars-core v0.36.2
[INFO] [stderr]   Downloaded regex-syntax v0.8.8
[INFO] [stderr]   Downloaded lz4-sys v1.11.1+lz4-1.10.0
[INFO] [stderr]   Downloaded rustix v1.1.2
[INFO] [stderr]   Downloaded regex-automata v0.4.13
[INFO] [stderr]   Downloaded libc v0.2.177
[INFO] [stderr]   Downloaded tokio v1.48.0
[INFO] [stderr]   Downloaded windows v0.52.0
[INFO] running `Command { std: "docker" "create" "-v" "/var/lib/crater-agent-workspace/builds/worker-7-tc1/source:/opt/rustwide/workdir:ro,Z" "-v" "/var/lib/crater-agent-workspace/builds/worker-7-tc1/target:/opt/rustwide/target:rw,Z" "-v" "/var/lib/crater-agent-workspace/cargo-home:/opt/rustwide/cargo-home:ro,Z" "-v" "/var/lib/crater-agent-workspace/rustup-home:/opt/rustwide/rustup-home:ro,Z" "-m" "1610612736" "--network" "none" "ghcr.io/rust-lang/crates-build-env/linux@sha256:77db811e55d90add9212f6832c23229e3de5f1c1f9905e8cb07319ea15df73ac" "sleep" "infinity", kill_on_drop: false }`
[INFO] [stdout] 2e9de9b40519f329181135e83f7198adaea369ba2c421e62bfde0a55db53236e
[INFO] running `Command { std: "docker" "start" "2e9de9b40519f329181135e83f7198adaea369ba2c421e62bfde0a55db53236e", kill_on_drop: false }`
[INFO] running `Command { std: "docker" "inspect" "2e9de9b40519f329181135e83f7198adaea369ba2c421e62bfde0a55db53236e", kill_on_drop: false }`
[INFO] running `Command { std: "docker" "exec" "-e" "SOURCE_DIR=/opt/rustwide/workdir" "-e" "CARGO_HOME=/opt/rustwide/cargo-home" "-e" "RUSTUP_HOME=/opt/rustwide/rustup-home" "-e" "CARGO_TARGET_DIR=/opt/rustwide/target" "-w" "/opt/rustwide/workdir" "--user" "0:0" "2e9de9b40519f329181135e83f7198adaea369ba2c421e62bfde0a55db53236e" "/opt/rustwide/cargo-home/bin/cargo" "+1.99.0-beta.8" "metadata" "--no-deps" "--format-version=1", kill_on_drop: false }`
[INFO] running `Command { std: "docker" "inspect" "2e9de9b40519f329181135e83f7198adaea369ba2c421e62bfde0a55db53236e", kill_on_drop: false }`
[INFO] running `Command { std: "docker" "exec" "-e" "SOURCE_DIR=/opt/rustwide/workdir" "-e" "CARGO_HOME=/opt/rustwide/cargo-home" "-e" "RUSTUP_HOME=/opt/rustwide/rustup-home" "-e" "CARGO_TARGET_DIR=/opt/rustwide/target" "-e" "CARGO_INCREMENTAL=0" "-e" "RUST_BACKTRACE=full" "-e" "RUSTFLAGS=--cap-lints=warn" "-e" "RUSTDOCFLAGS=--cap-lints=warn" "-w" "/opt/rustwide/workdir" "--user" "0:0" "2e9de9b40519f329181135e83f7198adaea369ba2c421e62bfde0a55db53236e" "/opt/rustwide/cargo-home/bin/cargo" "+1.99.0-beta.8" "build" "--frozen" "--message-format=json" "--release", kill_on_drop: false }`
[INFO] [stderr]    Compiling proc-macro2 v1.0.103
[INFO] [stderr]    Compiling quote v1.0.42
[INFO] [stderr]    Compiling stable_deref_trait v1.2.1
[INFO] [stderr]    Compiling serde_core v1.0.228
[INFO] [stderr]    Compiling libc v0.2.177
[INFO] [stderr]    Compiling serde v1.0.228
[INFO] [stderr]    Compiling smallvec v1.15.1
[INFO] [stderr]    Compiling litemap v0.8.1
[INFO] [stderr]    Compiling writeable v0.6.2
[INFO] [stderr]    Compiling icu_properties_data v2.1.1
[INFO] [stderr]    Compiling icu_normalizer_data v2.1.1
[INFO] [stderr]    Compiling num-traits v0.2.19
[INFO] [stderr]    Compiling syn v1.0.109
[INFO] [stderr]    Compiling proc-macro-error-attr v1.0.4
[INFO] [stderr]    Compiling memchr v2.7.6
[INFO] [stderr]    Compiling proc-macro-error v1.0.4
[INFO] [stderr]    Compiling regex-syntax v0.8.8
[INFO] [stderr]    Compiling serde_json v1.0.145
[INFO] [stderr]    Compiling hashbrown v0.16.0
[INFO] [stderr]    Compiling percent-encoding v2.3.2
[INFO] [stderr]    Compiling getrandom v0.3.4
[INFO] [stderr]    Compiling itoa v1.0.15
[INFO] [stderr]    Compiling ryu v1.0.20
[INFO] [stderr]    Compiling utf8_iter v1.0.4
[INFO] [stderr]    Compiling unicode-normalization v0.1.25
[INFO] [stderr]    Compiling form_urlencoded v1.2.2
[INFO] [stderr]    Compiling matrixmultiply v0.3.10
[INFO] [stderr]    Compiling unicode-bidi v0.3.18
[INFO] [stderr]    Compiling anyhow v1.0.100
[INFO] [stderr]    Compiling if_chain v1.0.3
[INFO] [stderr]    Compiling thiserror v1.0.69
[INFO] [stderr]    Compiling rust_decimal v1.39.0
[INFO] [stderr]    Compiling lazy_static v1.5.0
[INFO] [stderr]    Compiling winnow v0.7.13
[INFO] [stderr]    Compiling toml_write v0.1.2
[INFO] [stderr]    Compiling aho-corasick v1.1.4
[INFO] [stderr]    Compiling once_cell v1.21.3
[INFO] [stderr]    Compiling arrayvec v0.7.6
[INFO] [stderr]    Compiling iana-time-zone v0.1.64
[INFO] [stderr]    Compiling hashbrown v0.14.5
[INFO] [stderr]    Compiling syn v2.0.110
[INFO] [stderr]    Compiling parking_lot_core v0.9.12
[INFO] [stderr]    Compiling indexmap v2.12.0
[INFO] [stderr]    Compiling socket2 v0.6.1
[INFO] [stderr]    Compiling parking_lot v0.12.5
[INFO] [stderr]    Compiling mio v1.1.0
[INFO] [stderr]    Compiling signal-hook-registry v1.4.6
[INFO] [stderr]    Compiling idna v0.4.0
[INFO] [stderr]    Compiling rawpointer v0.2.1
[INFO] [stderr]    Compiling pin-project-lite v0.2.16
[INFO] [stderr]    Compiling bytes v1.10.1
[INFO] [stderr]    Compiling regex-automata v0.4.13
[INFO] [stderr]    Compiling dashmap v5.5.3
[INFO] [stderr]    Compiling num-integer v0.1.46
[INFO] [stderr]    Compiling num-complex v0.4.6
[INFO] [stderr]    Compiling seahash v4.1.0
[INFO] [stderr]    Compiling ndarray v0.15.6
[INFO] [stderr]    Compiling validator_types v0.16.0
[INFO] [stderr]    Compiling regex v1.12.2
[INFO] [stderr]    Compiling validator_derive v0.16.0
[INFO] [stderr]    Compiling synstructure v0.13.2
[INFO] [stderr]    Compiling zerofrom-derive v0.1.6
[INFO] [stderr]    Compiling yoke-derive v0.8.1
[INFO] [stderr]    Compiling zerovec-derive v0.11.2
[INFO] [stderr]    Compiling displaydoc v0.2.5
[INFO] [stderr]    Compiling serde_derive v1.0.228
[INFO] [stderr]    Compiling thiserror-impl v1.0.69
[INFO] [stderr]    Compiling tokio-macros v2.6.0
[INFO] [stderr]    Compiling async-trait v0.1.89
[INFO] [stderr]    Compiling tokio v1.48.0
[INFO] [stderr]    Compiling zerofrom v0.1.6
[INFO] [stderr]    Compiling yoke v0.8.1
[INFO] [stderr]    Compiling zerovec v0.11.5
[INFO] [stderr]    Compiling zerotrie v0.2.3
[INFO] [stderr]    Compiling tinystr v0.8.2
[INFO] [stderr]    Compiling potential_utf v0.1.4
[INFO] [stderr]    Compiling icu_collections v2.1.1
[INFO] [stderr]    Compiling icu_locale_core v2.1.1
[INFO] [stderr]    Compiling icu_provider v2.1.1
[INFO] [stderr]    Compiling icu_properties v2.1.1
[INFO] [stderr]    Compiling icu_normalizer v2.1.1
[INFO] [stderr]    Compiling toml_datetime v0.6.11
[INFO] [stderr]    Compiling serde_spanned v0.6.9
[INFO] [stderr]    Compiling chrono v0.4.42
[INFO] [stderr]    Compiling uuid v1.18.1
[INFO] [stderr]    Compiling toml_edit v0.22.27
[INFO] [stderr]    Compiling idna_adapter v1.2.1
[INFO] [stderr]    Compiling idna v1.1.0
[INFO] [stderr]    Compiling url v2.5.7
[INFO] [stderr]    Compiling validator v0.16.1
[INFO] [stderr]    Compiling toml v0.8.23
[INFO] [stderr]    Compiling nt-core v1.0.0
[INFO] [stderr]    Compiling nt-features v1.0.0 (/opt/rustwide/workdir)
[INFO] [stderr]     Finished `release` profile [optimized] target(s) in 22.60s
[INFO] running `Command { std: "docker" "inspect" "2e9de9b40519f329181135e83f7198adaea369ba2c421e62bfde0a55db53236e", kill_on_drop: false }`
[INFO] running `Command { std: "docker" "exec" "-e" "SOURCE_DIR=/opt/rustwide/workdir" "-e" "CARGO_HOME=/opt/rustwide/cargo-home" "-e" "RUSTUP_HOME=/opt/rustwide/rustup-home" "-e" "CARGO_TARGET_DIR=/opt/rustwide/target" "-e" "CARGO_INCREMENTAL=0" "-e" "RUST_BACKTRACE=full" "-e" "RUSTFLAGS=--cap-lints=warn" "-e" "RUSTDOCFLAGS=--cap-lints=warn" "-w" "/opt/rustwide/workdir" "--user" "0:0" "2e9de9b40519f329181135e83f7198adaea369ba2c421e62bfde0a55db53236e" "/opt/rustwide/cargo-home/bin/cargo" "+1.99.0-beta.8" "test" "--frozen" "--no-run" "--message-format=json" "--release", kill_on_drop: false }`
[INFO] [stderr]    Compiling approx v0.5.1
[INFO] [stderr]    Compiling rust_decimal_macros v1.39.0
[INFO] [stderr]    Compiling nt-features v1.0.0 (/opt/rustwide/workdir)
[INFO] [stdout] error[E0425]: cannot find value `config` in this scope
[INFO] [stdout]    --> src/technical.rs:239:55
[INFO] [stdout]     |
[INFO] [stdout] 234 |         let _config = IndicatorConfig {
[INFO] [stdout]     |             ------- `_config` defined here
[INFO] [stdout] ...
[INFO] [stdout] 239 |         let mut indicators = TechnicalIndicators::new(config);
[INFO] [stdout]     |                                                       ^^^^^^
[INFO] [stdout]     |
[INFO] [stdout] help: the leading underscore in `_config` marks it as unused, consider renaming it to `config`
[INFO] [stdout]     |
[INFO] [stdout] 234 -         let _config = IndicatorConfig {
[INFO] [stdout] 234 +         let config = IndicatorConfig {
[INFO] [stdout]     |
[INFO] [stdout] 
[INFO] [stdout] 
[INFO] [stdout] error[E0425]: cannot find value `config` in this scope
[INFO] [stdout]    --> src/technical.rs:256:55
[INFO] [stdout]     |
[INFO] [stdout] 251 |         let _config = IndicatorConfig {
[INFO] [stdout]     |             ------- `_config` defined here
[INFO] [stdout] ...
[INFO] [stdout] 256 |         let mut indicators = TechnicalIndicators::new(config);
[INFO] [stdout]     |                                                       ^^^^^^
[INFO] [stdout]     |
[INFO] [stdout] help: the leading underscore in `_config` marks it as unused, consider renaming it to `config`
[INFO] [stdout]     |
[INFO] [stdout] 251 -         let _config = IndicatorConfig {
[INFO] [stdout] 251 +         let config = IndicatorConfig {
[INFO] [stdout]     |
[INFO] [stdout] 
[INFO] [stdout] 
[INFO] [stdout] error[E0425]: cannot find value `config` in this scope
[INFO] [stdout]    --> src/technical.rs:274:55
[INFO] [stdout]     |
[INFO] [stdout] 269 |         let _config = IndicatorConfig {
[INFO] [stdout]     |             ------- `_config` defined here
[INFO] [stdout] ...
[INFO] [stdout] 274 |         let mut indicators = TechnicalIndicators::new(config);
[INFO] [stdout]     |                                                       ^^^^^^
[INFO] [stdout]     |
[INFO] [stdout] help: the leading underscore in `_config` marks it as unused, consider renaming it to `config`
[INFO] [stdout]     |
[INFO] [stdout] 269 -         let _config = IndicatorConfig {
[INFO] [stdout] 269 +         let config = IndicatorConfig {
[INFO] [stdout]     |
[INFO] [stdout] 
[INFO] [stdout] 
[INFO] [stdout] error[E0425]: cannot find value `config` in this scope
[INFO] [stdout]    --> src/technical.rs:292:55
[INFO] [stdout]     |
[INFO] [stdout] 285 |         let _config = IndicatorConfig {
[INFO] [stdout]     |             ------- `_config` defined here
[INFO] [stdout] ...
[INFO] [stdout] 292 |         let mut indicators = TechnicalIndicators::new(config);
[INFO] [stdout]     |                                                       ^^^^^^
[INFO] [stdout]     |
[INFO] [stdout] help: the leading underscore in `_config` marks it as unused, consider renaming it to `config`
[INFO] [stdout]     |
[INFO] [stdout] 285 -         let _config = IndicatorConfig {
[INFO] [stdout] 285 +         let config = IndicatorConfig {
[INFO] [stdout]     |
[INFO] [stdout] 
[INFO] [stdout] 
[INFO] [stdout] warning: unused import: `super::*`
[INFO] [stdout]   --> src/lib.rs:31:9
[INFO] [stdout]    |
[INFO] [stdout] 31 |     use super::*;
[INFO] [stdout]    |         ^^^^^^^^
[INFO] [stdout]    |
[INFO] [stdout]    = note: `#[warn(unused_imports)]` (part of `#[warn(unused)]`) on by default
[INFO] [stdout] 
[INFO] [stdout] 
[INFO] [stdout] For more information about this error, try `rustc --explain E0425`.
[INFO] [stdout] 
[INFO] [stderr] error: could not compile `nt-features` (lib test) due to 4 previous errors; 1 warning emitted
[INFO] running `Command { std: "docker" "inspect" "2e9de9b40519f329181135e83f7198adaea369ba2c421e62bfde0a55db53236e", kill_on_drop: false }`
[INFO] running `Command { std: "docker" "rm" "-f" "2e9de9b40519f329181135e83f7198adaea369ba2c421e62bfde0a55db53236e", kill_on_drop: false }`
[INFO] [stdout] 2e9de9b40519f329181135e83f7198adaea369ba2c421e62bfde0a55db53236e
