[INFO] fetching crate nsproxy-hickory-proto 0.25.4...
[INFO] testing nsproxy-hickory-proto-0.25.4 against 1.99.0-beta.8+cargoflags=--release for beta-release-1.100-2
[INFO] extracting crate nsproxy-hickory-proto 0.25.4 into /workspace/builds/worker-1-tc1/source
[INFO] started tweaking crates.io crate nsproxy-hickory-proto 0.25.4
[INFO] removed 0 missing tests
[INFO] finished tweaking crates.io crate nsproxy-hickory-proto 0.25.4
[INFO] tweaked toml for crates.io crate nsproxy-hickory-proto 0.25.4 written to /workspace/builds/worker-1-tc1/source/Cargo.toml
[INFO] validating manifest of crates.io crate nsproxy-hickory-proto 0.25.4 on toolchain 1.99.0-beta.8
[INFO] running `Command { std: CARGO_HOME="/workspace/cargo-home" RUSTUP_HOME="/workspace/rustup-home" "/workspace/cargo-home/bin/cargo" "+1.99.0-beta.8" "metadata" "--manifest-path" "Cargo.toml" "--no-deps", kill_on_drop: false }`
[INFO] crate crates.io crate nsproxy-hickory-proto 0.25.4 already has a lockfile, it will not be regenerated
[INFO] running `Command { std: CARGO_HOME="/workspace/cargo-home" RUSTUP_HOME="/workspace/rustup-home" "/workspace/cargo-home/bin/cargo" "+1.99.0-beta.8" "fetch" "--manifest-path" "Cargo.toml", kill_on_drop: false }`
[INFO] [stderr]     Updating crates.io index
[INFO] [stderr]  Downloading crates ...
[INFO] [stderr]   Downloaded wasm-bindgen v0.2.100
[INFO] [stderr]   Downloaded wasm-bindgen-macro v0.2.100
[INFO] [stderr]   Downloaded rustls-pki-types v1.11.0
[INFO] [stderr]   Downloaded wasm-bindgen-macro-support v0.2.100
[INFO] [stderr]   Downloaded webpki-roots v0.26.10
[INFO] [stderr]   Downloaded write16 v1.0.0
[INFO] [stderr]   Downloaded icu_locid_transform v1.5.0
[INFO] [stderr]   Downloaded zerofrom v0.1.5
[INFO] [stderr]   Downloaded matchers v0.2.0
[INFO] [stderr]   Downloaded time-core v0.1.4
[INFO] [stderr]   Downloaded rustls-platform-verifier-android v0.1.1
[INFO] [stderr]   Downloaded idna_adapter v1.2.0
[INFO] [stderr]   Downloaded icu_provider_macros v1.5.0
[INFO] [stderr]   Downloaded utf16_iter v1.0.5
[INFO] [stderr]   Downloaded wit-bindgen-rt v0.39.0
[INFO] [stderr]   Downloaded dunce v1.0.5
[INFO] [stderr]   Downloaded home v0.5.11
[INFO] [stderr]   Downloaded yoke-derive v0.7.5
[INFO] [stderr]   Downloaded num-conv v0.1.0
[INFO] [stderr]   Downloaded wasm-bindgen-shared v0.2.100
[INFO] [stderr]   Downloaded tinystr v0.7.6
[INFO] [stderr]   Downloaded writeable v0.5.5
[INFO] [stderr]   Downloaded thiserror-impl v2.0.12
[INFO] [stderr]   Downloaded errno v0.3.11
[INFO] [stderr]   Downloaded which v4.4.2
[INFO] [stderr]   Downloaded untrusted v0.7.1
[INFO] [stderr]   Downloaded icu_properties v1.5.1
[INFO] [stderr]   Downloaded libloading v0.8.6
[INFO] [stderr]   Downloaded windows-targets v0.42.2
[INFO] [stderr]   Downloaded tokio-rustls v0.26.2
[INFO] [stderr]   Downloaded tokio-macros v2.5.0
[INFO] [stderr]   Downloaded quote v1.0.40
[INFO] [stderr]   Downloaded security-framework-sys v2.14.0
[INFO] [stderr]   Downloaded rustversion v1.0.20
[INFO] [stderr]   Downloaded zerovec-derive v0.10.3
[INFO] [stderr]   Downloaded openssl-probe v0.1.6
[INFO] [stderr]   Downloaded cmake v0.1.54
[INFO] [stderr]   Downloaded glob v0.3.2
[INFO] [stderr]   Downloaded proc-macro2 v1.0.95
[INFO] [stderr]   Downloaded critical-section v1.2.0
[INFO] [stderr]   Downloaded r-efi v5.2.0
[INFO] [stderr]   Downloaded fs_extra v1.3.0
[INFO] [stderr]   Downloaded core-foundation v0.10.0
[INFO] [stderr]   Downloaded enum-as-inner v0.6.1
[INFO] [stderr]   Downloaded yoke v0.7.5
[INFO] [stderr]   Downloaded bitflags v2.9.0
[INFO] [stderr]   Downloaded deranged v0.4.0
[INFO] [stderr]   Downloaded thiserror v2.0.12
[INFO] [stderr]   Downloaded schannel v0.1.27
[INFO] [stderr]   Downloaded itoa v1.0.15
[INFO] [stderr]   Downloaded litemap v0.7.4
[INFO] [stderr]   Downloaded icu_locid_transform_data v1.5.1
[INFO] [stderr]   Downloaded winapi-util v0.1.9
[INFO] [stderr]   Downloaded jni-sys v0.3.0
[INFO] [stderr]   Downloaded rustls-native-certs v0.8.1
[INFO] [stderr]   Downloaded wasm-bindgen-backend v0.2.100
[INFO] [stderr]   Downloaded getrandom v0.3.2
[INFO] [stderr]   Downloaded jobserver v0.1.33
[INFO] [stderr]   Downloaded log v0.4.27
[INFO] [stderr]   Downloaded smallvec v1.15.0
[INFO] [stderr]   Downloaded addr2line v0.24.2
[INFO] [stderr]   Downloaded serde_derive v1.0.219
[INFO] [stderr]   Downloaded tracing-core v0.1.33
[INFO] [stderr]   Downloaded socket2 v0.5.9
[INFO] [stderr]   Downloaded clang-sys v1.8.1
[INFO] [stderr]   Downloaded rustls-platform-verifier v0.5.2
[INFO] [stderr]   Downloaded icu_locid v1.5.0
[INFO] [stderr]   Downloaded icu_normalizer_data v1.5.1
[INFO] [stderr]   Downloaded tinyvec v1.9.0
[INFO] [stderr]   Downloaded icu_normalizer v1.5.0
[INFO] [stderr]   Downloaded icu_provider v1.5.0
[INFO] [stderr]   Downloaded h3-quinn v0.0.9
[INFO] [stderr]   Downloaded unicode-ident v1.0.18
[INFO] [stderr]   Downloaded js-sys v0.3.77
[INFO] [stderr]   Downloaded url v2.5.4
[INFO] [stderr]   Downloaded bytes v1.10.1
[INFO] [stderr]   Downloaded miniz_oxide v0.8.8
[INFO] [stderr]   Downloaded prettyplease v0.2.32
[INFO] [stderr]   Downloaded security-framework v3.2.0
[INFO] [stderr]   Downloaded cesu8 v1.1.0
[INFO] [stderr]   Downloaded bumpalo v3.17.0
[INFO] [stderr]   Downloaded serde v1.0.219
[INFO] [stderr]   Downloaded icu_collections v1.5.0
[INFO] [stderr]   Downloaded tracing v0.1.41
[INFO] [stderr]   Downloaded mio v1.0.3
[INFO] [stderr]   Downloaded cc v1.2.21
[INFO] [stderr]   Downloaded idna v1.0.3
[INFO] [stderr]   Downloaded zerovec v0.10.4
[INFO] [stderr]   Downloaded wasi v0.14.2+wasi-0.2.4
[INFO] [stderr]   Downloaded portable-atomic v1.11.0
[INFO] [stderr]   Downloaded time v0.3.41
[INFO] [stderr]   Downloaded quinn-udp v0.5.12
[INFO] [stderr]   Downloaded data-encoding v2.9.0
[INFO] [stderr]   Downloaded async-trait v0.1.88
[INFO] [stderr]   Downloaded webpki-root-certs v0.26.10
[INFO] [stderr]   Downloaded icu_properties_data v1.5.1
[INFO] [stderr]   Downloaded tracing-subscriber v0.3.20
[INFO] [stderr]   Downloaded aws-lc-rs v1.13.0
[INFO] [stderr]   Downloaded regex v1.11.1
[INFO] [stderr]   Downloaded syn v2.0.101
[INFO] [stderr]   Downloaded gimli v0.31.1
[INFO] [stderr]   Downloaded object v0.36.7
[INFO] [stderr]   Downloaded rustls v0.23.26
[INFO] [stderr]   Downloaded rustix v0.38.44
[INFO] [stderr]   Downloaded quinn v0.11.7
[INFO] [stderr]   Downloaded indexmap v2.9.0
[INFO] [stderr]   Downloaded rand v0.9.1
[INFO] [stderr]   Downloaded zerocopy-derive v0.8.25
[INFO] [stderr]   Downloaded jni v0.21.1
[INFO] [stderr]   Downloaded http v1.3.1
[INFO] [stderr]   Downloaded h3 v0.0.7
[INFO] [stderr]   Downloaded combine v4.6.7
[INFO] [stderr]   Downloaded tokio-util v0.7.15
[INFO] [stderr]   Downloaded hashbrown v0.15.3
[INFO] [stderr]   Downloaded h2 v0.4.9
[INFO] [stderr]   Downloaded windows_x86_64_gnullvm v0.42.2
[INFO] [stderr]   Downloaded quinn-proto v0.11.11
[INFO] [stderr]   Downloaded zerocopy v0.8.25
[INFO] [stderr]   Downloaded windows_aarch64_gnullvm v0.42.2
[INFO] [stderr]   Downloaded windows_i686_msvc v0.42.2
[INFO] [stderr]   Downloaded windows_x86_64_msvc v0.42.2
[INFO] [stderr]   Downloaded windows_x86_64_gnu v0.42.2
[INFO] [stderr]   Downloaded windows_aarch64_msvc v0.42.2
[INFO] [stderr]   Downloaded windows_i686_gnu v0.42.2
[INFO] [stderr]   Downloaded regex-automata v0.4.9
[INFO] [stderr]   Downloaded libc v0.2.172
[INFO] [stderr]   Downloaded tokio v1.44.2
[INFO] [stderr]   Downloaded rustls-webpki v0.103.1
[INFO] [stderr]   Downloaded linux-raw-sys v0.4.15
[INFO] [stderr]   Downloaded windows-sys v0.45.0
[INFO] [stderr]   Downloaded aws-lc-sys v0.28.2
[INFO] running `Command { std: "docker" "create" "-v" "/var/lib/crater-agent-workspace/builds/worker-1-tc1/source:/opt/rustwide/workdir:ro,Z" "-v" "/var/lib/crater-agent-workspace/builds/worker-1-tc1/target:/opt/rustwide/target:rw,Z" "-v" "/var/lib/crater-agent-workspace/cargo-home:/opt/rustwide/cargo-home:ro,Z" "-v" "/var/lib/crater-agent-workspace/rustup-home:/opt/rustwide/rustup-home:ro,Z" "-m" "1610612736" "--network" "none" "ghcr.io/rust-lang/crates-build-env/linux@sha256:77db811e55d90add9212f6832c23229e3de5f1c1f9905e8cb07319ea15df73ac" "sleep" "infinity", kill_on_drop: false }`
[INFO] [stdout] af7e37f46e255531be708c31cf7484ad70584f633b59d83d906cc3761281601b
[INFO] running `Command { std: "docker" "start" "af7e37f46e255531be708c31cf7484ad70584f633b59d83d906cc3761281601b", kill_on_drop: false }`
[INFO] running `Command { std: "docker" "inspect" "af7e37f46e255531be708c31cf7484ad70584f633b59d83d906cc3761281601b", kill_on_drop: false }`
[INFO] running `Command { std: "docker" "exec" "-e" "SOURCE_DIR=/opt/rustwide/workdir" "-e" "CARGO_HOME=/opt/rustwide/cargo-home" "-e" "RUSTUP_HOME=/opt/rustwide/rustup-home" "-e" "CARGO_TARGET_DIR=/opt/rustwide/target" "-w" "/opt/rustwide/workdir" "--user" "0:0" "af7e37f46e255531be708c31cf7484ad70584f633b59d83d906cc3761281601b" "/opt/rustwide/cargo-home/bin/cargo" "+1.99.0-beta.8" "metadata" "--no-deps" "--format-version=1", kill_on_drop: false }`
[INFO] running `Command { std: "docker" "inspect" "af7e37f46e255531be708c31cf7484ad70584f633b59d83d906cc3761281601b", kill_on_drop: false }`
[INFO] running `Command { std: "docker" "exec" "-e" "SOURCE_DIR=/opt/rustwide/workdir" "-e" "CARGO_HOME=/opt/rustwide/cargo-home" "-e" "RUSTUP_HOME=/opt/rustwide/rustup-home" "-e" "CARGO_TARGET_DIR=/opt/rustwide/target" "-e" "CARGO_INCREMENTAL=0" "-e" "RUST_BACKTRACE=full" "-e" "RUSTFLAGS=--cap-lints=warn" "-e" "RUSTDOCFLAGS=--cap-lints=warn" "-w" "/opt/rustwide/workdir" "--user" "0:0" "af7e37f46e255531be708c31cf7484ad70584f633b59d83d906cc3761281601b" "/opt/rustwide/cargo-home/bin/cargo" "+1.99.0-beta.8" "build" "--frozen" "--message-format=json" "--release", kill_on_drop: false }`
[INFO] [stderr]    Compiling proc-macro2 v1.0.95
[INFO] [stderr]    Compiling unicode-ident v1.0.18
[INFO] [stderr]    Compiling stable_deref_trait v1.2.0
[INFO] [stderr]    Compiling libc v0.2.172
[INFO] [stderr]    Compiling litemap v0.7.4
[INFO] [stderr]    Compiling icu_locid_transform_data v1.5.1
[INFO] [stderr]    Compiling writeable v0.5.5
[INFO] [stderr]    Compiling icu_properties_data v1.5.1
[INFO] [stderr]    Compiling icu_normalizer_data v1.5.1
[INFO] [stderr]    Compiling portable-atomic v1.11.0
[INFO] [stderr]    Compiling getrandom v0.3.2
[INFO] [stderr]    Compiling zerocopy v0.8.25
[INFO] [stderr]    Compiling utf16_iter v1.0.5
[INFO] [stderr]    Compiling smallvec v1.15.0
[INFO] [stderr]    Compiling autocfg v1.4.0
[INFO] [stderr]    Compiling cfg-if v1.0.0
[INFO] [stderr]    Compiling write16 v1.0.0
[INFO] [stderr]    Compiling pin-project-lite v0.2.16
[INFO] [stderr]    Compiling critical-section v1.2.0
[INFO] [stderr]    Compiling thiserror v2.0.12
[INFO] [stderr]    Compiling futures-core v0.3.31
[INFO] [stderr]    Compiling percent-encoding v2.3.1
[INFO] [stderr]    Compiling futures-task v0.3.31
[INFO] [stderr]    Compiling pin-utils v0.1.0
[INFO] [stderr]    Compiling heck v0.5.0
[INFO] [stderr]    Compiling tinyvec_macros v0.1.1
[INFO] [stderr]    Compiling bytes v1.10.1
[INFO] [stderr]    Compiling form_urlencoded v1.2.1
[INFO] [stderr]    Compiling futures-channel v0.3.31
[INFO] [stderr]    Compiling tinyvec v1.9.0
[INFO] [stderr]    Compiling ipnet v2.11.0
[INFO] [stderr]    Compiling data-encoding v2.9.0
[INFO] [stderr]    Compiling futures-io v0.3.31
[INFO] [stderr]    Compiling slab v0.4.9
[INFO] [stderr]    Compiling futures-util v0.3.31
[INFO] [stderr]    Compiling quote v1.0.40
[INFO] [stderr]    Compiling once_cell v1.21.3
[INFO] [stderr]    Compiling syn v2.0.101
[INFO] [stderr]    Compiling socket2 v0.5.9
[INFO] [stderr]    Compiling mio v1.0.3
[INFO] [stderr]    Compiling tracing-core v0.1.33
[INFO] [stderr]    Compiling rand_core v0.9.3
[INFO] [stderr]    Compiling tracing v0.1.41
[INFO] [stderr]    Compiling ppv-lite86 v0.2.21
[INFO] [stderr]    Compiling rand_chacha v0.9.0
[INFO] [stderr]    Compiling rand v0.9.1
[INFO] [stderr]    Compiling synstructure v0.13.2
[INFO] [stderr]    Compiling zerofrom-derive v0.1.6
[INFO] [stderr]    Compiling yoke-derive v0.7.5
[INFO] [stderr]    Compiling zerovec-derive v0.10.3
[INFO] [stderr]    Compiling displaydoc v0.2.5
[INFO] [stderr]    Compiling icu_provider_macros v1.5.0
[INFO] [stderr]    Compiling tokio-macros v2.5.0
[INFO] [stderr]    Compiling thiserror-impl v2.0.12
[INFO] [stderr]    Compiling enum-as-inner v0.6.1
[INFO] [stderr]    Compiling async-trait v0.1.88
[INFO] [stderr]    Compiling tokio v1.44.2
[INFO] [stderr]    Compiling zerofrom v0.1.5
[INFO] [stderr]    Compiling yoke v0.7.5
[INFO] [stderr]    Compiling zerovec v0.10.4
[INFO] [stderr]    Compiling tinystr v0.7.6
[INFO] [stderr]    Compiling icu_collections v1.5.0
[INFO] [stderr]    Compiling icu_locid v1.5.0
[INFO] [stderr]    Compiling icu_provider v1.5.0
[INFO] [stderr]    Compiling icu_locid_transform v1.5.0
[INFO] [stderr]    Compiling icu_properties v1.5.1
[INFO] [stderr]    Compiling icu_normalizer v1.5.0
[INFO] [stderr]    Compiling idna_adapter v1.2.0
[INFO] [stderr]    Compiling idna v1.0.3
[INFO] [stderr]    Compiling url v2.5.4
[INFO] [stderr]    Compiling nsproxy-hickory-proto v0.25.4 (/opt/rustwide/workdir)
[INFO] [stderr]     Finished `release` profile [optimized] target(s) in 16.86s
[INFO] running `Command { std: "docker" "inspect" "af7e37f46e255531be708c31cf7484ad70584f633b59d83d906cc3761281601b", kill_on_drop: false }`
[INFO] running `Command { std: "docker" "exec" "-e" "SOURCE_DIR=/opt/rustwide/workdir" "-e" "CARGO_HOME=/opt/rustwide/cargo-home" "-e" "RUSTUP_HOME=/opt/rustwide/rustup-home" "-e" "CARGO_TARGET_DIR=/opt/rustwide/target" "-e" "CARGO_INCREMENTAL=0" "-e" "RUST_BACKTRACE=full" "-e" "RUSTFLAGS=--cap-lints=warn" "-e" "RUSTDOCFLAGS=--cap-lints=warn" "-w" "/opt/rustwide/workdir" "--user" "0:0" "af7e37f46e255531be708c31cf7484ad70584f633b59d83d906cc3761281601b" "/opt/rustwide/cargo-home/bin/cargo" "+1.99.0-beta.8" "test" "--frozen" "--no-run" "--message-format=json" "--release", kill_on_drop: false }`
[INFO] [stderr]    Compiling regex-syntax v0.8.5
[INFO] [stderr]    Compiling lazy_static v1.5.0
[INFO] [stderr]    Compiling thread_local v1.1.8
[INFO] [stderr]    Compiling futures-executor v0.3.31
[INFO] [stderr]    Compiling sharded-slab v0.1.7
[INFO] [stderr]    Compiling regex-automata v0.4.9
[INFO] [stderr]    Compiling matchers v0.2.0
[INFO] [stderr]    Compiling tracing-subscriber v0.3.20
[INFO] [stderr]    Compiling nsproxy-hickory-proto v0.25.4 (/opt/rustwide/workdir)
[INFO] [stdout] error[E0432]: unresolved import `test_support`
[INFO] [stdout]    --> src/tcp/tcp_client_stream.rs:116:9
[INFO] [stdout]     |
[INFO] [stdout] 116 |     use test_support::subscribe;
[INFO] [stdout]     |         ^^^^^^^^^^^^ use of unresolved module or unlinked crate `test_support`
[INFO] [stdout]     |
[INFO] [stdout]     = help: if you wanted to use a crate named `test_support`, use `cargo add test_support` to add it to your `Cargo.toml`
[INFO] [stdout] 
[INFO] [stdout] 
[INFO] [stdout] error[E0432]: unresolved import `test_support`
[INFO] [stdout]    --> src/tcp/tcp_stream.rs:397:9
[INFO] [stdout]     |
[INFO] [stdout] 397 |     use test_support::subscribe;
[INFO] [stdout]     |         ^^^^^^^^^^^^ use of unresolved module or unlinked crate `test_support`
[INFO] [stdout]     |
[INFO] [stdout]     = help: if you wanted to use a crate named `test_support`, use `cargo add test_support` to add it to your `Cargo.toml`
[INFO] [stdout] 
[INFO] [stdout] 
[INFO] [stdout] error[E0432]: unresolved import `test_support`
[INFO] [stdout]    --> src/udp/udp_client_stream.rs:425:9
[INFO] [stdout]     |
[INFO] [stdout] 425 |     use test_support::subscribe;
[INFO] [stdout]     |         ^^^^^^^^^^^^ use of unresolved module or unlinked crate `test_support`
[INFO] [stdout]     |
[INFO] [stdout]     = help: if you wanted to use a crate named `test_support`, use `cargo add test_support` to add it to your `Cargo.toml`
[INFO] [stdout] 
[INFO] [stdout] 
[INFO] [stdout] error[E0432]: unresolved import `test_support`
[INFO] [stdout]    --> src/udp/udp_stream.rs:405:9
[INFO] [stdout]     |
[INFO] [stdout] 405 |     use test_support::subscribe;
[INFO] [stdout]     |         ^^^^^^^^^^^^ use of unresolved module or unlinked crate `test_support`
[INFO] [stdout]     |
[INFO] [stdout]     = help: if you wanted to use a crate named `test_support`, use `cargo add test_support` to add it to your `Cargo.toml`
[INFO] [stdout] 
[INFO] [stdout] 
[INFO] [stdout] error[E0432]: unresolved import `test_support`
[INFO] [stdout]    --> src/xfer/dns_multiplexer.rs:439:9
[INFO] [stdout]     |
[INFO] [stdout] 439 |     use test_support::subscribe;
[INFO] [stdout]     |         ^^^^^^^^^^^^ use of unresolved module or unlinked crate `test_support`
[INFO] [stdout]     |
[INFO] [stdout]     = help: if you wanted to use a crate named `test_support`, use `cargo add test_support` to add it to your `Cargo.toml`
[INFO] [stdout] 
[INFO] [stdout] 
[INFO] [stdout] error[E0432]: unresolved import `test_support`
[INFO] [stdout]    --> src/xfer/retry_dns_handle.rs:161:9
[INFO] [stdout]     |
[INFO] [stdout] 161 |     use test_support::subscribe;
[INFO] [stdout]     |         ^^^^^^^^^^^^ use of unresolved module or unlinked crate `test_support`
[INFO] [stdout]     |
[INFO] [stdout]     = help: if you wanted to use a crate named `test_support`, use `cargo add test_support` to add it to your `Cargo.toml`
[INFO] [stdout] 
[INFO] [stdout] 
[INFO] [stdout] For more information about this error, try `rustc --explain E0432`.
[INFO] [stdout] 
[INFO] [stderr] error: could not compile `nsproxy-hickory-proto` (lib test) due to 6 previous errors
[INFO] running `Command { std: "docker" "inspect" "af7e37f46e255531be708c31cf7484ad70584f633b59d83d906cc3761281601b", kill_on_drop: false }`
[INFO] running `Command { std: "docker" "rm" "-f" "af7e37f46e255531be708c31cf7484ad70584f633b59d83d906cc3761281601b", kill_on_drop: false }`
[INFO] [stdout] af7e37f46e255531be708c31cf7484ad70584f633b59d83d906cc3761281601b
