[INFO] fetching crate nsproxy-hickory-client 0.25.4...
[INFO] testing nsproxy-hickory-client-0.25.4 against 1.100.0-beta.1+cargoflags=--release for beta-release-1.100-2
[INFO] extracting crate nsproxy-hickory-client 0.25.4 into /workspace/builds/worker-0-tc2/source
[INFO] started tweaking crates.io crate nsproxy-hickory-client 0.25.4
[INFO] finished tweaking crates.io crate nsproxy-hickory-client 0.25.4
[INFO] tweaked toml for crates.io crate nsproxy-hickory-client 0.25.4 written to /workspace/builds/worker-0-tc2/source/Cargo.toml
[INFO] validating manifest of crates.io crate nsproxy-hickory-client 0.25.4 on toolchain 1.100.0-beta.1
[INFO] running `Command { std: CARGO_HOME="/workspace/cargo-home" RUSTUP_HOME="/workspace/rustup-home" "/workspace/cargo-home/bin/cargo" "+1.100.0-beta.1" "metadata" "--manifest-path" "Cargo.toml" "--no-deps", kill_on_drop: false }`
[INFO] crate crates.io crate nsproxy-hickory-client 0.25.4 already has a lockfile, it will not be regenerated
[INFO] running `Command { std: CARGO_HOME="/workspace/cargo-home" RUSTUP_HOME="/workspace/rustup-home" "/workspace/cargo-home/bin/cargo" "+1.100.0-beta.1" "fetch" "--manifest-path" "Cargo.toml", kill_on_drop: false }`
[INFO] running `Command { std: "docker" "create" "-v" "/var/lib/crater-agent-workspace/builds/worker-0-tc2/source:/opt/rustwide/workdir:ro,Z" "-v" "/var/lib/crater-agent-workspace/builds/worker-0-tc2/target:/opt/rustwide/target:rw,Z" "-v" "/var/lib/crater-agent-workspace/cargo-home:/opt/rustwide/cargo-home:ro,Z" "-v" "/var/lib/crater-agent-workspace/rustup-home:/opt/rustwide/rustup-home:ro,Z" "-m" "1610612736" "--network" "none" "ghcr.io/rust-lang/crates-build-env/linux@sha256:77db811e55d90add9212f6832c23229e3de5f1c1f9905e8cb07319ea15df73ac" "sleep" "infinity", kill_on_drop: false }`
[INFO] [stdout] dd8b2f1f16107c1edf0a976917e44535dfa16d5603c8cf5665fc9ece79ecf000
[INFO] running `Command { std: "docker" "start" "dd8b2f1f16107c1edf0a976917e44535dfa16d5603c8cf5665fc9ece79ecf000", kill_on_drop: false }`
[INFO] running `Command { std: "docker" "inspect" "dd8b2f1f16107c1edf0a976917e44535dfa16d5603c8cf5665fc9ece79ecf000", kill_on_drop: false }`
[INFO] running `Command { std: "docker" "exec" "-e" "SOURCE_DIR=/opt/rustwide/workdir" "-e" "CARGO_HOME=/opt/rustwide/cargo-home" "-e" "RUSTUP_HOME=/opt/rustwide/rustup-home" "-e" "CARGO_TARGET_DIR=/opt/rustwide/target" "-w" "/opt/rustwide/workdir" "--user" "0:0" "dd8b2f1f16107c1edf0a976917e44535dfa16d5603c8cf5665fc9ece79ecf000" "/opt/rustwide/cargo-home/bin/cargo" "+1.100.0-beta.1" "metadata" "--no-deps" "--format-version=1", kill_on_drop: false }`
[INFO] running `Command { std: "docker" "inspect" "dd8b2f1f16107c1edf0a976917e44535dfa16d5603c8cf5665fc9ece79ecf000", kill_on_drop: false }`
[INFO] running `Command { std: "docker" "exec" "-e" "SOURCE_DIR=/opt/rustwide/workdir" "-e" "CARGO_HOME=/opt/rustwide/cargo-home" "-e" "RUSTUP_HOME=/opt/rustwide/rustup-home" "-e" "CARGO_TARGET_DIR=/opt/rustwide/target" "-e" "CARGO_INCREMENTAL=0" "-e" "RUST_BACKTRACE=full" "-e" "RUSTFLAGS=--cap-lints=warn" "-e" "RUSTDOCFLAGS=--cap-lints=warn" "-w" "/opt/rustwide/workdir" "--user" "0:0" "dd8b2f1f16107c1edf0a976917e44535dfa16d5603c8cf5665fc9ece79ecf000" "/opt/rustwide/cargo-home/bin/cargo" "+1.100.0-beta.1" "build" "--frozen" "--message-format=json" "--release", kill_on_drop: false }`
[INFO] [stderr]    Compiling syn v2.0.101
[INFO] [stderr]    Compiling litemap v0.7.4
[INFO] [stderr]    Compiling smallvec v1.15.0
[INFO] [stderr]    Compiling portable-atomic v1.11.0
[INFO] [stderr]    Compiling zerocopy v0.8.25
[INFO] [stderr]    Compiling getrandom v0.3.2
[INFO] [stderr]    Compiling futures-core v0.3.31
[INFO] [stderr]    Compiling thiserror v2.0.12
[INFO] [stderr]    Compiling percent-encoding v2.3.1
[INFO] [stderr]    Compiling form_urlencoded v1.2.1
[INFO] [stderr]    Compiling futures-util v0.3.31
[INFO] [stderr]    Compiling tinyvec v1.9.0
[INFO] [stderr]    Compiling rand_core v0.9.3
[INFO] [stderr]    Compiling nibble_vec v0.1.0
[INFO] [stderr]    Compiling futures-channel v0.3.31
[INFO] [stderr]    Compiling endian-type v0.1.2
[INFO] [stderr]    Compiling data-encoding v2.9.0
[INFO] [stderr]    Compiling ipnet v2.11.0
[INFO] [stderr]    Compiling once_cell v1.21.3
[INFO] [stderr]    Compiling radix_trie v0.2.1
[INFO] [stderr]    Compiling tracing-core v0.1.33
[INFO] [stderr]    Compiling tracing v0.1.41
[INFO] [stderr]    Compiling ppv-lite86 v0.2.21
[INFO] [stderr]    Compiling rand_chacha v0.9.0
[INFO] [stderr]    Compiling rand v0.9.1
[INFO] [stderr]    Compiling synstructure v0.13.2
[INFO] [stderr]    Compiling zerofrom-derive v0.1.6
[INFO] [stderr]    Compiling yoke-derive v0.7.5
[INFO] [stderr]    Compiling zerovec-derive v0.10.3
[INFO] [stderr]    Compiling displaydoc v0.2.5
[INFO] [stderr]    Compiling icu_provider_macros v1.5.0
[INFO] [stderr]    Compiling thiserror-impl v2.0.12
[INFO] [stderr]    Compiling tokio-macros v2.5.0
[INFO] [stderr]    Compiling enum-as-inner v0.6.1
[INFO] [stderr]    Compiling async-trait v0.1.88
[INFO] [stderr]    Compiling tokio v1.44.2
[INFO] [stderr]    Compiling zerofrom v0.1.5
[INFO] [stderr]    Compiling yoke v0.7.5
[INFO] [stderr]    Compiling zerovec v0.10.4
[INFO] [stderr]    Compiling tinystr v0.7.6
[INFO] [stderr]    Compiling icu_collections v1.5.0
[INFO] [stderr]    Compiling icu_locid v1.5.0
[INFO] [stderr]    Compiling icu_provider v1.5.0
[INFO] [stderr]    Compiling icu_locid_transform v1.5.0
[INFO] [stderr]    Compiling icu_properties v1.5.1
[INFO] [stderr]    Compiling icu_normalizer v1.5.0
[INFO] [stderr]    Compiling idna_adapter v1.2.0
[INFO] [stderr]    Compiling idna v1.0.3
[INFO] [stderr]    Compiling url v2.5.4
[INFO] [stderr]    Compiling nsproxy-hickory-proto v0.25.4
[INFO] [stderr]    Compiling nsproxy-hickory-client v0.25.4 (/opt/rustwide/workdir)
[INFO] [stderr]     Finished `release` profile [optimized] target(s) in 1m 15s
[INFO] running `Command { std: "docker" "inspect" "dd8b2f1f16107c1edf0a976917e44535dfa16d5603c8cf5665fc9ece79ecf000", kill_on_drop: false }`
[INFO] running `Command { std: "docker" "exec" "-e" "SOURCE_DIR=/opt/rustwide/workdir" "-e" "CARGO_HOME=/opt/rustwide/cargo-home" "-e" "RUSTUP_HOME=/opt/rustwide/rustup-home" "-e" "CARGO_TARGET_DIR=/opt/rustwide/target" "-e" "CARGO_INCREMENTAL=0" "-e" "RUST_BACKTRACE=full" "-e" "RUSTFLAGS=--cap-lints=warn" "-e" "RUSTDOCFLAGS=--cap-lints=warn" "-w" "/opt/rustwide/workdir" "--user" "0:0" "dd8b2f1f16107c1edf0a976917e44535dfa16d5603c8cf5665fc9ece79ecf000" "/opt/rustwide/cargo-home/bin/cargo" "+1.100.0-beta.1" "test" "--frozen" "--no-run" "--message-format=json" "--release", kill_on_drop: false }`
[INFO] [stderr]    Compiling futures-channel v0.3.31
[INFO] [stderr]    Compiling regex-syntax v0.8.5
[INFO] [stderr]    Compiling sharded-slab v0.1.7
[INFO] [stderr]    Compiling thread_local v1.1.8
[INFO] [stderr]    Compiling rustls-pki-types v1.11.0
[INFO] [stderr]    Compiling futures-util v0.3.31
[INFO] [stderr]    Compiling webpki-roots v0.26.10
[INFO] [stderr]    Compiling regex-automata v0.4.9
[INFO] [stderr]    Compiling matchers v0.2.0
[INFO] [stderr]    Compiling nsproxy-hickory-proto v0.25.4
[INFO] [stderr]    Compiling futures-executor v0.3.31
[INFO] [stderr]    Compiling tracing-subscriber v0.3.20
[INFO] [stderr]    Compiling futures v0.3.31
[INFO] [stderr]    Compiling nsproxy-hickory-client v0.25.4 (/opt/rustwide/workdir)
[INFO] [stdout] error[E0432]: unresolved import `test_support`
[INFO] [stdout]    --> src/client/memoize_client_handle.rs:108:9
[INFO] [stdout]     |
[INFO] [stdout] 108 |     use test_support::subscribe;
[INFO] [stdout]     |         ^^^^^^^^^^^^ use of unresolved module or unlinked crate `test_support`
[INFO] [stdout]     |
[INFO] [stdout]     = help: if you wanted to use a crate named `test_support`, use `cargo add test_support` to add it to your `Cargo.toml`
[INFO] [stdout] 
[INFO] [stdout] 
[INFO] [stdout] error[E0432]: unresolved import `test_support`
[INFO] [stdout]  --> src/tests.rs:8:5
[INFO] [stdout]   |
[INFO] [stdout] 8 | use test_support::subscribe;
[INFO] [stdout]   |     ^^^^^^^^^^^^ use of unresolved module or unlinked crate `test_support`
[INFO] [stdout]   |
[INFO] [stdout]   = help: if you wanted to use a crate named `test_support`, use `cargo add test_support` to add it to your `Cargo.toml`
[INFO] [stdout] 
[INFO] [stdout] 
[INFO] [stdout] error[E0432]: unresolved import `test_support`
[INFO] [stdout]    --> src/client/client.rs:857:9
[INFO] [stdout]     |
[INFO] [stdout] 857 |     use test_support::subscribe;
[INFO] [stdout]     |         ^^^^^^^^^^^^ use of unresolved module or unlinked crate `test_support`
[INFO] [stdout]     |
[INFO] [stdout]     = help: if you wanted to use a crate named `test_support`, use `cargo add test_support` to add it to your `Cargo.toml`
[INFO] [stdout] 
[INFO] [stdout] 
[INFO] [stdout] For more information about this error, try `rustc --explain E0432`.
[INFO] [stdout] 
[INFO] [stderr] error: could not compile `nsproxy-hickory-client` (lib test) due to 3 previous errors
[INFO] running `Command { std: "docker" "inspect" "dd8b2f1f16107c1edf0a976917e44535dfa16d5603c8cf5665fc9ece79ecf000", kill_on_drop: false }`
[INFO] running `Command { std: "docker" "rm" "-f" "dd8b2f1f16107c1edf0a976917e44535dfa16d5603c8cf5665fc9ece79ecf000", kill_on_drop: false }`
[INFO] [stdout] dd8b2f1f16107c1edf0a976917e44535dfa16d5603c8cf5665fc9ece79ecf000
