[INFO] fetching crate nsga_rs 1.4.1...
[INFO] testing nsga_rs-1.4.1 against 1.99.0-beta.8+cargoflags=--release for beta-release-1.100-2
[INFO] extracting crate nsga_rs 1.4.1 into /workspace/builds/worker-3-tc1/source
[INFO] started tweaking crates.io crate nsga_rs 1.4.1
[INFO] removed 0 missing examples
[INFO] finished tweaking crates.io crate nsga_rs 1.4.1
[INFO] tweaked toml for crates.io crate nsga_rs 1.4.1 written to /workspace/builds/worker-3-tc1/source/Cargo.toml
[INFO] validating manifest of crates.io crate nsga_rs 1.4.1 on toolchain 1.99.0-beta.8
[INFO] running `Command { std: CARGO_HOME="/workspace/cargo-home" RUSTUP_HOME="/workspace/rustup-home" "/workspace/cargo-home/bin/cargo" "+1.99.0-beta.8" "metadata" "--manifest-path" "Cargo.toml" "--no-deps", kill_on_drop: false }`
[INFO] crate crates.io crate nsga_rs 1.4.1 already has a lockfile, it will not be regenerated
[INFO] running `Command { std: CARGO_HOME="/workspace/cargo-home" RUSTUP_HOME="/workspace/rustup-home" "/workspace/cargo-home/bin/cargo" "+1.99.0-beta.8" "fetch" "--manifest-path" "Cargo.toml", kill_on_drop: false }`
[INFO] [stderr]     Updating crates.io index
[INFO] [stderr]  Downloading crates ...
[INFO] [stderr]   Downloaded nalgebra-macros v0.2.2
[INFO] [stderr]   Downloaded simba v0.9.1
[INFO] [stderr]   Downloaded nsga-rs-macros v1.1.1
[INFO] [stderr]   Downloaded hv-fonseca-et-al-2006-sys v2.0.2-rc.2
[INFO] [stderr]   Downloaded gnuplot v0.0.46
[INFO] [stderr]   Downloaded jiff-static v0.2.31
[INFO] [stderr]   Downloaded nalgebra v0.33.3
[INFO] [stderr]   Downloaded jiff v0.2.31
[INFO] running `Command { std: "docker" "create" "-v" "/var/lib/crater-agent-workspace/builds/worker-3-tc1/source:/opt/rustwide/workdir:ro,Z" "-v" "/var/lib/crater-agent-workspace/builds/worker-3-tc1/target:/opt/rustwide/target:rw,Z" "-v" "/var/lib/crater-agent-workspace/cargo-home:/opt/rustwide/cargo-home:ro,Z" "-v" "/var/lib/crater-agent-workspace/rustup-home:/opt/rustwide/rustup-home:ro,Z" "-m" "1610612736" "--network" "none" "ghcr.io/rust-lang/crates-build-env/linux@sha256:77db811e55d90add9212f6832c23229e3de5f1c1f9905e8cb07319ea15df73ac" "sleep" "infinity", kill_on_drop: false }`
[INFO] [stdout] 9fdf7acf74559719e7f5f36c40391f57c7ba5475794a3103791239e2dd6b5951
[INFO] running `Command { std: "docker" "start" "9fdf7acf74559719e7f5f36c40391f57c7ba5475794a3103791239e2dd6b5951", kill_on_drop: false }`
[INFO] running `Command { std: "docker" "inspect" "9fdf7acf74559719e7f5f36c40391f57c7ba5475794a3103791239e2dd6b5951", kill_on_drop: false }`
[INFO] running `Command { std: "docker" "exec" "-e" "SOURCE_DIR=/opt/rustwide/workdir" "-e" "CARGO_HOME=/opt/rustwide/cargo-home" "-e" "RUSTUP_HOME=/opt/rustwide/rustup-home" "-e" "CARGO_TARGET_DIR=/opt/rustwide/target" "-w" "/opt/rustwide/workdir" "--user" "0:0" "9fdf7acf74559719e7f5f36c40391f57c7ba5475794a3103791239e2dd6b5951" "/opt/rustwide/cargo-home/bin/cargo" "+1.99.0-beta.8" "metadata" "--no-deps" "--format-version=1", kill_on_drop: false }`
[INFO] running `Command { std: "docker" "inspect" "9fdf7acf74559719e7f5f36c40391f57c7ba5475794a3103791239e2dd6b5951", kill_on_drop: false }`
[INFO] running `Command { std: "docker" "exec" "-e" "SOURCE_DIR=/opt/rustwide/workdir" "-e" "CARGO_HOME=/opt/rustwide/cargo-home" "-e" "RUSTUP_HOME=/opt/rustwide/rustup-home" "-e" "CARGO_TARGET_DIR=/opt/rustwide/target" "-e" "CARGO_INCREMENTAL=0" "-e" "RUST_BACKTRACE=full" "-e" "RUSTFLAGS=--cap-lints=warn" "-e" "RUSTDOCFLAGS=--cap-lints=warn" "-w" "/opt/rustwide/workdir" "--user" "0:0" "9fdf7acf74559719e7f5f36c40391f57c7ba5475794a3103791239e2dd6b5951" "/opt/rustwide/cargo-home/bin/cargo" "+1.99.0-beta.8" "build" "--frozen" "--message-format=json" "--release", kill_on_drop: false }`
[INFO] [stderr]    Compiling prettyplease v0.2.37
[INFO] [stderr]    Compiling clang-sys v1.8.1
[INFO] [stderr]    Compiling syn v2.0.118
[INFO] [stderr]    Compiling regex-syntax v0.8.11
[INFO] [stderr]    Compiling bitflags v2.13.0
[INFO] [stderr]    Compiling memchr v2.8.2
[INFO] [stderr]    Compiling either v1.16.0
[INFO] [stderr]    Compiling libloading v0.8.9
[INFO] [stderr]    Compiling rustix v0.38.44
[INFO] [stderr]    Compiling zerocopy v0.8.52
[INFO] [stderr]    Compiling bindgen v0.69.5
[INFO] [stderr]    Compiling itertools v0.12.1
[INFO] [stderr]    Compiling aho-corasick v1.1.4
[INFO] [stderr]    Compiling nom v7.1.3
[INFO] [stderr]    Compiling regex-automata v0.4.14
[INFO] [stderr]    Compiling bytemuck v1.25.0
[INFO] [stderr]    Compiling log v0.4.33
[INFO] [stderr]    Compiling lazy_static v1.5.0
[INFO] [stderr]    Compiling cc v1.2.65
[INFO] [stderr]    Compiling which v4.4.2
[INFO] [stderr]    Compiling cexpr v0.6.0
[INFO] [stderr]    Compiling safe_arch v0.7.4
[INFO] [stderr]    Compiling regex v1.12.4
[INFO] [stderr]    Compiling crossbeam-epoch v0.9.18
[INFO] [stderr]    Compiling getrandom v0.3.4
[INFO] [stderr]    Compiling matrixmultiply v0.3.10
[INFO] [stderr]    Compiling crossbeam-deque v0.8.6
[INFO] [stderr]    Compiling rand_core v0.9.5
[INFO] [stderr]    Compiling wide v0.7.33
[INFO] [stderr]    Compiling approx v0.5.1
[INFO] [stderr]    Compiling num-complex v0.4.6
[INFO] [stderr]    Compiling num-integer v0.1.46
[INFO] [stderr]    Compiling anstream v1.0.0
[INFO] [stderr]    Compiling serde_derive v1.0.228
[INFO] [stderr]    Compiling simba v0.9.1
[INFO] [stderr]    Compiling thiserror-impl v2.0.18
[INFO] [stderr]    Compiling ppv-lite86 v0.2.21
[INFO] [stderr]    Compiling env_filter v2.0.0
[INFO] [stderr]    Compiling nalgebra-macros v0.2.2
[INFO] [stderr]    Compiling rand_chacha v0.9.0
[INFO] [stderr]    Compiling num-rational v0.4.2
[INFO] [stderr]    Compiling serde v1.0.228
[INFO] [stderr]    Compiling rayon-core v1.13.0
[INFO] [stderr]    Compiling jiff v0.2.31
[INFO] [stderr]    Compiling rayon v1.12.0
[INFO] [stderr]    Compiling chrono v0.4.45
[INFO] [stderr]    Compiling gnuplot v0.0.46
[INFO] [stderr]    Compiling rand v0.9.4
[INFO] [stderr]    Compiling hv-fonseca-et-al-2006-sys v2.0.2-rc.2
[INFO] [stderr]    Compiling nalgebra v0.33.3
[INFO] [stderr]    Compiling thiserror v2.0.18
[INFO] [stderr]    Compiling nsga-rs-macros v1.1.1
[INFO] [stderr]    Compiling env_logger v0.11.11
[INFO] [stderr]    Compiling nsga_rs v1.4.1 (/opt/rustwide/workdir)
[INFO] [stdout] warning: unused import: `rayon::ThreadPool`
[INFO] [stdout]  --> src/algorithms/nsga2.rs:8:5
[INFO] [stdout]   |
[INFO] [stdout] 8 | use rayon::ThreadPool;
[INFO] [stdout]   |     ^^^^^^^^^^^^^^^^^
[INFO] [stdout]   |
[INFO] [stdout]   = note: `#[warn(unused_imports)]` (part of `#[warn(unused)]`) on by default
[INFO] [stdout] 
[INFO] [stdout] 
[INFO] [stdout] warning: unused import: `rayon::ThreadPool`
[INFO] [stdout]  --> src/algorithms/nsga3/mod.rs:3:5
[INFO] [stdout]   |
[INFO] [stdout] 3 | use rayon::ThreadPool;
[INFO] [stdout]   |     ^^^^^^^^^^^^^^^^^
[INFO] [stdout] 
[INFO] [stdout] 
[INFO] [stdout] error[E0560]: struct `NSGA2` has no field named `thread_pool`
[INFO] [stdout]    --> src/algorithms/nsga2.rs:193:13
[INFO] [stdout]     |
[INFO] [stdout] 193 |             thread_pool: Self::build_thread_pool(options.threads)?,
[INFO] [stdout]     |             ^^^^^^^^^^^ `NSGA2` does not have this field
[INFO] [stdout]     |
[INFO] [stdout]     = note: available fields are: `threads`
[INFO] [stdout] 
[INFO] [stdout] 
[INFO] [stdout] error[E0609]: no field `thread_pool` on type `&mut NSGA2`
[INFO] [stdout]    --> src/algorithms/nsga2.rs:332:19
[INFO] [stdout]     |
[INFO] [stdout] 332 |             &self.thread_pool,
[INFO] [stdout]     |                   ^^^^^^^^^^^ unknown field
[INFO] [stdout]     |
[INFO] [stdout]     = note: available fields are: `selector_operator`, `crossover_operator`, `mutation_operator`, `rng`, `problem` ... and 9 others
[INFO] [stdout] 
[INFO] [stdout] 
[INFO] [stdout] error[E0609]: no field `thread_pool` on type `&mut NSGA2`
[INFO] [stdout]    --> src/algorithms/nsga2.rs:382:19
[INFO] [stdout]     |
[INFO] [stdout] 382 |             &self.thread_pool,
[INFO] [stdout]     |                   ^^^^^^^^^^^ unknown field
[INFO] [stdout]     |
[INFO] [stdout]     = note: available fields are: `selector_operator`, `crossover_operator`, `mutation_operator`, `rng`, `problem` ... and 9 others
[INFO] [stdout] 
[INFO] [stdout] 
[INFO] [stdout] error[E0560]: struct `NSGA3` has no field named `thread_pool`
[INFO] [stdout]    --> src/algorithms/nsga3/mod.rs:330:13
[INFO] [stdout]     |
[INFO] [stdout] 330 |             thread_pool: Self::build_thread_pool(options.threads)?,
[INFO] [stdout]     |             ^^^^^^^^^^^ `NSGA3` does not have this field
[INFO] [stdout]     |
[INFO] [stdout]     = note: available fields are: `threads`
[INFO] [stdout] 
[INFO] [stdout] 
[INFO] [stdout] error[E0609]: no field `thread_pool` on type `&mut NSGA3`
[INFO] [stdout]    --> src/algorithms/nsga3/mod.rs:402:19
[INFO] [stdout]     |
[INFO] [stdout] 402 |             &self.thread_pool,
[INFO] [stdout]     |                   ^^^^^^^^^^^ unknown field
[INFO] [stdout]     |
[INFO] [stdout]     = note: available fields are: `reference_points`, `number_of_or_reference_points`, `ref_point_gap`, `ideal_point`, `selector_operator` ... and 14 others
[INFO] [stdout] 
[INFO] [stdout] 
[INFO] [stdout] error[E0609]: no field `thread_pool` on type `&mut NSGA3`
[INFO] [stdout]    --> src/algorithms/nsga3/mod.rs:448:19
[INFO] [stdout]     |
[INFO] [stdout] 448 |             &self.thread_pool,
[INFO] [stdout]     |                   ^^^^^^^^^^^ unknown field
[INFO] [stdout]     |
[INFO] [stdout]     = note: available fields are: `reference_points`, `number_of_or_reference_points`, `ref_point_gap`, `ideal_point`, `selector_operator` ... and 14 others
[INFO] [stdout] 
[INFO] [stdout] 
[INFO] [stdout] Some errors have detailed explanations: E0560, E0609.
[INFO] [stdout] 
[INFO] [stdout] For more information about an error, try `rustc --explain E0560`.
[INFO] [stdout] 
[INFO] [stderr] error: could not compile `nsga_rs` (lib) due to 6 previous errors; 2 warnings emitted
[INFO] running `Command { std: "docker" "inspect" "9fdf7acf74559719e7f5f36c40391f57c7ba5475794a3103791239e2dd6b5951", kill_on_drop: false }`
[INFO] running `Command { std: "docker" "rm" "-f" "9fdf7acf74559719e7f5f36c40391f57c7ba5475794a3103791239e2dd6b5951", kill_on_drop: false }`
[INFO] [stdout] 9fdf7acf74559719e7f5f36c40391f57c7ba5475794a3103791239e2dd6b5951
