[INFO] fetching crate noxu-persist 7.11.0...
[INFO] testing noxu-persist-7.11.0 against 1.99.0-beta.8+cargoflags=--release for beta-release-1.100-2
[INFO] extracting crate noxu-persist 7.11.0 into /workspace/builds/worker-7-tc1/source
[INFO] started tweaking crates.io crate noxu-persist 7.11.0
[INFO] removed 0 missing tests
[INFO] finished tweaking crates.io crate noxu-persist 7.11.0
[INFO] tweaked toml for crates.io crate noxu-persist 7.11.0 written to /workspace/builds/worker-7-tc1/source/Cargo.toml
[INFO] validating manifest of crates.io crate noxu-persist 7.11.0 on toolchain 1.99.0-beta.8
[INFO] running `Command { std: CARGO_HOME="/workspace/cargo-home" RUSTUP_HOME="/workspace/rustup-home" "/workspace/cargo-home/bin/cargo" "+1.99.0-beta.8" "metadata" "--manifest-path" "Cargo.toml" "--no-deps", kill_on_drop: false }`
[INFO] crate crates.io crate noxu-persist 7.11.0 already has a lockfile, it will not be regenerated
[INFO] running `Command { std: CARGO_HOME="/workspace/cargo-home" RUSTUP_HOME="/workspace/rustup-home" "/workspace/cargo-home/bin/cargo" "+1.99.0-beta.8" "fetch" "--manifest-path" "Cargo.toml", kill_on_drop: false }`
[INFO] [stderr]     Updating crates.io index
[INFO] [stderr]  Downloading crates ...
[INFO] [stderr]   Downloaded noxu-persist-derive v7.11.0
[INFO] [stderr]   Downloaded rand_pcg v0.3.1
[INFO] [stderr]   Downloaded const-siphasher v1.0.2
[INFO] [stderr]   Downloaded assoc v0.1.3
[INFO] [stderr]   Downloaded noxu-config v7.11.0
[INFO] [stderr]   Downloaded noxu-engine v7.11.0
[INFO] [stderr]   Downloaded noxu-latch v7.11.0
[INFO] [stderr]   Downloaded noxu-util v7.11.0
[INFO] [stderr]   Downloaded corosensei v0.3.4
[INFO] [stderr]   Downloaded noxu-sync v7.11.0
[INFO] [stderr]   Downloaded noxu-evictor v7.11.0
[INFO] [stderr]   Downloaded noxu-recovery v7.11.0
[INFO] [stderr]   Downloaded noxu-cleaner v7.11.0
[INFO] [stderr]   Downloaded shuttle v0.9.1
[INFO] [stderr]   Downloaded noxu-txn v7.11.0
[INFO] [stderr]   Downloaded noxu-tree v7.11.0
[INFO] [stderr]   Downloaded noxu-log v7.11.0
[INFO] [stderr]   Downloaded noxu-dbi v7.11.0
[INFO] [stderr]   Downloaded noxu-db v7.11.0
[INFO] running `Command { std: "docker" "create" "-v" "/var/lib/crater-agent-workspace/builds/worker-7-tc1/source:/opt/rustwide/workdir:ro,Z" "-v" "/var/lib/crater-agent-workspace/builds/worker-7-tc1/target:/opt/rustwide/target:rw,Z" "-v" "/var/lib/crater-agent-workspace/cargo-home:/opt/rustwide/cargo-home:ro,Z" "-v" "/var/lib/crater-agent-workspace/rustup-home:/opt/rustwide/rustup-home:ro,Z" "-m" "1610612736" "--network" "none" "ghcr.io/rust-lang/crates-build-env/linux@sha256:77db811e55d90add9212f6832c23229e3de5f1c1f9905e8cb07319ea15df73ac" "sleep" "infinity", kill_on_drop: false }`
[INFO] [stdout] d024c8bca73e5518d1e3b3311e392796f18545ae8dea4c5ac22de16169a1daf5
[INFO] running `Command { std: "docker" "start" "d024c8bca73e5518d1e3b3311e392796f18545ae8dea4c5ac22de16169a1daf5", kill_on_drop: false }`
[INFO] running `Command { std: "docker" "inspect" "d024c8bca73e5518d1e3b3311e392796f18545ae8dea4c5ac22de16169a1daf5", kill_on_drop: false }`
[INFO] running `Command { std: "docker" "exec" "-e" "SOURCE_DIR=/opt/rustwide/workdir" "-e" "CARGO_HOME=/opt/rustwide/cargo-home" "-e" "RUSTUP_HOME=/opt/rustwide/rustup-home" "-e" "CARGO_TARGET_DIR=/opt/rustwide/target" "-w" "/opt/rustwide/workdir" "--user" "0:0" "d024c8bca73e5518d1e3b3311e392796f18545ae8dea4c5ac22de16169a1daf5" "/opt/rustwide/cargo-home/bin/cargo" "+1.99.0-beta.8" "metadata" "--no-deps" "--format-version=1", kill_on_drop: false }`
[INFO] running `Command { std: "docker" "inspect" "d024c8bca73e5518d1e3b3311e392796f18545ae8dea4c5ac22de16169a1daf5", kill_on_drop: false }`
[INFO] running `Command { std: "docker" "exec" "-e" "SOURCE_DIR=/opt/rustwide/workdir" "-e" "CARGO_HOME=/opt/rustwide/cargo-home" "-e" "RUSTUP_HOME=/opt/rustwide/rustup-home" "-e" "CARGO_TARGET_DIR=/opt/rustwide/target" "-e" "CARGO_INCREMENTAL=0" "-e" "RUST_BACKTRACE=full" "-e" "RUSTFLAGS=--cap-lints=warn" "-e" "RUSTDOCFLAGS=--cap-lints=warn" "-w" "/opt/rustwide/workdir" "--user" "0:0" "d024c8bca73e5518d1e3b3311e392796f18545ae8dea4c5ac22de16169a1daf5" "/opt/rustwide/cargo-home/bin/cargo" "+1.99.0-beta.8" "build" "--frozen" "--message-format=json" "--release", kill_on_drop: false }`
[INFO] [stderr]    Compiling lock_api v0.4.14
[INFO] [stderr]    Compiling foldhash v0.1.5
[INFO] [stderr]    Compiling syn v2.0.117
[INFO] [stderr]    Compiling hashbrown v0.17.1
[INFO] [stderr]    Compiling fs2 v0.4.3
[INFO] [stderr]    Compiling memmap2 v0.9.10
[INFO] [stderr]    Compiling hashbrown v0.15.5
[INFO] [stderr]    Compiling noxu-sync v7.11.0
[INFO] [stderr]    Compiling lru v0.18.5
[INFO] [stderr]    Compiling thiserror-impl v2.0.18
[INFO] [stderr]    Compiling noxu-persist-derive v7.11.0
[INFO] [stderr]    Compiling thiserror v2.0.18
[INFO] [stderr]    Compiling noxu-util v7.11.0
[INFO] [stderr]    Compiling noxu-config v7.11.0
[INFO] [stderr]    Compiling noxu-latch v7.11.0
[INFO] [stderr]    Compiling noxu-log v7.11.0
[INFO] [stderr]    Compiling noxu-tree v7.11.0
[INFO] [stderr]    Compiling noxu-txn v7.11.0
[INFO] [stderr]    Compiling noxu-cleaner v7.11.0
[INFO] [stderr]    Compiling noxu-recovery v7.11.0
[INFO] [stderr]    Compiling noxu-evictor v7.11.0
[INFO] [stderr]    Compiling noxu-dbi v7.11.0
[INFO] [stderr]    Compiling noxu-engine v7.11.0
[INFO] [stderr]    Compiling noxu-db v7.11.0
[INFO] [stderr]    Compiling noxu-persist v7.11.0 (/opt/rustwide/workdir)
[INFO] [stderr]     Finished `release` profile [optimized] target(s) in 1m 08s
[INFO] running `Command { std: "docker" "inspect" "d024c8bca73e5518d1e3b3311e392796f18545ae8dea4c5ac22de16169a1daf5", kill_on_drop: false }`
[INFO] running `Command { std: "docker" "exec" "-e" "SOURCE_DIR=/opt/rustwide/workdir" "-e" "CARGO_HOME=/opt/rustwide/cargo-home" "-e" "RUSTUP_HOME=/opt/rustwide/rustup-home" "-e" "CARGO_TARGET_DIR=/opt/rustwide/target" "-e" "CARGO_INCREMENTAL=0" "-e" "RUST_BACKTRACE=full" "-e" "RUSTFLAGS=--cap-lints=warn" "-e" "RUSTDOCFLAGS=--cap-lints=warn" "-w" "/opt/rustwide/workdir" "--user" "0:0" "d024c8bca73e5518d1e3b3311e392796f18545ae8dea4c5ac22de16169a1daf5" "/opt/rustwide/cargo-home/bin/cargo" "+1.99.0-beta.8" "test" "--frozen" "--no-run" "--message-format=json" "--release", kill_on_drop: false }`
[INFO] [stderr]    Compiling getrandom v0.4.2
[INFO] [stderr]    Compiling tempfile v3.27.0
[INFO] [stderr]    Compiling noxu-persist v7.11.0 (/opt/rustwide/workdir)
[INFO] [stdout] error[E0433]: cannot find `noxu` in the list of imported crates
[INFO] [stdout]   --> tests/derive_tests.rs:24:35
[INFO] [stdout]    |
[INFO] [stdout] 24 | #[derive(Clone, Debug, PartialEq, Entity, SecondaryKey)]
[INFO] [stdout]    |                                   ^^^^^^ could not find `noxu` in the list of imported crates
[INFO] [stdout]    |
[INFO] [stdout]    = note: this error originates in the derive macro `Entity` (in Nightly builds, run with -Z macro-backtrace for more info)
[INFO] [stdout] 
[INFO] [stdout] 
[INFO] [stdout] error[E0433]: cannot find `noxu` in the list of imported crates
[INFO] [stdout]   --> tests/derive_tests.rs:24:43
[INFO] [stdout]    |
[INFO] [stdout] 24 | #[derive(Clone, Debug, PartialEq, Entity, SecondaryKey)]
[INFO] [stdout]    |                                           ^^^^^^^^^^^^ could not find `noxu` in the list of imported crates
[INFO] [stdout]    |
[INFO] [stdout]    = note: this error originates in the derive macro `SecondaryKey` (in Nightly builds, run with -Z macro-backtrace for more info)
[INFO] [stdout] 
[INFO] [stdout] 
[INFO] [stdout] error[E0433]: cannot find `noxu` in the list of imported crates
[INFO] [stdout]   --> tests/derive_tests.rs:97:62
[INFO] [stdout]    |
[INFO] [stdout] 97 | #[derive(Clone, Debug, PartialEq, Eq, Hash, PartialOrd, Ord, PrimaryKey)]
[INFO] [stdout]    |                                                              ^^^^^^^^^^ could not find `noxu` in the list of imported crates
[INFO] [stdout]    |
[INFO] [stdout]    = note: this error originates in the derive macro `PrimaryKey` (in Nightly builds, run with -Z macro-backtrace for more info)
[INFO] [stdout] 
[INFO] [stdout] 
[INFO] [stdout] error[E0433]: cannot find `noxu` in the list of imported crates
[INFO] [stdout]    --> tests/derive_tests.rs:103:62
[INFO] [stdout]     |
[INFO] [stdout] 103 | #[derive(Clone, Debug, PartialEq, Eq, Hash, PartialOrd, Ord, PrimaryKey)]
[INFO] [stdout]     |                                                              ^^^^^^^^^^ could not find `noxu` in the list of imported crates
[INFO] [stdout]     |
[INFO] [stdout]     = note: this error originates in the derive macro `PrimaryKey` (in Nightly builds, run with -Z macro-backtrace for more info)
[INFO] [stdout] 
[INFO] [stdout] 
[INFO] [stdout] error[E0433]: cannot find `noxu` in the list of imported crates
[INFO] [stdout]    --> tests/derive_tests.rs:108:62
[INFO] [stdout]     |
[INFO] [stdout] 108 | #[derive(Clone, Debug, PartialEq, Eq, Hash, PartialOrd, Ord, PrimaryKey)]
[INFO] [stdout]     |                                                              ^^^^^^^^^^ could not find `noxu` in the list of imported crates
[INFO] [stdout]     |
[INFO] [stdout]     = note: this error originates in the derive macro `PrimaryKey` (in Nightly builds, run with -Z macro-backtrace for more info)
[INFO] [stdout] 
[INFO] [stdout] 
[INFO] [stdout] error[E0433]: cannot find `noxu` in the list of imported crates
[INFO] [stdout]    --> tests/derive_tests.rs:110:62
[INFO] [stdout]     |
[INFO] [stdout] 110 | #[derive(Clone, Debug, PartialEq, Eq, Hash, PartialOrd, Ord, PrimaryKey)]
[INFO] [stdout]     |                                                              ^^^^^^^^^^ could not find `noxu` in the list of imported crates
[INFO] [stdout]     |
[INFO] [stdout]     = note: this error originates in the derive macro `PrimaryKey` (in Nightly builds, run with -Z macro-backtrace for more info)
[INFO] [stdout] 
[INFO] [stdout] 
[INFO] [stdout] error[E0433]: cannot find `noxu` in the list of imported crates
[INFO] [stdout]    --> tests/derive_tests.rs:112:62
[INFO] [stdout]     |
[INFO] [stdout] 112 | #[derive(Clone, Debug, PartialEq, Eq, Hash, PartialOrd, Ord, PrimaryKey)]
[INFO] [stdout]     |                                                              ^^^^^^^^^^ could not find `noxu` in the list of imported crates
[INFO] [stdout]     |
[INFO] [stdout]     = note: this error originates in the derive macro `PrimaryKey` (in Nightly builds, run with -Z macro-backtrace for more info)
[INFO] [stdout] 
[INFO] [stdout] 
[INFO] [stdout] error[E0433]: cannot find `noxu` in the list of imported crates
[INFO] [stdout]    --> tests/derive_tests.rs:114:62
[INFO] [stdout]     |
[INFO] [stdout] 114 | #[derive(Clone, Debug, PartialEq, Eq, Hash, PartialOrd, Ord, PrimaryKey)]
[INFO] [stdout]     |                                                              ^^^^^^^^^^ could not find `noxu` in the list of imported crates
[INFO] [stdout]     |
[INFO] [stdout]     = note: this error originates in the derive macro `PrimaryKey` (in Nightly builds, run with -Z macro-backtrace for more info)
[INFO] [stdout] 
[INFO] [stdout] 
[INFO] [stdout] error[E0433]: cannot find `noxu` in the list of imported crates
[INFO] [stdout]    --> tests/derive_tests.rs:169:35
[INFO] [stdout]     |
[INFO] [stdout] 169 | #[derive(Clone, Debug, PartialEq, Entity)]
[INFO] [stdout]     |                                   ^^^^^^ could not find `noxu` in the list of imported crates
[INFO] [stdout]     |
[INFO] [stdout]     = note: this error originates in the derive macro `Entity` (in Nightly builds, run with -Z macro-backtrace for more info)
[INFO] [stdout] 
[INFO] [stdout] 
[INFO] [stdout] error[E0433]: cannot find `noxu` in the list of imported crates
[INFO] [stdout]    --> tests/derive_tests.rs:290:21
[INFO] [stdout]     |
[INFO] [stdout] 290 |     #[derive(Clone, Entity)]
[INFO] [stdout]     |                     ^^^^^^ could not find `noxu` in the list of imported crates
[INFO] [stdout]     |
[INFO] [stdout]     = note: this error originates in the derive macro `Entity` (in Nightly builds, run with -Z macro-backtrace for more info)
[INFO] [stdout] 
[INFO] [stdout] 
[INFO] [stdout] error[E0277]: the trait bound `User: Entity` is not satisfied
[INFO] [stdout]    --> tests/derive_tests.rs:43:6
[INFO] [stdout]     |
[INFO] [stdout]  43 | impl EntitySerializer<User> for UserSerializer {
[INFO] [stdout]     |      ^^^^^^^^^^^^^^^^^^^^^^ unsatisfied trait bound
[INFO] [stdout]     |
[INFO] [stdout] help: the trait `Entity` is not implemented for `User`
[INFO] [stdout]    --> tests/derive_tests.rs:26:1
[INFO] [stdout]     |
[INFO] [stdout]  26 | struct User {
[INFO] [stdout]     | ^^^^^^^^^^^
[INFO] [stdout] help: the following other types implement trait `Entity`
[INFO] [stdout]    --> tests/derive_tests.rs:477:39
[INFO] [stdout]     |
[INFO] [stdout] 477 |     #[derive(Clone, Debug, PartialEq, Entity)]
[INFO] [stdout]     |                                       ^^^^^^ `Widget`
[INFO] [stdout] ...
[INFO] [stdout] 495 |     #[derive(Clone, Debug, PartialEq, Entity, SecondaryKey)]
[INFO] [stdout]     |                                       ^^^^^^ `standalone_crate_override_secondary_key_metadata::Product`
[INFO] [stdout] note: required by a bound in `EntitySerializer`
[INFO] [stdout]    --> src/entity_serializer.rs:53:31
[INFO] [stdout]     |
[INFO] [stdout]  53 | pub trait EntitySerializer<E: Entity> {
[INFO] [stdout]     |                               ^^^^^^ required by this bound in `EntitySerializer`
[INFO] [stdout]     = note: this error originates in the derive macro `Entity` (in Nightly builds, run with -Z macro-backtrace for more info)
[INFO] [stdout] 
[INFO] [stdout] 
[INFO] [stdout] error[E0277]: the trait bound `Order: Entity` is not satisfied
[INFO] [stdout]    --> tests/derive_tests.rs:178:6
[INFO] [stdout]     |
[INFO] [stdout] 178 | impl EntitySerializer<Order> for OrderSerializer {
[INFO] [stdout]     |      ^^^^^^^^^^^^^^^^^^^^^^^ unsatisfied trait bound
[INFO] [stdout]     |
[INFO] [stdout] help: the trait `Entity` is not implemented for `Order`
[INFO] [stdout]    --> tests/derive_tests.rs:170:1
[INFO] [stdout]     |
[INFO] [stdout] 170 | struct Order {
[INFO] [stdout]     | ^^^^^^^^^^^^
[INFO] [stdout] help: the following other types implement trait `Entity`
[INFO] [stdout]    --> tests/derive_tests.rs:477:39
[INFO] [stdout]     |
[INFO] [stdout] 477 |     #[derive(Clone, Debug, PartialEq, Entity)]
[INFO] [stdout]     |                                       ^^^^^^ `Widget`
[INFO] [stdout] ...
[INFO] [stdout] 495 |     #[derive(Clone, Debug, PartialEq, Entity, SecondaryKey)]
[INFO] [stdout]     |                                       ^^^^^^ `standalone_crate_override_secondary_key_metadata::Product`
[INFO] [stdout] note: required by a bound in `EntitySerializer`
[INFO] [stdout]    --> src/entity_serializer.rs:53:31
[INFO] [stdout]     |
[INFO] [stdout]  53 | pub trait EntitySerializer<E: Entity> {
[INFO] [stdout]     |                               ^^^^^^ required by this bound in `EntitySerializer`
[INFO] [stdout]     = note: this error originates in the derive macro `Entity` (in Nightly builds, run with -Z macro-backtrace for more info)
[INFO] [stdout] 
[INFO] [stdout] 
[INFO] [stdout] Some errors have detailed explanations: E0277, E0433.
[INFO] [stdout] 
[INFO] [stdout] For more information about an error, try `rustc --explain E0277`.
[INFO] [stdout] 
[INFO] [stderr] error: could not compile `noxu-persist` (test "derive_tests") due to 12 previous errors
[INFO] [stderr] warning: build failed, waiting for other jobs to finish...
[INFO] running `Command { std: "docker" "inspect" "d024c8bca73e5518d1e3b3311e392796f18545ae8dea4c5ac22de16169a1daf5", kill_on_drop: false }`
[INFO] running `Command { std: "docker" "rm" "-f" "d024c8bca73e5518d1e3b3311e392796f18545ae8dea4c5ac22de16169a1daf5", kill_on_drop: false }`
[INFO] [stdout] d024c8bca73e5518d1e3b3311e392796f18545ae8dea4c5ac22de16169a1daf5
