[INFO] fetching crate nove_tensor 0.1.2...
[INFO] testing nove_tensor-0.1.2 against 1.99.0-beta.8+cargoflags=--release for beta-release-1.100-2
[INFO] extracting crate nove_tensor 0.1.2 into /workspace/builds/worker-3-tc1/source
[INFO] started tweaking crates.io crate nove_tensor 0.1.2
[INFO] removed 0 missing tests
[INFO] finished tweaking crates.io crate nove_tensor 0.1.2
[INFO] tweaked toml for crates.io crate nove_tensor 0.1.2 written to /workspace/builds/worker-3-tc1/source/Cargo.toml
[INFO] validating manifest of crates.io crate nove_tensor 0.1.2 on toolchain 1.99.0-beta.8
[INFO] running `Command { std: CARGO_HOME="/workspace/cargo-home" RUSTUP_HOME="/workspace/rustup-home" "/workspace/cargo-home/bin/cargo" "+1.99.0-beta.8" "metadata" "--manifest-path" "Cargo.toml" "--no-deps", kill_on_drop: false }`
[INFO] crate crates.io crate nove_tensor 0.1.2 already has a lockfile, it will not be regenerated
[INFO] running `Command { std: CARGO_HOME="/workspace/cargo-home" RUSTUP_HOME="/workspace/rustup-home" "/workspace/cargo-home/bin/cargo" "+1.99.0-beta.8" "fetch" "--manifest-path" "Cargo.toml", kill_on_drop: false }`
[INFO] [stderr]     Updating crates.io index
[INFO] [stderr]  Downloading crates ...
[INFO] [stderr]   Downloaded gemm-f64 v0.18.2
[INFO] [stderr]   Downloaded ug-metal v0.4.0
[INFO] [stderr]   Downloaded safetensors v0.4.5
[INFO] [stderr]   Downloaded gemm-f32 v0.18.2
[INFO] [stderr]   Downloaded gemm-f16 v0.18.2
[INFO] [stderr]   Downloaded gemm-c32 v0.18.2
[INFO] [stderr]   Downloaded gemm-common v0.18.2
[INFO] [stderr]   Downloaded toml_parser v1.0.6+spec-1.1.0
[INFO] [stderr]   Downloaded gemm v0.18.2
[INFO] [stderr]   Downloaded gemm-c64 v0.18.2
[INFO] [stderr]   Downloaded find-msvc-tools v0.1.7
[INFO] [stderr]   Downloaded gemm-f64 v0.17.1
[INFO] [stderr]   Downloaded dyn-stack v0.10.0
[INFO] [stderr]   Downloaded gemm-f32 v0.17.1
[INFO] [stderr]   Downloaded gemm-c32 v0.17.1
[INFO] [stderr]   Downloaded bindgen_cuda v0.1.5
[INFO] [stderr]   Downloaded gemm-f16 v0.17.1
[INFO] [stderr]   Downloaded gemm-c64 v0.17.1
[INFO] [stderr]   Downloaded gemm v0.17.1
[INFO] [stderr]   Downloaded ug-cuda v0.4.0
[INFO] [stderr]   Downloaded ug v0.4.0
[INFO] [stderr]   Downloaded zip v1.1.4
[INFO] [stderr]   Downloaded sysctl v0.5.5
[INFO] [stderr]   Downloaded gemm-common v0.17.1
[INFO] [stderr]   Downloaded candle-kernels v0.9.1
[INFO] [stderr]   Downloaded cc v1.2.52
[INFO] [stderr]   Downloaded candle-core v0.9.1
[INFO] [stderr]   Downloaded candle-metal-kernels v0.9.1
[INFO] [stderr]   Downloaded pulp v0.18.22
[INFO] [stderr]   Downloaded pulp v0.21.5
[INFO] [stderr]   Downloaded syn v2.0.116
[INFO] [stderr]   Downloaded cudarc v0.16.6
[INFO] [stderr]   Downloaded metal v0.29.0
[INFO] [stderr]   Downloaded metal v0.27.0
[INFO] running `Command { std: "docker" "create" "-v" "/var/lib/crater-agent-workspace/builds/worker-3-tc1/source:/opt/rustwide/workdir:ro,Z" "-v" "/var/lib/crater-agent-workspace/builds/worker-3-tc1/target:/opt/rustwide/target:rw,Z" "-v" "/var/lib/crater-agent-workspace/cargo-home:/opt/rustwide/cargo-home:ro,Z" "-v" "/var/lib/crater-agent-workspace/rustup-home:/opt/rustwide/rustup-home:ro,Z" "-m" "1610612736" "--network" "none" "ghcr.io/rust-lang/crates-build-env/linux@sha256:77db811e55d90add9212f6832c23229e3de5f1c1f9905e8cb07319ea15df73ac" "sleep" "infinity", kill_on_drop: false }`
[INFO] [stdout] 103c5b6d1c0b2093bc3d5d8dbd63bf554426b41d0deee26f7f97812c139488f0
[INFO] running `Command { std: "docker" "start" "103c5b6d1c0b2093bc3d5d8dbd63bf554426b41d0deee26f7f97812c139488f0", kill_on_drop: false }`
[INFO] running `Command { std: "docker" "inspect" "103c5b6d1c0b2093bc3d5d8dbd63bf554426b41d0deee26f7f97812c139488f0", kill_on_drop: false }`
[INFO] running `Command { std: "docker" "exec" "-e" "SOURCE_DIR=/opt/rustwide/workdir" "-e" "CARGO_HOME=/opt/rustwide/cargo-home" "-e" "RUSTUP_HOME=/opt/rustwide/rustup-home" "-e" "CARGO_TARGET_DIR=/opt/rustwide/target" "-w" "/opt/rustwide/workdir" "--user" "0:0" "103c5b6d1c0b2093bc3d5d8dbd63bf554426b41d0deee26f7f97812c139488f0" "/opt/rustwide/cargo-home/bin/cargo" "+1.99.0-beta.8" "metadata" "--no-deps" "--format-version=1", kill_on_drop: false }`
[INFO] running `Command { std: "docker" "inspect" "103c5b6d1c0b2093bc3d5d8dbd63bf554426b41d0deee26f7f97812c139488f0", kill_on_drop: false }`
[INFO] running `Command { std: "docker" "exec" "-e" "SOURCE_DIR=/opt/rustwide/workdir" "-e" "CARGO_HOME=/opt/rustwide/cargo-home" "-e" "RUSTUP_HOME=/opt/rustwide/rustup-home" "-e" "CARGO_TARGET_DIR=/opt/rustwide/target" "-e" "CARGO_INCREMENTAL=0" "-e" "RUST_BACKTRACE=full" "-e" "RUSTFLAGS=--cap-lints=warn" "-e" "RUSTDOCFLAGS=--cap-lints=warn" "-w" "/opt/rustwide/workdir" "--user" "0:0" "103c5b6d1c0b2093bc3d5d8dbd63bf554426b41d0deee26f7f97812c139488f0" "/opt/rustwide/cargo-home/bin/cargo" "+1.99.0-beta.8" "build" "--frozen" "--message-format=json" "--release", kill_on_drop: false }`
[INFO] [stderr]    Compiling unicode-ident v1.0.22
[INFO] [stderr]    Compiling quote v1.0.44
[INFO] [stderr]    Compiling libm v0.2.15
[INFO] [stderr]    Compiling libc v0.2.177
[INFO] [stderr]    Compiling zerocopy v0.8.30
[INFO] [stderr]    Compiling reborrow v0.5.5
[INFO] [stderr]    Compiling either v1.15.0
[INFO] [stderr]    Compiling seq-macro v0.3.6
[INFO] [stderr]    Compiling num-traits v0.2.19
[INFO] [stderr]    Compiling pulp v0.21.5
[INFO] [stderr]    Compiling dyn-stack-macros v0.1.3
[INFO] [stderr]    Compiling bitflags v2.10.0
[INFO] [stderr]    Compiling raw-cpuid v10.7.0
[INFO] [stderr]    Compiling winnow v0.7.14
[INFO] [stderr]    Compiling hashbrown v0.16.1
[INFO] [stderr]    Compiling toml_datetime v0.7.5+spec-1.1.0
[INFO] [stderr]    Compiling proc-macro2 v1.0.106
[INFO] [stderr]    Compiling zmij v1.0.12
[INFO] [stderr]    Compiling rayon v1.11.0
[INFO] [stderr]    Compiling itoa v1.0.17
[INFO] [stderr]    Compiling memchr v2.7.6
[INFO] [stderr]    Compiling raw-cpuid v11.6.0
[INFO] [stderr]    Compiling tracing-core v0.1.36
[INFO] [stderr]    Compiling zip v1.1.4
[INFO] [stderr]    Compiling crossbeam-channel v0.5.15
[INFO] [stderr]    Compiling crossbeam-queue v0.3.12
[INFO] [stderr]    Compiling hashbrown v0.14.5
[INFO] [stderr]    Compiling syn v2.0.116
[INFO] [stderr]    Compiling crossbeam v0.8.4
[INFO] [stderr]    Compiling indexmap v2.13.0
[INFO] [stderr]    Compiling serde_json v1.0.149
[INFO] [stderr]    Compiling getrandom v0.3.4
[INFO] [stderr]    Compiling memmap2 v0.9.9
[INFO] [stderr]    Compiling num_cpus v1.17.0
[INFO] [stderr]    Compiling parking_lot_core v0.9.12
[INFO] [stderr]    Compiling toml_parser v1.0.6+spec-1.1.0
[INFO] [stderr]    Compiling rand_core v0.9.3
[INFO] [stderr]    Compiling dashmap v6.1.0
[INFO] [stderr]    Compiling toml_edit v0.23.10+spec-1.0.0
[INFO] [stderr]    Compiling num-integer v0.1.46
[INFO] [stderr]    Compiling proc-macro-crate v3.4.0
[INFO] [stderr]    Compiling num-bigint v0.4.6
[INFO] [stderr]    Compiling num-iter v0.1.45
[INFO] [stderr]    Compiling num-rational v0.4.2
[INFO] [stderr]    Compiling synstructure v0.13.2
[INFO] [stderr]    Compiling bytemuck_derive v1.10.2
[INFO] [stderr]    Compiling zerocopy-derive v0.8.30
[INFO] [stderr]    Compiling serde_derive v1.0.228
[INFO] [stderr]    Compiling thiserror-impl v1.0.69
[INFO] [stderr]    Compiling tracing-attributes v0.1.31
[INFO] [stderr]    Compiling num_enum_derive v0.7.5
[INFO] [stderr]    Compiling displaydoc v0.2.5
[INFO] [stderr]    Compiling thiserror-impl v2.0.18
[INFO] [stderr]    Compiling zerofrom-derive v0.1.6
[INFO] [stderr]    Compiling yoke-derive v0.7.5
[INFO] [stderr]    Compiling num_enum v0.7.5
[INFO] [stderr]    Compiling tracing v0.1.44
[INFO] [stderr]    Compiling zerofrom v0.1.6
[INFO] [stderr]    Compiling thiserror v1.0.69
[INFO] [stderr]    Compiling thiserror v2.0.18
[INFO] [stderr]    Compiling yoke v0.7.5
[INFO] [stderr]    Compiling bytemuck v1.24.0
[INFO] [stderr]    Compiling num-complex v0.4.6
[INFO] [stderr]    Compiling dyn-stack v0.13.2
[INFO] [stderr]    Compiling dyn-stack v0.10.0
[INFO] [stderr]    Compiling pulp v0.18.22
[INFO] [stderr]    Compiling num v0.4.3
[INFO] [stderr]    Compiling serde v1.0.228
[INFO] [stderr]    Compiling safetensors v0.4.5
[INFO] [stderr]    Compiling ppv-lite86 v0.2.21
[INFO] [stderr]    Compiling rand_chacha v0.9.0
[INFO] [stderr]    Compiling rand v0.9.2
[INFO] [stderr]    Compiling rand_distr v0.5.1
[INFO] [stderr]    Compiling half v2.7.1
[INFO] [stderr]    Compiling gemm-common v0.18.2
[INFO] [stderr]    Compiling gemm-common v0.17.1
[INFO] [stderr]    Compiling gemm-f32 v0.17.1
[INFO] [stderr]    Compiling gemm-c64 v0.17.1
[INFO] [stderr]    Compiling gemm-c32 v0.17.1
[INFO] [stderr]    Compiling gemm-f64 v0.17.1
[INFO] [stderr]    Compiling gemm-f32 v0.18.2
[INFO] [stderr]    Compiling gemm-f64 v0.18.2
[INFO] [stderr]    Compiling gemm-c32 v0.18.2
[INFO] [stderr]    Compiling gemm-c64 v0.18.2
[INFO] [stderr]    Compiling gemm-f16 v0.18.2
[INFO] [stderr]    Compiling gemm-f16 v0.17.1
[INFO] [stderr]    Compiling gemm v0.17.1
[INFO] [stderr]    Compiling gemm v0.18.2
[INFO] [stderr]    Compiling ug v0.4.0
[INFO] [stderr]    Compiling candle-core v0.9.1
[INFO] [stderr]    Compiling nove_tensor v0.1.2 (/opt/rustwide/workdir)
[INFO] [stderr]     Finished `release` profile [optimized] target(s) in 1m 06s
[INFO] running `Command { std: "docker" "inspect" "103c5b6d1c0b2093bc3d5d8dbd63bf554426b41d0deee26f7f97812c139488f0", kill_on_drop: false }`
[INFO] running `Command { std: "docker" "exec" "-e" "SOURCE_DIR=/opt/rustwide/workdir" "-e" "CARGO_HOME=/opt/rustwide/cargo-home" "-e" "RUSTUP_HOME=/opt/rustwide/rustup-home" "-e" "CARGO_TARGET_DIR=/opt/rustwide/target" "-e" "CARGO_INCREMENTAL=0" "-e" "RUST_BACKTRACE=full" "-e" "RUSTFLAGS=--cap-lints=warn" "-e" "RUSTDOCFLAGS=--cap-lints=warn" "-w" "/opt/rustwide/workdir" "--user" "0:0" "103c5b6d1c0b2093bc3d5d8dbd63bf554426b41d0deee26f7f97812c139488f0" "/opt/rustwide/cargo-home/bin/cargo" "+1.99.0-beta.8" "test" "--frozen" "--no-run" "--message-format=json" "--release", kill_on_drop: false }`
[INFO] [stderr]    Compiling bitflags v2.10.0
[INFO] [stderr]    Compiling rustix v1.1.3
[INFO] [stderr]    Compiling wait-timeout v0.2.1
[INFO] [stderr]    Compiling bit-vec v0.8.0
[INFO] [stderr]    Compiling rand_xorshift v0.4.0
[INFO] [stderr]    Compiling unarray v0.1.4
[INFO] [stderr]    Compiling regex-syntax v0.8.8
[INFO] [stderr]    Compiling raw-cpuid v11.6.0
[INFO] [stderr]    Compiling bit-set v0.8.0
[INFO] [stderr]    Compiling gemm-common v0.18.2
[INFO] [stderr]    Compiling gemm-f32 v0.18.2
[INFO] [stderr]    Compiling gemm-f64 v0.18.2
[INFO] [stderr]    Compiling gemm-c32 v0.18.2
[INFO] [stderr]    Compiling gemm-c64 v0.18.2
[INFO] [stderr]    Compiling tempfile v3.24.0
[INFO] [stderr]    Compiling rusty-fork v0.3.1
[INFO] [stderr]    Compiling proptest v1.9.0
[INFO] [stderr]    Compiling gemm-f16 v0.18.2
[INFO] [stderr]    Compiling gemm v0.18.2
[INFO] [stderr]    Compiling ug v0.4.0
[INFO] [stderr]    Compiling candle-core v0.9.1
[INFO] [stderr]    Compiling nove_tensor v0.1.2 (/opt/rustwide/workdir)
[INFO] [stdout] error[E0433]: cannot find module or crate `nove` in this scope
[INFO] [stdout]  --> tests/test_conversion.rs:3:5
[INFO] [stdout]   |
[INFO] [stdout] 3 | use nove::tensor::{Device, Tensor};
[INFO] [stdout]   |     ^^^^ use of unresolved module or unlinked crate `nove`
[INFO] [stdout]   |
[INFO] [stdout]   = help: if you wanted to use a crate named `nove`, use `cargo add nove` to add it to your `Cargo.toml`
[INFO] [stdout] 
[INFO] [stdout] 
[INFO] [stdout] error[E0433]: cannot find module or crate `nove` in this scope
[INFO] [stdout]  --> tests/test_device.rs:1:5
[INFO] [stdout]   |
[INFO] [stdout] 1 | use nove::tensor::Device;
[INFO] [stdout]   |     ^^^^ use of unresolved module or unlinked crate `nove`
[INFO] [stdout]   |
[INFO] [stdout]   = help: if you wanted to use a crate named `nove`, use `cargo add nove` to add it to your `Cargo.toml`
[INFO] [stdout] 
[INFO] [stdout] 
[INFO] [stdout] For more information about this error, try `rustc --explain E0433`.
[INFO] [stdout] 
[INFO] [stderr] error: could not compile `nove_tensor` (test "test_device") due to 1 previous error
[INFO] [stderr] warning: build failed, waiting for other jobs to finish...
[INFO] [stdout] error[E0433]: cannot find module or crate `nove` in this scope
[INFO] [stdout]  --> tests/test_operation.rs:1:5
[INFO] [stdout]   |
[INFO] [stdout] 1 | use nove::tensor::{DType, Device, Tensor};
[INFO] [stdout]   |     ^^^^ use of unresolved module or unlinked crate `nove`
[INFO] [stdout]   |
[INFO] [stdout]   = help: if you wanted to use a crate named `nove`, use `cargo add nove` to add it to your `Cargo.toml`
[INFO] [stdout] 
[INFO] [stdout] 
[INFO] [stdout] error[E0433]: cannot find module or crate `nove` in this scope
[INFO] [stdout]  --> tests/util/mod.rs:1:5
[INFO] [stdout]   |
[INFO] [stdout] 1 | use nove::tensor::{DType, Device, Shape, Tensor};
[INFO] [stdout]   |     ^^^^ use of unresolved module or unlinked crate `nove`
[INFO] [stdout]   |
[INFO] [stdout]   = help: if you wanted to use a crate named `nove`, use `cargo add nove` to add it to your `Cargo.toml`
[INFO] [stdout] 
[INFO] [stdout] 
[INFO] [stdout] error[E0433]: cannot find module or crate `nove` in this scope
[INFO] [stdout]  --> tests/test_tensor.rs:1:5
[INFO] [stdout]   |
[INFO] [stdout] 1 | use nove::tensor::{Device, Tensor};
[INFO] [stdout]   |     ^^^^ use of unresolved module or unlinked crate `nove`
[INFO] [stdout]   |
[INFO] [stdout]   = help: if you wanted to use a crate named `nove`, use `cargo add nove` to add it to your `Cargo.toml`
[INFO] [stdout] 
[INFO] [stdout] 
[INFO] [stdout] error[E0308]: mismatched types
[INFO] [stdout]   --> tests/util/mod.rs:34:18
[INFO] [stdout]    |
[INFO] [stdout] 22 | pub fn generate_random_tensor_and_corresponding_data<S>(
[INFO] [stdout]    |                                                      - expected this type parameter
[INFO] [stdout] ...
[INFO] [stdout] 34 |     if num_dim > 4 {
[INFO] [stdout]    |                  ^ expected type parameter `S`, found integer
[INFO] [stdout]    |
[INFO] [stdout]    = note: expected type parameter `S`
[INFO] [stdout]                         found type `{integer}`
[INFO] [stdout] 
[INFO] [stdout] 
[INFO] [stdout] For more information about this error, try `rustc --explain E0433`.
[INFO] [stdout] 
[INFO] [stderr] error: could not compile `nove_tensor` (test "test_tensor") due to 1 previous error
[INFO] [stdout] error[E0308]: mismatched types
[INFO] [stdout]   --> tests/test_conversion.rs:58:5
[INFO] [stdout]    |
[INFO] [stdout] 50 | fn test_from_data_and_to_vec_with_vector<T>(vec: Vec<T>) -> Result<(), TestCaseError>
[INFO] [stdout]    |                                          - expected this type parameter
[INFO] [stdout] ...
[INFO] [stdout] 58 |     prop_assert_eq!(tensor.to_vec::<T>().unwrap(), vec.clone());
[INFO] [stdout]    |     ^^^^^^^^^^^^^^^^^^^^^^^^^^^^^^^^^^^^^^^^^^^^^^^^^^^^^^^^^^^ expected type parameter `T`, found `Vec<T>`
[INFO] [stdout]    |
[INFO] [stdout]    = note: expected type parameter `T`
[INFO] [stdout]                       found struct `Vec<T>`
[INFO] [stdout]    = note: this error originates in the macro `prop_assert_eq` (in Nightly builds, run with -Z macro-backtrace for more info)
[INFO] [stdout] 
[INFO] [stdout] 
[INFO] [stdout] error[E0308]: mismatched types
[INFO] [stdout]   --> tests/test_conversion.rs:63:5
[INFO] [stdout]    |
[INFO] [stdout] 50 |   fn test_from_data_and_to_vec_with_vector<T>(vec: Vec<T>) -> Result<(), TestCaseError>
[INFO] [stdout]    |                                            - expected this type parameter
[INFO] [stdout] ...
[INFO] [stdout] 63 | /     prop_assert_eq!(
[INFO] [stdout] 64 | |         tensor.to_vec::<T>().unwrap(),
[INFO] [stdout] 65 | |         vec.iter().chain(vec.iter()).copied().collect::<Vec<_>>()
[INFO] [stdout] 66 | |     );
[INFO] [stdout]    | |_____^ expected type parameter `T`, found `Vec<T>`
[INFO] [stdout]    |
[INFO] [stdout]    = note: expected type parameter `T`
[INFO] [stdout]                       found struct `Vec<T>`
[INFO] [stdout]    = note: this error originates in the macro `prop_assert_eq` (in Nightly builds, run with -Z macro-backtrace for more info)
[INFO] [stdout] 
[INFO] [stdout] 
[INFO] [stdout] error[E0308]: mismatched types
[INFO] [stdout]   --> tests/test_conversion.rs:75:5
[INFO] [stdout]    |
[INFO] [stdout] 50 | fn test_from_data_and_to_vec_with_vector<T>(vec: Vec<T>) -> Result<(), TestCaseError>
[INFO] [stdout]    |                                          - expected this type parameter
[INFO] [stdout] ...
[INFO] [stdout] 75 |     prop_assert_eq!(tensor.to_vec::<T>().unwrap(), expected);
[INFO] [stdout]    |     ^^^^^^^^^^^^^^^^^^^^^^^^^^^^^^^^^^^^^^^^^^^^^^^^^^^^^^^^ expected type parameter `T`, found `Vec<T>`
[INFO] [stdout]    |
[INFO] [stdout]    = note: expected type parameter `T`
[INFO] [stdout]                       found struct `Vec<T>`
[INFO] [stdout]    = note: this error originates in the macro `prop_assert_eq` (in Nightly builds, run with -Z macro-backtrace for more info)
[INFO] [stdout] 
[INFO] [stdout] 
[INFO] [stdout] error[E0308]: mismatched types
[INFO] [stdout]   --> tests/test_conversion.rs:90:5
[INFO] [stdout]    |
[INFO] [stdout] 50 | fn test_from_data_and_to_vec_with_vector<T>(vec: Vec<T>) -> Result<(), TestCaseError>
[INFO] [stdout]    |                                          - expected this type parameter
[INFO] [stdout] ...
[INFO] [stdout] 90 |     prop_assert_eq!(tensor.to_vec::<T>().unwrap(), expected);
[INFO] [stdout]    |     ^^^^^^^^^^^^^^^^^^^^^^^^^^^^^^^^^^^^^^^^^^^^^^^^^^^^^^^^ expected type parameter `T`, found `Vec<T>`
[INFO] [stdout]    |
[INFO] [stdout]    = note: expected type parameter `T`
[INFO] [stdout]                       found struct `Vec<T>`
[INFO] [stdout]    = note: this error originates in the macro `prop_assert_eq` (in Nightly builds, run with -Z macro-backtrace for more info)
[INFO] [stdout] 
[INFO] [stdout] 
[INFO] [stdout] error[E0308]: mismatched types
[INFO] [stdout]    --> tests/test_conversion.rs:136:5
[INFO] [stdout]     |
[INFO] [stdout] 128 | fn test_from_data_and_to_vec_with_slice<T>(slice: &[T]) -> Result<(), TestCaseError>
[INFO] [stdout]     |                                         - expected this type parameter
[INFO] [stdout] ...
[INFO] [stdout] 136 |     prop_assert_eq!(tensor.to_vec::<T>().unwrap(), slice.to_vec());
[INFO] [stdout]     |     ^^^^^^^^^^^^^^^^^^^^^^^^^^^^^^^^^^^^^^^^^^^^^^^^^^^^^^^^^^^^^^ expected type parameter `T`, found `Vec<T>`
[INFO] [stdout]     |
[INFO] [stdout]     = note: expected type parameter `T`
[INFO] [stdout]                        found struct `Vec<T>`
[INFO] [stdout]     = note: this error originates in the macro `prop_assert_eq` (in Nightly builds, run with -Z macro-backtrace for more info)
[INFO] [stdout] 
[INFO] [stdout] 
[INFO] [stdout] error[E0308]: mismatched types
[INFO] [stdout]    --> tests/test_conversion.rs:144:9
[INFO] [stdout]     |
[INFO] [stdout] 128 | fn test_from_data_and_to_vec_with_slice<T>(slice: &[T]) -> Result<(), TestCaseError>
[INFO] [stdout]     |                                         - expected this type parameter
[INFO] [stdout] ...
[INFO] [stdout] 144 |         prop_assert_eq!(tensor.to_vec::<T>().unwrap(), expected);
[INFO] [stdout]     |         ^^^^^^^^^^^^^^^^^^^^^^^^^^^^^^^^^^^^^^^^^^^^^^^^^^^^^^^^ expected type parameter `T`, found `Vec<T>`
[INFO] [stdout]     |
[INFO] [stdout]     = note: expected type parameter `T`
[INFO] [stdout]                        found struct `Vec<T>`
[INFO] [stdout]     = note: this error originates in the macro `prop_assert_eq` (in Nightly builds, run with -Z macro-backtrace for more info)
[INFO] [stdout] 
[INFO] [stdout] 
[INFO] [stdout] error[E0308]: mismatched types
[INFO] [stdout]    --> tests/test_conversion.rs:156:9
[INFO] [stdout]     |
[INFO] [stdout] 128 | fn test_from_data_and_to_vec_with_slice<T>(slice: &[T]) -> Result<(), TestCaseError>
[INFO] [stdout]     |                                         - expected this type parameter
[INFO] [stdout] ...
[INFO] [stdout] 156 |         prop_assert_eq!(tensor.to_vec::<T>().unwrap(), expected);
[INFO] [stdout]     |         ^^^^^^^^^^^^^^^^^^^^^^^^^^^^^^^^^^^^^^^^^^^^^^^^^^^^^^^^ expected type parameter `T`, found `Vec<T>`
[INFO] [stdout]     |
[INFO] [stdout]     = note: expected type parameter `T`
[INFO] [stdout]                        found struct `Vec<T>`
[INFO] [stdout]     = note: this error originates in the macro `prop_assert_eq` (in Nightly builds, run with -Z macro-backtrace for more info)
[INFO] [stdout] 
[INFO] [stdout] 
[INFO] [stdout] error[E0308]: mismatched types
[INFO] [stdout]    --> tests/test_conversion.rs:170:9
[INFO] [stdout]     |
[INFO] [stdout] 128 | fn test_from_data_and_to_vec_with_slice<T>(slice: &[T]) -> Result<(), TestCaseError>
[INFO] [stdout]     |                                         - expected this type parameter
[INFO] [stdout] ...
[INFO] [stdout] 170 |         prop_assert_eq!(tensor.to_vec::<T>().unwrap(), expected);
[INFO] [stdout]     |         ^^^^^^^^^^^^^^^^^^^^^^^^^^^^^^^^^^^^^^^^^^^^^^^^^^^^^^^^ expected type parameter `T`, found `Vec<T>`
[INFO] [stdout]     |
[INFO] [stdout]     = note: expected type parameter `T`
[INFO] [stdout]                        found struct `Vec<T>`
[INFO] [stdout]     = note: this error originates in the macro `prop_assert_eq` (in Nightly builds, run with -Z macro-backtrace for more info)
[INFO] [stdout] 
[INFO] [stdout] 
[INFO] [stdout] error[E0308]: mismatched types
[INFO] [stdout]   --> tests/test_operation.rs:14:9
[INFO] [stdout]    |
[INFO] [stdout]  6 |   fn test_add_two_tensors<S>((tensor1, data1): (Tensor, Vec<S>), (tensor2, data2): (Tensor, Vec<S>))
[INFO] [stdout]    |                           - expected this type parameter
[INFO] [stdout] ...
[INFO] [stdout] 14 | /         data1
[INFO] [stdout] 15 | |             .iter()
[INFO] [stdout] 16 | |             .zip(data2.iter())
[INFO] [stdout] 17 | |             .map(|(a, b)| *a + *b)
[INFO] [stdout] 18 | |             .collect::<Vec<S>>()
[INFO] [stdout]    | |________________________________^ expected type parameter `S`, found `Vec<S>`
[INFO] [stdout]    |
[INFO] [stdout]    = note: expected type parameter `S`
[INFO] [stdout]                       found struct `Vec<S>`
[INFO] [stdout] 
[INFO] [stdout] 
[INFO] [stdout] error[E0308]: mismatched types
[INFO] [stdout]   --> tests/test_operation.rs:86:55
[INFO] [stdout]    |
[INFO] [stdout] 71 | fn test_stack_tensors<S>(datas: Vec<(Tensor, Vec<S>)>)
[INFO] [stdout]    |                       - expected this type parameter
[INFO] [stdout] ...
[INFO] [stdout] 86 |     assert_eq!(stacked_tensor.to_vec::<S>().unwrap(), stacked_data);
[INFO] [stdout]    |                                                       ^^^^^^^^^^^^ expected type parameter `S`, found `Vec<S>`
[INFO] [stdout]    |
[INFO] [stdout]    = note: expected type parameter `S`
[INFO] [stdout]                       found struct `Vec<S>`
[INFO] [stdout] 
[INFO] [stdout] 
[INFO] [stdout] Some errors have detailed explanations: E0308, E0433.
[INFO] [stdout] 
[INFO] [stdout] For more information about an error, try `rustc --explain E0308`.
[INFO] [stdout] 
[INFO] [stderr] error: could not compile `nove_tensor` (test "test_conversion") due to 9 previous errors
[INFO] [stdout] Some errors have detailed explanations: E0308, E0433.
[INFO] [stdout] 
[INFO] [stdout] For more information about an error, try `rustc --explain E0308`.
[INFO] [stdout] 
[INFO] [stderr] error: could not compile `nove_tensor` (test "test_operation") due to 5 previous errors
[INFO] running `Command { std: "docker" "inspect" "103c5b6d1c0b2093bc3d5d8dbd63bf554426b41d0deee26f7f97812c139488f0", kill_on_drop: false }`
[INFO] running `Command { std: "docker" "rm" "-f" "103c5b6d1c0b2093bc3d5d8dbd63bf554426b41d0deee26f7f97812c139488f0", kill_on_drop: false }`
[INFO] [stdout] 103c5b6d1c0b2093bc3d5d8dbd63bf554426b41d0deee26f7f97812c139488f0
