[INFO] fetching crate notedthat-api-http 0.12.3...
[INFO] testing notedthat-api-http-0.12.3 against 1.100.0-beta.1+cargoflags=--release for beta-release-1.100-2
[INFO] extracting crate notedthat-api-http 0.12.3 into /workspace/builds/worker-7-tc2/source
[INFO] started tweaking crates.io crate notedthat-api-http 0.12.3
[INFO] removed 0 missing tests
[INFO] finished tweaking crates.io crate notedthat-api-http 0.12.3
[INFO] tweaked toml for crates.io crate notedthat-api-http 0.12.3 written to /workspace/builds/worker-7-tc2/source/Cargo.toml
[INFO] validating manifest of crates.io crate notedthat-api-http 0.12.3 on toolchain 1.100.0-beta.1
[INFO] running `Command { std: CARGO_HOME="/workspace/cargo-home" RUSTUP_HOME="/workspace/rustup-home" "/workspace/cargo-home/bin/cargo" "+1.100.0-beta.1" "metadata" "--manifest-path" "Cargo.toml" "--no-deps", kill_on_drop: false }`
[INFO] crate crates.io crate notedthat-api-http 0.12.3 already has a lockfile, it will not be regenerated
[INFO] running `Command { std: CARGO_HOME="/workspace/cargo-home" RUSTUP_HOME="/workspace/rustup-home" "/workspace/cargo-home/bin/cargo" "+1.100.0-beta.1" "fetch" "--manifest-path" "Cargo.toml", kill_on_drop: false }`
[INFO] [stderr] warning: `package.homepage` is redundant with `package.repository`
[INFO] [stderr]    --> Cargo.toml:124:12
[INFO] [stderr]     |
[INFO] [stderr] 124 | homepage = "https://github.com/NotedThat/NotedThat"
[INFO] [stderr]     |            ^^^^^^^^^^^^^^^^^^^^^^^^^^^^^^^^^^^^^^^^
[INFO] [stderr] ...
[INFO] [stderr] 128 | repository = "https://github.com/NotedThat/NotedThat"
[INFO] [stderr]     |              ----------------------------------------
[INFO] [stderr]     |
[INFO] [stderr]     = note: `cargo::redundant_homepage` is set to `warn` by default
[INFO] [stderr] help: consider removing `package.homepage`
[INFO] [stderr] warning: `notedthat-api-http` (manifest) generated 1 warning
[INFO] running `Command { std: "docker" "create" "-v" "/var/lib/crater-agent-workspace/builds/worker-7-tc2/source:/opt/rustwide/workdir:ro,Z" "-v" "/var/lib/crater-agent-workspace/builds/worker-7-tc2/target:/opt/rustwide/target:rw,Z" "-v" "/var/lib/crater-agent-workspace/cargo-home:/opt/rustwide/cargo-home:ro,Z" "-v" "/var/lib/crater-agent-workspace/rustup-home:/opt/rustwide/rustup-home:ro,Z" "-m" "1610612736" "--network" "none" "ghcr.io/rust-lang/crates-build-env/linux@sha256:77db811e55d90add9212f6832c23229e3de5f1c1f9905e8cb07319ea15df73ac" "sleep" "infinity", kill_on_drop: false }`
[INFO] [stdout] 34ba52c9b37b8e28b1ac2120f041ea087fd532b26817e033e56eedc92b4f5048
[INFO] running `Command { std: "docker" "start" "34ba52c9b37b8e28b1ac2120f041ea087fd532b26817e033e56eedc92b4f5048", kill_on_drop: false }`
[INFO] running `Command { std: "docker" "inspect" "34ba52c9b37b8e28b1ac2120f041ea087fd532b26817e033e56eedc92b4f5048", kill_on_drop: false }`
[INFO] running `Command { std: "docker" "exec" "-e" "SOURCE_DIR=/opt/rustwide/workdir" "-e" "CARGO_HOME=/opt/rustwide/cargo-home" "-e" "RUSTUP_HOME=/opt/rustwide/rustup-home" "-e" "CARGO_TARGET_DIR=/opt/rustwide/target" "-w" "/opt/rustwide/workdir" "--user" "0:0" "34ba52c9b37b8e28b1ac2120f041ea087fd532b26817e033e56eedc92b4f5048" "/opt/rustwide/cargo-home/bin/cargo" "+1.100.0-beta.1" "metadata" "--no-deps" "--format-version=1", kill_on_drop: false }`
[INFO] running `Command { std: "docker" "inspect" "34ba52c9b37b8e28b1ac2120f041ea087fd532b26817e033e56eedc92b4f5048", kill_on_drop: false }`
[INFO] running `Command { std: "docker" "exec" "-e" "SOURCE_DIR=/opt/rustwide/workdir" "-e" "CARGO_HOME=/opt/rustwide/cargo-home" "-e" "RUSTUP_HOME=/opt/rustwide/rustup-home" "-e" "CARGO_TARGET_DIR=/opt/rustwide/target" "-e" "CARGO_INCREMENTAL=0" "-e" "RUST_BACKTRACE=full" "-e" "RUSTFLAGS=--cap-lints=warn" "-e" "RUSTDOCFLAGS=--cap-lints=warn" "-w" "/opt/rustwide/workdir" "--user" "0:0" "34ba52c9b37b8e28b1ac2120f041ea087fd532b26817e033e56eedc92b4f5048" "/opt/rustwide/cargo-home/bin/cargo" "+1.100.0-beta.1" "build" "--frozen" "--message-format=json" "--release", kill_on_drop: false }`
[INFO] [stderr] warning: `package.homepage` is redundant with `package.repository`
[INFO] [stderr]    --> Cargo.toml:124:12
[INFO] [stderr]     |
[INFO] [stderr] 124 | homepage = "https://github.com/NotedThat/NotedThat"
[INFO] [stderr]     |            ^^^^^^^^^^^^^^^^^^^^^^^^^^^^^^^^^^^^^^^^
[INFO] [stderr] ...
[INFO] [stderr] 128 | repository = "https://github.com/NotedThat/NotedThat"
[INFO] [stderr]     |              ----------------------------------------
[INFO] [stderr]     |
[INFO] [stderr]     = note: `cargo::redundant_homepage` is set to `warn` by default
[INFO] [stderr] help: consider removing `package.homepage`
[INFO] [stderr] warning: `notedthat-api-http` (manifest) generated 1 warning
[INFO] [stderr]    Compiling writeable v0.6.3
[INFO] [stderr]    Compiling litemap v0.8.2
[INFO] [stderr]    Compiling syn v2.0.118
[INFO] [stderr]    Compiling socket2 v0.5.10
[INFO] [stderr]    Compiling ring v0.17.14
[INFO] [stderr]    Compiling rustls v0.23.45
[INFO] [stderr]    Compiling anyhow v1.0.103
[INFO] [stderr]    Compiling itertools v0.14.0
[INFO] [stderr]    Compiling icu_locale_data v2.2.0
[INFO] [stderr]    Compiling rand_chacha v0.3.1
[INFO] [stderr]    Compiling icu_segmenter_data v2.2.0
[INFO] [stderr]    Compiling ahash v0.8.12
[INFO] [stderr]    Compiling rustls-pemfile v2.2.0
[INFO] [stderr]    Compiling qdrant-client v1.15.0
[INFO] [stderr]    Compiling unicase v2.9.0
[INFO] [stderr]    Compiling either v1.16.0
[INFO] [stderr]    Compiling tempfile v3.27.0
[INFO] [stderr]    Compiling rapidhash v4.5.1
[INFO] [stderr]    Compiling pulldown-cmark v0.13.4
[INFO] [stderr]    Compiling rand v0.8.6
[INFO] [stderr]    Compiling uuid v1.23.4
[INFO] [stderr]    Compiling axum-core v0.5.6
[INFO] [stderr]    Compiling metrics v0.24.6
[INFO] [stderr]    Compiling rustls-webpki v0.103.15
[INFO] [stderr]    Compiling synstructure v0.13.2
[INFO] [stderr]    Compiling darling_core v0.20.11
[INFO] [stderr]    Compiling derive_utils v0.15.1
[INFO] [stderr]    Compiling zerofrom-derive v0.1.7
[INFO] [stderr]    Compiling futures-macro v0.3.32
[INFO] [stderr]    Compiling yoke-derive v0.8.2
[INFO] [stderr]    Compiling tokio-macros v2.7.0
[INFO] [stderr]    Compiling zerovec-derive v0.11.3
[INFO] [stderr]    Compiling displaydoc v0.2.6
[INFO] [stderr]    Compiling tracing-attributes v0.1.31
[INFO] [stderr]    Compiling serde_derive v1.0.228
[INFO] [stderr]    Compiling async-trait v0.1.89
[INFO] [stderr]    Compiling prost-derive v0.13.5
[INFO] [stderr]    Compiling pin-project-internal v1.1.13
[INFO] [stderr]    Compiling async-stream-impl v0.3.6
[INFO] [stderr]    Compiling thiserror-impl v2.0.18
[INFO] [stderr]    Compiling thiserror-impl v1.0.69
[INFO] [stderr]    Compiling async-stream v0.3.6
[INFO] [stderr]    Compiling strum_macros v0.28.0
[INFO] [stderr]    Compiling futures-util v0.3.32
[INFO] [stderr]    Compiling tokio v1.52.3
[INFO] [stderr]    Compiling auto_enums v0.8.9
[INFO] [stderr]    Compiling thiserror v2.0.18
[INFO] [stderr]    Compiling zerofrom v0.1.8
[INFO] [stderr]    Compiling yoke v0.8.3
[INFO] [stderr]    Compiling pin-project v1.1.13
[INFO] [stderr]    Compiling zerovec v0.11.6
[INFO] [stderr]    Compiling tracing v0.1.44
[INFO] [stderr]    Compiling zerotrie v0.2.4
[INFO] [stderr]    Compiling prost v0.13.5
[INFO] [stderr]    Compiling thiserror v1.0.69
[INFO] [stderr]    Compiling tower-http v0.5.2
[INFO] [stderr]    Compiling strum v0.28.0
[INFO] [stderr]    Compiling prost-types v0.13.5
[INFO] [stderr]    Compiling darling_macro v0.20.11
[INFO] [stderr]    Compiling darling v0.20.11
[INFO] [stderr]    Compiling derive_builder_core v0.20.2
[INFO] [stderr]    Compiling tinystr v0.8.3
[INFO] [stderr]    Compiling potential_utf v0.1.5
[INFO] [stderr]    Compiling icu_collections v2.2.0
[INFO] [stderr]    Compiling icu_locale_core v2.2.0
[INFO] [stderr]    Compiling serde v1.0.228
[INFO] [stderr]    Compiling derive_builder_macro v0.20.2
[INFO] [stderr]    Compiling derive_builder v0.20.2
[INFO] [stderr]    Compiling serde_urlencoded v0.7.1
[INFO] [stderr]    Compiling serde_yaml_ng v0.10.0
[INFO] [stderr]    Compiling icu_provider v2.2.0
[INFO] [stderr]    Compiling icu_properties v2.2.0
[INFO] [stderr]    Compiling icu_normalizer v2.2.0
[INFO] [stderr]    Compiling futures-executor v0.3.32
[INFO] [stderr]    Compiling axum-core v0.4.5
[INFO] [stderr]    Compiling futures v0.3.32
[INFO] [stderr]    Compiling icu_locale v2.2.0
[INFO] [stderr]    Compiling icu_segmenter v2.2.0
[INFO] [stderr]    Compiling idna_adapter v1.2.2
[INFO] [stderr]    Compiling idna v1.1.0
[INFO] [stderr]    Compiling url v2.5.8
[INFO] [stderr]    Compiling text-splitter v0.32.0
[INFO] [stderr]    Compiling tokio-util v0.7.18
[INFO] [stderr]    Compiling tower v0.5.3
[INFO] [stderr]    Compiling tokio-rustls v0.26.4
[INFO] [stderr]    Compiling tokio-stream v0.1.18
[INFO] [stderr]    Compiling axum v0.7.9
[INFO] [stderr]    Compiling tower-http v0.6.11
[INFO] [stderr]    Compiling h2 v0.4.19
[INFO] [stderr]    Compiling tower v0.4.13
[INFO] [stderr]    Compiling notedthat-core v0.12.3
[INFO] [stderr]    Compiling hyper v1.10.1
[INFO] [stderr]    Compiling hyper-util v0.1.20
[INFO] [stderr]    Compiling hyper-timeout v0.5.2
[INFO] [stderr]    Compiling hyper-rustls v0.27.9
[INFO] [stderr]    Compiling axum v0.8.9
[INFO] [stderr]    Compiling reqwest v0.12.28
[INFO] [stderr]    Compiling tonic v0.12.3
[INFO] [stderr]    Compiling notedthat-indexer v0.12.3
[INFO] [stderr]    Compiling notedthat-write v0.12.3
[INFO] [stderr]    Compiling notedthat-api-http v0.12.3 (/opt/rustwide/workdir)
[INFO] [stderr]     Finished `release` profile [optimized] target(s) in 1m 20s
[INFO] running `Command { std: "docker" "inspect" "34ba52c9b37b8e28b1ac2120f041ea087fd532b26817e033e56eedc92b4f5048", kill_on_drop: false }`
[INFO] running `Command { std: "docker" "exec" "-e" "SOURCE_DIR=/opt/rustwide/workdir" "-e" "CARGO_HOME=/opt/rustwide/cargo-home" "-e" "RUSTUP_HOME=/opt/rustwide/rustup-home" "-e" "CARGO_TARGET_DIR=/opt/rustwide/target" "-e" "CARGO_INCREMENTAL=0" "-e" "RUST_BACKTRACE=full" "-e" "RUSTFLAGS=--cap-lints=warn" "-e" "RUSTDOCFLAGS=--cap-lints=warn" "-w" "/opt/rustwide/workdir" "--user" "0:0" "34ba52c9b37b8e28b1ac2120f041ea087fd532b26817e033e56eedc92b4f5048" "/opt/rustwide/cargo-home/bin/cargo" "+1.100.0-beta.1" "test" "--frozen" "--no-run" "--message-format=json" "--release", kill_on_drop: false }`
[INFO] [stderr] warning: `package.homepage` is redundant with `package.repository`
[INFO] [stderr]    --> Cargo.toml:124:12
[INFO] [stderr]     |
[INFO] [stderr] 124 | homepage = "https://github.com/NotedThat/NotedThat"
[INFO] [stderr]     |            ^^^^^^^^^^^^^^^^^^^^^^^^^^^^^^^^^^^^^^^^
[INFO] [stderr] ...
[INFO] [stderr] 128 | repository = "https://github.com/NotedThat/NotedThat"
[INFO] [stderr]     |              ----------------------------------------
[INFO] [stderr]     |
[INFO] [stderr]     = note: `cargo::redundant_homepage` is set to `warn` by default
[INFO] [stderr] help: consider removing `package.homepage`
[INFO] [stderr] warning: `notedthat-api-http` (manifest) generated 1 warning
[INFO] [stderr]    Compiling tokio v1.52.3
[INFO] [stderr]    Compiling ahash v0.8.12
[INFO] [stderr]    Compiling rand_chacha v0.9.0
[INFO] [stderr]    Compiling raw-cpuid v11.6.0
[INFO] [stderr]    Compiling nibble_vec v0.1.0
[INFO] [stderr]    Compiling num_cpus v1.17.0
[INFO] [stderr]    Compiling deadpool-runtime v0.1.4
[INFO] [stderr]    Compiling endian-type v0.1.2
[INFO] [stderr]    Compiling regex v1.12.4
[INFO] [stderr]    Compiling hashbrown v0.16.1
[INFO] [stderr]    Compiling rand_xoshiro v0.7.0
[INFO] [stderr]    Compiling assert-json-diff v2.0.2
[INFO] [stderr]    Compiling sketches-ddsketch v0.3.1
[INFO] [stderr]    Compiling ordered-float v5.5.0
[INFO] [stderr]    Compiling radix_trie v0.2.1
[INFO] [stderr]    Compiling rand v0.9.4
[INFO] [stderr]    Compiling text-splitter v0.32.0
[INFO] [stderr]    Compiling quanta v0.12.6
[INFO] [stderr]    Compiling metrics-util v0.20.4
[INFO] [stderr]    Compiling tokio-util v0.7.18
[INFO] [stderr]    Compiling tower v0.5.3
[INFO] [stderr]    Compiling tokio-rustls v0.26.4
[INFO] [stderr]    Compiling tokio-stream v0.1.18
[INFO] [stderr]    Compiling deadpool v0.12.3
[INFO] [stderr]    Compiling axum v0.7.9
[INFO] [stderr]    Compiling tower-http v0.6.11
[INFO] [stderr]    Compiling h2 v0.4.19
[INFO] [stderr]    Compiling tower v0.4.13
[INFO] [stderr]    Compiling notedthat-core v0.12.3
[INFO] [stderr]    Compiling hyper v1.10.1
[INFO] [stderr]    Compiling hyper-util v0.1.20
[INFO] [stderr]    Compiling hyper-timeout v0.5.2
[INFO] [stderr]    Compiling hyper-rustls v0.27.9
[INFO] [stderr]    Compiling axum v0.8.9
[INFO] [stderr]    Compiling wiremock v0.6.5
[INFO] [stderr]    Compiling reqwest v0.12.28
[INFO] [stderr]    Compiling tonic v0.12.3
[INFO] [stderr]    Compiling qdrant-client v1.15.0
[INFO] [stderr]    Compiling notedthat-indexer v0.12.3
[INFO] [stderr]    Compiling notedthat-write v0.12.3
[INFO] [stderr]    Compiling notedthat-api-http v0.12.3 (/opt/rustwide/workdir)
[INFO] [stdout] error[E0432]: unresolved import `notedthat_core::testing`
[INFO] [stdout]   --> src/testing.rs:19:25
[INFO] [stdout]    |
[INFO] [stdout] 19 | pub use notedthat_core::testing::{InMemoryStorage, compute_etag, reserve_addr};
[INFO] [stdout]    |                         ^^^^^^^ could not find `testing` in `notedthat_core`
[INFO] [stdout]    |
[INFO] [stdout] note: found an item that was configured out
[INFO] [stdout]   --> /opt/rustwide/cargo-home/registry/src/index.crates.io-1949cf8c6b5b557f/notedthat-core-0.12.3/src/lib.rs:26:9
[INFO] [stdout]    |
[INFO] [stdout] 25 | #[cfg(any(test, feature = "test-support"))]
[INFO] [stdout]    |          -------------------------------- the item is gated here
[INFO] [stdout] 26 | pub mod testing;
[INFO] [stdout]    |         ^^^^^^^
[INFO] [stdout] 
[INFO] [stdout] 
[INFO] [stdout] error[E0432]: unresolved import `notedthat_api_http::testing`
[INFO] [stdout]   --> tests/search_route.rs:11:25
[INFO] [stdout]    |
[INFO] [stdout] 11 | use notedthat_api_http::testing::{InMemoryStorage, MockSearcher, NoopSearcher};
[INFO] [stdout]    |                         ^^^^^^^ could not find `testing` in `notedthat_api_http`
[INFO] [stdout]    |
[INFO] [stdout] note: found an item that was configured out
[INFO] [stdout]   --> src/lib.rs:18:9
[INFO] [stdout]    |
[INFO] [stdout] 17 | #[cfg(any(test, feature = "test-support"))]
[INFO] [stdout]    |          -------------------------------- the item is gated here
[INFO] [stdout] 18 | pub mod testing;
[INFO] [stdout]    |         ^^^^^^^
[INFO] [stdout] 
[INFO] [stdout] 
[INFO] [stdout] error[E0433]: cannot find `testing` in `notedthat_api_http`
[INFO] [stdout]   --> tests/search_route.rs:40:40
[INFO] [stdout]    |
[INFO] [stdout] 40 |         readiness: notedthat_api_http::testing::ready_receiver(),
[INFO] [stdout]    |                                        ^^^^^^^ could not find `testing` in `notedthat_api_http`
[INFO] [stdout]    |
[INFO] [stdout] note: found an item that was configured out
[INFO] [stdout]   --> src/lib.rs:18:9
[INFO] [stdout]    |
[INFO] [stdout] 17 | #[cfg(any(test, feature = "test-support"))]
[INFO] [stdout]    |          -------------------------------- the item is gated here
[INFO] [stdout] 18 | pub mod testing;
[INFO] [stdout]    |         ^^^^^^^
[INFO] [stdout] 
[INFO] [stdout] 
[INFO] [stdout] error[E0433]: cannot find `testing` in `notedthat_api_http`
[INFO] [stdout]   --> tests/search_route.rs:61:40
[INFO] [stdout]    |
[INFO] [stdout] 61 |         readiness: notedthat_api_http::testing::ready_receiver(),
[INFO] [stdout]    |                                        ^^^^^^^ could not find `testing` in `notedthat_api_http`
[INFO] [stdout]    |
[INFO] [stdout] note: found an item that was configured out
[INFO] [stdout]   --> src/lib.rs:18:9
[INFO] [stdout]    |
[INFO] [stdout] 17 | #[cfg(any(test, feature = "test-support"))]
[INFO] [stdout]    |          -------------------------------- the item is gated here
[INFO] [stdout] 18 | pub mod testing;
[INFO] [stdout]    |         ^^^^^^^
[INFO] [stdout] 
[INFO] [stdout] 
[INFO] [stdout] error[E0432]: unresolved import `notedthat_api_http::testing`
[INFO] [stdout]   --> tests/search_e2e.rs:23:5
[INFO] [stdout]    |
[INFO] [stdout] 23 |     testing::{InMemoryStorage, NoopSearcher},
[INFO] [stdout]    |     ^^^^^^^ could not find `testing` in `notedthat_api_http`
[INFO] [stdout]    |
[INFO] [stdout] note: found an item that was configured out
[INFO] [stdout]   --> src/lib.rs:18:9
[INFO] [stdout]    |
[INFO] [stdout] 17 | #[cfg(any(test, feature = "test-support"))]
[INFO] [stdout]    |          -------------------------------- the item is gated here
[INFO] [stdout] 18 | pub mod testing;
[INFO] [stdout]    |         ^^^^^^^
[INFO] [stdout] 
[INFO] [stdout] 
[INFO] [stdout] error[E0432]: unresolved import `notedthat_indexer::testing`
[INFO] [stdout]   --> tests/search_e2e.rs:26:24
[INFO] [stdout]    |
[INFO] [stdout] 26 | use notedthat_indexer::testing::InMemoryVectorStore;
[INFO] [stdout]    |                        ^^^^^^^ could not find `testing` in `notedthat_indexer`
[INFO] [stdout]    |
[INFO] [stdout] note: found an item that was configured out
[INFO] [stdout]   --> /opt/rustwide/cargo-home/registry/src/index.crates.io-1949cf8c6b5b557f/notedthat-indexer-0.12.3/src/lib.rs:15:9
[INFO] [stdout]    |
[INFO] [stdout] 14 | #[cfg(feature = "test-support")]
[INFO] [stdout]    |       ------------------------ the item is gated behind the `test-support` feature
[INFO] [stdout] 15 | pub mod testing;
[INFO] [stdout]    |         ^^^^^^^
[INFO] [stdout] 
[INFO] [stdout] 
[INFO] [stdout] error[E0432]: unresolved import `notedthat_api_http::testing`
[INFO] [stdout]   --> tests/browse/fixture.rs:9:25
[INFO] [stdout]    |
[INFO] [stdout]  9 | use notedthat_api_http::testing::{InMemoryStorage, NoopSearcher};
[INFO] [stdout]    |                         ^^^^^^^ could not find `testing` in `notedthat_api_http`
[INFO] [stdout]    |
[INFO] [stdout] note: found an item that was configured out
[INFO] [stdout]   --> src/lib.rs:18:9
[INFO] [stdout]    |
[INFO] [stdout] 17 | #[cfg(any(test, feature = "test-support"))]
[INFO] [stdout]    |          -------------------------------- the item is gated here
[INFO] [stdout] 18 | pub mod testing;
[INFO] [stdout]    |         ^^^^^^^
[INFO] [stdout] 
[INFO] [stdout] 
[INFO] [stdout] error[E0432]: unresolved import `notedthat_api_http::testing`
[INFO] [stdout]   --> tests/browse/search.rs:8:25
[INFO] [stdout]    |
[INFO] [stdout]  8 | use notedthat_api_http::testing::MockSearcher;
[INFO] [stdout]    |                         ^^^^^^^ could not find `testing` in `notedthat_api_http`
[INFO] [stdout]    |
[INFO] [stdout] note: found an item that was configured out
[INFO] [stdout]   --> src/lib.rs:18:9
[INFO] [stdout]    |
[INFO] [stdout] 17 | #[cfg(any(test, feature = "test-support"))]
[INFO] [stdout]    |          -------------------------------- the item is gated here
[INFO] [stdout] 18 | pub mod testing;
[INFO] [stdout]    |         ^^^^^^^
[INFO] [stdout] 
[INFO] [stdout] 
[INFO] [stdout] error[E0432]: unresolved import `notedthat_api_http::testing`
[INFO] [stdout]   --> tests/handlers.rs:11:25
[INFO] [stdout]    |
[INFO] [stdout] 11 | use notedthat_api_http::testing::{InMemoryStorage, ready_receiver, receiver_for};
[INFO] [stdout]    |                         ^^^^^^^ could not find `testing` in `notedthat_api_http`
[INFO] [stdout]    |
[INFO] [stdout] note: found an item that was configured out
[INFO] [stdout]   --> src/lib.rs:18:9
[INFO] [stdout]    |
[INFO] [stdout] 17 | #[cfg(any(test, feature = "test-support"))]
[INFO] [stdout]    |          -------------------------------- the item is gated here
[INFO] [stdout] 18 | pub mod testing;
[INFO] [stdout]    |         ^^^^^^^
[INFO] [stdout] 
[INFO] [stdout] 
[INFO] [stdout] error[E0432]: unresolved import `notedthat_api_http::testing`
[INFO] [stdout]     --> tests/handlers.rs:1134:29
[INFO] [stdout]      |
[INFO] [stdout] 1134 |     use notedthat_api_http::testing::compute_etag;
[INFO] [stdout]      |                             ^^^^^^^ could not find `testing` in `notedthat_api_http`
[INFO] [stdout]      |
[INFO] [stdout] note: found an item that was configured out
[INFO] [stdout]     --> src/lib.rs:18:9
[INFO] [stdout]      |
[INFO] [stdout]   17 | #[cfg(any(test, feature = "test-support"))]
[INFO] [stdout]      |          -------------------------------- the item is gated here
[INFO] [stdout]   18 | pub mod testing;
[INFO] [stdout]      |         ^^^^^^^
[INFO] [stdout] 
[INFO] [stdout] 
[INFO] [stdout] error[E0433]: cannot find `testing` in `notedthat_api_http`
[INFO] [stdout]    --> tests/search_e2e.rs:225:40
[INFO] [stdout]     |
[INFO] [stdout] 225 |         readiness: notedthat_api_http::testing::ready_receiver(),
[INFO] [stdout]     |                                        ^^^^^^^ could not find `testing` in `notedthat_api_http`
[INFO] [stdout]     |
[INFO] [stdout] note: found an item that was configured out
[INFO] [stdout]    --> src/lib.rs:18:9
[INFO] [stdout]     |
[INFO] [stdout]  17 | #[cfg(any(test, feature = "test-support"))]
[INFO] [stdout]     |          -------------------------------- the item is gated here
[INFO] [stdout]  18 | pub mod testing;
[INFO] [stdout]     |         ^^^^^^^
[INFO] [stdout] 
[INFO] [stdout] 
[INFO] [stdout] error[E0433]: cannot find `testing` in `notedthat_api_http`
[INFO] [stdout]    --> tests/browse/fixture.rs:117:40
[INFO] [stdout]     |
[INFO] [stdout] 117 |         readiness: notedthat_api_http::testing::ready_receiver(),
[INFO] [stdout]     |                                        ^^^^^^^ could not find `testing` in `notedthat_api_http`
[INFO] [stdout]     |
[INFO] [stdout] note: found an item that was configured out
[INFO] [stdout]    --> src/lib.rs:18:9
[INFO] [stdout]     |
[INFO] [stdout]  17 | #[cfg(any(test, feature = "test-support"))]
[INFO] [stdout]     |          -------------------------------- the item is gated here
[INFO] [stdout]  18 | pub mod testing;
[INFO] [stdout]     |         ^^^^^^^
[INFO] [stdout] 
[INFO] [stdout] 
[INFO] [stdout] error[E0432]: unresolved import `notedthat_api_http::testing`
[INFO] [stdout]   --> tests/access/fixture.rs:9:25
[INFO] [stdout]    |
[INFO] [stdout]  9 | use notedthat_api_http::testing::{InMemoryStorage, NoopSearcher, RecordingReconcile};
[INFO] [stdout]    |                         ^^^^^^^ could not find `testing` in `notedthat_api_http`
[INFO] [stdout]    |
[INFO] [stdout] note: found an item that was configured out
[INFO] [stdout]   --> src/lib.rs:18:9
[INFO] [stdout]    |
[INFO] [stdout] 17 | #[cfg(any(test, feature = "test-support"))]
[INFO] [stdout]    |          -------------------------------- the item is gated here
[INFO] [stdout] 18 | pub mod testing;
[INFO] [stdout]    |         ^^^^^^^
[INFO] [stdout] 
[INFO] [stdout] 
[INFO] [stdout] error[E0432]: unresolved import `notedthat_core::testing`
[INFO] [stdout]   --> tests/access/fixture.rs:10:21
[INFO] [stdout]    |
[INFO] [stdout] 10 | use notedthat_core::testing::StubTokenVerifier;
[INFO] [stdout]    |                     ^^^^^^^ could not find `testing` in `notedthat_core`
[INFO] [stdout]    |
[INFO] [stdout] note: found an item that was configured out
[INFO] [stdout]   --> /opt/rustwide/cargo-home/registry/src/index.crates.io-1949cf8c6b5b557f/notedthat-core-0.12.3/src/lib.rs:26:9
[INFO] [stdout]    |
[INFO] [stdout] 25 | #[cfg(any(test, feature = "test-support"))]
[INFO] [stdout]    |          -------------------------------- the item is gated here
[INFO] [stdout] 26 | pub mod testing;
[INFO] [stdout]    |         ^^^^^^^
[INFO] [stdout] 
[INFO] [stdout] 
[INFO] [stdout] error[E0432]: unresolved import `notedthat_api_http::testing`
[INFO] [stdout]   --> tests/access/index_reconcile.rs:9:25
[INFO] [stdout]    |
[INFO] [stdout]  9 | use notedthat_api_http::testing::RecordingReconcile;
[INFO] [stdout]    |                         ^^^^^^^ could not find `testing` in `notedthat_api_http`
[INFO] [stdout]    |
[INFO] [stdout] note: found an item that was configured out
[INFO] [stdout]   --> src/lib.rs:18:9
[INFO] [stdout]    |
[INFO] [stdout] 17 | #[cfg(any(test, feature = "test-support"))]
[INFO] [stdout]    |          -------------------------------- the item is gated here
[INFO] [stdout] 18 | pub mod testing;
[INFO] [stdout]    |         ^^^^^^^
[INFO] [stdout] 
[INFO] [stdout] 
[INFO] [stdout] error[E0432]: unresolved import `notedthat_api_http::testing`
[INFO] [stdout]   --> tests/access/pagination.rs:9:25
[INFO] [stdout]    |
[INFO] [stdout]  9 | use notedthat_api_http::testing::{InMemoryStorage, NoopSearcher};
[INFO] [stdout]    |                         ^^^^^^^ could not find `testing` in `notedthat_api_http`
[INFO] [stdout]    |
[INFO] [stdout] note: found an item that was configured out
[INFO] [stdout]   --> src/lib.rs:18:9
[INFO] [stdout]    |
[INFO] [stdout] 17 | #[cfg(any(test, feature = "test-support"))]
[INFO] [stdout]    |          -------------------------------- the item is gated here
[INFO] [stdout] 18 | pub mod testing;
[INFO] [stdout]    |         ^^^^^^^
[INFO] [stdout] 
[INFO] [stdout] 
[INFO] [stdout] error[E0432]: unresolved import `notedthat_api_http::testing`
[INFO] [stdout]   --> tests/access/search.rs:6:25
[INFO] [stdout]    |
[INFO] [stdout]  6 | use notedthat_api_http::testing::MockSearcher;
[INFO] [stdout]    |                         ^^^^^^^ could not find `testing` in `notedthat_api_http`
[INFO] [stdout]    |
[INFO] [stdout] note: found an item that was configured out
[INFO] [stdout]   --> src/lib.rs:18:9
[INFO] [stdout]    |
[INFO] [stdout] 17 | #[cfg(any(test, feature = "test-support"))]
[INFO] [stdout]    |          -------------------------------- the item is gated here
[INFO] [stdout] 18 | pub mod testing;
[INFO] [stdout]    |         ^^^^^^^
[INFO] [stdout] 
[INFO] [stdout] 
[INFO] [stdout] error[E0432]: unresolved import `notedthat_events`
[INFO] [stdout]   --> tests/access/events.rs:15:5
[INFO] [stdout]    |
[INFO] [stdout] 15 | use notedthat_events::MemoryPublisher;
[INFO] [stdout]    |     ^^^^^^^^^^^^^^^^ use of unresolved module or unlinked crate `notedthat_events`
[INFO] [stdout]    |
[INFO] [stdout] help: there is a crate or module with a similar name
[INFO] [stdout]    |
[INFO] [stdout] 15 - use notedthat_events::MemoryPublisher;
[INFO] [stdout] 15 + use notedthat_write::MemoryPublisher;
[INFO] [stdout]    |
[INFO] [stdout] 
[INFO] [stdout] 
[INFO] [stdout] error[E0433]: cannot find `testing` in `notedthat_api_http`
[INFO] [stdout]    --> tests/search_e2e.rs:263:40
[INFO] [stdout]     |
[INFO] [stdout] 263 |         readiness: notedthat_api_http::testing::ready_receiver(),
[INFO] [stdout]     |                                        ^^^^^^^ could not find `testing` in `notedthat_api_http`
[INFO] [stdout]     |
[INFO] [stdout] note: found an item that was configured out
[INFO] [stdout]    --> src/lib.rs:18:9
[INFO] [stdout]     |
[INFO] [stdout]  17 | #[cfg(any(test, feature = "test-support"))]
[INFO] [stdout]     |          -------------------------------- the item is gated here
[INFO] [stdout]  18 | pub mod testing;
[INFO] [stdout]     |         ^^^^^^^
[INFO] [stdout] 
[INFO] [stdout] 
[INFO] [stdout] Some errors have detailed explanations: E0432, E0433.
[INFO] [stdout] 
[INFO] [stdout] For more information about an error, try `rustc --explain E0432`.
[INFO] [stdout] 
[INFO] [stdout] error[E0433]: cannot find `testing` in `notedthat_api_http`
[INFO] [stdout]   --> tests/handlers.rs:52:48
[INFO] [stdout]    |
[INFO] [stdout] 52 |         searcher: Arc::new(notedthat_api_http::testing::NoopSearcher),
[INFO] [stdout]    |                                                ^^^^^^^ could not find `testing` in `notedthat_api_http`
[INFO] [stdout]    |
[INFO] [stdout] note: found an item that was configured out
[INFO] [stdout]   --> src/lib.rs:18:9
[INFO] [stdout]    |
[INFO] [stdout] 17 | #[cfg(any(test, feature = "test-support"))]
[INFO] [stdout]    |          -------------------------------- the item is gated here
[INFO] [stdout] 18 | pub mod testing;
[INFO] [stdout]    |         ^^^^^^^
[INFO] [stdout] 
[INFO] [stdout] 
[INFO] [stderr] error: could not compile `notedthat-api-http` (test "search_route") due to 3 previous errors
[INFO] [stderr] warning: build failed, waiting for other jobs to finish...
[INFO] [stdout] error[E0433]: cannot find `testing` in `notedthat_api_http`
[INFO] [stdout]     --> tests/handlers.rs:1248:48
[INFO] [stdout]      |
[INFO] [stdout] 1248 |         searcher: Arc::new(notedthat_api_http::testing::NoopSearcher),
[INFO] [stdout]      |                                                ^^^^^^^ could not find `testing` in `notedthat_api_http`
[INFO] [stdout]      |
[INFO] [stdout] note: found an item that was configured out
[INFO] [stdout]     --> src/lib.rs:18:9
[INFO] [stdout]      |
[INFO] [stdout]   17 | #[cfg(any(test, feature = "test-support"))]
[INFO] [stdout]      |          -------------------------------- the item is gated here
[INFO] [stdout]   18 | pub mod testing;
[INFO] [stdout]      |         ^^^^^^^
[INFO] [stdout] 
[INFO] [stdout] 
[INFO] [stdout] error[E0433]: cannot find `testing` in `notedthat_api_http`
[INFO] [stdout]    --> tests/access/fixture.rs:240:40
[INFO] [stdout]     |
[INFO] [stdout] 240 |         readiness: notedthat_api_http::testing::ready_receiver(),
[INFO] [stdout]     |                                        ^^^^^^^ could not find `testing` in `notedthat_api_http`
[INFO] [stdout]     |
[INFO] [stdout] note: found an item that was configured out
[INFO] [stdout]    --> src/lib.rs:18:9
[INFO] [stdout]     |
[INFO] [stdout]  17 | #[cfg(any(test, feature = "test-support"))]
[INFO] [stdout]     |          -------------------------------- the item is gated here
[INFO] [stdout]  18 | pub mod testing;
[INFO] [stdout]     |         ^^^^^^^
[INFO] [stdout] 
[INFO] [stdout] 
[INFO] [stdout] error[E0433]: cannot find `testing` in `notedthat_api_http`
[INFO] [stdout]     --> tests/handlers.rs:1251:40
[INFO] [stdout]      |
[INFO] [stdout] 1251 |         readiness: notedthat_api_http::testing::ready_receiver(),
[INFO] [stdout]      |                                        ^^^^^^^ could not find `testing` in `notedthat_api_http`
[INFO] [stdout]      |
[INFO] [stdout] note: found an item that was configured out
[INFO] [stdout]     --> src/lib.rs:18:9
[INFO] [stdout]      |
[INFO] [stdout]   17 | #[cfg(any(test, feature = "test-support"))]
[INFO] [stdout]      |          -------------------------------- the item is gated here
[INFO] [stdout]   18 | pub mod testing;
[INFO] [stdout]      |         ^^^^^^^
[INFO] [stdout] 
[INFO] [stdout] 
[INFO] [stdout] error[E0433]: cannot find `testing` in `notedthat_api_http`
[INFO] [stdout]     --> tests/handlers.rs:1309:48
[INFO] [stdout]      |
[INFO] [stdout] 1309 |         searcher: Arc::new(notedthat_api_http::testing::NoopSearcher),
[INFO] [stdout]      |                                                ^^^^^^^ could not find `testing` in `notedthat_api_http`
[INFO] [stdout]      |
[INFO] [stdout] note: found an item that was configured out
[INFO] [stdout]     --> src/lib.rs:18:9
[INFO] [stdout]      |
[INFO] [stdout]   17 | #[cfg(any(test, feature = "test-support"))]
[INFO] [stdout]      |          -------------------------------- the item is gated here
[INFO] [stdout]   18 | pub mod testing;
[INFO] [stdout]      |         ^^^^^^^
[INFO] [stdout] 
[INFO] [stdout] 
[INFO] [stdout] error[E0433]: cannot find `testing` in `notedthat_api_http`
[INFO] [stdout]   --> tests/access/pagination.rs:54:40
[INFO] [stdout]    |
[INFO] [stdout] 54 |         readiness: notedthat_api_http::testing::ready_receiver(),
[INFO] [stdout]    |                                        ^^^^^^^ could not find `testing` in `notedthat_api_http`
[INFO] [stdout]    |
[INFO] [stdout] note: found an item that was configured out
[INFO] [stdout]   --> src/lib.rs:18:9
[INFO] [stdout]    |
[INFO] [stdout] 17 | #[cfg(any(test, feature = "test-support"))]
[INFO] [stdout]    |          -------------------------------- the item is gated here
[INFO] [stdout] 18 | pub mod testing;
[INFO] [stdout]    |         ^^^^^^^
[INFO] [stdout] 
[INFO] [stdout] 
[INFO] [stdout] error[E0433]: cannot find `testing` in `notedthat_api_http`
[INFO] [stdout]     --> tests/handlers.rs:1312:40
[INFO] [stdout]      |
[INFO] [stdout] 1312 |         readiness: notedthat_api_http::testing::ready_receiver(),
[INFO] [stdout]      |                                        ^^^^^^^ could not find `testing` in `notedthat_api_http`
[INFO] [stdout]      |
[INFO] [stdout] note: found an item that was configured out
[INFO] [stdout]     --> src/lib.rs:18:9
[INFO] [stdout]      |
[INFO] [stdout]   17 | #[cfg(any(test, feature = "test-support"))]
[INFO] [stdout]      |          -------------------------------- the item is gated here
[INFO] [stdout]   18 | pub mod testing;
[INFO] [stdout]      |         ^^^^^^^
[INFO] [stdout] 
[INFO] [stdout] 
[INFO] [stdout] error[E0433]: cannot find `testing` in `notedthat_api_http`
[INFO] [stdout]     --> tests/handlers.rs:1796:48
[INFO] [stdout]      |
[INFO] [stdout] 1796 |         searcher: Arc::new(notedthat_api_http::testing::NoopSearcher),
[INFO] [stdout]      |                                                ^^^^^^^ could not find `testing` in `notedthat_api_http`
[INFO] [stdout]      |
[INFO] [stdout] note: found an item that was configured out
[INFO] [stdout]     --> src/lib.rs:18:9
[INFO] [stdout]      |
[INFO] [stdout]   17 | #[cfg(any(test, feature = "test-support"))]
[INFO] [stdout]      |          -------------------------------- the item is gated here
[INFO] [stdout]   18 | pub mod testing;
[INFO] [stdout]      |         ^^^^^^^
[INFO] [stdout] 
[INFO] [stdout] 
[INFO] [stdout] error[E0433]: cannot find `testing` in `notedthat_api_http`
[INFO] [stdout]    --> tests/access/pagination.rs:242:40
[INFO] [stdout]     |
[INFO] [stdout] 242 |         readiness: notedthat_api_http::testing::ready_receiver(),
[INFO] [stdout]     |                                        ^^^^^^^ could not find `testing` in `notedthat_api_http`
[INFO] [stdout]     |
[INFO] [stdout] note: found an item that was configured out
[INFO] [stdout]    --> src/lib.rs:18:9
[INFO] [stdout]     |
[INFO] [stdout]  17 | #[cfg(any(test, feature = "test-support"))]
[INFO] [stdout]     |          -------------------------------- the item is gated here
[INFO] [stdout]  18 | pub mod testing;
[INFO] [stdout]     |         ^^^^^^^
[INFO] [stdout] 
[INFO] [stdout] 
[INFO] [stdout] Some errors have detailed explanations: E0432, E0433.
[INFO] [stdout] 
[INFO] [stdout] For more information about an error, try `rustc --explain E0432`.
[INFO] [stdout] 
[INFO] [stderr] error: could not compile `notedthat-api-http` (test "search_e2e") due to 4 previous errors
[INFO] [stdout] Some errors have detailed explanations: E0432, E0433.
[INFO] [stdout] 
[INFO] [stdout] For more information about an error, try `rustc --explain E0432`.
[INFO] [stdout] 
[INFO] [stderr] error: could not compile `notedthat-api-http` (test "browse") due to 3 previous errors
[INFO] [stdout] Some errors have detailed explanations: E0432, E0433.
[INFO] [stdout] 
[INFO] [stdout] For more information about an error, try `rustc --explain E0432`.
[INFO] [stdout] 
[INFO] [stderr] error: could not compile `notedthat-api-http` (test "access") due to 9 previous errors
[INFO] [stdout] Some errors have detailed explanations: E0432, E0433.
[INFO] [stdout] 
[INFO] [stdout] For more information about an error, try `rustc --explain E0432`.
[INFO] [stdout] 
[INFO] [stderr] error: could not compile `notedthat-api-http` (test "handlers") due to 8 previous errors
[INFO] [stdout] For more information about this error, try `rustc --explain E0432`.
[INFO] [stdout] 
[INFO] [stderr] error: could not compile `notedthat-api-http` (lib test) due to 1 previous error
[INFO] running `Command { std: "docker" "inspect" "34ba52c9b37b8e28b1ac2120f041ea087fd532b26817e033e56eedc92b4f5048", kill_on_drop: false }`
[INFO] running `Command { std: "docker" "rm" "-f" "34ba52c9b37b8e28b1ac2120f041ea087fd532b26817e033e56eedc92b4f5048", kill_on_drop: false }`
[INFO] [stdout] 34ba52c9b37b8e28b1ac2120f041ea087fd532b26817e033e56eedc92b4f5048
