[INFO] fetching crate nostrdb-social 0.8.0...
[INFO] testing nostrdb-social-0.8.0 against 1.99.0-beta.8+cargoflags=--release for beta-release-1.100-2
[INFO] extracting crate nostrdb-social 0.8.0 into /workspace/builds/worker-0-tc1/source
[INFO] started tweaking crates.io crate nostrdb-social 0.8.0
[INFO] removed 0 missing tests
[INFO] finished tweaking crates.io crate nostrdb-social 0.8.0
[INFO] tweaked toml for crates.io crate nostrdb-social 0.8.0 written to /workspace/builds/worker-0-tc1/source/Cargo.toml
[INFO] validating manifest of crates.io crate nostrdb-social 0.8.0 on toolchain 1.99.0-beta.8
[INFO] running `Command { std: CARGO_HOME="/workspace/cargo-home" RUSTUP_HOME="/workspace/rustup-home" "/workspace/cargo-home/bin/cargo" "+1.99.0-beta.8" "metadata" "--manifest-path" "Cargo.toml" "--no-deps", kill_on_drop: false }`
[INFO] crate crates.io crate nostrdb-social 0.8.0 already has a lockfile, it will not be regenerated
[INFO] running `Command { std: CARGO_HOME="/workspace/cargo-home" RUSTUP_HOME="/workspace/rustup-home" "/workspace/cargo-home/bin/cargo" "+1.99.0-beta.8" "fetch" "--manifest-path" "Cargo.toml", kill_on_drop: false }`
[INFO] [stderr]  Downloading crates ...
[INFO] [stderr]   Downloaded flatbuffers v23.5.26
[INFO] running `Command { std: "docker" "create" "-v" "/var/lib/crater-agent-workspace/builds/worker-0-tc1/source:/opt/rustwide/workdir:ro,Z" "-v" "/var/lib/crater-agent-workspace/builds/worker-0-tc1/target:/opt/rustwide/target:rw,Z" "-v" "/var/lib/crater-agent-workspace/cargo-home:/opt/rustwide/cargo-home:ro,Z" "-v" "/var/lib/crater-agent-workspace/rustup-home:/opt/rustwide/rustup-home:ro,Z" "-m" "1610612736" "--network" "none" "ghcr.io/rust-lang/crates-build-env/linux@sha256:77db811e55d90add9212f6832c23229e3de5f1c1f9905e8cb07319ea15df73ac" "sleep" "infinity", kill_on_drop: false }`
[INFO] [stdout] ecab5e6f29a8e3baf8e48d8953efafd87ce783fa4a33ac2731fecdd104945b7e
[INFO] running `Command { std: "docker" "start" "ecab5e6f29a8e3baf8e48d8953efafd87ce783fa4a33ac2731fecdd104945b7e", kill_on_drop: false }`
[INFO] running `Command { std: "docker" "inspect" "ecab5e6f29a8e3baf8e48d8953efafd87ce783fa4a33ac2731fecdd104945b7e", kill_on_drop: false }`
[INFO] running `Command { std: "docker" "exec" "-e" "SOURCE_DIR=/opt/rustwide/workdir" "-e" "CARGO_HOME=/opt/rustwide/cargo-home" "-e" "RUSTUP_HOME=/opt/rustwide/rustup-home" "-e" "CARGO_TARGET_DIR=/opt/rustwide/target" "-w" "/opt/rustwide/workdir" "--user" "0:0" "ecab5e6f29a8e3baf8e48d8953efafd87ce783fa4a33ac2731fecdd104945b7e" "/opt/rustwide/cargo-home/bin/cargo" "+1.99.0-beta.8" "metadata" "--no-deps" "--format-version=1", kill_on_drop: false }`
[INFO] running `Command { std: "docker" "inspect" "ecab5e6f29a8e3baf8e48d8953efafd87ce783fa4a33ac2731fecdd104945b7e", kill_on_drop: false }`
[INFO] running `Command { std: "docker" "exec" "-e" "SOURCE_DIR=/opt/rustwide/workdir" "-e" "CARGO_HOME=/opt/rustwide/cargo-home" "-e" "RUSTUP_HOME=/opt/rustwide/rustup-home" "-e" "CARGO_TARGET_DIR=/opt/rustwide/target" "-e" "CARGO_INCREMENTAL=0" "-e" "RUST_BACKTRACE=full" "-e" "RUSTFLAGS=--cap-lints=warn" "-e" "RUSTDOCFLAGS=--cap-lints=warn" "-w" "/opt/rustwide/workdir" "--user" "0:0" "ecab5e6f29a8e3baf8e48d8953efafd87ce783fa4a33ac2731fecdd104945b7e" "/opt/rustwide/cargo-home/bin/cargo" "+1.99.0-beta.8" "build" "--frozen" "--message-format=json" "--release", kill_on_drop: false }`
[INFO] [stderr]    Compiling libc v0.2.177
[INFO] [stderr]    Compiling memchr v2.7.6
[INFO] [stderr]    Compiling either v1.15.0
[INFO] [stderr]    Compiling regex-syntax v0.8.8
[INFO] [stderr]    Compiling bitflags v2.10.0
[INFO] [stderr]    Compiling bindgen v0.69.5
[INFO] [stderr]    Compiling clang-sys v1.8.1
[INFO] [stderr]    Compiling futures-sink v0.3.31
[INFO] [stderr]    Compiling futures-core v0.3.31
[INFO] [stderr]    Compiling semver v1.0.27
[INFO] [stderr]    Compiling syn v2.0.109
[INFO] [stderr]    Compiling lazycell v1.3.0
[INFO] [stderr]    Compiling rustc-hash v1.1.0
[INFO] [stderr]    Compiling find-msvc-tools v0.1.4
[INFO] [stderr]    Compiling tracing-core v0.1.34
[INFO] [stderr]    Compiling bitflags v1.3.2
[INFO] [stderr]    Compiling futures-channel v0.3.31
[INFO] [stderr]    Compiling rustix v0.38.44
[INFO] [stderr]    Compiling cc v1.2.44
[INFO] [stderr]    Compiling itertools v0.12.1
[INFO] [stderr]    Compiling rustc_version v0.4.1
[INFO] [stderr]    Compiling flatbuffers v23.5.26
[INFO] [stderr]    Compiling nom v7.1.3
[INFO] [stderr]    Compiling regex-automata v0.4.13
[INFO] [stderr]    Compiling cexpr v0.6.0
[INFO] [stderr]    Compiling which v4.4.2
[INFO] [stderr]    Compiling regex v1.12.2
[INFO] [stderr]    Compiling prettyplease v0.2.37
[INFO] [stderr]    Compiling futures-macro v0.3.31
[INFO] [stderr]    Compiling thiserror-impl v2.0.17
[INFO] [stderr]    Compiling tracing-attributes v0.1.30
[INFO] [stderr]    Compiling tokio-macros v2.6.0
[INFO] [stderr]    Compiling tokio v1.48.0
[INFO] [stderr]    Compiling futures-util v0.3.31
[INFO] [stderr]    Compiling tracing v0.1.41
[INFO] [stderr]    Compiling thiserror v2.0.17
[INFO] [stderr]    Compiling futures-executor v0.3.31
[INFO] [stderr]    Compiling futures v0.3.31
[INFO] [stderr]    Compiling nostrdb-social v0.8.0 (/opt/rustwide/workdir)
[INFO] [stderr] warning: nostrdb-social@0.8.0: nostrdb/src/bolt11/bech32.c:45:31: warning: initializer-string for array of 'char' truncates NUL terminator but destination lacks 'nonstring' attribute (33 chars into 32 available) [-Wunterminated-string-initialization]
[INFO] [stderr] warning: nostrdb-social@0.8.0:    45 | const char bech32_charset[] = "qpzry9x8gf2tvdw0s3jn54khce6mua7l";
[INFO] [stderr] warning: nostrdb-social@0.8.0:       |                               ^~~~~~~~~~~~~~~~~~~~~~~~~~~~~~~~~~
[INFO] [stderr] warning: nostrdb-social@0.8.0: In file included from nostrdb/deps/secp256k1/src/secp256k1.c:812:
[INFO] [stderr] warning: nostrdb-social@0.8.0: nostrdb/deps/secp256k1/src/modules/schnorrsig/main_impl.h:48:46: warning: initializer-string for array of 'unsigned char' truncates NUL terminator but destination lacks 'nonstring' attribute (14 chars into 13 available) [-Wunterminated-string-initialization]
[INFO] [stderr] warning: nostrdb-social@0.8.0:    48 | static const unsigned char bip340_algo[13] = "BIP0340/nonce";
[INFO] [stderr] warning: nostrdb-social@0.8.0:       |                                              ^~~~~~~~~~~~~~~
[INFO] [stdout] warning: suspicious definition of the runtime `memcmp` symbol used by the standard library
[INFO] [stdout]     --> src/bindings_posix.rs:2602:5
[INFO] [stdout]      |
[INFO] [stdout] 2602 | /     pub fn memcmp(
[INFO] [stdout] 2603 | |         __s1: *const ::std::os::raw::c_void,
[INFO] [stdout] 2604 | |         __s2: *const ::std::os::raw::c_void,
[INFO] [stdout] 2605 | |         __n: ::std::os::raw::c_ulong,
[INFO] [stdout] 2606 | |     ) -> ::std::os::raw::c_int;
[INFO] [stdout]      | |_______________________________^
[INFO] [stdout]      |
[INFO] [stdout]      = note: expected `unsafe extern "C" fn(*const c_void, *const c_void, usize) -> i32` (for the current target)
[INFO] [stdout]              found    `unsafe extern "C" fn(*const c_void, *const c_void, u64) -> i32`
[INFO] [stdout]      = help: either fix the signature or remove any attributes like `#[unsafe(no_mangle)]`, `#[unsafe(export_name = "memcmp")]`, or `#[link_name = "memcmp"]`
[INFO] [stdout]      = help: allow this lint if the signature is compatible
[INFO] [stdout]      = note: `#[warn(suspicious_runtime_symbol_definitions)]` on by default
[INFO] [stdout] 
[INFO] [stdout] 
[INFO] [stdout] warning: suspicious definition of the runtime `memcpy` symbol used by the standard library
[INFO] [stdout]     --> src/bindings_posix.rs:2609:5
[INFO] [stdout]      |
[INFO] [stdout] 2609 | /     pub fn memcpy(
[INFO] [stdout] 2610 | |         __dst: *mut ::std::os::raw::c_void,
[INFO] [stdout] 2611 | |         __src: *const ::std::os::raw::c_void,
[INFO] [stdout] 2612 | |         __n: ::std::os::raw::c_ulong,
[INFO] [stdout] 2613 | |     ) -> *mut ::std::os::raw::c_void;
[INFO] [stdout]      | |_____________________________________^
[INFO] [stdout]      |
[INFO] [stdout]      = note: expected `unsafe extern "C" fn(*mut c_void, *const c_void, usize) -> *mut c_void` (for the current target)
[INFO] [stdout]              found    `unsafe extern "C" fn(*mut c_void, *const c_void, u64) -> *mut c_void`
[INFO] [stdout]      = help: either fix the signature or remove any attributes like `#[unsafe(no_mangle)]`, `#[unsafe(export_name = "memcpy")]`, or `#[link_name = "memcpy"]`
[INFO] [stdout]      = help: allow this lint if the signature is compatible
[INFO] [stdout] 
[INFO] [stdout] 
[INFO] [stdout] warning: suspicious definition of the runtime `memmove` symbol used by the standard library
[INFO] [stdout]     --> src/bindings_posix.rs:2616:5
[INFO] [stdout]      |
[INFO] [stdout] 2616 | /     pub fn memmove(
[INFO] [stdout] 2617 | |         __dst: *mut ::std::os::raw::c_void,
[INFO] [stdout] 2618 | |         __src: *const ::std::os::raw::c_void,
[INFO] [stdout] 2619 | |         __len: ::std::os::raw::c_ulong,
[INFO] [stdout] 2620 | |     ) -> *mut ::std::os::raw::c_void;
[INFO] [stdout]      | |_____________________________________^
[INFO] [stdout]      |
[INFO] [stdout]      = note: expected `unsafe extern "C" fn(*mut c_void, *const c_void, usize) -> *mut c_void` (for the current target)
[INFO] [stdout]              found    `unsafe extern "C" fn(*mut c_void, *const c_void, u64) -> *mut c_void`
[INFO] [stdout]      = help: either fix the signature or remove any attributes like `#[unsafe(no_mangle)]`, `#[unsafe(export_name = "memmove")]`, or `#[link_name = "memmove"]`
[INFO] [stdout]      = help: allow this lint if the signature is compatible
[INFO] [stdout] 
[INFO] [stdout] 
[INFO] [stdout] warning: suspicious definition of the runtime `memset` symbol used by the standard library
[INFO] [stdout]     --> src/bindings_posix.rs:2623:5
[INFO] [stdout]      |
[INFO] [stdout] 2623 | /     pub fn memset(
[INFO] [stdout] 2624 | |         __b: *mut ::std::os::raw::c_void,
[INFO] [stdout] 2625 | |         __c: ::std::os::raw::c_int,
[INFO] [stdout] 2626 | |         __len: ::std::os::raw::c_ulong,
[INFO] [stdout] 2627 | |     ) -> *mut ::std::os::raw::c_void;
[INFO] [stdout]      | |_____________________________________^
[INFO] [stdout]      |
[INFO] [stdout]      = note: expected `unsafe extern "C" fn(*mut c_void, i32, usize) -> *mut c_void` (for the current target)
[INFO] [stdout]              found    `unsafe extern "C" fn(*mut c_void, i32, u64) -> *mut c_void`
[INFO] [stdout]      = help: either fix the signature or remove any attributes like `#[unsafe(no_mangle)]`, `#[unsafe(export_name = "memset")]`, or `#[link_name = "memset"]`
[INFO] [stdout]      = help: allow this lint if the signature is compatible
[INFO] [stdout] 
[INFO] [stdout] 
[INFO] [stdout] warning: suspicious definition of the runtime `strlen` symbol used by the standard library
[INFO] [stdout]     --> src/bindings_posix.rs:2669:5
[INFO] [stdout]      |
[INFO] [stdout] 2669 |     pub fn strlen(__s: *const ::std::os::raw::c_char) -> ::std::os::raw::c_ulong;
[INFO] [stdout]      |     ^^^^^^^^^^^^^^^^^^^^^^^^^^^^^^^^^^^^^^^^^^^^^^^^^^^^^^^^^^^^^^^^^^^^^^^^^^^^^
[INFO] [stdout]      |
[INFO] [stdout]      = note: expected `unsafe extern "C" fn(*const i8) -> usize` (for the current target)
[INFO] [stdout]              found    `unsafe extern "C" fn(*const i8) -> u64`
[INFO] [stdout]      = help: either fix the signature or remove any attributes like `#[unsafe(no_mangle)]`, `#[unsafe(export_name = "strlen")]`, or `#[link_name = "strlen"]`
[INFO] [stdout]      = help: allow this lint if the signature is compatible
[INFO] [stdout] 
[INFO] [stdout] 
[INFO] [stdout] warning: suspicious definition of the runtime `bcmp` symbol used by the standard library
[INFO] [stdout]     --> src/bindings_posix.rs:2882:5
[INFO] [stdout]      |
[INFO] [stdout] 2882 | /     pub fn bcmp(
[INFO] [stdout] 2883 | |         arg1: *const ::std::os::raw::c_void,
[INFO] [stdout] 2884 | |         arg2: *const ::std::os::raw::c_void,
[INFO] [stdout] 2885 | |         __n: ::std::os::raw::c_ulong,
[INFO] [stdout] 2886 | |     ) -> ::std::os::raw::c_int;
[INFO] [stdout]      | |_______________________________^
[INFO] [stdout]      |
[INFO] [stdout]      = note: expected `unsafe extern "C" fn(*const c_void, *const c_void, usize) -> i32` (for the current target)
[INFO] [stdout]              found    `unsafe extern "C" fn(*const c_void, *const c_void, u64) -> i32`
[INFO] [stdout]      = help: either fix the signature or remove any attributes like `#[unsafe(no_mangle)]`, `#[unsafe(export_name = "bcmp")]`, or `#[link_name = "bcmp"]`
[INFO] [stdout]      = help: allow this lint if the signature is compatible
[INFO] [stdout] 
[INFO] [stdout] 
[INFO] [stderr]     Finished `release` profile [optimized] target(s) in 22.34s
[INFO] running `Command { std: "docker" "inspect" "ecab5e6f29a8e3baf8e48d8953efafd87ce783fa4a33ac2731fecdd104945b7e", kill_on_drop: false }`
[INFO] running `Command { std: "docker" "exec" "-e" "SOURCE_DIR=/opt/rustwide/workdir" "-e" "CARGO_HOME=/opt/rustwide/cargo-home" "-e" "RUSTUP_HOME=/opt/rustwide/rustup-home" "-e" "CARGO_TARGET_DIR=/opt/rustwide/target" "-e" "CARGO_INCREMENTAL=0" "-e" "RUST_BACKTRACE=full" "-e" "RUSTFLAGS=--cap-lints=warn" "-e" "RUSTDOCFLAGS=--cap-lints=warn" "-w" "/opt/rustwide/workdir" "--user" "0:0" "ecab5e6f29a8e3baf8e48d8953efafd87ce783fa4a33ac2731fecdd104945b7e" "/opt/rustwide/cargo-home/bin/cargo" "+1.99.0-beta.8" "test" "--frozen" "--no-run" "--message-format=json" "--release", kill_on_drop: false }`
[INFO] [stderr] warning: nostrdb-social@0.8.0: nostrdb/src/bolt11/bech32.c:45:31: warning: initializer-string for array of 'char' truncates NUL terminator but destination lacks 'nonstring' attribute (33 chars into 32 available) [-Wunterminated-string-initialization]
[INFO] [stderr] warning: nostrdb-social@0.8.0:    45 | const char bech32_charset[] = "qpzry9x8gf2tvdw0s3jn54khce6mua7l";
[INFO] [stderr] warning: nostrdb-social@0.8.0:       |                               ^~~~~~~~~~~~~~~~~~~~~~~~~~~~~~~~~~
[INFO] [stderr] warning: nostrdb-social@0.8.0: In file included from nostrdb/deps/secp256k1/src/secp256k1.c:812:
[INFO] [stderr] warning: nostrdb-social@0.8.0: nostrdb/deps/secp256k1/src/modules/schnorrsig/main_impl.h:48:46: warning: initializer-string for array of 'unsigned char' truncates NUL terminator but destination lacks 'nonstring' attribute (14 chars into 13 available) [-Wunterminated-string-initialization]
[INFO] [stderr] warning: nostrdb-social@0.8.0:    48 | static const unsigned char bip340_algo[13] = "BIP0340/nonce";
[INFO] [stderr] warning: nostrdb-social@0.8.0:       |                                              ^~~~~~~~~~~~~~~
[INFO] [stdout] warning: suspicious definition of the runtime `memcmp` symbol used by the standard library
[INFO] [stdout]     --> src/bindings_posix.rs:2602:5
[INFO] [stdout]      |
[INFO] [stdout] 2602 | /     pub fn memcmp(
[INFO] [stdout] 2603 | |         __s1: *const ::std::os::raw::c_void,
[INFO] [stdout] 2604 | |         __s2: *const ::std::os::raw::c_void,
[INFO] [stdout] 2605 | |         __n: ::std::os::raw::c_ulong,
[INFO] [stdout] 2606 | |     ) -> ::std::os::raw::c_int;
[INFO] [stdout]      | |_______________________________^
[INFO] [stdout]      |
[INFO] [stdout]      = note: expected `unsafe extern "C" fn(*const c_void, *const c_void, usize) -> i32` (for the current target)
[INFO] [stdout]              found    `unsafe extern "C" fn(*const c_void, *const c_void, u64) -> i32`
[INFO] [stdout]      = help: either fix the signature or remove any attributes like `#[unsafe(no_mangle)]`, `#[unsafe(export_name = "memcmp")]`, or `#[link_name = "memcmp"]`
[INFO] [stdout]      = help: allow this lint if the signature is compatible
[INFO] [stdout]      = note: `#[warn(suspicious_runtime_symbol_definitions)]` on by default
[INFO] [stdout] 
[INFO] [stdout] 
[INFO] [stdout] warning: suspicious definition of the runtime `memcpy` symbol used by the standard library
[INFO] [stdout]     --> src/bindings_posix.rs:2609:5
[INFO] [stdout]      |
[INFO] [stdout] 2609 | /     pub fn memcpy(
[INFO] [stdout] 2610 | |         __dst: *mut ::std::os::raw::c_void,
[INFO] [stdout] 2611 | |         __src: *const ::std::os::raw::c_void,
[INFO] [stdout] 2612 | |         __n: ::std::os::raw::c_ulong,
[INFO] [stdout] 2613 | |     ) -> *mut ::std::os::raw::c_void;
[INFO] [stdout]      | |_____________________________________^
[INFO] [stdout]      |
[INFO] [stdout]      = note: expected `unsafe extern "C" fn(*mut c_void, *const c_void, usize) -> *mut c_void` (for the current target)
[INFO] [stdout]              found    `unsafe extern "C" fn(*mut c_void, *const c_void, u64) -> *mut c_void`
[INFO] [stdout]      = help: either fix the signature or remove any attributes like `#[unsafe(no_mangle)]`, `#[unsafe(export_name = "memcpy")]`, or `#[link_name = "memcpy"]`
[INFO] [stdout]      = help: allow this lint if the signature is compatible
[INFO] [stdout] 
[INFO] [stdout] 
[INFO] [stdout] warning: suspicious definition of the runtime `memmove` symbol used by the standard library
[INFO] [stdout]     --> src/bindings_posix.rs:2616:5
[INFO] [stdout]      |
[INFO] [stdout] 2616 | /     pub fn memmove(
[INFO] [stdout] 2617 | |         __dst: *mut ::std::os::raw::c_void,
[INFO] [stdout] 2618 | |         __src: *const ::std::os::raw::c_void,
[INFO] [stdout] 2619 | |         __len: ::std::os::raw::c_ulong,
[INFO] [stdout] 2620 | |     ) -> *mut ::std::os::raw::c_void;
[INFO] [stdout]      | |_____________________________________^
[INFO] [stdout]      |
[INFO] [stdout]      = note: expected `unsafe extern "C" fn(*mut c_void, *const c_void, usize) -> *mut c_void` (for the current target)
[INFO] [stdout]              found    `unsafe extern "C" fn(*mut c_void, *const c_void, u64) -> *mut c_void`
[INFO] [stdout]      = help: either fix the signature or remove any attributes like `#[unsafe(no_mangle)]`, `#[unsafe(export_name = "memmove")]`, or `#[link_name = "memmove"]`
[INFO] [stdout]      = help: allow this lint if the signature is compatible
[INFO] [stdout] 
[INFO] [stdout] 
[INFO] [stdout] warning: suspicious definition of the runtime `memset` symbol used by the standard library
[INFO] [stdout]     --> src/bindings_posix.rs:2623:5
[INFO] [stdout]      |
[INFO] [stdout] 2623 | /     pub fn memset(
[INFO] [stdout] 2624 | |         __b: *mut ::std::os::raw::c_void,
[INFO] [stdout] 2625 | |         __c: ::std::os::raw::c_int,
[INFO] [stdout] 2626 | |         __len: ::std::os::raw::c_ulong,
[INFO] [stdout] 2627 | |     ) -> *mut ::std::os::raw::c_void;
[INFO] [stdout]      | |_____________________________________^
[INFO] [stdout]      |
[INFO] [stdout]      = note: expected `unsafe extern "C" fn(*mut c_void, i32, usize) -> *mut c_void` (for the current target)
[INFO] [stdout]              found    `unsafe extern "C" fn(*mut c_void, i32, u64) -> *mut c_void`
[INFO] [stdout]      = help: either fix the signature or remove any attributes like `#[unsafe(no_mangle)]`, `#[unsafe(export_name = "memset")]`, or `#[link_name = "memset"]`
[INFO] [stdout]      = help: allow this lint if the signature is compatible
[INFO] [stdout] 
[INFO] [stdout] 
[INFO] [stdout] warning: suspicious definition of the runtime `strlen` symbol used by the standard library
[INFO] [stdout]     --> src/bindings_posix.rs:2669:5
[INFO] [stdout]      |
[INFO] [stdout] 2669 |     pub fn strlen(__s: *const ::std::os::raw::c_char) -> ::std::os::raw::c_ulong;
[INFO] [stdout]      |     ^^^^^^^^^^^^^^^^^^^^^^^^^^^^^^^^^^^^^^^^^^^^^^^^^^^^^^^^^^^^^^^^^^^^^^^^^^^^^
[INFO] [stdout]      |
[INFO] [stdout]      = note: expected `unsafe extern "C" fn(*const i8) -> usize` (for the current target)
[INFO] [stdout]              found    `unsafe extern "C" fn(*const i8) -> u64`
[INFO] [stdout]      = help: either fix the signature or remove any attributes like `#[unsafe(no_mangle)]`, `#[unsafe(export_name = "strlen")]`, or `#[link_name = "strlen"]`
[INFO] [stdout]      = help: allow this lint if the signature is compatible
[INFO] [stdout] 
[INFO] [stdout] 
[INFO] [stdout] warning: suspicious definition of the runtime `bcmp` symbol used by the standard library
[INFO] [stdout]     --> src/bindings_posix.rs:2882:5
[INFO] [stdout]      |
[INFO] [stdout] 2882 | /     pub fn bcmp(
[INFO] [stdout] 2883 | |         arg1: *const ::std::os::raw::c_void,
[INFO] [stdout] 2884 | |         arg2: *const ::std::os::raw::c_void,
[INFO] [stdout] 2885 | |         __n: ::std::os::raw::c_ulong,
[INFO] [stdout] 2886 | |     ) -> ::std::os::raw::c_int;
[INFO] [stdout]      | |_______________________________^
[INFO] [stdout]      |
[INFO] [stdout]      = note: expected `unsafe extern "C" fn(*const c_void, *const c_void, usize) -> i32` (for the current target)
[INFO] [stdout]              found    `unsafe extern "C" fn(*const c_void, *const c_void, u64) -> i32`
[INFO] [stdout]      = help: either fix the signature or remove any attributes like `#[unsafe(no_mangle)]`, `#[unsafe(export_name = "bcmp")]`, or `#[link_name = "bcmp"]`
[INFO] [stdout]      = help: allow this lint if the signature is compatible
[INFO] [stdout] 
[INFO] [stdout] 
[INFO] [stderr]    Compiling nostrdb-social v0.8.0 (/opt/rustwide/workdir)
[INFO] [stdout] error[E0432]: unresolved import `nostrdb`
[INFO] [stdout]  --> tests/socialgraph_test.rs:1:5
[INFO] [stdout]   |
[INFO] [stdout] 1 | use nostrdb::{Config, Ndb, Transaction};
[INFO] [stdout]   |     ^^^^^^^ use of unresolved module or unlinked crate `nostrdb`
[INFO] [stdout]   |
[INFO] [stdout]   = help: if you wanted to use a crate named `nostrdb`, use `cargo add nostrdb` to add it to your `Cargo.toml`
[INFO] [stdout] 
[INFO] [stdout] 
[INFO] [stdout] error[E0433]: cannot find module or crate `nostrdb` in this scope
[INFO] [stdout]   --> tests/socialgraph_test.rs:83:21
[INFO] [stdout]    |
[INFO] [stdout] 83 |     let root_dist = nostrdb::socialgraph::get_follow_distance(&txn, &ndb, &root_pk);
[INFO] [stdout]    |                     ^^^^^^^ use of unresolved module or unlinked crate `nostrdb`
[INFO] [stdout]    |
[INFO] [stdout]    = help: if you wanted to use a crate named `nostrdb`, use `cargo add nostrdb` to add it to your `Cargo.toml`
[INFO] [stdout] 
[INFO] [stdout] 
[INFO] [stdout] error[E0433]: cannot find module or crate `nostrdb` in this scope
[INFO] [stdout]   --> tests/socialgraph_test.rs:84:22
[INFO] [stdout]    |
[INFO] [stdout] 84 |     let alice_dist = nostrdb::socialgraph::get_follow_distance(&txn, &ndb, &alice_pk);
[INFO] [stdout]    |                      ^^^^^^^ use of unresolved module or unlinked crate `nostrdb`
[INFO] [stdout]    |
[INFO] [stdout]    = help: if you wanted to use a crate named `nostrdb`, use `cargo add nostrdb` to add it to your `Cargo.toml`
[INFO] [stdout] 
[INFO] [stdout] 
[INFO] [stdout] error[E0433]: cannot find module or crate `nostrdb` in this scope
[INFO] [stdout]   --> tests/socialgraph_test.rs:85:20
[INFO] [stdout]    |
[INFO] [stdout] 85 |     let bob_dist = nostrdb::socialgraph::get_follow_distance(&txn, &ndb, &bob_pk);
[INFO] [stdout]    |                    ^^^^^^^ use of unresolved module or unlinked crate `nostrdb`
[INFO] [stdout]    |
[INFO] [stdout]    = help: if you wanted to use a crate named `nostrdb`, use `cargo add nostrdb` to add it to your `Cargo.toml`
[INFO] [stdout] 
[INFO] [stdout] 
[INFO] [stdout] error[E0433]: cannot find module or crate `nostrdb` in this scope
[INFO] [stdout]   --> tests/socialgraph_test.rs:86:22
[INFO] [stdout]    |
[INFO] [stdout] 86 |     let carol_dist = nostrdb::socialgraph::get_follow_distance(&txn, &ndb, &carol_pk);
[INFO] [stdout]    |                      ^^^^^^^ use of unresolved module or unlinked crate `nostrdb`
[INFO] [stdout]    |
[INFO] [stdout]    = help: if you wanted to use a crate named `nostrdb`, use `cargo add nostrdb` to add it to your `Cargo.toml`
[INFO] [stdout] 
[INFO] [stdout] 
[INFO] [stdout] error[E0433]: cannot find module or crate `nostrdb` in this scope
[INFO] [stdout]    --> tests/socialgraph_test.rs:123:13
[INFO] [stdout]     |
[INFO] [stdout] 123 |     assert!(nostrdb::socialgraph::is_following(&txn, &ndb, &root_pk, &alice_pk));
[INFO] [stdout]     |             ^^^^^^^ use of unresolved module or unlinked crate `nostrdb`
[INFO] [stdout]     |
[INFO] [stdout]     = help: if you wanted to use a crate named `nostrdb`, use `cargo add nostrdb` to add it to your `Cargo.toml`
[INFO] [stdout] 
[INFO] [stdout] 
[INFO] [stdout] error[E0433]: cannot find module or crate `nostrdb` in this scope
[INFO] [stdout]    --> tests/socialgraph_test.rs:124:14
[INFO] [stdout]     |
[INFO] [stdout] 124 |     assert!(!nostrdb::socialgraph::is_following(&txn, &ndb, &root_pk, &bob_pk));
[INFO] [stdout]     |              ^^^^^^^ use of unresolved module or unlinked crate `nostrdb`
[INFO] [stdout]     |
[INFO] [stdout]     = help: if you wanted to use a crate named `nostrdb`, use `cargo add nostrdb` to add it to your `Cargo.toml`
[INFO] [stdout] 
[INFO] [stdout] 
[INFO] [stdout] error[E0433]: cannot find module or crate `nostrdb` in this scope
[INFO] [stdout]    --> tests/socialgraph_test.rs:125:14
[INFO] [stdout]     |
[INFO] [stdout] 125 |     assert!(!nostrdb::socialgraph::is_following(&txn, &ndb, &alice_pk, &root_pk));
[INFO] [stdout]     |              ^^^^^^^ use of unresolved module or unlinked crate `nostrdb`
[INFO] [stdout]     |
[INFO] [stdout]     = help: if you wanted to use a crate named `nostrdb`, use `cargo add nostrdb` to add it to your `Cargo.toml`
[INFO] [stdout] 
[INFO] [stdout] 
[INFO] [stdout] error[E0433]: cannot find module or crate `nostrdb` in this scope
[INFO] [stdout]    --> tests/socialgraph_test.rs:151:20
[INFO] [stdout]     |
[INFO] [stdout] 151 |     let followed = nostrdb::socialgraph::get_followed(&txn, &ndb, &root_pk, 10);
[INFO] [stdout]     |                    ^^^^^^^ use of unresolved module or unlinked crate `nostrdb`
[INFO] [stdout]     |
[INFO] [stdout]     = help: if you wanted to use a crate named `nostrdb`, use `cargo add nostrdb` to add it to your `Cargo.toml`
[INFO] [stdout] 
[INFO] [stdout] 
[INFO] [stdout] error[E0433]: cannot find module or crate `nostrdb` in this scope
[INFO] [stdout]    --> tests/socialgraph_test.rs:183:17
[INFO] [stdout]     |
[INFO] [stdout] 183 |     let count = nostrdb::socialgraph::follower_count(&txn, &ndb, &alice_pk);
[INFO] [stdout]     |                 ^^^^^^^ use of unresolved module or unlinked crate `nostrdb`
[INFO] [stdout]     |
[INFO] [stdout]     = help: if you wanted to use a crate named `nostrdb`, use `cargo add nostrdb` to add it to your `Cargo.toml`
[INFO] [stdout] 
[INFO] [stdout] 
[INFO] [stdout] error[E0433]: cannot find module or crate `nostrdb` in this scope
[INFO] [stdout]    --> tests/socialgraph_test.rs:210:13
[INFO] [stdout]     |
[INFO] [stdout] 210 |     assert!(nostrdb::socialgraph::is_muting(&txn, &ndb, &alice_pk, &bob_pk));
[INFO] [stdout]     |             ^^^^^^^ use of unresolved module or unlinked crate `nostrdb`
[INFO] [stdout]     |
[INFO] [stdout]     = help: if you wanted to use a crate named `nostrdb`, use `cargo add nostrdb` to add it to your `Cargo.toml`
[INFO] [stdout] 
[INFO] [stdout] 
[INFO] [stdout] error[E0433]: cannot find module or crate `nostrdb` in this scope
[INFO] [stdout]    --> tests/socialgraph_test.rs:211:14
[INFO] [stdout]     |
[INFO] [stdout] 211 |     assert!(!nostrdb::socialgraph::is_muting(&txn, &ndb, &alice_pk, &root_pk));
[INFO] [stdout]     |              ^^^^^^^ use of unresolved module or unlinked crate `nostrdb`
[INFO] [stdout]     |
[INFO] [stdout]     = help: if you wanted to use a crate named `nostrdb`, use `cargo add nostrdb` to add it to your `Cargo.toml`
[INFO] [stdout] 
[INFO] [stdout] 
[INFO] [stdout] error[E0433]: cannot find module or crate `nostrdb` in this scope
[INFO] [stdout]    --> tests/socialgraph_test.rs:212:14
[INFO] [stdout]     |
[INFO] [stdout] 212 |     assert!(!nostrdb::socialgraph::is_muting(&txn, &ndb, &bob_pk, &alice_pk));
[INFO] [stdout]     |              ^^^^^^^ use of unresolved module or unlinked crate `nostrdb`
[INFO] [stdout]     |
[INFO] [stdout]     = help: if you wanted to use a crate named `nostrdb`, use `cargo add nostrdb` to add it to your `Cargo.toml`
[INFO] [stdout] 
[INFO] [stdout] 
[INFO] [stdout] error[E0433]: cannot find module or crate `nostrdb` in this scope
[INFO] [stdout]    --> tests/socialgraph_test.rs:238:17
[INFO] [stdout]     |
[INFO] [stdout] 238 |     let muted = nostrdb::socialgraph::get_muted(&txn, &ndb, &root_pk, 10);
[INFO] [stdout]     |                 ^^^^^^^ use of unresolved module or unlinked crate `nostrdb`
[INFO] [stdout]     |
[INFO] [stdout]     = help: if you wanted to use a crate named `nostrdb`, use `cargo add nostrdb` to add it to your `Cargo.toml`
[INFO] [stdout] 
[INFO] [stdout] 
[INFO] [stdout] error[E0433]: cannot find module or crate `nostrdb` in this scope
[INFO] [stdout]    --> tests/socialgraph_test.rs:270:18
[INFO] [stdout]     |
[INFO] [stdout] 270 |     let muters = nostrdb::socialgraph::get_muters(&txn, &ndb, &bob_pk, 10);
[INFO] [stdout]     |                  ^^^^^^^ use of unresolved module or unlinked crate `nostrdb`
[INFO] [stdout]     |
[INFO] [stdout]     = help: if you wanted to use a crate named `nostrdb`, use `cargo add nostrdb` to add it to your `Cargo.toml`
[INFO] [stdout] 
[INFO] [stdout] 
[INFO] [stdout] error[E0433]: cannot find module or crate `nostrdb` in this scope
[INFO] [stdout]    --> tests/socialgraph_test.rs:304:14
[INFO] [stdout]     |
[INFO] [stdout] 304 |     assert!(!nostrdb::socialgraph::is_muting(&txn, &ndb, &alice_pk, &bob_pk));
[INFO] [stdout]     |              ^^^^^^^ use of unresolved module or unlinked crate `nostrdb`
[INFO] [stdout]     |
[INFO] [stdout]     = help: if you wanted to use a crate named `nostrdb`, use `cargo add nostrdb` to add it to your `Cargo.toml`
[INFO] [stdout] 
[INFO] [stdout] 
[INFO] [stdout] error[E0433]: cannot find module or crate `nostrdb` in this scope
[INFO] [stdout]    --> tests/socialgraph_test.rs:307:13
[INFO] [stdout]     |
[INFO] [stdout] 307 |     assert!(nostrdb::socialgraph::is_muting(&txn, &ndb, &alice_pk, &charlie_pk));
[INFO] [stdout]     |             ^^^^^^^ use of unresolved module or unlinked crate `nostrdb`
[INFO] [stdout]     |
[INFO] [stdout]     = help: if you wanted to use a crate named `nostrdb`, use `cargo add nostrdb` to add it to your `Cargo.toml`
[INFO] [stdout] 
[INFO] [stdout] 
[INFO] [stdout] error[E0433]: cannot find module or crate `nostrdb` in this scope
[INFO] [stdout]    --> tests/socialgraph_test.rs:310:22
[INFO] [stdout]     |
[INFO] [stdout] 310 |     let bob_muters = nostrdb::socialgraph::get_muters(&txn, &ndb, &bob_pk, 10);
[INFO] [stdout]     |                      ^^^^^^^ use of unresolved module or unlinked crate `nostrdb`
[INFO] [stdout]     |
[INFO] [stdout]     = help: if you wanted to use a crate named `nostrdb`, use `cargo add nostrdb` to add it to your `Cargo.toml`
[INFO] [stdout] 
[INFO] [stdout] 
[INFO] [stdout] error[E0433]: cannot find module or crate `nostrdb` in this scope
[INFO] [stdout]    --> tests/socialgraph_test.rs:314:26
[INFO] [stdout]     |
[INFO] [stdout] 314 |     let charlie_muters = nostrdb::socialgraph::get_muters(&txn, &ndb, &charlie_pk, 10);
[INFO] [stdout]     |                          ^^^^^^^ use of unresolved module or unlinked crate `nostrdb`
[INFO] [stdout]     |
[INFO] [stdout]     = help: if you wanted to use a crate named `nostrdb`, use `cargo add nostrdb` to add it to your `Cargo.toml`
[INFO] [stdout] 
[INFO] [stdout] 
[INFO] [stdout] Some errors have detailed explanations: E0432, E0433.
[INFO] [stdout] 
[INFO] [stdout] For more information about an error, try `rustc --explain E0432`.
[INFO] [stdout] 
[INFO] [stderr] warning: nostrdb-social@0.8.0: nostrdb/src/bolt11/bech32.c:45:31: warning: initializer-string for array of 'char' truncates NUL terminator but destination lacks 'nonstring' attribute (33 chars into 32 available) [-Wunterminated-string-initialization]
[INFO] [stderr] warning: nostrdb-social@0.8.0:    45 | const char bech32_charset[] = "qpzry9x8gf2tvdw0s3jn54khce6mua7l";
[INFO] [stderr] warning: nostrdb-social@0.8.0:       |                               ^~~~~~~~~~~~~~~~~~~~~~~~~~~~~~~~~~
[INFO] [stderr] warning: nostrdb-social@0.8.0: In file included from nostrdb/deps/secp256k1/src/secp256k1.c:812:
[INFO] [stderr] warning: nostrdb-social@0.8.0: nostrdb/deps/secp256k1/src/modules/schnorrsig/main_impl.h:48:46: warning: initializer-string for array of 'unsigned char' truncates NUL terminator but destination lacks 'nonstring' attribute (14 chars into 13 available) [-Wunterminated-string-initialization]
[INFO] [stderr] warning: nostrdb-social@0.8.0:    48 | static const unsigned char bip340_algo[13] = "BIP0340/nonce";
[INFO] [stderr] warning: nostrdb-social@0.8.0:       |                                              ^~~~~~~~~~~~~~~
[INFO] [stderr] error: could not compile `nostrdb-social` (test "socialgraph_test") due to 19 previous errors
[INFO] [stderr] warning: build failed, waiting for other jobs to finish...
[INFO] [stdout] warning: suspicious definition of the runtime `memcmp` symbol used by the standard library
[INFO] [stdout]     --> src/bindings_posix.rs:2602:5
[INFO] [stdout]      |
[INFO] [stdout] 2602 | /     pub fn memcmp(
[INFO] [stdout] 2603 | |         __s1: *const ::std::os::raw::c_void,
[INFO] [stdout] 2604 | |         __s2: *const ::std::os::raw::c_void,
[INFO] [stdout] 2605 | |         __n: ::std::os::raw::c_ulong,
[INFO] [stdout] 2606 | |     ) -> ::std::os::raw::c_int;
[INFO] [stdout]      | |_______________________________^
[INFO] [stdout]      |
[INFO] [stdout]      = note: expected `unsafe extern "C" fn(*const c_void, *const c_void, usize) -> i32` (for the current target)
[INFO] [stdout]              found    `unsafe extern "C" fn(*const c_void, *const c_void, u64) -> i32`
[INFO] [stdout]      = help: either fix the signature or remove any attributes like `#[unsafe(no_mangle)]`, `#[unsafe(export_name = "memcmp")]`, or `#[link_name = "memcmp"]`
[INFO] [stdout]      = help: allow this lint if the signature is compatible
[INFO] [stdout]      = note: `#[warn(suspicious_runtime_symbol_definitions)]` on by default
[INFO] [stdout] 
[INFO] [stdout] 
[INFO] [stdout] warning: suspicious definition of the runtime `memcpy` symbol used by the standard library
[INFO] [stdout]     --> src/bindings_posix.rs:2609:5
[INFO] [stdout]      |
[INFO] [stdout] 2609 | /     pub fn memcpy(
[INFO] [stdout] 2610 | |         __dst: *mut ::std::os::raw::c_void,
[INFO] [stdout] 2611 | |         __src: *const ::std::os::raw::c_void,
[INFO] [stdout] 2612 | |         __n: ::std::os::raw::c_ulong,
[INFO] [stdout] 2613 | |     ) -> *mut ::std::os::raw::c_void;
[INFO] [stdout]      | |_____________________________________^
[INFO] [stdout]      |
[INFO] [stdout]      = note: expected `unsafe extern "C" fn(*mut c_void, *const c_void, usize) -> *mut c_void` (for the current target)
[INFO] [stdout]              found    `unsafe extern "C" fn(*mut c_void, *const c_void, u64) -> *mut c_void`
[INFO] [stdout]      = help: either fix the signature or remove any attributes like `#[unsafe(no_mangle)]`, `#[unsafe(export_name = "memcpy")]`, or `#[link_name = "memcpy"]`
[INFO] [stdout]      = help: allow this lint if the signature is compatible
[INFO] [stdout] 
[INFO] [stdout] 
[INFO] [stdout] warning: suspicious definition of the runtime `memmove` symbol used by the standard library
[INFO] [stdout]     --> src/bindings_posix.rs:2616:5
[INFO] [stdout]      |
[INFO] [stdout] 2616 | /     pub fn memmove(
[INFO] [stdout] 2617 | |         __dst: *mut ::std::os::raw::c_void,
[INFO] [stdout] 2618 | |         __src: *const ::std::os::raw::c_void,
[INFO] [stdout] 2619 | |         __len: ::std::os::raw::c_ulong,
[INFO] [stdout] 2620 | |     ) -> *mut ::std::os::raw::c_void;
[INFO] [stdout]      | |_____________________________________^
[INFO] [stdout]      |
[INFO] [stdout]      = note: expected `unsafe extern "C" fn(*mut c_void, *const c_void, usize) -> *mut c_void` (for the current target)
[INFO] [stdout]              found    `unsafe extern "C" fn(*mut c_void, *const c_void, u64) -> *mut c_void`
[INFO] [stdout]      = help: either fix the signature or remove any attributes like `#[unsafe(no_mangle)]`, `#[unsafe(export_name = "memmove")]`, or `#[link_name = "memmove"]`
[INFO] [stdout]      = help: allow this lint if the signature is compatible
[INFO] [stdout] 
[INFO] [stdout] 
[INFO] [stdout] warning: suspicious definition of the runtime `memset` symbol used by the standard library
[INFO] [stdout]     --> src/bindings_posix.rs:2623:5
[INFO] [stdout]      |
[INFO] [stdout] 2623 | /     pub fn memset(
[INFO] [stdout] 2624 | |         __b: *mut ::std::os::raw::c_void,
[INFO] [stdout] 2625 | |         __c: ::std::os::raw::c_int,
[INFO] [stdout] 2626 | |         __len: ::std::os::raw::c_ulong,
[INFO] [stdout] 2627 | |     ) -> *mut ::std::os::raw::c_void;
[INFO] [stdout]      | |_____________________________________^
[INFO] [stdout]      |
[INFO] [stdout]      = note: expected `unsafe extern "C" fn(*mut c_void, i32, usize) -> *mut c_void` (for the current target)
[INFO] [stdout]              found    `unsafe extern "C" fn(*mut c_void, i32, u64) -> *mut c_void`
[INFO] [stdout]      = help: either fix the signature or remove any attributes like `#[unsafe(no_mangle)]`, `#[unsafe(export_name = "memset")]`, or `#[link_name = "memset"]`
[INFO] [stdout]      = help: allow this lint if the signature is compatible
[INFO] [stdout] 
[INFO] [stdout] 
[INFO] [stdout] warning: suspicious definition of the runtime `strlen` symbol used by the standard library
[INFO] [stdout]     --> src/bindings_posix.rs:2669:5
[INFO] [stdout]      |
[INFO] [stdout] 2669 |     pub fn strlen(__s: *const ::std::os::raw::c_char) -> ::std::os::raw::c_ulong;
[INFO] [stdout]      |     ^^^^^^^^^^^^^^^^^^^^^^^^^^^^^^^^^^^^^^^^^^^^^^^^^^^^^^^^^^^^^^^^^^^^^^^^^^^^^
[INFO] [stdout]      |
[INFO] [stdout]      = note: expected `unsafe extern "C" fn(*const i8) -> usize` (for the current target)
[INFO] [stdout]              found    `unsafe extern "C" fn(*const i8) -> u64`
[INFO] [stdout]      = help: either fix the signature or remove any attributes like `#[unsafe(no_mangle)]`, `#[unsafe(export_name = "strlen")]`, or `#[link_name = "strlen"]`
[INFO] [stdout]      = help: allow this lint if the signature is compatible
[INFO] [stdout] 
[INFO] [stdout] 
[INFO] [stdout] warning: suspicious definition of the runtime `bcmp` symbol used by the standard library
[INFO] [stdout]     --> src/bindings_posix.rs:2882:5
[INFO] [stdout]      |
[INFO] [stdout] 2882 | /     pub fn bcmp(
[INFO] [stdout] 2883 | |         arg1: *const ::std::os::raw::c_void,
[INFO] [stdout] 2884 | |         arg2: *const ::std::os::raw::c_void,
[INFO] [stdout] 2885 | |         __n: ::std::os::raw::c_ulong,
[INFO] [stdout] 2886 | |     ) -> ::std::os::raw::c_int;
[INFO] [stdout]      | |_______________________________^
[INFO] [stdout]      |
[INFO] [stdout]      = note: expected `unsafe extern "C" fn(*const c_void, *const c_void, usize) -> i32` (for the current target)
[INFO] [stdout]              found    `unsafe extern "C" fn(*const c_void, *const c_void, u64) -> i32`
[INFO] [stdout]      = help: either fix the signature or remove any attributes like `#[unsafe(no_mangle)]`, `#[unsafe(export_name = "bcmp")]`, or `#[link_name = "bcmp"]`
[INFO] [stdout]      = help: allow this lint if the signature is compatible
[INFO] [stdout] 
[INFO] [stdout] 
[INFO] running `Command { std: "docker" "inspect" "ecab5e6f29a8e3baf8e48d8953efafd87ce783fa4a33ac2731fecdd104945b7e", kill_on_drop: false }`
[INFO] running `Command { std: "docker" "rm" "-f" "ecab5e6f29a8e3baf8e48d8953efafd87ce783fa4a33ac2731fecdd104945b7e", kill_on_drop: false }`
[INFO] [stdout] ecab5e6f29a8e3baf8e48d8953efafd87ce783fa4a33ac2731fecdd104945b7e
