[INFO] fetching crate nostr-sdk 0.45.4...
[INFO] testing nostr-sdk-0.45.4 against 1.100.0-beta.1+cargoflags=--release for beta-release-1.100-2
[INFO] extracting crate nostr-sdk 0.45.4 into /workspace/builds/worker-1-tc2/source
[INFO] started tweaking crates.io crate nostr-sdk 0.45.4
[INFO] removed 0 missing examples
[INFO] finished tweaking crates.io crate nostr-sdk 0.45.4
[INFO] tweaked toml for crates.io crate nostr-sdk 0.45.4 written to /workspace/builds/worker-1-tc2/source/Cargo.toml
[INFO] validating manifest of crates.io crate nostr-sdk 0.45.4 on toolchain 1.100.0-beta.1
[INFO] running `Command { std: CARGO_HOME="/workspace/cargo-home" RUSTUP_HOME="/workspace/rustup-home" "/workspace/cargo-home/bin/cargo" "+1.100.0-beta.1" "metadata" "--manifest-path" "Cargo.toml" "--no-deps", kill_on_drop: false }`
[INFO] crate crates.io crate nostr-sdk 0.45.4 already has a lockfile, it will not be regenerated
[INFO] running `Command { std: CARGO_HOME="/workspace/cargo-home" RUSTUP_HOME="/workspace/rustup-home" "/workspace/cargo-home/bin/cargo" "+1.100.0-beta.1" "fetch" "--manifest-path" "Cargo.toml", kill_on_drop: false }`
[INFO] running `Command { std: "docker" "create" "-v" "/var/lib/crater-agent-workspace/builds/worker-1-tc2/source:/opt/rustwide/workdir:ro,Z" "-v" "/var/lib/crater-agent-workspace/builds/worker-1-tc2/target:/opt/rustwide/target:rw,Z" "-v" "/var/lib/crater-agent-workspace/cargo-home:/opt/rustwide/cargo-home:ro,Z" "-v" "/var/lib/crater-agent-workspace/rustup-home:/opt/rustwide/rustup-home:ro,Z" "-m" "1610612736" "--network" "none" "ghcr.io/rust-lang/crates-build-env/linux@sha256:77db811e55d90add9212f6832c23229e3de5f1c1f9905e8cb07319ea15df73ac" "sleep" "infinity", kill_on_drop: false }`
[INFO] [stdout] 60befaa90d36102d699d40a85a5cfa95bdaaa02e7ce5a81d79f89a7b1927dc81
[INFO] running `Command { std: "docker" "start" "60befaa90d36102d699d40a85a5cfa95bdaaa02e7ce5a81d79f89a7b1927dc81", kill_on_drop: false }`
[INFO] running `Command { std: "docker" "inspect" "60befaa90d36102d699d40a85a5cfa95bdaaa02e7ce5a81d79f89a7b1927dc81", kill_on_drop: false }`
[INFO] running `Command { std: "docker" "exec" "-e" "SOURCE_DIR=/opt/rustwide/workdir" "-e" "CARGO_HOME=/opt/rustwide/cargo-home" "-e" "RUSTUP_HOME=/opt/rustwide/rustup-home" "-e" "CARGO_TARGET_DIR=/opt/rustwide/target" "-w" "/opt/rustwide/workdir" "--user" "0:0" "60befaa90d36102d699d40a85a5cfa95bdaaa02e7ce5a81d79f89a7b1927dc81" "/opt/rustwide/cargo-home/bin/cargo" "+1.100.0-beta.1" "metadata" "--no-deps" "--format-version=1", kill_on_drop: false }`
[INFO] running `Command { std: "docker" "inspect" "60befaa90d36102d699d40a85a5cfa95bdaaa02e7ce5a81d79f89a7b1927dc81", kill_on_drop: false }`
[INFO] running `Command { std: "docker" "exec" "-e" "SOURCE_DIR=/opt/rustwide/workdir" "-e" "CARGO_HOME=/opt/rustwide/cargo-home" "-e" "RUSTUP_HOME=/opt/rustwide/rustup-home" "-e" "CARGO_TARGET_DIR=/opt/rustwide/target" "-e" "CARGO_INCREMENTAL=0" "-e" "RUST_BACKTRACE=full" "-e" "RUSTFLAGS=--cap-lints=warn" "-e" "RUSTDOCFLAGS=--cap-lints=warn" "-w" "/opt/rustwide/workdir" "--user" "0:0" "60befaa90d36102d699d40a85a5cfa95bdaaa02e7ce5a81d79f89a7b1927dc81" "/opt/rustwide/cargo-home/bin/cargo" "+1.100.0-beta.1" "build" "--frozen" "--message-format=json" "--release", kill_on_drop: false }`
[INFO] [stderr]    Compiling libc v0.2.183
[INFO] [stderr]    Compiling futures-sink v0.3.32
[INFO] [stderr]    Compiling cc v1.2.57
[INFO] [stderr]    Compiling zeroize v1.9.0
[INFO] [stderr]    Compiling serde v1.0.228
[INFO] [stderr]    Compiling typenum v1.20.0
[INFO] [stderr]    Compiling zerocopy v0.8.47
[INFO] [stderr]    Compiling futures-io v0.3.32
[INFO] [stderr]    Compiling syn v2.0.117
[INFO] [stderr]    Compiling futures-task v0.3.32
[INFO] [stderr]    Compiling bitcoin-internals v0.6.0
[INFO] [stderr]    Compiling percent-encoding v2.3.2
[INFO] [stderr]    Compiling heapless v0.8.0
[INFO] [stderr]    Compiling rustls v0.23.37
[INFO] [stderr]    Compiling getrandom v0.4.2
[INFO] [stderr]    Compiling arrayvec v0.7.6
[INFO] [stderr]    Compiling futures-channel v0.3.32
[INFO] [stderr]    Compiling rustls-pki-types v1.14.0
[INFO] [stderr]    Compiling form_urlencoded v1.2.2
[INFO] [stderr]    Compiling serde_json v1.0.149
[INFO] [stderr]    Compiling http v1.4.0
[INFO] [stderr]    Compiling universal-time v0.3.0
[INFO] [stderr]    Compiling bech32 v0.12.0
[INFO] [stderr]    Compiling hex-conservative v1.2.0
[INFO] [stderr]    Compiling data-encoding v2.10.0
[INFO] [stderr]    Compiling opaquerr v0.2.0
[INFO] [stderr]    Compiling either v1.15.0
[INFO] [stderr]    Compiling lru v0.18.0
[INFO] [stderr]    Compiling negentropy v0.5.0
[INFO] [stderr]    Compiling bitcoin-consensus-encoding v1.1.0
[INFO] [stderr]    Compiling webpki-roots v1.0.6
[INFO] [stderr]    Compiling webpki-roots v0.26.11
[INFO] [stderr]    Compiling generic-array v0.14.7
[INFO] [stderr]    Compiling faster-hex v0.10.0
[INFO] [stderr]    Compiling ring v0.17.14
[INFO] [stderr]    Compiling secp256k1-sys v0.10.1
[INFO] [stderr]    Compiling mio v1.1.1
[INFO] [stderr]    Compiling socket2 v0.6.3
[INFO] [stderr]    Compiling getrandom v0.2.17
[INFO] [stderr]    Compiling getrandom v0.3.4
[INFO] [stderr]    Compiling rand_core v0.9.5
[INFO] [stderr]    Compiling crypto-common v0.1.7
[INFO] [stderr]    Compiling block-buffer v0.10.4
[INFO] [stderr]    Compiling rand v0.10.1
[INFO] [stderr]    Compiling digest v0.10.7
[INFO] [stderr]    Compiling sha1 v0.10.6
[INFO] [stderr]    Compiling synstructure v0.13.2
[INFO] [stderr]    Compiling zerofrom-derive v0.1.6
[INFO] [stderr]    Compiling yoke-derive v0.8.1
[INFO] [stderr]    Compiling zerovec-derive v0.11.2
[INFO] [stderr]    Compiling displaydoc v0.2.5
[INFO] [stderr]    Compiling tokio-macros v2.6.1
[INFO] [stderr]    Compiling futures-macro v0.3.32
[INFO] [stderr]    Compiling serde_derive v1.0.228
[INFO] [stderr]    Compiling thiserror-impl v2.0.18
[INFO] [stderr]    Compiling thiserror-impl v1.0.69
[INFO] [stderr]    Compiling ppv-lite86 v0.2.21
[INFO] [stderr]    Compiling tokio v1.50.0
[INFO] [stderr]    Compiling futures-util v0.3.32
[INFO] [stderr]    Compiling zerofrom v0.1.6
[INFO] [stderr]    Compiling rand_chacha v0.9.0
[INFO] [stderr]    Compiling yoke v0.8.1
[INFO] [stderr]    Compiling thiserror v1.0.69
[INFO] [stderr]    Compiling thiserror v2.0.18
[INFO] [stderr]    Compiling rand v0.9.2
[INFO] [stderr]    Compiling zerovec v0.11.5
[INFO] [stderr]    Compiling zerotrie v0.2.3
[INFO] [stderr]    Compiling tinystr v0.8.2
[INFO] [stderr]    Compiling potential_utf v0.1.4
[INFO] [stderr]    Compiling icu_collections v2.1.1
[INFO] [stderr]    Compiling icu_locale_core v2.1.1
[INFO] [stderr]    Compiling icu_provider v2.1.1
[INFO] [stderr]    Compiling icu_normalizer v2.1.1
[INFO] [stderr]    Compiling icu_properties v2.1.2
[INFO] [stderr]    Compiling bitcoin_hashes v1.1.0
[INFO] [stderr]    Compiling secp256k1 v0.30.0
[INFO] [stderr]    Compiling futures-executor v0.3.32
[INFO] [stderr]    Compiling futures v0.3.32
[INFO] [stderr]    Compiling idna_adapter v1.2.1
[INFO] [stderr]    Compiling idna v1.1.0
[INFO] [stderr]    Compiling url v2.5.8
[INFO] [stderr]    Compiling tokio-util v0.7.18
[INFO] [stderr]    Compiling tokio-happy-eyeballs v0.1.0
[INFO] [stderr]    Compiling tokio-socks v0.5.2
[INFO] [stderr]    Compiling async-utility v0.3.1
[INFO] [stderr]    Compiling nostr v0.45.5
[INFO] [stderr]    Compiling tokio-stream v0.1.18
[INFO] [stderr]    Compiling rustls-webpki v0.103.10
[INFO] [stderr]    Compiling nostr-database v0.45.2
[INFO] [stderr]    Compiling nostr-gossip v0.45.1
[INFO] [stderr]    Compiling tokio-rustls v0.26.4
[INFO] [stderr]    Compiling tungstenite v0.28.0
[INFO] [stderr]    Compiling tokio-tungstenite v0.28.0
[INFO] [stderr]    Compiling async-wsocket v0.17.0
[INFO] [stderr]    Compiling nostr-sdk v0.45.4 (/opt/rustwide/workdir)
[INFO] [stderr]     Finished `release` profile [optimized] target(s) in 19.47s
[INFO] running `Command { std: "docker" "inspect" "60befaa90d36102d699d40a85a5cfa95bdaaa02e7ce5a81d79f89a7b1927dc81", kill_on_drop: false }`
[INFO] running `Command { std: "docker" "exec" "-e" "SOURCE_DIR=/opt/rustwide/workdir" "-e" "CARGO_HOME=/opt/rustwide/cargo-home" "-e" "RUSTUP_HOME=/opt/rustwide/rustup-home" "-e" "CARGO_TARGET_DIR=/opt/rustwide/target" "-e" "CARGO_INCREMENTAL=0" "-e" "RUST_BACKTRACE=full" "-e" "RUSTFLAGS=--cap-lints=warn" "-e" "RUSTDOCFLAGS=--cap-lints=warn" "-w" "/opt/rustwide/workdir" "--user" "0:0" "60befaa90d36102d699d40a85a5cfa95bdaaa02e7ce5a81d79f89a7b1927dc81" "/opt/rustwide/cargo-home/bin/cargo" "+1.100.0-beta.1" "test" "--frozen" "--no-run" "--message-format=json" "--release", kill_on_drop: false }`
[INFO] [stderr]    Compiling futures-channel v0.3.32
[INFO] [stderr]    Compiling errno v0.3.14
[INFO] [stderr]    Compiling parking_lot_core v0.9.12
[INFO] [stderr]    Compiling log v0.4.29
[INFO] [stderr]    Compiling tracing-core v0.1.36
[INFO] [stderr]    Compiling regex-syntax v0.8.10
[INFO] [stderr]    Compiling http-body v1.0.1
[INFO] [stderr]    Compiling thread_local v1.1.9
[INFO] [stderr]    Compiling nu-ansi-term v0.50.3
[INFO] [stderr]    Compiling icu_normalizer v2.1.1
[INFO] [stderr]    Compiling sharded-slab v0.1.7
[INFO] [stderr]    Compiling signal-hook-registry v1.4.8
[INFO] [stderr]    Compiling tungstenite v0.28.0
[INFO] [stderr]    Compiling futures-util v0.3.32
[INFO] [stderr]    Compiling parking_lot v0.12.5
[INFO] [stderr]    Compiling tracing v0.1.44
[INFO] [stderr]    Compiling tracing-log v0.2.0
[INFO] [stderr]    Compiling idna_adapter v1.2.1
[INFO] [stderr]    Compiling tokio v1.50.0
[INFO] [stderr]    Compiling idna v1.1.0
[INFO] [stderr]    Compiling url v2.5.8
[INFO] [stderr]    Compiling regex-automata v0.4.14
[INFO] [stderr]    Compiling nostr v0.45.5
[INFO] [stderr]    Compiling futures-executor v0.3.32
[INFO] [stderr]    Compiling futures v0.3.32
[INFO] [stderr]    Compiling matchers v0.2.0
[INFO] [stderr]    Compiling tracing-subscriber v0.3.23
[INFO] [stderr]    Compiling nostr-database v0.45.2
[INFO] [stderr]    Compiling nostr-gossip v0.45.1
[INFO] [stderr]    Compiling tokio-rustls v0.26.4
[INFO] [stderr]    Compiling tokio-happy-eyeballs v0.1.0
[INFO] [stderr]    Compiling tokio-socks v0.5.2
[INFO] [stderr]    Compiling tokio-util v0.7.18
[INFO] [stderr]    Compiling hyper v1.9.0
[INFO] [stderr]    Compiling async-utility v0.3.1
[INFO] [stderr]    Compiling tokio-tungstenite v0.28.0
[INFO] [stderr]    Compiling tokio-stream v0.1.18
[INFO] [stderr]    Compiling async-wsocket v0.17.0
[INFO] [stderr]    Compiling hyper-util v0.1.20
[INFO] [stderr]    Compiling nostr-sdk v0.45.4 (/opt/rustwide/workdir)
[INFO] [stdout] error[E0433]: cannot find module or crate `nostr_gossip_memory` in this scope
[INFO] [stdout]    --> src/client/api/send_event.rs:454:9
[INFO] [stdout]     |
[INFO] [stdout] 454 |     use nostr_gossip_memory::store::NostrGossipMemory;
[INFO] [stdout]     |         ^^^^^^^^^^^^^^^^^^^ use of unresolved module or unlinked crate `nostr_gossip_memory`
[INFO] [stdout]     |
[INFO] [stdout]     = help: if you wanted to use a crate named `nostr_gossip_memory`, use `cargo add nostr_gossip_memory` to add it to your `Cargo.toml`
[INFO] [stdout] 
[INFO] [stdout] 
[INFO] [stdout] error[E0433]: cannot find module or crate `nostr_gossip_memory` in this scope
[INFO] [stdout]    --> src/client/gossip/resolver.rs:315:9
[INFO] [stdout]     |
[INFO] [stdout] 315 |     use nostr_gossip_memory::prelude::*;
[INFO] [stdout]     |         ^^^^^^^^^^^^^^^^^^^ use of unresolved module or unlinked crate `nostr_gossip_memory`
[INFO] [stdout]     |
[INFO] [stdout]     = help: if you wanted to use a crate named `nostr_gossip_memory`, use `cargo add nostr_gossip_memory` to add it to your `Cargo.toml`
[INFO] [stdout] 
[INFO] [stdout] 
[INFO] [stdout] error[E0433]: cannot find module or crate `nostr_gossip_memory` in this scope
[INFO] [stdout]    --> src/client/gossip/updater.rs:501:9
[INFO] [stdout]     |
[INFO] [stdout] 501 |     use nostr_gossip_memory::prelude::*;
[INFO] [stdout]     |         ^^^^^^^^^^^^^^^^^^^ use of unresolved module or unlinked crate `nostr_gossip_memory`
[INFO] [stdout]     |
[INFO] [stdout]     = help: if you wanted to use a crate named `nostr_gossip_memory`, use `cargo add nostr_gossip_memory` to add it to your `Cargo.toml`
[INFO] [stdout] 
[INFO] [stdout] 
[INFO] [stdout] error[E0433]: cannot find module or crate `nostr_gossip_memory` in this scope
[INFO] [stdout]     --> src/client/mod.rs:1193:9
[INFO] [stdout]      |
[INFO] [stdout] 1193 |     use nostr_gossip_memory::prelude::*;
[INFO] [stdout]      |         ^^^^^^^^^^^^^^^^^^^ use of unresolved module or unlinked crate `nostr_gossip_memory`
[INFO] [stdout]      |
[INFO] [stdout]      = help: if you wanted to use a crate named `nostr_gossip_memory`, use `cargo add nostr_gossip_memory` to add it to your `Cargo.toml`
[INFO] [stdout] 
[INFO] [stdout] 
[INFO] [stdout] error[E0433]: cannot find module or crate `nostr_memory` in this scope
[INFO] [stdout]   --> src/local_relay/local/inner.rs:21:5
[INFO] [stdout]    |
[INFO] [stdout] 21 | use nostr_memory::prelude::*;
[INFO] [stdout]    |     ^^^^^^^^^^^^ use of unresolved module or unlinked crate `nostr_memory`
[INFO] [stdout]    |
[INFO] [stdout]    = help: if you wanted to use a crate named `nostr_memory`, use `cargo add nostr_memory` to add it to your `Cargo.toml`
[INFO] [stdout] 
[INFO] [stdout] 
[INFO] [stdout] error[E0433]: cannot find module or crate `nostr_memory` in this scope
[INFO] [stdout]    --> src/relay/api/sync.rs:637:9
[INFO] [stdout]     |
[INFO] [stdout] 637 |     use nostr_memory::prelude::*;
[INFO] [stdout]     |         ^^^^^^^^^^^^ use of unresolved module or unlinked crate `nostr_memory`
[INFO] [stdout]     |
[INFO] [stdout]     = help: if you wanted to use a crate named `nostr_memory`, use `cargo add nostr_memory` to add it to your `Cargo.toml`
[INFO] [stdout] 
[INFO] [stdout] 
[INFO] [stdout] error[E0432]: unresolved import `nostr_memory`
[INFO] [stdout]   --> src/local_relay/mod.rs:24:9
[INFO] [stdout]    |
[INFO] [stdout] 24 |     use nostr_memory::MemoryDatabase;
[INFO] [stdout]    |         ^^^^^^^^^^^^ use of unresolved module or unlinked crate `nostr_memory`
[INFO] [stdout]    |
[INFO] [stdout]    = help: if you wanted to use a crate named `nostr_memory`, use `cargo add nostr_memory` to add it to your `Cargo.toml`
[INFO] [stdout] 
[INFO] [stdout] 
[INFO] [stdout] error[E0405]: cannot find trait `NostrDatabase` in this scope
[INFO] [stdout]   --> src/local_relay/local/inner.rs:50:23
[INFO] [stdout]    |
[INFO] [stdout] 50 |     database: Arc<dyn NostrDatabase>,
[INFO] [stdout]    |                       ^^^^^^^^^^^^^ not found in this scope
[INFO] [stdout] 
[INFO] [stdout] 
[INFO] [stdout] error[E0405]: cannot find trait `NostrDatabase` in this scope
[INFO] [stdout]   --> src/local_relay/local/inner.rs:98:31
[INFO] [stdout]    |
[INFO] [stdout] 98 |         let database: Arc<dyn NostrDatabase> = builder.database.unwrap_or_else(|| {
[INFO] [stdout]    |                               ^^^^^^^^^^^^^ not found in this scope
[INFO] [stdout] 
[INFO] [stdout] 
[INFO] [stdout] error[E0425]: cannot find type `SaveEventStatus` in this scope
[INFO] [stdout]    --> src/local_relay/local/inner.rs:271:68
[INFO] [stdout]     |
[INFO] [stdout] 271 |     pub(super) async fn save_event(&self, event: &Event) -> Result<SaveEventStatus, Error> {
[INFO] [stdout]     |                                                                    ^^^^^^^^^^^^^^^ not found in this scope
[INFO] [stdout]     |
[INFO] [stdout] note: similarly named enum `LiveEventStatus` defined here
[INFO] [stdout]    --> /opt/rustwide/cargo-home/registry/src/index.crates.io-1949cf8c6b5b557f/nostr-0.45.5/src/nips/nip53.rs:107:1
[INFO] [stdout]     |
[INFO] [stdout] 107 | pub enum LiveEventStatus {
[INFO] [stdout]     | ^^^^^^^^^^^^^^^^^^^^^^^^
[INFO] [stdout] help: an enum with a similar name exists
[INFO] [stdout]     |
[INFO] [stdout] 271 -     pub(super) async fn save_event(&self, event: &Event) -> Result<SaveEventStatus, Error> {
[INFO] [stdout] 271 +     pub(super) async fn save_event(&self, event: &Event) -> Result<LiveEventStatus, Error> {
[INFO] [stdout]     |
[INFO] [stdout] help: you might be missing a type parameter
[INFO] [stdout]     |
[INFO] [stdout]  84 | impl<SaveEventStatus> InnerLocalRelay {
[INFO] [stdout]     |     +++++++++++++++++
[INFO] [stdout] 
[INFO] [stdout] 
[INFO] [stdout] error[E0433]: cannot find type `Keys` in this scope
[INFO] [stdout]    --> src/relay/api/sync.rs:685:28
[INFO] [stdout]     |
[INFO] [stdout] 685 |                 .finalize(&Keys::generate())
[INFO] [stdout]     |                            ^^^^ use of undeclared type `Keys`
[INFO] [stdout]     |
[INFO] [stdout] help: consider importing one of these structs
[INFO] [stdout]     |
[INFO] [stdout] 633 +     use std::collections::btree_map::Keys;
[INFO] [stdout]     |
[INFO] [stdout] 633 +     use std::collections::hash_map::Keys;
[INFO] [stdout]     |
[INFO] [stdout] 
[INFO] [stdout] 
[INFO] [stdout] error[E0433]: cannot find type `Keys` in this scope
[INFO] [stdout]    --> src/relay/api/sync.rs:688:28
[INFO] [stdout]     |
[INFO] [stdout] 688 |                 .finalize(&Keys::generate())
[INFO] [stdout]     |                            ^^^^ use of undeclared type `Keys`
[INFO] [stdout]     |
[INFO] [stdout] help: consider importing one of these structs
[INFO] [stdout]     |
[INFO] [stdout] 633 +     use std::collections::btree_map::Keys;
[INFO] [stdout]     |
[INFO] [stdout] 633 +     use std::collections::hash_map::Keys;
[INFO] [stdout]     |
[INFO] [stdout] 
[INFO] [stdout] 
[INFO] [stdout] error[E0433]: cannot find type `Keys` in this scope
[INFO] [stdout]    --> src/relay/api/sync.rs:691:28
[INFO] [stdout]     |
[INFO] [stdout] 691 |                 .finalize(&Keys::generate())
[INFO] [stdout]     |                            ^^^^ use of undeclared type `Keys`
[INFO] [stdout]     |
[INFO] [stdout] help: consider importing one of these structs
[INFO] [stdout]     |
[INFO] [stdout] 633 +     use std::collections::btree_map::Keys;
[INFO] [stdout]     |
[INFO] [stdout] 633 +     use std::collections::hash_map::Keys;
[INFO] [stdout]     |
[INFO] [stdout] 
[INFO] [stdout] 
[INFO] [stdout] error[E0433]: cannot find type `Keys` in this scope
[INFO] [stdout]    --> src/relay/api/sync.rs:716:28
[INFO] [stdout]     |
[INFO] [stdout] 716 |                 .finalize(&Keys::generate())
[INFO] [stdout]     |                            ^^^^ use of undeclared type `Keys`
[INFO] [stdout]     |
[INFO] [stdout] help: consider importing one of these structs
[INFO] [stdout]     |
[INFO] [stdout] 633 +     use std::collections::btree_map::Keys;
[INFO] [stdout]     |
[INFO] [stdout] 633 +     use std::collections::hash_map::Keys;
[INFO] [stdout]     |
[INFO] [stdout] 
[INFO] [stdout] 
[INFO] [stdout] error[E0433]: cannot find type `Keys` in this scope
[INFO] [stdout]    --> src/relay/api/sync.rs:719:28
[INFO] [stdout]     |
[INFO] [stdout] 719 |                 .finalize(&Keys::generate())
[INFO] [stdout]     |                            ^^^^ use of undeclared type `Keys`
[INFO] [stdout]     |
[INFO] [stdout] help: consider importing one of these structs
[INFO] [stdout]     |
[INFO] [stdout] 633 +     use std::collections::btree_map::Keys;
[INFO] [stdout]     |
[INFO] [stdout] 633 +     use std::collections::hash_map::Keys;
[INFO] [stdout]     |
[INFO] [stdout] 
[INFO] [stdout] 
[INFO] [stdout] error[E0433]: cannot find type `Keys` in this scope
[INFO] [stdout]    --> src/relay/api/sync.rs:722:28
[INFO] [stdout]     |
[INFO] [stdout] 722 |                 .finalize(&Keys::generate())
[INFO] [stdout]     |                            ^^^^ use of undeclared type `Keys`
[INFO] [stdout]     |
[INFO] [stdout] help: consider importing one of these structs
[INFO] [stdout]     |
[INFO] [stdout] 633 +     use std::collections::btree_map::Keys;
[INFO] [stdout]     |
[INFO] [stdout] 633 +     use std::collections::hash_map::Keys;
[INFO] [stdout]     |
[INFO] [stdout] 
[INFO] [stdout] 
[INFO] [stdout] error[E0433]: cannot find type `NostrGossipMemory` in this scope
[INFO] [stdout]    --> src/client/gossip/resolver.rs:348:18
[INFO] [stdout]     |
[INFO] [stdout] 348 |         let db = NostrGossipMemory::unbounded();
[INFO] [stdout]     |                  ^^^^^^^^^^^^^^^^^ use of undeclared type `NostrGossipMemory`
[INFO] [stdout] 
[INFO] [stdout] 
[INFO] [stdout] error[E0433]: cannot find type `NostrGossipMemory` in this scope
[INFO] [stdout]    --> src/client/gossip/updater.rs:508:22
[INFO] [stdout]     |
[INFO] [stdout] 508 |         let gossip = NostrGossipMemory::unbounded();
[INFO] [stdout]     |                      ^^^^^^^^^^^^^^^^^ use of undeclared type `NostrGossipMemory`
[INFO] [stdout] 
[INFO] [stdout] 
[INFO] [stdout] error[E0433]: cannot find type `NostrGossipMemory` in this scope
[INFO] [stdout]    --> src/client/gossip/updater.rs:555:22
[INFO] [stdout]     |
[INFO] [stdout] 555 |         let gossip = NostrGossipMemory::unbounded();
[INFO] [stdout]     |                      ^^^^^^^^^^^^^^^^^ use of undeclared type `NostrGossipMemory`
[INFO] [stdout] 
[INFO] [stdout] 
[INFO] [stdout] error[E0433]: cannot find type `NostrGossipMemory` in this scope
[INFO] [stdout]     --> src/client/mod.rs:1280:26
[INFO] [stdout]      |
[INFO] [stdout] 1280 |             let gossip = NostrGossipMemory::unbounded();
[INFO] [stdout]      |                          ^^^^^^^^^^^^^^^^^ use of undeclared type `NostrGossipMemory`
[INFO] [stdout] 
[INFO] [stdout] 
[INFO] [stdout] error[E0433]: cannot find type `MemoryDatabase` in this scope
[INFO] [stdout]    --> src/local_relay/local/inner.rs:100:22
[INFO] [stdout]     |
[INFO] [stdout] 100 |             Arc::new(MemoryDatabase::bounded(max))
[INFO] [stdout]     |                      ^^^^^^^^^^^^^^ use of undeclared type `MemoryDatabase`
[INFO] [stdout] 
[INFO] [stdout] 
[INFO] [stdout] error[E0433]: cannot find type `DatabaseEventStatus` in this scope
[INFO] [stdout]    --> src/local_relay/local/inner.rs:765:21
[INFO] [stdout]     |
[INFO] [stdout] 765 |                     DatabaseEventStatus::Saved => {
[INFO] [stdout]     |                     ^^^^^^^^^^^^^^^^^^^ use of undeclared type `DatabaseEventStatus`
[INFO] [stdout] 
[INFO] [stdout] 
[INFO] [stdout] error[E0433]: cannot find type `DatabaseEventStatus` in this scope
[INFO] [stdout]    --> src/local_relay/local/inner.rs:779:21
[INFO] [stdout]     |
[INFO] [stdout] 779 |                     DatabaseEventStatus::Deleted => {
[INFO] [stdout]     |                     ^^^^^^^^^^^^^^^^^^^ use of undeclared type `DatabaseEventStatus`
[INFO] [stdout] 
[INFO] [stdout] 
[INFO] [stdout] error[E0433]: cannot find type `DatabaseEventStatus` in this scope
[INFO] [stdout]    --> src/local_relay/local/inner.rs:793:21
[INFO] [stdout]     |
[INFO] [stdout] 793 |                     DatabaseEventStatus::NotExistent => {}
[INFO] [stdout]     |                     ^^^^^^^^^^^^^^^^^^^ use of undeclared type `DatabaseEventStatus`
[INFO] [stdout] 
[INFO] [stdout] 
[INFO] [stdout] error[E0433]: cannot find type `MemoryDatabase` in this scope
[INFO] [stdout]    --> src/relay/api/sync.rs:680:33
[INFO] [stdout]     |
[INFO] [stdout] 680 |         let database = Arc::new(MemoryDatabase::unbounded());
[INFO] [stdout]     |                                 ^^^^^^^^^^^^^^ use of undeclared type `MemoryDatabase`
[INFO] [stdout] 
[INFO] [stdout] 
[INFO] [stdout] error[E0433]: cannot find type `EventBuilder` in this scope
[INFO] [stdout]    --> src/relay/api/sync.rs:684:13
[INFO] [stdout]     |
[INFO] [stdout] 684 |             EventBuilder::new(Kind::TextNote, "Local 1")
[INFO] [stdout]     |             ^^^^^^^^^^^^ use of undeclared type `EventBuilder`
[INFO] [stdout] 
[INFO] [stdout] 
[INFO] [stdout] error[E0433]: cannot find type `Kind` in this scope
[INFO] [stdout]    --> src/relay/api/sync.rs:684:31
[INFO] [stdout]     |
[INFO] [stdout] 684 |             EventBuilder::new(Kind::TextNote, "Local 1")
[INFO] [stdout]     |                               ^^^^ use of undeclared type `Kind`
[INFO] [stdout] 
[INFO] [stdout] 
[INFO] [stdout] error[E0433]: cannot find type `EventBuilder` in this scope
[INFO] [stdout]    --> src/relay/api/sync.rs:687:13
[INFO] [stdout]     |
[INFO] [stdout] 687 |             EventBuilder::new(Kind::TextNote, "Local 2")
[INFO] [stdout]     |             ^^^^^^^^^^^^ use of undeclared type `EventBuilder`
[INFO] [stdout] 
[INFO] [stdout] 
[INFO] [stdout] error[E0433]: cannot find type `Kind` in this scope
[INFO] [stdout]    --> src/relay/api/sync.rs:687:31
[INFO] [stdout]     |
[INFO] [stdout] 687 |             EventBuilder::new(Kind::TextNote, "Local 2")
[INFO] [stdout]     |                               ^^^^ use of undeclared type `Kind`
[INFO] [stdout] 
[INFO] [stdout] 
[INFO] [stdout] error[E0433]: cannot find type `EventBuilder` in this scope
[INFO] [stdout]    --> src/relay/api/sync.rs:690:13
[INFO] [stdout]     |
[INFO] [stdout] 690 |             EventBuilder::new(Kind::Custom(123), "Local 123")
[INFO] [stdout]     |             ^^^^^^^^^^^^ use of undeclared type `EventBuilder`
[INFO] [stdout] 
[INFO] [stdout] 
[INFO] [stdout] error[E0433]: cannot find type `Kind` in this scope
[INFO] [stdout]    --> src/relay/api/sync.rs:690:31
[INFO] [stdout]     |
[INFO] [stdout] 690 |             EventBuilder::new(Kind::Custom(123), "Local 123")
[INFO] [stdout]     |                               ^^^^ use of undeclared type `Kind`
[INFO] [stdout] 
[INFO] [stdout] 
[INFO] [stdout] error[E0433]: cannot find type `EventBuilder` in this scope
[INFO] [stdout]    --> src/relay/api/sync.rs:715:13
[INFO] [stdout]     |
[INFO] [stdout] 715 |             EventBuilder::new(Kind::TextNote, "Test 2")
[INFO] [stdout]     |             ^^^^^^^^^^^^ use of undeclared type `EventBuilder`
[INFO] [stdout] 
[INFO] [stdout] 
[INFO] [stdout] error[E0433]: cannot find type `Kind` in this scope
[INFO] [stdout]    --> src/relay/api/sync.rs:715:31
[INFO] [stdout]     |
[INFO] [stdout] 715 |             EventBuilder::new(Kind::TextNote, "Test 2")
[INFO] [stdout]     |                               ^^^^ use of undeclared type `Kind`
[INFO] [stdout] 
[INFO] [stdout] 
[INFO] [stdout] error[E0433]: cannot find type `EventBuilder` in this scope
[INFO] [stdout]    --> src/relay/api/sync.rs:718:13
[INFO] [stdout]     |
[INFO] [stdout] 718 |             EventBuilder::new(Kind::TextNote, "Test 3")
[INFO] [stdout]     |             ^^^^^^^^^^^^ use of undeclared type `EventBuilder`
[INFO] [stdout] 
[INFO] [stdout] 
[INFO] [stdout] error[E0433]: cannot find type `Kind` in this scope
[INFO] [stdout]    --> src/relay/api/sync.rs:718:31
[INFO] [stdout]     |
[INFO] [stdout] 718 |             EventBuilder::new(Kind::TextNote, "Test 3")
[INFO] [stdout]     |                               ^^^^ use of undeclared type `Kind`
[INFO] [stdout] 
[INFO] [stdout] 
[INFO] [stdout] error[E0433]: cannot find type `EventBuilder` in this scope
[INFO] [stdout]    --> src/relay/api/sync.rs:721:13
[INFO] [stdout]     |
[INFO] [stdout] 721 |             EventBuilder::new(Kind::Custom(123), "Test 4")
[INFO] [stdout]     |             ^^^^^^^^^^^^ use of undeclared type `EventBuilder`
[INFO] [stdout] 
[INFO] [stdout] 
[INFO] [stdout] error[E0433]: cannot find type `Kind` in this scope
[INFO] [stdout]    --> src/relay/api/sync.rs:721:31
[INFO] [stdout]     |
[INFO] [stdout] 721 |             EventBuilder::new(Kind::Custom(123), "Test 4")
[INFO] [stdout]     |                               ^^^^ use of undeclared type `Kind`
[INFO] [stdout] 
[INFO] [stdout] 
[INFO] [stdout] error[E0433]: cannot find type `Kind` in this scope
[INFO] [stdout]    --> src/relay/api/sync.rs:732:41
[INFO] [stdout]     |
[INFO] [stdout] 732 |         let filter = Filter::new().kind(Kind::TextNote);
[INFO] [stdout]     |                                         ^^^^ use of undeclared type `Kind`
[INFO] [stdout] 
[INFO] [stdout] 
[INFO] [stdout] Some errors have detailed explanations: E0405, E0425, E0432, E0433.
[INFO] [stdout] 
[INFO] [stdout] For more information about an error, try `rustc --explain E0405`.
[INFO] [stdout] 
[INFO] [stderr] error: could not compile `nostr-sdk` (lib test) due to 38 previous errors
[INFO] [stderr] warning: build failed, waiting for other jobs to finish...
[INFO] running `Command { std: "docker" "inspect" "60befaa90d36102d699d40a85a5cfa95bdaaa02e7ce5a81d79f89a7b1927dc81", kill_on_drop: false }`
[INFO] running `Command { std: "docker" "rm" "-f" "60befaa90d36102d699d40a85a5cfa95bdaaa02e7ce5a81d79f89a7b1927dc81", kill_on_drop: false }`
[INFO] [stdout] 60befaa90d36102d699d40a85a5cfa95bdaaa02e7ce5a81d79f89a7b1927dc81
