[INFO] fetching crate normalize-surface-syntax 0.3.2...
[INFO] testing normalize-surface-syntax-0.3.2 against 1.99.0-beta.8+cargoflags=--release for beta-release-1.100-2
[INFO] extracting crate normalize-surface-syntax 0.3.2 into /workspace/builds/worker-1-tc1/source
[INFO] started tweaking crates.io crate normalize-surface-syntax 0.3.2
[INFO] removed 0 missing tests
[INFO] finished tweaking crates.io crate normalize-surface-syntax 0.3.2
[INFO] tweaked toml for crates.io crate normalize-surface-syntax 0.3.2 written to /workspace/builds/worker-1-tc1/source/Cargo.toml
[INFO] validating manifest of crates.io crate normalize-surface-syntax 0.3.2 on toolchain 1.99.0-beta.8
[INFO] running `Command { std: CARGO_HOME="/workspace/cargo-home" RUSTUP_HOME="/workspace/rustup-home" "/workspace/cargo-home/bin/cargo" "+1.99.0-beta.8" "metadata" "--manifest-path" "Cargo.toml" "--no-deps", kill_on_drop: false }`
[INFO] crate crates.io crate normalize-surface-syntax 0.3.2 already has a lockfile, it will not be regenerated
[INFO] running `Command { std: CARGO_HOME="/workspace/cargo-home" RUSTUP_HOME="/workspace/rustup-home" "/workspace/cargo-home/bin/cargo" "+1.99.0-beta.8" "fetch" "--manifest-path" "Cargo.toml", kill_on_drop: false }`
[INFO] [stderr]     Updating crates.io index
[INFO] [stderr]  Downloading crates ...
[INFO] [stderr]   Downloaded normalize-facts-core v0.3.2
[INFO] [stderr]   Downloaded normalize-language-meta v0.3.2
[INFO] [stderr]   Downloaded http-range-header v0.3.1
[INFO] [stderr]   Downloaded pin-project-internal v1.1.12
[INFO] [stderr]   Downloaded tree-sitter v0.26.8
[INFO] [stderr]   Downloaded libsql-hrana v0.9.30
[INFO] [stderr]   Downloaded libsql_replication v0.9.30
[INFO] [stderr]   Downloaded libsql-sys v0.9.30
[INFO] [stderr]   Downloaded pin-project v1.1.12
[INFO] [stderr]   Downloaded tokio-rustls v0.25.0
[INFO] [stderr]   Downloaded hyper-rustls v0.25.0
[INFO] [stderr]   Downloaded tonic v0.11.0
[INFO] [stderr]   Downloaded globset v0.4.18
[INFO] [stderr]   Downloaded ast-grep-core v0.40.5
[INFO] [stderr]   Downloaded libsql v0.9.30
[INFO] [stderr]   Downloaded libsql-sqlite3-parser v0.13.0
[INFO] [stderr]   Downloaded tower-http v0.4.4
[INFO] [stderr]   Downloaded libsql-rusqlite v0.9.30
[INFO] [stderr]   Downloaded insta v1.47.2
[INFO] [stderr]   Downloaded bindgen v0.66.1
[INFO] [stderr]   Downloaded normalize-languages v0.3.2
[INFO] [stderr]   Downloaded tonic-web v0.11.0
[INFO] [stderr]   Downloaded libsql-ffi v0.9.30
[INFO] running `Command { std: "docker" "create" "-v" "/var/lib/crater-agent-workspace/builds/worker-1-tc1/source:/opt/rustwide/workdir:ro,Z" "-v" "/var/lib/crater-agent-workspace/builds/worker-1-tc1/target:/opt/rustwide/target:rw,Z" "-v" "/var/lib/crater-agent-workspace/cargo-home:/opt/rustwide/cargo-home:ro,Z" "-v" "/var/lib/crater-agent-workspace/rustup-home:/opt/rustwide/rustup-home:ro,Z" "-m" "1610612736" "--network" "none" "ghcr.io/rust-lang/crates-build-env/linux@sha256:77db811e55d90add9212f6832c23229e3de5f1c1f9905e8cb07319ea15df73ac" "sleep" "infinity", kill_on_drop: false }`
[INFO] [stdout] 01e13594cf57ea331c1cf4aed4b82b1d9cc76edcc4946c9dceeab4096a822792
[INFO] running `Command { std: "docker" "start" "01e13594cf57ea331c1cf4aed4b82b1d9cc76edcc4946c9dceeab4096a822792", kill_on_drop: false }`
[INFO] running `Command { std: "docker" "inspect" "01e13594cf57ea331c1cf4aed4b82b1d9cc76edcc4946c9dceeab4096a822792", kill_on_drop: false }`
[INFO] running `Command { std: "docker" "exec" "-e" "SOURCE_DIR=/opt/rustwide/workdir" "-e" "CARGO_HOME=/opt/rustwide/cargo-home" "-e" "RUSTUP_HOME=/opt/rustwide/rustup-home" "-e" "CARGO_TARGET_DIR=/opt/rustwide/target" "-w" "/opt/rustwide/workdir" "--user" "0:0" "01e13594cf57ea331c1cf4aed4b82b1d9cc76edcc4946c9dceeab4096a822792" "/opt/rustwide/cargo-home/bin/cargo" "+1.99.0-beta.8" "metadata" "--no-deps" "--format-version=1", kill_on_drop: false }`
[INFO] running `Command { std: "docker" "inspect" "01e13594cf57ea331c1cf4aed4b82b1d9cc76edcc4946c9dceeab4096a822792", kill_on_drop: false }`
[INFO] running `Command { std: "docker" "exec" "-e" "SOURCE_DIR=/opt/rustwide/workdir" "-e" "CARGO_HOME=/opt/rustwide/cargo-home" "-e" "RUSTUP_HOME=/opt/rustwide/rustup-home" "-e" "CARGO_TARGET_DIR=/opt/rustwide/target" "-e" "CARGO_INCREMENTAL=0" "-e" "RUST_BACKTRACE=full" "-e" "RUSTFLAGS=--cap-lints=warn" "-e" "RUSTDOCFLAGS=--cap-lints=warn" "-w" "/opt/rustwide/workdir" "--user" "0:0" "01e13594cf57ea331c1cf4aed4b82b1d9cc76edcc4946c9dceeab4096a822792" "/opt/rustwide/cargo-home/bin/cargo" "+1.99.0-beta.8" "build" "--frozen" "--message-format=json" "--release", kill_on_drop: false }`
[INFO] [stderr]    Compiling syn v2.0.117
[INFO] [stderr]    Compiling smallvec v1.15.1
[INFO] [stderr]    Compiling cc v1.2.62
[INFO] [stderr]    Compiling either v1.15.0
[INFO] [stderr]    Compiling memchr v2.8.0
[INFO] [stderr]    Compiling uncased v0.9.10
[INFO] [stderr]    Compiling glob v0.3.3
[INFO] [stderr]    Compiling prettyplease v0.2.37
[INFO] [stderr]    Compiling libc v0.2.186
[INFO] [stderr]    Compiling regex-syntax v0.8.10
[INFO] [stderr]    Compiling bitflags v2.11.1
[INFO] [stderr]    Compiling libloading v0.8.9
[INFO] [stderr]    Compiling indexmap v1.9.3
[INFO] [stderr]    Compiling bindgen v0.66.1
[INFO] [stderr]    Compiling anyhow v1.0.102
[INFO] [stderr]    Compiling socket2 v0.5.10
[INFO] [stderr]    Compiling ahash v0.8.12
[INFO] [stderr]    Compiling lazy_static v1.5.0
[INFO] [stderr]    Compiling peeking_take_while v0.1.2
[INFO] [stderr]    Compiling rand v0.8.6
[INFO] [stderr]    Compiling rustix v0.38.44
[INFO] [stderr]    Compiling axum-core v0.3.4
[INFO] [stderr]    Compiling rand_core v0.6.4
[INFO] [stderr]    Compiling parking_lot_core v0.9.12
[INFO] [stderr]    Compiling itertools v0.12.1
[INFO] [stderr]    Compiling siphasher v1.0.3
[INFO] [stderr]    Compiling parking_lot v0.12.5
[INFO] [stderr]    Compiling clang-sys v1.8.1
[INFO] [stderr]    Compiling phf_shared v0.11.3
[INFO] [stderr]    Compiling block-padding v0.3.3
[INFO] [stderr]    Compiling axum v0.6.20
[INFO] [stderr]    Compiling serde_json v1.0.149
[INFO] [stderr]    Compiling hashbrown v0.14.5
[INFO] [stderr]    Compiling phf_generator v0.11.3
[INFO] [stderr]    Compiling inout v0.1.4
[INFO] [stderr]    Compiling aho-corasick v1.1.4
[INFO] [stderr]    Compiling matchit v0.7.3
[INFO] [stderr]    Compiling nom v7.1.3
[INFO] [stderr]    Compiling cmake v0.1.58
[INFO] [stderr]    Compiling rustls v0.22.4
[INFO] [stderr]    Compiling tree-sitter-language v0.1.7
[INFO] [stderr]    Compiling cipher v0.4.4
[INFO] [stderr]    Compiling hashlink v0.8.4
[INFO] [stderr]    Compiling phf_codegen v0.11.3
[INFO] [stderr]    Compiling fallible-iterator v0.2.0
[INFO] [stderr]    Compiling fallible-streaming-iterator v0.1.9
[INFO] [stderr]    Compiling rustls-pemfile v2.2.0
[INFO] [stderr]    Compiling http-range-header v0.3.1
[INFO] [stderr]    Compiling winnow v0.7.15
[INFO] [stderr]    Compiling cbc v0.1.2
[INFO] [stderr]    Compiling aes v0.8.4
[INFO] [stderr]    Compiling rustls-native-certs v0.7.3
[INFO] [stderr]    Compiling webpki-roots v0.26.11
[INFO] [stderr]    Compiling phf v0.11.3
[INFO] [stderr]    Compiling fallible-iterator v0.3.0
[INFO] [stderr]    Compiling streaming-iterator v0.1.9
[INFO] [stderr]    Compiling bit-vec v0.8.0
[INFO] [stderr]    Compiling dirs-sys v0.4.1
[INFO] [stderr]    Compiling regex-automata v0.4.14
[INFO] [stderr]    Compiling ring v0.17.14
[INFO] [stderr]    Compiling libsql-sqlite3-parser v0.13.0
[INFO] [stderr]    Compiling bit-set v0.8.0
[INFO] [stderr]    Compiling chrono v0.4.44
[INFO] [stderr]    Compiling tree-sitter v0.26.8
[INFO] [stderr]    Compiling bstr v1.12.1
[INFO] [stderr]    Compiling dirs v5.0.1
[INFO] [stderr]    Compiling cexpr v0.6.0
[INFO] [stderr]    Compiling which v4.4.2
[INFO] [stderr]    Compiling regex v1.12.3
[INFO] [stderr]    Compiling serde_derive v1.0.228
[INFO] [stderr]    Compiling tokio-macros v2.7.0
[INFO] [stderr]    Compiling futures-macro v0.3.32
[INFO] [stderr]    Compiling tracing-attributes v0.1.31
[INFO] [stderr]    Compiling pin-project-internal v1.1.12
[INFO] [stderr]    Compiling async-trait v0.1.89
[INFO] [stderr]    Compiling prost-derive v0.12.6
[INFO] [stderr]    Compiling async-stream-impl v0.3.6
[INFO] [stderr]    Compiling zerocopy-derive v0.7.35
[INFO] [stderr]    Compiling thiserror-impl v1.0.69
[INFO] [stderr]    Compiling thiserror-impl v2.0.18
[INFO] [stderr]    Compiling async-stream v0.3.6
[INFO] [stderr]    Compiling globset v0.4.18
[INFO] [stderr]    Compiling zerocopy v0.7.35
[INFO] [stderr]    Compiling futures-util v0.3.32
[INFO] [stderr]    Compiling tracing v0.1.44
[INFO] [stderr]    Compiling pin-project v1.1.12
[INFO] [stderr]    Compiling thiserror v1.0.69
[INFO] [stderr]    Compiling thiserror v2.0.18
[INFO] [stderr]    Compiling serde v1.0.228
[INFO] [stderr]    Compiling bytes v1.11.1
[INFO] [stderr]    Compiling toml_datetime v0.6.11
[INFO] [stderr]    Compiling serde_spanned v0.6.9
[INFO] [stderr]    Compiling bincode v1.3.3
[INFO] [stderr]    Compiling normalize-facts-core v0.3.2
[INFO] [stderr]    Compiling toml_edit v0.22.27
[INFO] [stderr]    Compiling tokio v1.52.3
[INFO] [stderr]    Compiling http v0.2.12
[INFO] [stderr]    Compiling prost v0.12.6
[INFO] [stderr]    Compiling futures-executor v0.3.32
[INFO] [stderr]    Compiling futures v0.3.32
[INFO] [stderr]    Compiling libsql-hrana v0.9.30
[INFO] [stderr]    Compiling libsql-ffi v0.9.30
[INFO] [stderr]    Compiling http-body v0.4.6
[INFO] [stderr]    Compiling toml v0.8.23
[INFO] [stderr]    Compiling normalize-language-meta v0.3.2
[INFO] [stderr]    Compiling ast-grep-core v0.40.5
[INFO] [stderr]    Compiling rustls-webpki v0.102.8
[INFO] [stderr]    Compiling tokio-util v0.7.18
[INFO] [stderr]    Compiling tokio-io-timeout v1.2.1
[INFO] [stderr]    Compiling tokio-stream v0.1.18
[INFO] [stderr]    Compiling h2 v0.3.27
[INFO] [stderr]    Compiling tower v0.4.13
[INFO] [stderr]    Compiling tower-http v0.4.4
[INFO] [stderr]    Compiling tokio-rustls v0.25.0
[INFO] [stderr]    Compiling hyper v0.14.32
[INFO] [stderr]    Compiling hyper-timeout v0.4.1
[INFO] [stderr]    Compiling hyper-rustls v0.25.0
[INFO] [stderr]    Compiling tonic v0.11.0
[INFO] [stderr]    Compiling tonic-web v0.11.0
[INFO] [stderr]    Compiling libsql-rusqlite v0.9.30
[INFO] [stderr]    Compiling libsql-sys v0.9.30
[INFO] [stderr]    Compiling libsql_replication v0.9.30
[INFO] [stderr]    Compiling libsql v0.9.30
[INFO] [stderr]    Compiling normalize-languages v0.3.2
[INFO] [stderr]    Compiling normalize-surface-syntax v0.3.2 (/opt/rustwide/workdir)
[INFO] [stderr]     Finished `release` profile [optimized] target(s) in 2m 03s
[INFO] running `Command { std: "docker" "inspect" "01e13594cf57ea331c1cf4aed4b82b1d9cc76edcc4946c9dceeab4096a822792", kill_on_drop: false }`
[INFO] running `Command { std: "docker" "exec" "-e" "SOURCE_DIR=/opt/rustwide/workdir" "-e" "CARGO_HOME=/opt/rustwide/cargo-home" "-e" "RUSTUP_HOME=/opt/rustwide/rustup-home" "-e" "CARGO_TARGET_DIR=/opt/rustwide/target" "-e" "CARGO_INCREMENTAL=0" "-e" "RUST_BACKTRACE=full" "-e" "RUSTFLAGS=--cap-lints=warn" "-e" "RUSTDOCFLAGS=--cap-lints=warn" "-w" "/opt/rustwide/workdir" "--user" "0:0" "01e13594cf57ea331c1cf4aed4b82b1d9cc76edcc4946c9dceeab4096a822792" "/opt/rustwide/cargo-home/bin/cargo" "+1.99.0-beta.8" "test" "--frozen" "--no-run" "--message-format=json" "--release", kill_on_drop: false }`
[INFO] [stderr]    Compiling bitflags v2.11.1
[INFO] [stderr]    Compiling rustix v1.1.4
[INFO] [stderr]    Compiling linux-raw-sys v0.12.1
[INFO] [stderr]    Compiling fastrand v2.4.1
[INFO] [stderr]    Compiling console v0.16.3
[INFO] [stderr]    Compiling similar v2.7.0
[INFO] [stderr]    Compiling libsql-rusqlite v0.9.30
[INFO] [stderr]    Compiling tower-http v0.4.4
[INFO] [stderr]    Compiling libsql-sqlite3-parser v0.13.0
[INFO] [stderr]    Compiling tonic-web v0.11.0
[INFO] [stderr]    Compiling libsql-sys v0.9.30
[INFO] [stderr]    Compiling libsql_replication v0.9.30
[INFO] [stderr]    Compiling tempfile v3.27.0
[INFO] [stderr]    Compiling insta v1.47.2
[INFO] [stderr]    Compiling libsql v0.9.30
[INFO] [stderr]    Compiling normalize-languages v0.3.2
[INFO] [stderr]    Compiling normalize-surface-syntax v0.3.2 (/opt/rustwide/workdir)
[INFO] [stdout] error[E0432]: unresolved import `crate::output::typescript`
[INFO] [stdout]     --> src/input/typescript.rs:1943:28
[INFO] [stdout]      |
[INFO] [stdout] 1943 |         use crate::output::typescript::TypeScriptWriter;
[INFO] [stdout]      |                            ^^^^^^^^^^ could not find `typescript` in `output`
[INFO] [stdout]      |
[INFO] [stdout] note: found an item that was configured out
[INFO] [stdout]     --> src/output/mod.rs:10:9
[INFO] [stdout]      |
[INFO] [stdout]    9 | #[cfg(feature = "write-typescript")]
[INFO] [stdout]      |       ---------------------------- the item is gated behind the `write-typescript` feature
[INFO] [stdout]   10 | pub mod typescript;
[INFO] [stdout]      |         ^^^^^^^^^^
[INFO] [stdout] 
[INFO] [stdout] 
[INFO] [stdout] error[E0432]: unresolved import `crate::output::typescript`
[INFO] [stdout]     --> src/input/typescript.rs:1953:28
[INFO] [stdout]      |
[INFO] [stdout] 1953 |         use crate::output::typescript::TypeScriptWriter;
[INFO] [stdout]      |                            ^^^^^^^^^^ could not find `typescript` in `output`
[INFO] [stdout]      |
[INFO] [stdout] note: found an item that was configured out
[INFO] [stdout]     --> src/output/mod.rs:10:9
[INFO] [stdout]      |
[INFO] [stdout]    9 | #[cfg(feature = "write-typescript")]
[INFO] [stdout]      |       ---------------------------- the item is gated behind the `write-typescript` feature
[INFO] [stdout]   10 | pub mod typescript;
[INFO] [stdout]      |         ^^^^^^^^^^
[INFO] [stdout] 
[INFO] [stdout] 
[INFO] [stdout] error[E0432]: unresolved import `crate::output::typescript`
[INFO] [stdout]     --> src/input/typescript.rs:1963:28
[INFO] [stdout]      |
[INFO] [stdout] 1963 |         use crate::output::typescript::TypeScriptWriter;
[INFO] [stdout]      |                            ^^^^^^^^^^ could not find `typescript` in `output`
[INFO] [stdout]      |
[INFO] [stdout] note: found an item that was configured out
[INFO] [stdout]     --> src/output/mod.rs:10:9
[INFO] [stdout]      |
[INFO] [stdout]    9 | #[cfg(feature = "write-typescript")]
[INFO] [stdout]      |       ---------------------------- the item is gated behind the `write-typescript` feature
[INFO] [stdout]   10 | pub mod typescript;
[INFO] [stdout]      |         ^^^^^^^^^^
[INFO] [stdout] 
[INFO] [stdout] 
[INFO] [stdout] error[E0432]: unresolved import `crate::output::typescript`
[INFO] [stdout]     --> src/input/typescript.rs:1973:28
[INFO] [stdout]      |
[INFO] [stdout] 1973 |         use crate::output::typescript::TypeScriptWriter;
[INFO] [stdout]      |                            ^^^^^^^^^^ could not find `typescript` in `output`
[INFO] [stdout]      |
[INFO] [stdout] note: found an item that was configured out
[INFO] [stdout]     --> src/output/mod.rs:10:9
[INFO] [stdout]      |
[INFO] [stdout]    9 | #[cfg(feature = "write-typescript")]
[INFO] [stdout]      |       ---------------------------- the item is gated behind the `write-typescript` feature
[INFO] [stdout]   10 | pub mod typescript;
[INFO] [stdout]      |         ^^^^^^^^^^
[INFO] [stdout] 
[INFO] [stdout] 
[INFO] [stdout] error[E0432]: unresolved import `normalize_surface_syntax::input::read_lua`
[INFO] [stdout]    --> tests/snapshots.rs:116:9
[INFO] [stdout]     |
[INFO] [stdout] 116 |     use normalize_surface_syntax::input::read_lua;
[INFO] [stdout]     |         ^^^^^^^^^^^^^^^^^^^^^^^^^^^^^^^^^--------
[INFO] [stdout]     |                                          |
[INFO] [stdout]     |                                          no `read_lua` in `input`
[INFO] [stdout]     |
[INFO] [stdout] note: found an item that was configured out
[INFO] [stdout]    --> src/input/mod.rs:19:38
[INFO] [stdout]     |
[INFO] [stdout]  18 | #[cfg(feature = "read-lua")]
[INFO] [stdout]     |       -------------------- the item is gated behind the `read-lua` feature
[INFO] [stdout]  19 | pub use lua::{LUA_READER, LuaReader, read_lua};
[INFO] [stdout]     |                                      ^^^^^^^^
[INFO] [stdout] 
[INFO] [stdout] 
[INFO] [stdout] error[E0432]: unresolved import `normalize_surface_syntax::output::typescript`
[INFO] [stdout]    --> tests/snapshots.rs:342:43
[INFO] [stdout]     |
[INFO] [stdout] 342 |     use normalize_surface_syntax::output::typescript::TypeScriptWriter;
[INFO] [stdout]     |                                           ^^^^^^^^^^ could not find `typescript` in `output`
[INFO] [stdout]     |
[INFO] [stdout] note: found an item that was configured out
[INFO] [stdout]    --> src/output/mod.rs:10:9
[INFO] [stdout]     |
[INFO] [stdout]   9 | #[cfg(feature = "write-typescript")]
[INFO] [stdout]     |       ---------------------------- the item is gated behind the `write-typescript` feature
[INFO] [stdout]  10 | pub mod typescript;
[INFO] [stdout]     |         ^^^^^^^^^^
[INFO] [stdout] 
[INFO] [stdout] 
[INFO] [stdout] warning: unused import: `crate::ir::StructureEq`
[INFO] [stdout]    --> src/registry.rs:112:9
[INFO] [stdout]     |
[INFO] [stdout] 112 |     use crate::ir::StructureEq;
[INFO] [stdout]     |         ^^^^^^^^^^^^^^^^^^^^^^
[INFO] [stdout]     |
[INFO] [stdout]     = note: `#[warn(unused_imports)]` (part of `#[warn(unused)]`) on by default
[INFO] [stdout] 
[INFO] [stdout] 
[INFO] [stdout] For more information about this error, try `rustc --explain E0432`.
[INFO] [stdout] 
[INFO] [stderr] error: could not compile `normalize-surface-syntax` (test "snapshots") due to 2 previous errors
[INFO] [stderr] warning: build failed, waiting for other jobs to finish...
[INFO] [stdout] For more information about this error, try `rustc --explain E0432`.
[INFO] [stdout] 
[INFO] [stderr] error: could not compile `normalize-surface-syntax` (lib test) due to 4 previous errors; 1 warning emitted
[INFO] running `Command { std: "docker" "inspect" "01e13594cf57ea331c1cf4aed4b82b1d9cc76edcc4946c9dceeab4096a822792", kill_on_drop: false }`
[INFO] running `Command { std: "docker" "rm" "-f" "01e13594cf57ea331c1cf4aed4b82b1d9cc76edcc4946c9dceeab4096a822792", kill_on_drop: false }`
[INFO] [stdout] 01e13594cf57ea331c1cf4aed4b82b1d9cc76edcc4946c9dceeab4096a822792
