[INFO] fetching crate nopaldb 0.6.17...
[INFO] testing nopaldb-0.6.17 against 1.99.0-beta.8+cargoflags=--release for beta-release-1.100-2
[INFO] extracting crate nopaldb 0.6.17 into /workspace/builds/worker-1-tc1/source
[INFO] started tweaking crates.io crate nopaldb 0.6.17
[INFO] removed 0 missing tests
[INFO] finished tweaking crates.io crate nopaldb 0.6.17
[INFO] tweaked toml for crates.io crate nopaldb 0.6.17 written to /workspace/builds/worker-1-tc1/source/Cargo.toml
[INFO] validating manifest of crates.io crate nopaldb 0.6.17 on toolchain 1.99.0-beta.8
[INFO] running `Command { std: CARGO_HOME="/workspace/cargo-home" RUSTUP_HOME="/workspace/rustup-home" "/workspace/cargo-home/bin/cargo" "+1.99.0-beta.8" "metadata" "--manifest-path" "Cargo.toml" "--no-deps", kill_on_drop: false }`
[INFO] crate crates.io crate nopaldb 0.6.17 already has a lockfile, it will not be regenerated
[INFO] running `Command { std: CARGO_HOME="/workspace/cargo-home" RUSTUP_HOME="/workspace/rustup-home" "/workspace/cargo-home/bin/cargo" "+1.99.0-beta.8" "fetch" "--manifest-path" "Cargo.toml", kill_on_drop: false }`
[INFO] [stderr]     Updating crates.io index
[INFO] [stderr]  Downloading crates ...
[INFO] [stderr]   Downloaded tempfile v3.19.0
[INFO] [stderr]   Downloaded once_cell v1.21.1
[INFO] [stderr]   Downloaded pest_generator v2.8.5
[INFO] [stderr]   Downloaded pyo3-macros v0.29.0
[INFO] [stderr]   Downloaded pyo3-build-config v0.29.0
[INFO] [stderr]   Downloaded target-lexicon v0.13.4
[INFO] [stderr]   Downloaded pest_derive v2.8.5
[INFO] [stderr]   Downloaded bon-macros v3.8.2
[INFO] [stderr]   Downloaded bon v3.8.2
[INFO] [stderr]   Downloaded arc-swap v1.8.1
[INFO] [stderr]   Downloaded pest_meta v2.8.5
[INFO] [stderr]   Downloaded oxilangtag v0.1.6
[INFO] [stderr]   Downloaded mmap-rs v0.7.0
[INFO] [stderr]   Downloaded arrow-data v59.0.0
[INFO] [stderr]   Downloaded oxttl v0.2.4
[INFO] [stderr]   Downloaded oxrdf v0.3.4
[INFO] [stderr]   Downloaded redox_syscall v0.5.10
[INFO] [stderr]   Downloaded pyo3-macros-backend v0.29.0
[INFO] [stderr]   Downloaded pyo3-ffi v0.29.0
[INFO] [stderr]   Downloaded arrow-schema v59.0.0
[INFO] [stderr]   Downloaded rand v0.9.3
[INFO] [stderr]   Downloaded hnsw_rs v0.3.4
[INFO] [stderr]   Downloaded arrow-buffer v59.0.0
[INFO] [stderr]   Downloaded cpu-time v1.0.0
[INFO] [stderr]   Downloaded arrow-ipc v59.0.0
[INFO] [stderr]   Downloaded arrow-select v59.0.0
[INFO] [stderr]   Downloaded anndists v0.1.4
[INFO] [stderr]   Downloaded simdeez v2.0.0
[INFO] [stderr]   Downloaded rustix v1.0.3
[INFO] [stderr]   Downloaded arrow-string v59.0.0
[INFO] [stderr]   Downloaded arrow-csv v59.0.0
[INFO] [stderr]   Downloaded arrow-row v59.0.0
[INFO] [stderr]   Downloaded arrow-arith v59.0.0
[INFO] [stderr]   Downloaded arrow-json v59.0.0
[INFO] [stderr]   Downloaded arrow-ord v59.0.0
[INFO] [stderr]   Downloaded arrow v59.0.0
[INFO] [stderr]   Downloaded arrow-cast v59.0.0
[INFO] [stderr]   Downloaded arrow-array v59.0.0
[INFO] [stderr]   Downloaded tokio v1.44.2
[INFO] [stderr]   Downloaded parquet v59.0.0
[INFO] [stderr]   Downloaded pyo3 v0.29.0
[INFO] [stderr]   Downloaded linux-raw-sys v0.9.3
[INFO] running `Command { std: "docker" "create" "-v" "/var/lib/crater-agent-workspace/builds/worker-1-tc1/source:/opt/rustwide/workdir:ro,Z" "-v" "/var/lib/crater-agent-workspace/builds/worker-1-tc1/target:/opt/rustwide/target:rw,Z" "-v" "/var/lib/crater-agent-workspace/cargo-home:/opt/rustwide/cargo-home:ro,Z" "-v" "/var/lib/crater-agent-workspace/rustup-home:/opt/rustwide/rustup-home:ro,Z" "-m" "1610612736" "--network" "none" "ghcr.io/rust-lang/crates-build-env/linux@sha256:77db811e55d90add9212f6832c23229e3de5f1c1f9905e8cb07319ea15df73ac" "sleep" "infinity", kill_on_drop: false }`
[INFO] [stdout] 8d562b27a7040f896849ef916e7ea588c10e80a4a3a69ba03035b4daed9c99ad
[INFO] running `Command { std: "docker" "start" "8d562b27a7040f896849ef916e7ea588c10e80a4a3a69ba03035b4daed9c99ad", kill_on_drop: false }`
[INFO] running `Command { std: "docker" "inspect" "8d562b27a7040f896849ef916e7ea588c10e80a4a3a69ba03035b4daed9c99ad", kill_on_drop: false }`
[INFO] running `Command { std: "docker" "exec" "-e" "SOURCE_DIR=/opt/rustwide/workdir" "-e" "CARGO_HOME=/opt/rustwide/cargo-home" "-e" "RUSTUP_HOME=/opt/rustwide/rustup-home" "-e" "CARGO_TARGET_DIR=/opt/rustwide/target" "-w" "/opt/rustwide/workdir" "--user" "0:0" "8d562b27a7040f896849ef916e7ea588c10e80a4a3a69ba03035b4daed9c99ad" "/opt/rustwide/cargo-home/bin/cargo" "+1.99.0-beta.8" "metadata" "--no-deps" "--format-version=1", kill_on_drop: false }`
[INFO] running `Command { std: "docker" "inspect" "8d562b27a7040f896849ef916e7ea588c10e80a4a3a69ba03035b4daed9c99ad", kill_on_drop: false }`
[INFO] running `Command { std: "docker" "exec" "-e" "SOURCE_DIR=/opt/rustwide/workdir" "-e" "CARGO_HOME=/opt/rustwide/cargo-home" "-e" "RUSTUP_HOME=/opt/rustwide/rustup-home" "-e" "CARGO_TARGET_DIR=/opt/rustwide/target" "-e" "CARGO_INCREMENTAL=0" "-e" "RUST_BACKTRACE=full" "-e" "RUSTFLAGS=--cap-lints=warn" "-e" "RUSTDOCFLAGS=--cap-lints=warn" "-w" "/opt/rustwide/workdir" "--user" "0:0" "8d562b27a7040f896849ef916e7ea588c10e80a4a3a69ba03035b4daed9c99ad" "/opt/rustwide/cargo-home/bin/cargo" "+1.99.0-beta.8" "build" "--frozen" "--message-format=json" "--release", kill_on_drop: false }`
[INFO] [stderr]    Compiling proc-macro2 v1.0.94
[INFO] [stderr]    Compiling num-traits v0.2.19
[INFO] [stderr]    Compiling memchr v2.7.4
[INFO] [stderr]    Compiling getrandom v0.2.16
[INFO] [stderr]    Compiling getrandom v0.3.2
[INFO] [stderr]    Compiling redb v4.1.0
[INFO] [stderr]    Compiling anyhow v1.0.100
[INFO] [stderr]    Compiling thiserror v2.0.12
[INFO] [stderr]    Compiling rand_core v0.6.4
[INFO] [stderr]    Compiling serde_json v1.0.145
[INFO] [stderr]    Compiling rand_chacha v0.3.1
[INFO] [stderr]    Compiling pest v2.8.5
[INFO] [stderr]    Compiling uuid v1.19.0
[INFO] [stderr]    Compiling quote v1.0.40
[INFO] [stderr]    Compiling rmp v0.8.15
[INFO] [stderr]    Compiling rand v0.8.6
[INFO] [stderr]    Compiling syn v2.0.100
[INFO] [stderr]    Compiling log v0.4.26
[INFO] [stderr]    Compiling pest_meta v2.8.5
[INFO] [stderr]    Compiling pest_generator v2.8.5
[INFO] [stderr]    Compiling serde_derive v1.0.228
[INFO] [stderr]    Compiling futures-macro v0.3.31
[INFO] [stderr]    Compiling thiserror-impl v2.0.12
[INFO] [stderr]    Compiling tokio-macros v2.5.0
[INFO] [stderr]    Compiling pest_derive v2.8.5
[INFO] [stderr]    Compiling async-recursion v1.1.1
[INFO] [stderr]    Compiling futures-util v0.3.31
[INFO] [stderr]    Compiling tokio v1.44.2
[INFO] [stderr]    Compiling serde v1.0.228
[INFO] [stderr]    Compiling futures-executor v0.3.31
[INFO] [stderr]    Compiling bincode v1.3.3
[INFO] [stderr]    Compiling chrono v0.4.42
[INFO] [stderr]    Compiling rmp-serde v1.3.1
[INFO] [stderr]    Compiling futures v0.3.31
[INFO] [stderr]    Compiling nopaldb v0.6.17 (/opt/rustwide/workdir)
[INFO] [stderr]     Finished `release` profile [optimized] target(s) in 1m 11s
[INFO] running `Command { std: "docker" "inspect" "8d562b27a7040f896849ef916e7ea588c10e80a4a3a69ba03035b4daed9c99ad", kill_on_drop: false }`
[INFO] running `Command { std: "docker" "exec" "-e" "SOURCE_DIR=/opt/rustwide/workdir" "-e" "CARGO_HOME=/opt/rustwide/cargo-home" "-e" "RUSTUP_HOME=/opt/rustwide/rustup-home" "-e" "CARGO_TARGET_DIR=/opt/rustwide/target" "-e" "CARGO_INCREMENTAL=0" "-e" "RUST_BACKTRACE=full" "-e" "RUSTFLAGS=--cap-lints=warn" "-e" "RUSTDOCFLAGS=--cap-lints=warn" "-w" "/opt/rustwide/workdir" "--user" "0:0" "8d562b27a7040f896849ef916e7ea588c10e80a4a3a69ba03035b4daed9c99ad" "/opt/rustwide/cargo-home/bin/cargo" "+1.99.0-beta.8" "test" "--frozen" "--no-run" "--message-format=json" "--release", kill_on_drop: false }`
[INFO] [stderr]    Compiling zerocopy v0.8.31
[INFO] [stderr]    Compiling zerocopy-derive v0.8.31
[INFO] [stderr]    Compiling getrandom v0.3.2
[INFO] [stderr]    Compiling num-traits v0.2.19
[INFO] [stderr]    Compiling serde v1.0.228
[INFO] [stderr]    Compiling futures-channel v0.3.31
[INFO] [stderr]    Compiling aho-corasick v1.1.4
[INFO] [stderr]    Compiling rustix v1.0.3
[INFO] [stderr]    Compiling anstyle v1.0.13
[INFO] [stderr]    Compiling rand_core v0.9.5
[INFO] [stderr]    Compiling futures-util v0.3.31
[INFO] [stderr]    Compiling tokio v1.44.2
[INFO] [stderr]    Compiling getrandom v0.2.16
[INFO] [stderr]    Compiling linux-raw-sys v0.9.3
[INFO] [stderr]    Compiling once_cell v1.21.1
[INFO] [stderr]    Compiling serde_json v1.0.145
[INFO] [stderr]    Compiling rand_core v0.6.4
[INFO] [stderr]    Compiling clap_lex v0.7.6
[INFO] [stderr]    Compiling log v0.4.26
[INFO] [stderr]    Compiling clap_builder v4.5.53
[INFO] [stderr]    Compiling regex-automata v0.4.13
[INFO] [stderr]    Compiling ppv-lite86 v0.2.21
[INFO] [stderr]    Compiling futures-executor v0.3.31
[INFO] [stderr]    Compiling half v2.7.1
[INFO] [stderr]    Compiling rand_chacha v0.9.0
[INFO] [stderr]    Compiling rand v0.9.3
[INFO] [stderr]    Compiling rand_chacha v0.3.1
[INFO] [stderr]    Compiling regex v1.12.2
[INFO] [stderr]    Compiling ciborium-ll v0.2.2
[INFO] [stderr]    Compiling futures v0.3.31
[INFO] [stderr]    Compiling tempfile v3.19.0
[INFO] [stderr]    Compiling rmp v0.8.15
[INFO] [stderr]    Compiling rayon v1.11.0
[INFO] [stderr]    Compiling itertools v0.10.5
[INFO] [stderr]    Compiling async-stream-impl v0.3.6
[INFO] [stderr]    Compiling oxilangtag v0.1.6
[INFO] [stderr]    Compiling oxiri v0.2.11
[INFO] [stderr]    Compiling async-stream v0.3.6
[INFO] [stderr]    Compiling rusty-fork v0.3.1
[INFO] [stderr]    Compiling anstream v0.6.21
[INFO] [stderr]    Compiling oxrdf v0.3.4
[INFO] [stderr]    Compiling chrono v0.4.42
[INFO] [stderr]    Compiling criterion-plot v0.5.0
[INFO] [stderr]    Compiling rmp-serde v1.3.1
[INFO] [stderr]    Compiling plotters v0.3.7
[INFO] [stderr]    Compiling env_filter v0.1.4
[INFO] [stderr]    Compiling ciborium v0.2.2
[INFO] [stderr]    Compiling rand v0.8.6
[INFO] [stderr]    Compiling tokio-stream v0.1.17
[INFO] [stderr]    Compiling clap v4.5.53
[INFO] [stderr]    Compiling tinytemplate v1.2.1
[INFO] [stderr]    Compiling bincode v1.3.3
[INFO] [stderr]    Compiling rand_xorshift v0.4.0
[INFO] [stderr]    Compiling uuid v1.19.0
[INFO] [stderr]    Compiling jiff v0.2.16
[INFO] [stderr]    Compiling criterion v0.5.1
[INFO] [stderr]    Compiling proptest v1.9.0
[INFO] [stderr]    Compiling tokio-test v0.4.4
[INFO] [stderr]    Compiling oxttl v0.2.4
[INFO] [stderr]    Compiling nopaldb v0.6.17 (/opt/rustwide/workdir)
[INFO] [stderr]    Compiling env_logger v0.11.8
[INFO] [stdout] error[E0432]: unresolved imports `nopaldb::HybridFilter`, `nopaldb::HybridQuery`, `nopaldb::TextPath`
[INFO] [stdout]    --> tests/hybrid_selective_filter_test.rs:15:22
[INFO] [stdout]     |
[INFO] [stdout]  15 | use nopaldb::{Graph, HybridFilter, HybridQuery, TextPath};
[INFO] [stdout]     |                      ^^^^^^^^^^^^  ^^^^^^^^^^^  ^^^^^^^^ no `TextPath` in the root
[INFO] [stdout]     |                      |             |
[INFO] [stdout]     |                      |             no `HybridQuery` in the root
[INFO] [stdout]     |                      no `HybridFilter` in the root
[INFO] [stdout]     |
[INFO] [stdout] note: found an item that was configured out
[INFO] [stdout]    --> src/lib.rs:136:85
[INFO] [stdout]     |
[INFO] [stdout] 134 | #[cfg(feature = "hybrid")]
[INFO] [stdout]     |       ------------------ the item is gated behind the `hybrid` feature
[INFO] [stdout] 135 | pub use graph::{
[INFO] [stdout] 136 |     BranchReport, CandidateSetReport, CandidateSource, ExplainedHit, HybridExplain, HybridFilter, HybridHit,
[INFO] [stdout]     |                                                                                     ^^^^^^^^^^^^
[INFO] [stdout] note: found an item that was configured out
[INFO] [stdout]    --> src/lib.rs:137:5
[INFO] [stdout]     |
[INFO] [stdout] 134 | #[cfg(feature = "hybrid")]
[INFO] [stdout]     |       ------------------ the item is gated behind the `hybrid` feature
[INFO] [stdout] ...
[INFO] [stdout] 137 |     HybridQuery, TextPath, VectorPath,
[INFO] [stdout]     |     ^^^^^^^^^^^
[INFO] [stdout] note: found an item that was configured out
[INFO] [stdout]    --> src/lib.rs:137:18
[INFO] [stdout]     |
[INFO] [stdout] 134 | #[cfg(feature = "hybrid")]
[INFO] [stdout]     |       ------------------ the item is gated behind the `hybrid` feature
[INFO] [stdout] ...
[INFO] [stdout] 137 |     HybridQuery, TextPath, VectorPath,
[INFO] [stdout]     |                  ^^^^^^^^
[INFO] [stdout] 
[INFO] [stdout] 
[INFO] [stdout] error[E0433]: cannot find `hybrid` in `graph`
[INFO] [stdout]    --> tests/hybrid_selective_filter_test.rs:101:37
[INFO] [stdout]     |
[INFO] [stdout] 101 |     let allowed_n = nopaldb::graph::hybrid::TEXT_EXACT_THRESHOLD + 200;
[INFO] [stdout]     |                                     ^^^^^^ could not find `hybrid` in `graph`
[INFO] [stdout]     |
[INFO] [stdout] note: found an item that was configured out
[INFO] [stdout]    --> src/graph/mod.rs:12:9
[INFO] [stdout]     |
[INFO] [stdout]  11 | #[cfg(feature = "embeddings-index")]
[INFO] [stdout]     |       ---------------------------- the item is gated behind the `embeddings-index` feature
[INFO] [stdout]  12 | pub mod hybrid;
[INFO] [stdout]     |         ^^^^^^
[INFO] [stdout] 
[INFO] [stdout] 
[INFO] [stdout] error[E0599]: no method named `search_hybrid_explain` found for struct `Graph` in the current scope
[INFO] [stdout]   --> tests/hybrid_selective_filter_test.rs:73:25
[INFO] [stdout]    |
[INFO] [stdout] 73 |     let explain = graph.search_hybrid_explain(tenant_b(8)).await.unwrap();
[INFO] [stdout]    |                         ^^^^^^^^^^^^^^^^^^^^^ method not found in `Graph`
[INFO] [stdout] 
[INFO] [stdout] 
[INFO] [stdout] error[E0599]: no method named `search_hybrid` found for struct `Graph` in the current scope
[INFO] [stdout]   --> tests/hybrid_selective_filter_test.rs:80:22
[INFO] [stdout]    |
[INFO] [stdout] 80 |     let hits = graph.search_hybrid(tenant_b(8)).await.unwrap();
[INFO] [stdout]    |                      ^^^^^^^^^^^^^ method not found in `Graph`
[INFO] [stdout] 
[INFO] [stdout] 
[INFO] [stdout] error[E0599]: no method named `search_hybrid` found for struct `Graph` in the current scope
[INFO] [stdout]   --> tests/hybrid_selective_filter_test.rs:91:22
[INFO] [stdout]    |
[INFO] [stdout] 91 |     let hits = graph.search_hybrid(tenant_b(8)).await.unwrap();
[INFO] [stdout]    |                      ^^^^^^^^^^^^^ method not found in `Graph`
[INFO] [stdout] 
[INFO] [stdout] 
[INFO] [stdout] error[E0599]: no method named `search_hybrid_explain` found for struct `Graph` in the current scope
[INFO] [stdout]    --> tests/hybrid_selective_filter_test.rs:107:25
[INFO] [stdout]     |
[INFO] [stdout] 107 |     let explain = graph.search_hybrid_explain(q.clone()).await.unwrap();
[INFO] [stdout]     |                         ^^^^^^^^^^^^^^^^^^^^^ method not found in `Graph`
[INFO] [stdout] 
[INFO] [stdout] 
[INFO] [stdout] error[E0599]: no method named `search_hybrid` found for struct `Graph` in the current scope
[INFO] [stdout]    --> tests/hybrid_selective_filter_test.rs:114:22
[INFO] [stdout]     |
[INFO] [stdout] 114 |     let hits = graph.search_hybrid(q).await.unwrap();
[INFO] [stdout]     |                      ^^^^^^^^^^^^^ method not found in `Graph`
[INFO] [stdout] 
[INFO] [stdout] 
[INFO] [stdout] error[E0599]: no method named `search_hybrid_explain` found for struct `Graph` in the current scope
[INFO] [stdout]    --> tests/hybrid_selective_filter_test.rs:135:24
[INFO] [stdout]     |
[INFO] [stdout] 135 |     let global = graph.search_hybrid_explain(global).await.unwrap();
[INFO] [stdout]     |                        ^^^^^^^^^^^^^^^^^^^^^ method not found in `Graph`
[INFO] [stdout] 
[INFO] [stdout] 
[INFO] [stdout] error[E0599]: no method named `search_hybrid_explain` found for struct `Graph` in the current scope
[INFO] [stdout]    --> tests/hybrid_selective_filter_test.rs:148:26
[INFO] [stdout]     |
[INFO] [stdout] 148 |     let filtered = graph.search_hybrid_explain(filtered).await.unwrap();
[INFO] [stdout]     |                          ^^^^^^^^^^^^^^^^^^^^^ method not found in `Graph`
[INFO] [stdout] 
[INFO] [stdout] 
[INFO] [stdout] error[E0599]: no method named `search_hybrid_explain` found for struct `Graph` in the current scope
[INFO] [stdout]    --> tests/hybrid_selective_filter_test.rs:167:19
[INFO] [stdout]     |
[INFO] [stdout] 167 |     let e = graph.search_hybrid_explain(q.clone()).await.unwrap();
[INFO] [stdout]     |                   ^^^^^^^^^^^^^^^^^^^^^ method not found in `Graph`
[INFO] [stdout] 
[INFO] [stdout] 
[INFO] [stdout] error[E0599]: no method named `search_hybrid_explain` found for struct `Graph` in the current scope
[INFO] [stdout]    --> tests/hybrid_selective_filter_test.rs:172:19
[INFO] [stdout]     |
[INFO] [stdout] 172 |     let e = graph.search_hybrid_explain(q).await.unwrap();
[INFO] [stdout]     |                   ^^^^^^^^^^^^^^^^^^^^^ method not found in `Graph`
[INFO] [stdout] 
[INFO] [stdout] 
[INFO] [stdout] error[E0599]: no method named `add_node_embedding` found for struct `Graph` in the current scope
[INFO] [stdout]    --> tests/hybrid_selective_filter_test.rs:183:11
[INFO] [stdout]     |
[INFO] [stdout] 183 |     graph.add_node_embedding(allowed[0], vec![1.0, 0.0, 0.0], "m").await.unwrap();
[INFO] [stdout]     |           ^^^^^^^^^^^^^^^^^^ method not found in `Graph`
[INFO] [stdout] 
[INFO] [stdout] 
[INFO] [stdout] error[E0599]: no method named `search_hybrid` found for struct `Graph` in the current scope
[INFO] [stdout]    --> tests/hybrid_selective_filter_test.rs:186:22
[INFO] [stdout]     |
[INFO] [stdout] 186 |     let hits = graph.search_hybrid(q).await.unwrap();
[INFO] [stdout]     |                      ^^^^^^^^^^^^^ method not found in `Graph`
[INFO] [stdout] 
[INFO] [stdout] 
[INFO] [stdout] Some errors have detailed explanations: E0432, E0433, E0599.
[INFO] [stdout] 
[INFO] [stdout] For more information about an error, try `rustc --explain E0432`.
[INFO] [stdout] 
[INFO] [stderr] error: could not compile `nopaldb` (test "hybrid_selective_filter_test") due to 13 previous errors
[INFO] [stderr] warning: build failed, waiting for other jobs to finish...
[INFO] running `Command { std: "docker" "inspect" "8d562b27a7040f896849ef916e7ea588c10e80a4a3a69ba03035b4daed9c99ad", kill_on_drop: false }`
[INFO] running `Command { std: "docker" "rm" "-f" "8d562b27a7040f896849ef916e7ea588c10e80a4a3a69ba03035b4daed9c99ad", kill_on_drop: false }`
[INFO] [stdout] 8d562b27a7040f896849ef916e7ea588c10e80a4a3a69ba03035b4daed9c99ad
